I20260608 12:53:00.514775  8145 raft_consensus.cc:1275] T 4de686df43e042ea887a63477cbe52e1 P 49212477fb434dc2ac30a57120db7956 [term 2 FOLLOWER]: Refusing update from remote peer c47129ab252e42c58e55d20e9e7d36ee: Log matching property violated. Preceding OpId in replica: term: 1 index: 1. Preceding OpId from leader: term: 2 index: 2. (index mismatch)
I20260608 12:53:00.516170  8565 consensus_queue.cc:1048] T 4de686df43e042ea887a63477cbe52e1 P c47129ab252e42c58e55d20e9e7d36ee [LEADER]: Connected to new peer: Peer: permanent_uuid: "49212477fb434dc2ac30a57120db7956" member_type: VOTER last_known_addr { host: "127.4.216.3" port: 35329 }, Status: LMP_MISMATCH, Last received: 0.0, Next index: 2, Last known committed idx: 1, Time since last communication: 0.000s
I20260608 12:53:00.527230  8068 raft_consensus.cc:1275] T 4de686df43e042ea887a63477cbe52e1 P 0eed68fa72c44134b99bb26f9b2d2cec [term 2 FOLLOWER]: Refusing update from remote peer c47129ab252e42c58e55d20e9e7d36ee: Log matching property violated. Preceding OpId in replica: term: 1 index: 1. Preceding OpId from leader: term: 2 index: 2. (index mismatch)
I20260608 12:53:00.529686  8565 consensus_queue.cc:1048] T 4de686df43e042ea887a63477cbe52e1 P c47129ab252e42c58e55d20e9e7d36ee [LEADER]: Connected to new peer: Peer: permanent_uuid: "0eed68fa72c44134b99bb26f9b2d2cec" member_type: VOTER last_known_addr { host: "127.4.216.2" port: 46547 }, Status: LMP_MISMATCH, Last received: 0.0, Next index: 2, Last known committed idx: 1, Time since last communication: 0.000s
I20260608 12:53:01.472054  8068 consensus_queue.cc:237] T fd7f04f06f3c41ef949f254d7a48645d P 0eed68fa72c44134b99bb26f9b2d2cec [LEADER]: Queue going to LEADER mode. State: All replicated index: 0, Majority replicated index: 1, Committed index: 1, Last appended: 1.1, Last appended by leader: 0, Current term: 1, Majority size: 2, State: 0, Mode: LEADER, active raft config: opid_index: 2 OBSOLETE_local: false peers { permanent_uuid: "9d7d329bbb60442987ce7efe3f817198" member_type: VOTER last_known_addr { host: "127.4.216.1" port: 43473 } } peers { permanent_uuid: "c47129ab252e42c58e55d20e9e7d36ee" member_type: VOTER last_known_addr { host: "127.4.216.4" port: 33687 } attrs { replace: true } } peers { permanent_uuid: "0eed68fa72c44134b99bb26f9b2d2cec" member_type: VOTER last_known_addr { host: "127.4.216.2" port: 46547 } } peers { permanent_uuid: "49212477fb434dc2ac30a57120db7956" member_type: NON_VOTER last_known_addr { host: "127.4.216.3" port: 35329 } attrs { promote: true } }
W20260608 12:53:01.478974  8037 consensus_peers.cc:597] T fd7f04f06f3c41ef949f254d7a48645d P 0eed68fa72c44134b99bb26f9b2d2cec -> Peer 49212477fb434dc2ac30a57120db7956 (127.4.216.3:35329): Couldn't send request to peer 49212477fb434dc2ac30a57120db7956. Error code: TABLET_NOT_FOUND (6). Status: Not found: Tablet not found: fd7f04f06f3c41ef949f254d7a48645d. This is attempt 1: this message will repeat every 5th retry.
I20260608 12:53:01.479825  8311 raft_consensus.cc:1275] T fd7f04f06f3c41ef949f254d7a48645d P c47129ab252e42c58e55d20e9e7d36ee [term 1 FOLLOWER]: Refusing update from remote peer 0eed68fa72c44134b99bb26f9b2d2cec: Log matching property violated. Preceding OpId in replica: term: 1 index: 1. Preceding OpId from leader: term: 1 index: 2. (index mismatch)
I20260608 12:53:01.479825  7994 raft_consensus.cc:1275] T fd7f04f06f3c41ef949f254d7a48645d P 9d7d329bbb60442987ce7efe3f817198 [term 1 FOLLOWER]: Refusing update from remote peer 0eed68fa72c44134b99bb26f9b2d2cec: Log matching property violated. Preceding OpId in replica: term: 1 index: 1. Preceding OpId from leader: term: 1 index: 2. (index mismatch)
I20260608 12:53:01.481565  8598 consensus_queue.cc:1048] T fd7f04f06f3c41ef949f254d7a48645d P 0eed68fa72c44134b99bb26f9b2d2cec [LEADER]: Connected to new peer: Peer: permanent_uuid: "c47129ab252e42c58e55d20e9e7d36ee" member_type: VOTER last_known_addr { host: "127.4.216.4" port: 33687 } attrs { replace: true }, Status: LMP_MISMATCH, Last received: 0.0, Next index: 2, Last known committed idx: 1, Time since last communication: 0.000s
I20260608 12:53:01.482625  8528 consensus_queue.cc:1048] T fd7f04f06f3c41ef949f254d7a48645d P 0eed68fa72c44134b99bb26f9b2d2cec [LEADER]: Connected to new peer: Peer: permanent_uuid: "9d7d329bbb60442987ce7efe3f817198" member_type: VOTER last_known_addr { host: "127.4.216.1" port: 43473 }, Status: LMP_MISMATCH, Last received: 0.0, Next index: 2, Last known committed idx: 1, Time since last communication: 0.000s
I20260608 12:53:01.493011  8528 raft_consensus.cc:2955] T fd7f04f06f3c41ef949f254d7a48645d P 0eed68fa72c44134b99bb26f9b2d2cec [term 1 LEADER]: Committing config change with OpId 1.2: config changed from index -1 to 2, NON_VOTER 49212477fb434dc2ac30a57120db7956 (127.4.216.3) added. New config: { opid_index: 2 OBSOLETE_local: false peers { permanent_uuid: "9d7d329bbb60442987ce7efe3f817198" member_type: VOTER last_known_addr { host: "127.4.216.1" port: 43473 } } peers { permanent_uuid: "c47129ab252e42c58e55d20e9e7d36ee" member_type: VOTER last_known_addr { host: "127.4.216.4" port: 33687 } attrs { replace: true } } peers { permanent_uuid: "0eed68fa72c44134b99bb26f9b2d2cec" member_type: VOTER last_known_addr { host: "127.4.216.2" port: 46547 } } peers { permanent_uuid: "49212477fb434dc2ac30a57120db7956" member_type: NON_VOTER last_known_addr { host: "127.4.216.3" port: 35329 } attrs { promote: true } } }
I20260608 12:53:01.495066  7994 raft_consensus.cc:2955] T fd7f04f06f3c41ef949f254d7a48645d P 9d7d329bbb60442987ce7efe3f817198 [term 1 FOLLOWER]: Committing config change with OpId 1.2: config changed from index -1 to 2, NON_VOTER 49212477fb434dc2ac30a57120db7956 (127.4.216.3) added. New config: { opid_index: 2 OBSOLETE_local: false peers { permanent_uuid: "9d7d329bbb60442987ce7efe3f817198" member_type: VOTER last_known_addr { host: "127.4.216.1" port: 43473 } } peers { permanent_uuid: "c47129ab252e42c58e55d20e9e7d36ee" member_type: VOTER last_known_addr { host: "127.4.216.4" port: 33687 } attrs { replace: true } } peers { permanent_uuid: "0eed68fa72c44134b99bb26f9b2d2cec" member_type: VOTER last_known_addr { host: "127.4.216.2" port: 46547 } } peers { permanent_uuid: "49212477fb434dc2ac30a57120db7956" member_type: NON_VOTER last_known_addr { host: "127.4.216.3" port: 35329 } attrs { promote: true } } }
I20260608 12:53:01.496292  8311 raft_consensus.cc:2955] T fd7f04f06f3c41ef949f254d7a48645d P c47129ab252e42c58e55d20e9e7d36ee [term 1 FOLLOWER]: Committing config change with OpId 1.2: config changed from index -1 to 2, NON_VOTER 49212477fb434dc2ac30a57120db7956 (127.4.216.3) added. New config: { opid_index: 2 OBSOLETE_local: false peers { permanent_uuid: "9d7d329bbb60442987ce7efe3f817198" member_type: VOTER last_known_addr { host: "127.4.216.1" port: 43473 } } peers { permanent_uuid: "c47129ab252e42c58e55d20e9e7d36ee" member_type: VOTER last_known_addr { host: "127.4.216.4" port: 33687 } attrs { replace: true } } peers { permanent_uuid: "0eed68fa72c44134b99bb26f9b2d2cec" member_type: VOTER last_known_addr { host: "127.4.216.2" port: 46547 } } peers { permanent_uuid: "49212477fb434dc2ac30a57120db7956" member_type: NON_VOTER last_known_addr { host: "127.4.216.3" port: 35329 } attrs { promote: true } } }
I20260608 12:53:01.508522  7894 catalog_manager.cc:5696] T fd7f04f06f3c41ef949f254d7a48645d P 9d7d329bbb60442987ce7efe3f817198 reported cstate change: config changed from index -1 to 2, NON_VOTER 49212477fb434dc2ac30a57120db7956 (127.4.216.3) added. New cstate: current_term: 1 leader_uuid: "0eed68fa72c44134b99bb26f9b2d2cec" committed_config { opid_index: 2 OBSOLETE_local: false peers { permanent_uuid: "9d7d329bbb60442987ce7efe3f817198" member_type: VOTER last_known_addr { host: "127.4.216.1" port: 43473 } } peers { permanent_uuid: "c47129ab252e42c58e55d20e9e7d36ee" member_type: VOTER last_known_addr { host: "127.4.216.4" port: 33687 } attrs { replace: true } } peers { permanent_uuid: "0eed68fa72c44134b99bb26f9b2d2cec" member_type: VOTER last_known_addr { host: "127.4.216.2" port: 46547 } } peers { permanent_uuid: "49212477fb434dc2ac30a57120db7956" member_type: NON_VOTER last_known_addr { host: "127.4.216.3" port: 35329 } attrs { promote: true } } }
I20260608 12:53:01.880743  7947 auto_leader_rebalancer.cc:140] leader rebalance for table range_aware_rebalance_new_range
I20260608 12:53:01.895712  7947 auto_leader_rebalancer.cc:388] table: range_aware_rebalance_new_range, leader rebalance finish, leader transfer count: 0
I20260608 12:53:01.896414  7947 auto_leader_rebalancer.cc:451] All tables' leader rebalancing finished this round
I20260608 12:53:02.002929  8606 ts_tablet_manager.cc:933] T fd7f04f06f3c41ef949f254d7a48645d P 49212477fb434dc2ac30a57120db7956: Initiating tablet copy from peer 0eed68fa72c44134b99bb26f9b2d2cec (127.4.216.2:46547)
I20260608 12:53:02.005115  8606 tablet_copy_client.cc:323] T fd7f04f06f3c41ef949f254d7a48645d P 49212477fb434dc2ac30a57120db7956: tablet copy: Beginning tablet copy session from remote peer at address 127.4.216.2:46547
I20260608 12:53:02.006949  8081 tablet_copy_service.cc:140] P 0eed68fa72c44134b99bb26f9b2d2cec: Received BeginTabletCopySession request for tablet fd7f04f06f3c41ef949f254d7a48645d from peer 49212477fb434dc2ac30a57120db7956 ({username='slave'} at 127.0.0.1:46576)
I20260608 12:53:02.007536  8081 tablet_copy_service.cc:161] P 0eed68fa72c44134b99bb26f9b2d2cec: Beginning new tablet copy session on tablet fd7f04f06f3c41ef949f254d7a48645d from peer 49212477fb434dc2ac30a57120db7956 at {username='slave'} at 127.0.0.1:46576: session id = 49212477fb434dc2ac30a57120db7956-fd7f04f06f3c41ef949f254d7a48645d
I20260608 12:53:02.015496  8081 tablet_copy_source_session.cc:215] T fd7f04f06f3c41ef949f254d7a48645d P 0eed68fa72c44134b99bb26f9b2d2cec: Tablet Copy: opened 0 blocks and 1 log segments
I20260608 12:53:02.019084  8606 data_dirs.cc:400] Could only allocate 1 dirs of requested 3 for tablet fd7f04f06f3c41ef949f254d7a48645d. 1 dirs total, 0 dirs full, 0 dirs failed
I20260608 12:53:02.032714  8606 tablet_copy_client.cc:806] T fd7f04f06f3c41ef949f254d7a48645d P 49212477fb434dc2ac30a57120db7956: tablet copy: Starting download of 0 data blocks...
I20260608 12:53:02.033383  8606 tablet_copy_client.cc:670] T fd7f04f06f3c41ef949f254d7a48645d P 49212477fb434dc2ac30a57120db7956: tablet copy: Starting download of 1 WAL segments...
I20260608 12:53:02.037889  8606 tablet_copy_client.cc:538] T fd7f04f06f3c41ef949f254d7a48645d P 49212477fb434dc2ac30a57120db7956: tablet copy: Tablet Copy complete. Replacing tablet superblock.
I20260608 12:53:02.045737  8606 tablet_bootstrap.cc:492] T fd7f04f06f3c41ef949f254d7a48645d P 49212477fb434dc2ac30a57120db7956: Bootstrap starting.
I20260608 12:53:02.063522  8606 tablet_bootstrap.cc:492] T fd7f04f06f3c41ef949f254d7a48645d P 49212477fb434dc2ac30a57120db7956: Bootstrap replayed 1/1 log segments. Stats: ops{read=2 overwritten=0 applied=2 ignored=0} inserts{seen=0 ignored=0} mutations{seen=0 ignored=0} orphaned_commits=0. Pending: 0 replicates
I20260608 12:53:02.064291  8606 tablet_bootstrap.cc:492] T fd7f04f06f3c41ef949f254d7a48645d P 49212477fb434dc2ac30a57120db7956: Bootstrap complete.
I20260608 12:53:02.064898  8606 ts_tablet_manager.cc:1403] T fd7f04f06f3c41ef949f254d7a48645d P 49212477fb434dc2ac30a57120db7956: Time spent bootstrapping tablet: real 0.019s	user 0.018s	sys 0.002s
I20260608 12:53:02.067633  8606 raft_consensus.cc:359] T fd7f04f06f3c41ef949f254d7a48645d P 49212477fb434dc2ac30a57120db7956 [term 1 LEARNER]: Replica starting. Triggering 0 pending ops. Active config: opid_index: 2 OBSOLETE_local: false peers { permanent_uuid: "9d7d329bbb60442987ce7efe3f817198" member_type: VOTER last_known_addr { host: "127.4.216.1" port: 43473 } } peers { permanent_uuid: "c47129ab252e42c58e55d20e9e7d36ee" member_type: VOTER last_known_addr { host: "127.4.216.4" port: 33687 } attrs { replace: true } } peers { permanent_uuid: "0eed68fa72c44134b99bb26f9b2d2cec" member_type: VOTER last_known_addr { host: "127.4.216.2" port: 46547 } } peers { permanent_uuid: "49212477fb434dc2ac30a57120db7956" member_type: NON_VOTER last_known_addr { host: "127.4.216.3" port: 35329 } attrs { promote: true } }
I20260608 12:53:02.068373  8606 raft_consensus.cc:740] T fd7f04f06f3c41ef949f254d7a48645d P 49212477fb434dc2ac30a57120db7956 [term 1 LEARNER]: Becoming Follower/Learner. State: Replica: 49212477fb434dc2ac30a57120db7956, State: Initialized, Role: LEARNER
I20260608 12:53:02.069079  8606 consensus_queue.cc:260] T fd7f04f06f3c41ef949f254d7a48645d P 49212477fb434dc2ac30a57120db7956 [NON_LEADER]: Queue going to NON_LEADER mode. State: All replicated index: 0, Majority replicated index: 0, Committed index: 2, Last appended: 1.2, Last appended by leader: 2, Current term: 0, Majority size: -1, State: 0, Mode: NON_LEADER, active raft config: opid_index: 2 OBSOLETE_local: false peers { permanent_uuid: "9d7d329bbb60442987ce7efe3f817198" member_type: VOTER last_known_addr { host: "127.4.216.1" port: 43473 } } peers { permanent_uuid: "c47129ab252e42c58e55d20e9e7d36ee" member_type: VOTER last_known_addr { host: "127.4.216.4" port: 33687 } attrs { replace: true } } peers { permanent_uuid: "0eed68fa72c44134b99bb26f9b2d2cec" member_type: VOTER last_known_addr { host: "127.4.216.2" port: 46547 } } peers { permanent_uuid: "49212477fb434dc2ac30a57120db7956" member_type: NON_VOTER last_known_addr { host: "127.4.216.3" port: 35329 } attrs { promote: true } }
I20260608 12:53:02.071386  8606 ts_tablet_manager.cc:1434] T fd7f04f06f3c41ef949f254d7a48645d P 49212477fb434dc2ac30a57120db7956: Time spent starting tablet: real 0.006s	user 0.008s	sys 0.000s
I20260608 12:53:02.073268  8081 tablet_copy_service.cc:342] P 0eed68fa72c44134b99bb26f9b2d2cec: Request end of tablet copy session 49212477fb434dc2ac30a57120db7956-fd7f04f06f3c41ef949f254d7a48645d received from {username='slave'} at 127.0.0.1:46576
I20260608 12:53:02.073673  8081 tablet_copy_service.cc:434] P 0eed68fa72c44134b99bb26f9b2d2cec: ending tablet copy session 49212477fb434dc2ac30a57120db7956-fd7f04f06f3c41ef949f254d7a48645d on tablet fd7f04f06f3c41ef949f254d7a48645d with peer 49212477fb434dc2ac30a57120db7956
I20260608 12:53:02.501742  8145 raft_consensus.cc:1217] T fd7f04f06f3c41ef949f254d7a48645d P 49212477fb434dc2ac30a57120db7956 [term 1 LEARNER]: Deduplicated request from leader. Original: 1.1->[1.2-1.2]   Dedup: 1.2->[]
I20260608 12:53:03.009665  8528 raft_consensus.cc:1064] T fd7f04f06f3c41ef949f254d7a48645d P 0eed68fa72c44134b99bb26f9b2d2cec: attempting to promote NON_VOTER 49212477fb434dc2ac30a57120db7956 to VOTER
I20260608 12:53:03.015002  8528 consensus_queue.cc:237] T fd7f04f06f3c41ef949f254d7a48645d P 0eed68fa72c44134b99bb26f9b2d2cec [LEADER]: Queue going to LEADER mode. State: All replicated index: 0, Majority replicated index: 2, Committed index: 2, Last appended: 1.2, Last appended by leader: 0, Current term: 1, Majority size: 3, State: 0, Mode: LEADER, active raft config: opid_index: 3 OBSOLETE_local: false peers { permanent_uuid: "9d7d329bbb60442987ce7efe3f817198" member_type: VOTER last_known_addr { host: "127.4.216.1" port: 43473 } } peers { permanent_uuid: "c47129ab252e42c58e55d20e9e7d36ee" member_type: VOTER last_known_addr { host: "127.4.216.4" port: 33687 } attrs { replace: true } } peers { permanent_uuid: "0eed68fa72c44134b99bb26f9b2d2cec" member_type: VOTER last_known_addr { host: "127.4.216.2" port: 46547 } } peers { permanent_uuid: "49212477fb434dc2ac30a57120db7956" member_type: VOTER last_known_addr { host: "127.4.216.3" port: 35329 } attrs { promote: false } }
I20260608 12:53:03.025830  8145 raft_consensus.cc:1275] T fd7f04f06f3c41ef949f254d7a48645d P 49212477fb434dc2ac30a57120db7956 [term 1 LEARNER]: Refusing update from remote peer 0eed68fa72c44134b99bb26f9b2d2cec: Log matching property violated. Preceding OpId in replica: term: 1 index: 2. Preceding OpId from leader: term: 1 index: 3. (index mismatch)
I20260608 12:53:03.027608  8311 raft_consensus.cc:1275] T fd7f04f06f3c41ef949f254d7a48645d P c47129ab252e42c58e55d20e9e7d36ee [term 1 FOLLOWER]: Refusing update from remote peer 0eed68fa72c44134b99bb26f9b2d2cec: Log matching property violated. Preceding OpId in replica: term: 1 index: 2. Preceding OpId from leader: term: 1 index: 3. (index mismatch)
I20260608 12:53:03.029208  8609 consensus_queue.cc:1048] T fd7f04f06f3c41ef949f254d7a48645d P 0eed68fa72c44134b99bb26f9b2d2cec [LEADER]: Connected to new peer: Peer: permanent_uuid: "49212477fb434dc2ac30a57120db7956" member_type: VOTER last_known_addr { host: "127.4.216.3" port: 35329 } attrs { promote: false }, Status: LMP_MISMATCH, Last received: 0.0, Next index: 3, Last known committed idx: 2, Time since last communication: 0.001s
I20260608 12:53:03.033900  8615 consensus_queue.cc:1048] T fd7f04f06f3c41ef949f254d7a48645d P 0eed68fa72c44134b99bb26f9b2d2cec [LEADER]: Connected to new peer: Peer: permanent_uuid: "c47129ab252e42c58e55d20e9e7d36ee" member_type: VOTER last_known_addr { host: "127.4.216.4" port: 33687 } attrs { replace: true }, Status: LMP_MISMATCH, Last received: 0.0, Next index: 3, Last known committed idx: 2, Time since last communication: 0.001s
I20260608 12:53:03.037506  7993 raft_consensus.cc:1275] T fd7f04f06f3c41ef949f254d7a48645d P 9d7d329bbb60442987ce7efe3f817198 [term 1 FOLLOWER]: Refusing update from remote peer 0eed68fa72c44134b99bb26f9b2d2cec: Log matching property violated. Preceding OpId in replica: term: 1 index: 2. Preceding OpId from leader: term: 1 index: 3. (index mismatch)
I20260608 12:53:03.040026  8528 consensus_queue.cc:1048] T fd7f04f06f3c41ef949f254d7a48645d P 0eed68fa72c44134b99bb26f9b2d2cec [LEADER]: Connected to new peer: Peer: permanent_uuid: "9d7d329bbb60442987ce7efe3f817198" member_type: VOTER last_known_addr { host: "127.4.216.1" port: 43473 }, Status: LMP_MISMATCH, Last received: 0.0, Next index: 3, Last known committed idx: 2, Time since last communication: 0.000s
I20260608 12:53:03.055459  8528 raft_consensus.cc:2955] T fd7f04f06f3c41ef949f254d7a48645d P 0eed68fa72c44134b99bb26f9b2d2cec [term 1 LEADER]: Committing config change with OpId 1.3: config changed from index 2 to 3, 49212477fb434dc2ac30a57120db7956 (127.4.216.3) changed from NON_VOTER to VOTER. New config: { opid_index: 3 OBSOLETE_local: false peers { permanent_uuid: "9d7d329bbb60442987ce7efe3f817198" member_type: VOTER last_known_addr { host: "127.4.216.1" port: 43473 } } peers { permanent_uuid: "c47129ab252e42c58e55d20e9e7d36ee" member_type: VOTER last_known_addr { host: "127.4.216.4" port: 33687 } attrs { replace: true } } peers { permanent_uuid: "0eed68fa72c44134b99bb26f9b2d2cec" member_type: VOTER last_known_addr { host: "127.4.216.2" port: 46547 } } peers { permanent_uuid: "49212477fb434dc2ac30a57120db7956" member_type: VOTER last_known_addr { host: "127.4.216.3" port: 35329 } attrs { promote: false } } }
I20260608 12:53:03.060441  8144 raft_consensus.cc:2955] T fd7f04f06f3c41ef949f254d7a48645d P 49212477fb434dc2ac30a57120db7956 [term 1 FOLLOWER]: Committing config change with OpId 1.3: config changed from index 2 to 3, 49212477fb434dc2ac30a57120db7956 (127.4.216.3) changed from NON_VOTER to VOTER. New config: { opid_index: 3 OBSOLETE_local: false peers { permanent_uuid: "9d7d329bbb60442987ce7efe3f817198" member_type: VOTER last_known_addr { host: "127.4.216.1" port: 43473 } } peers { permanent_uuid: "c47129ab252e42c58e55d20e9e7d36ee" member_type: VOTER last_known_addr { host: "127.4.216.4" port: 33687 } attrs { replace: true } } peers { permanent_uuid: "0eed68fa72c44134b99bb26f9b2d2cec" member_type: VOTER last_known_addr { host: "127.4.216.2" port: 46547 } } peers { permanent_uuid: "49212477fb434dc2ac30a57120db7956" member_type: VOTER last_known_addr { host: "127.4.216.3" port: 35329 } attrs { promote: false } } }
I20260608 12:53:03.062467  7993 raft_consensus.cc:2955] T fd7f04f06f3c41ef949f254d7a48645d P 9d7d329bbb60442987ce7efe3f817198 [term 1 FOLLOWER]: Committing config change with OpId 1.3: config changed from index 2 to 3, 49212477fb434dc2ac30a57120db7956 (127.4.216.3) changed from NON_VOTER to VOTER. New config: { opid_index: 3 OBSOLETE_local: false peers { permanent_uuid: "9d7d329bbb60442987ce7efe3f817198" member_type: VOTER last_known_addr { host: "127.4.216.1" port: 43473 } } peers { permanent_uuid: "c47129ab252e42c58e55d20e9e7d36ee" member_type: VOTER last_known_addr { host: "127.4.216.4" port: 33687 } attrs { replace: true } } peers { permanent_uuid: "0eed68fa72c44134b99bb26f9b2d2cec" member_type: VOTER last_known_addr { host: "127.4.216.2" port: 46547 } } peers { permanent_uuid: "49212477fb434dc2ac30a57120db7956" member_type: VOTER last_known_addr { host: "127.4.216.3" port: 35329 } attrs { promote: false } } }
I20260608 12:53:03.075174  8311 raft_consensus.cc:2955] T fd7f04f06f3c41ef949f254d7a48645d P c47129ab252e42c58e55d20e9e7d36ee [term 1 FOLLOWER]: Committing config change with OpId 1.3: config changed from index 2 to 3, 49212477fb434dc2ac30a57120db7956 (127.4.216.3) changed from NON_VOTER to VOTER. New config: { opid_index: 3 OBSOLETE_local: false peers { permanent_uuid: "9d7d329bbb60442987ce7efe3f817198" member_type: VOTER last_known_addr { host: "127.4.216.1" port: 43473 } } peers { permanent_uuid: "c47129ab252e42c58e55d20e9e7d36ee" member_type: VOTER last_known_addr { host: "127.4.216.4" port: 33687 } attrs { replace: true } } peers { permanent_uuid: "0eed68fa72c44134b99bb26f9b2d2cec" member_type: VOTER last_known_addr { host: "127.4.216.2" port: 46547 } } peers { permanent_uuid: "49212477fb434dc2ac30a57120db7956" member_type: VOTER last_known_addr { host: "127.4.216.3" port: 35329 } attrs { promote: false } } }
I20260608 12:53:03.087651  7892 catalog_manager.cc:5696] T fd7f04f06f3c41ef949f254d7a48645d P 9d7d329bbb60442987ce7efe3f817198 reported cstate change: config changed from index 2 to 3, 49212477fb434dc2ac30a57120db7956 (127.4.216.3) changed from NON_VOTER to VOTER. New cstate: current_term: 1 leader_uuid: "0eed68fa72c44134b99bb26f9b2d2cec" committed_config { opid_index: 3 OBSOLETE_local: false peers { permanent_uuid: "9d7d329bbb60442987ce7efe3f817198" member_type: VOTER last_known_addr { host: "127.4.216.1" port: 43473 } } peers { permanent_uuid: "c47129ab252e42c58e55d20e9e7d36ee" member_type: VOTER last_known_addr { host: "127.4.216.4" port: 33687 } attrs { replace: true } } peers { permanent_uuid: "0eed68fa72c44134b99bb26f9b2d2cec" member_type: VOTER last_known_addr { host: "127.4.216.2" port: 46547 } } peers { permanent_uuid: "49212477fb434dc2ac30a57120db7956" member_type: VOTER last_known_addr { host: "127.4.216.3" port: 35329 } attrs { promote: false } } }
I20260608 12:53:03.126016  8068 consensus_queue.cc:237] T fd7f04f06f3c41ef949f254d7a48645d P 0eed68fa72c44134b99bb26f9b2d2cec [LEADER]: Queue going to LEADER mode. State: All replicated index: 0, Majority replicated index: 3, Committed index: 3, Last appended: 1.3, Last appended by leader: 0, Current term: 1, Majority size: 2, State: 0, Mode: LEADER, active raft config: opid_index: 4 OBSOLETE_local: false peers { permanent_uuid: "9d7d329bbb60442987ce7efe3f817198" member_type: VOTER last_known_addr { host: "127.4.216.1" port: 43473 } } peers { permanent_uuid: "0eed68fa72c44134b99bb26f9b2d2cec" member_type: VOTER last_known_addr { host: "127.4.216.2" port: 46547 } } peers { permanent_uuid: "49212477fb434dc2ac30a57120db7956" member_type: VOTER last_known_addr { host: "127.4.216.3" port: 35329 } attrs { promote: false } }
I20260608 12:53:03.135924  8144 raft_consensus.cc:1275] T fd7f04f06f3c41ef949f254d7a48645d P 49212477fb434dc2ac30a57120db7956 [term 1 FOLLOWER]: Refusing update from remote peer 0eed68fa72c44134b99bb26f9b2d2cec: Log matching property violated. Preceding OpId in replica: term: 1 index: 3. Preceding OpId from leader: term: 1 index: 4. (index mismatch)
I20260608 12:53:03.137398  7993 raft_consensus.cc:1275] T fd7f04f06f3c41ef949f254d7a48645d P 9d7d329bbb60442987ce7efe3f817198 [term 1 FOLLOWER]: Refusing update from remote peer 0eed68fa72c44134b99bb26f9b2d2cec: Log matching property violated. Preceding OpId in replica: term: 1 index: 3. Preceding OpId from leader: term: 1 index: 4. (index mismatch)
I20260608 12:53:03.137838  8615 consensus_queue.cc:1048] T fd7f04f06f3c41ef949f254d7a48645d P 0eed68fa72c44134b99bb26f9b2d2cec [LEADER]: Connected to new peer: Peer: permanent_uuid: "49212477fb434dc2ac30a57120db7956" member_type: VOTER last_known_addr { host: "127.4.216.3" port: 35329 } attrs { promote: false }, Status: LMP_MISMATCH, Last received: 0.0, Next index: 4, Last known committed idx: 3, Time since last communication: 0.001s
I20260608 12:53:03.139379  8609 consensus_queue.cc:1048] T fd7f04f06f3c41ef949f254d7a48645d P 0eed68fa72c44134b99bb26f9b2d2cec [LEADER]: Connected to new peer: Peer: permanent_uuid: "9d7d329bbb60442987ce7efe3f817198" member_type: VOTER last_known_addr { host: "127.4.216.1" port: 43473 }, Status: LMP_MISMATCH, Last received: 0.0, Next index: 4, Last known committed idx: 3, Time since last communication: 0.000s
I20260608 12:53:03.146495  8616 raft_consensus.cc:2955] T fd7f04f06f3c41ef949f254d7a48645d P 0eed68fa72c44134b99bb26f9b2d2cec [term 1 LEADER]: Committing config change with OpId 1.4: config changed from index 3 to 4, VOTER c47129ab252e42c58e55d20e9e7d36ee (127.4.216.4) evicted. New config: { opid_index: 4 OBSOLETE_local: false peers { permanent_uuid: "9d7d329bbb60442987ce7efe3f817198" member_type: VOTER last_known_addr { host: "127.4.216.1" port: 43473 } } peers { permanent_uuid: "0eed68fa72c44134b99bb26f9b2d2cec" member_type: VOTER last_known_addr { host: "127.4.216.2" port: 46547 } } peers { permanent_uuid: "49212477fb434dc2ac30a57120db7956" member_type: VOTER last_known_addr { host: "127.4.216.3" port: 35329 } attrs { promote: false } } }
I20260608 12:53:03.150004  7993 raft_consensus.cc:2955] T fd7f04f06f3c41ef949f254d7a48645d P 9d7d329bbb60442987ce7efe3f817198 [term 1 FOLLOWER]: Committing config change with OpId 1.4: config changed from index 3 to 4, VOTER c47129ab252e42c58e55d20e9e7d36ee (127.4.216.4) evicted. New config: { opid_index: 4 OBSOLETE_local: false peers { permanent_uuid: "9d7d329bbb60442987ce7efe3f817198" member_type: VOTER last_known_addr { host: "127.4.216.1" port: 43473 } } peers { permanent_uuid: "0eed68fa72c44134b99bb26f9b2d2cec" member_type: VOTER last_known_addr { host: "127.4.216.2" port: 46547 } } peers { permanent_uuid: "49212477fb434dc2ac30a57120db7956" member_type: VOTER last_known_addr { host: "127.4.216.3" port: 35329 } attrs { promote: false } } }
I20260608 12:53:03.150053  8144 raft_consensus.cc:2955] T fd7f04f06f3c41ef949f254d7a48645d P 49212477fb434dc2ac30a57120db7956 [term 1 FOLLOWER]: Committing config change with OpId 1.4: config changed from index 3 to 4, VOTER c47129ab252e42c58e55d20e9e7d36ee (127.4.216.4) evicted. New config: { opid_index: 4 OBSOLETE_local: false peers { permanent_uuid: "9d7d329bbb60442987ce7efe3f817198" member_type: VOTER last_known_addr { host: "127.4.216.1" port: 43473 } } peers { permanent_uuid: "0eed68fa72c44134b99bb26f9b2d2cec" member_type: VOTER last_known_addr { host: "127.4.216.2" port: 46547 } } peers { permanent_uuid: "49212477fb434dc2ac30a57120db7956" member_type: VOTER last_known_addr { host: "127.4.216.3" port: 35329 } attrs { promote: false } } }
I20260608 12:53:03.158470  7878 catalog_manager.cc:5209] ChangeConfig:REMOVE_PEER RPC for tablet fd7f04f06f3c41ef949f254d7a48645d with cas_config_opid_index 3: ChangeConfig:REMOVE_PEER succeeded (attempt 1)
I20260608 12:53:03.163730  7891 catalog_manager.cc:5696] T fd7f04f06f3c41ef949f254d7a48645d P 9d7d329bbb60442987ce7efe3f817198 reported cstate change: config changed from index 3 to 4, VOTER c47129ab252e42c58e55d20e9e7d36ee (127.4.216.4) evicted. New cstate: current_term: 1 leader_uuid: "0eed68fa72c44134b99bb26f9b2d2cec" committed_config { opid_index: 4 OBSOLETE_local: false peers { permanent_uuid: "9d7d329bbb60442987ce7efe3f817198" member_type: VOTER last_known_addr { host: "127.4.216.1" port: 43473 } } peers { permanent_uuid: "0eed68fa72c44134b99bb26f9b2d2cec" member_type: VOTER last_known_addr { host: "127.4.216.2" port: 46547 } } peers { permanent_uuid: "49212477fb434dc2ac30a57120db7956" member_type: VOTER last_known_addr { host: "127.4.216.3" port: 35329 } attrs { promote: false } } }
I20260608 12:53:03.177066  8294 tablet_service.cc:1558] Processing DeleteTablet for tablet fd7f04f06f3c41ef949f254d7a48645d with delete_type TABLET_DATA_TOMBSTONED (TS c47129ab252e42c58e55d20e9e7d36ee not found in new config with opid_index 4) from {username='slave'} at 127.0.0.1:58292
I20260608 12:53:03.188611  8624 tablet_replica.cc:333] T fd7f04f06f3c41ef949f254d7a48645d P c47129ab252e42c58e55d20e9e7d36ee: stopping tablet replica
I20260608 12:53:03.189487  8624 raft_consensus.cc:2243] T fd7f04f06f3c41ef949f254d7a48645d P c47129ab252e42c58e55d20e9e7d36ee [term 1 FOLLOWER]: Raft consensus shutting down.
I20260608 12:53:03.190282  8624 raft_consensus.cc:2272] T fd7f04f06f3c41ef949f254d7a48645d P c47129ab252e42c58e55d20e9e7d36ee [term 1 FOLLOWER]: Raft consensus is shut down!
I20260608 12:53:03.194308  8624 ts_tablet_manager.cc:1916] T fd7f04f06f3c41ef949f254d7a48645d P c47129ab252e42c58e55d20e9e7d36ee: Deleting tablet data with delete state TABLET_DATA_TOMBSTONED
I20260608 12:53:03.209367  8624 ts_tablet_manager.cc:1929] T fd7f04f06f3c41ef949f254d7a48645d P c47129ab252e42c58e55d20e9e7d36ee: tablet deleted with delete type TABLET_DATA_TOMBSTONED: last-logged OpId 1.3
I20260608 12:53:03.209784  8624 log.cc:1199] T fd7f04f06f3c41ef949f254d7a48645d P c47129ab252e42c58e55d20e9e7d36ee: Deleting WAL directory at /tmp/dist-test-taskoZAXph/test-tmp/auto_rebalancer-test.0.AutoRebalancerTest.RangeAwareRebalancesNewRangeReplicas.1780923082227794-4960-0/minicluster-data/ts-3-root/wals/fd7f04f06f3c41ef949f254d7a48645d
I20260608 12:53:03.211767  7879 catalog_manager.cc:5027] TS c47129ab252e42c58e55d20e9e7d36ee (127.4.216.4:33687): tablet fd7f04f06f3c41ef949f254d7a48645d (table range_aware_rebalance_new_range [id=e57e7883907e4d01bd9321e7ccbabad7]) successfully deleted
I20260608 12:53:03.853533  4960 tablet_server.cc:179] TabletServer@127.4.216.1:0 shutting down...
I20260608 12:53:03.896082  4960 ts_tablet_manager.cc:1507] Shutting down tablet manager...
I20260608 12:53:03.897951  7947 auto_leader_rebalancer.cc:140] leader rebalance for table range_aware_rebalance_new_range
I20260608 12:53:03.898823  4960 tablet_replica.cc:333] T fd7f04f06f3c41ef949f254d7a48645d P 9d7d329bbb60442987ce7efe3f817198: stopping tablet replica
I20260608 12:53:03.900063  4960 raft_consensus.cc:2243] T fd7f04f06f3c41ef949f254d7a48645d P 9d7d329bbb60442987ce7efe3f817198 [term 1 FOLLOWER]: Raft consensus shutting down.
I20260608 12:53:03.901012  4960 raft_consensus.cc:2272] T fd7f04f06f3c41ef949f254d7a48645d P 9d7d329bbb60442987ce7efe3f817198 [term 1 FOLLOWER]: Raft consensus is shut down!
I20260608 12:53:03.904398  4960 tablet_replica.cc:333] T d51d6d2a1f3046799c27a974e4264e94 P 9d7d329bbb60442987ce7efe3f817198: stopping tablet replica
I20260608 12:53:03.905270  4960 raft_consensus.cc:2243] T d51d6d2a1f3046799c27a974e4264e94 P 9d7d329bbb60442987ce7efe3f817198 [term 1 FOLLOWER]: Raft consensus shutting down.
I20260608 12:53:03.905902  4960 raft_consensus.cc:2272] T d51d6d2a1f3046799c27a974e4264e94 P 9d7d329bbb60442987ce7efe3f817198 [term 1 FOLLOWER]: Raft consensus is shut down!
I20260608 12:53:03.908749  4960 tablet_replica.cc:333] T f4d4a9a8969647a2b6b1346ac557a285 P 9d7d329bbb60442987ce7efe3f817198: stopping tablet replica
I20260608 12:53:03.909543  4960 raft_consensus.cc:2243] T f4d4a9a8969647a2b6b1346ac557a285 P 9d7d329bbb60442987ce7efe3f817198 [term 1 FOLLOWER]: Raft consensus shutting down.
I20260608 12:53:03.910116  4960 raft_consensus.cc:2272] T f4d4a9a8969647a2b6b1346ac557a285 P 9d7d329bbb60442987ce7efe3f817198 [term 1 FOLLOWER]: Raft consensus is shut down!
I20260608 12:53:03.912810  4960 tablet_replica.cc:333] T 8ada55c27dfe4b93ab924a46408eb600 P 9d7d329bbb60442987ce7efe3f817198: stopping tablet replica
I20260608 12:53:03.913719  4960 raft_consensus.cc:2243] T 8ada55c27dfe4b93ab924a46408eb600 P 9d7d329bbb60442987ce7efe3f817198 [term 3 LEADER]: Raft consensus shutting down.
I20260608 12:53:03.914988  4960 raft_consensus.cc:2272] T 8ada55c27dfe4b93ab924a46408eb600 P 9d7d329bbb60442987ce7efe3f817198 [term 3 FOLLOWER]: Raft consensus is shut down!
I20260608 12:53:03.915292  7947 auto_leader_rebalancer.cc:388] table: range_aware_rebalance_new_range, leader rebalance finish, leader transfer count: 0
I20260608 12:53:03.916050  7947 auto_leader_rebalancer.cc:451] All tables' leader rebalancing finished this round
I20260608 12:53:03.918036  4960 tablet_replica.cc:333] T 03b75d7ddb03400aabb6a72ebc667a91 P 9d7d329bbb60442987ce7efe3f817198: stopping tablet replica
I20260608 12:53:03.918699  4960 raft_consensus.cc:2243] T 03b75d7ddb03400aabb6a72ebc667a91 P 9d7d329bbb60442987ce7efe3f817198 [term 1 LEADER]: Raft consensus shutting down.
I20260608 12:53:03.919607  4960 raft_consensus.cc:2272] T 03b75d7ddb03400aabb6a72ebc667a91 P 9d7d329bbb60442987ce7efe3f817198 [term 1 FOLLOWER]: Raft consensus is shut down!
I20260608 12:53:03.921689  4960 tablet_replica.cc:333] T 97bf972fd00a49beb6a759c08cf0401f P 9d7d329bbb60442987ce7efe3f817198: stopping tablet replica
I20260608 12:53:03.922242  4960 raft_consensus.cc:2243] T 97bf972fd00a49beb6a759c08cf0401f P 9d7d329bbb60442987ce7efe3f817198 [term 1 LEADER]: Raft consensus shutting down.
I20260608 12:53:03.923175  4960 raft_consensus.cc:2272] T 97bf972fd00a49beb6a759c08cf0401f P 9d7d329bbb60442987ce7efe3f817198 [term 1 FOLLOWER]: Raft consensus is shut down!
I20260608 12:53:03.925212  4960 tablet_replica.cc:333] T ecaf8398062a4ddebf9b7a072d266c28 P 9d7d329bbb60442987ce7efe3f817198: stopping tablet replica
I20260608 12:53:03.925735  4960 raft_consensus.cc:2243] T ecaf8398062a4ddebf9b7a072d266c28 P 9d7d329bbb60442987ce7efe3f817198 [term 3 FOLLOWER]: Raft consensus shutting down.
I20260608 12:53:03.926512  4960 raft_consensus.cc:2272] T ecaf8398062a4ddebf9b7a072d266c28 P 9d7d329bbb60442987ce7efe3f817198 [term 3 FOLLOWER]: Raft consensus is shut down!
I20260608 12:53:03.928438  4960 tablet_replica.cc:333] T 5f6a992d012d46ff9764f580c3b96b65 P 9d7d329bbb60442987ce7efe3f817198: stopping tablet replica
I20260608 12:53:03.928989  4960 raft_consensus.cc:2243] T 5f6a992d012d46ff9764f580c3b96b65 P 9d7d329bbb60442987ce7efe3f817198 [term 2 FOLLOWER]: Raft consensus shutting down.
I20260608 12:53:03.929442  4960 raft_consensus.cc:2272] T 5f6a992d012d46ff9764f580c3b96b65 P 9d7d329bbb60442987ce7efe3f817198 [term 2 FOLLOWER]: Raft consensus is shut down!
I20260608 12:53:03.931387  4960 tablet_replica.cc:333] T 0e0104aa17024508b25c971d32676a0c P 9d7d329bbb60442987ce7efe3f817198: stopping tablet replica
I20260608 12:53:03.931963  4960 raft_consensus.cc:2243] T 0e0104aa17024508b25c971d32676a0c P 9d7d329bbb60442987ce7efe3f817198 [term 1 LEADER]: Raft consensus shutting down.
I20260608 12:53:03.932806  4960 raft_consensus.cc:2272] T 0e0104aa17024508b25c971d32676a0c P 9d7d329bbb60442987ce7efe3f817198 [term 1 FOLLOWER]: Raft consensus is shut down!
I20260608 12:53:03.935010  4960 tablet_replica.cc:333] T 8c4aec4f624a4b53b02fc11df65ad771 P 9d7d329bbb60442987ce7efe3f817198: stopping tablet replica
I20260608 12:53:03.935609  4960 raft_consensus.cc:2243] T 8c4aec4f624a4b53b02fc11df65ad771 P 9d7d329bbb60442987ce7efe3f817198 [term 2 FOLLOWER]: Raft consensus shutting down.
I20260608 12:53:03.936076  4960 raft_consensus.cc:2272] T 8c4aec4f624a4b53b02fc11df65ad771 P 9d7d329bbb60442987ce7efe3f817198 [term 2 FOLLOWER]: Raft consensus is shut down!
I20260608 12:53:03.938043  4960 tablet_replica.cc:333] T 6d32a25414f440838e019239f08ff3e8 P 9d7d329bbb60442987ce7efe3f817198: stopping tablet replica
I20260608 12:53:03.938555  4960 raft_consensus.cc:2243] T 6d32a25414f440838e019239f08ff3e8 P 9d7d329bbb60442987ce7efe3f817198 [term 2 FOLLOWER]: Raft consensus shutting down.
I20260608 12:53:03.939055  4960 raft_consensus.cc:2272] T 6d32a25414f440838e019239f08ff3e8 P 9d7d329bbb60442987ce7efe3f817198 [term 2 FOLLOWER]: Raft consensus is shut down!
I20260608 12:53:03.940950  4960 tablet_replica.cc:333] T 2b6d494ec925417b9d5b4033ba4e02cb P 9d7d329bbb60442987ce7efe3f817198: stopping tablet replica
I20260608 12:53:03.941476  4960 raft_consensus.cc:2243] T 2b6d494ec925417b9d5b4033ba4e02cb P 9d7d329bbb60442987ce7efe3f817198 [term 2 FOLLOWER]: Raft consensus shutting down.
I20260608 12:53:03.942179  4960 raft_consensus.cc:2272] T 2b6d494ec925417b9d5b4033ba4e02cb P 9d7d329bbb60442987ce7efe3f817198 [term 2 FOLLOWER]: Raft consensus is shut down!
W20260608 12:53:03.971119  8034 proxy.cc:239] Call had error, refreshing address and retrying: Network error: Client connection negotiation failed: client connection to 127.4.216.1:43473: connect: Connection refused (error 111) [suppressed 1 similar messages]
W20260608 12:53:03.974666  8034 consensus_peers.cc:597] T f4d4a9a8969647a2b6b1346ac557a285 P 0eed68fa72c44134b99bb26f9b2d2cec -> Peer 9d7d329bbb60442987ce7efe3f817198 (127.4.216.1:43473): Couldn't send request to peer 9d7d329bbb60442987ce7efe3f817198. Status: Network error: Client connection negotiation failed: client connection to 127.4.216.1:43473: connect: Connection refused (error 111). This is attempt 1: this message will repeat every 5th retry.
I20260608 12:53:04.001160  4960 tablet_server.cc:196] TabletServer@127.4.216.1:0 shutdown complete.
I20260608 12:53:04.031842  4960 tablet_server.cc:179] TabletServer@127.4.216.2:0 shutting down...
I20260608 12:53:04.063714  4960 ts_tablet_manager.cc:1507] Shutting down tablet manager...
I20260608 12:53:04.064644  4960 tablet_replica.cc:333] T ecaf8398062a4ddebf9b7a072d266c28 P 0eed68fa72c44134b99bb26f9b2d2cec: stopping tablet replica
I20260608 12:53:04.065483  4960 raft_consensus.cc:2243] T ecaf8398062a4ddebf9b7a072d266c28 P 0eed68fa72c44134b99bb26f9b2d2cec [term 3 FOLLOWER]: Raft consensus shutting down.
I20260608 12:53:04.066172  4960 raft_consensus.cc:2272] T ecaf8398062a4ddebf9b7a072d266c28 P 0eed68fa72c44134b99bb26f9b2d2cec [term 3 FOLLOWER]: Raft consensus is shut down!
I20260608 12:53:04.068420  4960 tablet_replica.cc:333] T 6d32a25414f440838e019239f08ff3e8 P 0eed68fa72c44134b99bb26f9b2d2cec: stopping tablet replica
I20260608 12:53:04.069072  4960 raft_consensus.cc:2243] T 6d32a25414f440838e019239f08ff3e8 P 0eed68fa72c44134b99bb26f9b2d2cec [term 2 FOLLOWER]: Raft consensus shutting down.
I20260608 12:53:04.069574  4960 raft_consensus.cc:2272] T 6d32a25414f440838e019239f08ff3e8 P 0eed68fa72c44134b99bb26f9b2d2cec [term 2 FOLLOWER]: Raft consensus is shut down!
I20260608 12:53:04.071655  4960 tablet_replica.cc:333] T fd7f04f06f3c41ef949f254d7a48645d P 0eed68fa72c44134b99bb26f9b2d2cec: stopping tablet replica
I20260608 12:53:04.072250  4960 raft_consensus.cc:2243] T fd7f04f06f3c41ef949f254d7a48645d P 0eed68fa72c44134b99bb26f9b2d2cec [term 1 LEADER]: Raft consensus shutting down.
I20260608 12:53:04.073020  4960 raft_consensus.cc:2272] T fd7f04f06f3c41ef949f254d7a48645d P 0eed68fa72c44134b99bb26f9b2d2cec [term 1 FOLLOWER]: Raft consensus is shut down!
I20260608 12:53:04.075379  4960 tablet_replica.cc:333] T 4de686df43e042ea887a63477cbe52e1 P 0eed68fa72c44134b99bb26f9b2d2cec: stopping tablet replica
I20260608 12:53:04.075964  4960 raft_consensus.cc:2243] T 4de686df43e042ea887a63477cbe52e1 P 0eed68fa72c44134b99bb26f9b2d2cec [term 2 FOLLOWER]: Raft consensus shutting down.
I20260608 12:53:04.076416  4960 raft_consensus.cc:2272] T 4de686df43e042ea887a63477cbe52e1 P 0eed68fa72c44134b99bb26f9b2d2cec [term 2 FOLLOWER]: Raft consensus is shut down!
I20260608 12:53:04.078555  4960 tablet_replica.cc:333] T f4d4a9a8969647a2b6b1346ac557a285 P 0eed68fa72c44134b99bb26f9b2d2cec: stopping tablet replica
I20260608 12:53:04.079114  4960 raft_consensus.cc:2243] T f4d4a9a8969647a2b6b1346ac557a285 P 0eed68fa72c44134b99bb26f9b2d2cec [term 1 LEADER]: Raft consensus shutting down.
I20260608 12:53:04.079936  4960 raft_consensus.cc:2272] T f4d4a9a8969647a2b6b1346ac557a285 P 0eed68fa72c44134b99bb26f9b2d2cec [term 1 FOLLOWER]: Raft consensus is shut down!
I20260608 12:53:04.081995  4960 tablet_replica.cc:333] T 15e40de5d8114b2eb8f8d105022893d0 P 0eed68fa72c44134b99bb26f9b2d2cec: stopping tablet replica
I20260608 12:53:04.082669  4960 raft_consensus.cc:2243] T 15e40de5d8114b2eb8f8d105022893d0 P 0eed68fa72c44134b99bb26f9b2d2cec [term 1 FOLLOWER]: Raft consensus shutting down.
I20260608 12:53:04.083179  4960 raft_consensus.cc:2272] T 15e40de5d8114b2eb8f8d105022893d0 P 0eed68fa72c44134b99bb26f9b2d2cec [term 1 FOLLOWER]: Raft consensus is shut down!
I20260608 12:53:04.085042  4960 tablet_replica.cc:333] T 0e0104aa17024508b25c971d32676a0c P 0eed68fa72c44134b99bb26f9b2d2cec: stopping tablet replica
I20260608 12:53:04.085553  4960 raft_consensus.cc:2243] T 0e0104aa17024508b25c971d32676a0c P 0eed68fa72c44134b99bb26f9b2d2cec [term 1 FOLLOWER]: Raft consensus shutting down.
I20260608 12:53:04.085942  4960 raft_consensus.cc:2272] T 0e0104aa17024508b25c971d32676a0c P 0eed68fa72c44134b99bb26f9b2d2cec [term 1 FOLLOWER]: Raft consensus is shut down!
I20260608 12:53:04.087982  4960 tablet_replica.cc:333] T 2b6d494ec925417b9d5b4033ba4e02cb P 0eed68fa72c44134b99bb26f9b2d2cec: stopping tablet replica
I20260608 12:53:04.088512  4960 raft_consensus.cc:2243] T 2b6d494ec925417b9d5b4033ba4e02cb P 0eed68fa72c44134b99bb26f9b2d2cec [term 2 LEADER]: Raft consensus shutting down.
I20260608 12:53:04.089246  4960 raft_consensus.cc:2272] T 2b6d494ec925417b9d5b4033ba4e02cb P 0eed68fa72c44134b99bb26f9b2d2cec [term 2 FOLLOWER]: Raft consensus is shut down!
I20260608 12:53:04.091372  4960 tablet_replica.cc:333] T 97bf972fd00a49beb6a759c08cf0401f P 0eed68fa72c44134b99bb26f9b2d2cec: stopping tablet replica
I20260608 12:53:04.091893  4960 raft_consensus.cc:2243] T 97bf972fd00a49beb6a759c08cf0401f P 0eed68fa72c44134b99bb26f9b2d2cec [term 1 FOLLOWER]: Raft consensus shutting down.
I20260608 12:53:04.092288  4960 raft_consensus.cc:2272] T 97bf972fd00a49beb6a759c08cf0401f P 0eed68fa72c44134b99bb26f9b2d2cec [term 1 FOLLOWER]: Raft consensus is shut down!
I20260608 12:53:04.095093  4960 tablet_replica.cc:333] T 8ada55c27dfe4b93ab924a46408eb600 P 0eed68fa72c44134b99bb26f9b2d2cec: stopping tablet replica
I20260608 12:53:04.095924  4960 raft_consensus.cc:2243] T 8ada55c27dfe4b93ab924a46408eb600 P 0eed68fa72c44134b99bb26f9b2d2cec [term 3 FOLLOWER]: Raft consensus shutting down.
I20260608 12:53:04.096736  4960 raft_consensus.cc:2272] T 8ada55c27dfe4b93ab924a46408eb600 P 0eed68fa72c44134b99bb26f9b2d2cec [term 3 FOLLOWER]: Raft consensus is shut down!
I20260608 12:53:04.100459  4960 tablet_replica.cc:333] T 03d3fd16bb0d44c18b61f9f7f2463448 P 0eed68fa72c44134b99bb26f9b2d2cec: stopping tablet replica
W20260608 12:53:04.100351  8108 consensus_peers.cc:597] T 03d3fd16bb0d44c18b61f9f7f2463448 P 49212477fb434dc2ac30a57120db7956 -> Peer 0eed68fa72c44134b99bb26f9b2d2cec (127.4.216.2:46547): Couldn't send request to peer 0eed68fa72c44134b99bb26f9b2d2cec. Status: Remote error: Service unavailable: service kudu.consensus.ConsensusService not registered on TabletServer. This is attempt 1: this message will repeat every 5th retry.
I20260608 12:53:04.101184  4960 raft_consensus.cc:2243] T 03d3fd16bb0d44c18b61f9f7f2463448 P 0eed68fa72c44134b99bb26f9b2d2cec [term 2 FOLLOWER]: Raft consensus shutting down.
I20260608 12:53:04.101956  4960 raft_consensus.cc:2272] T 03d3fd16bb0d44c18b61f9f7f2463448 P 0eed68fa72c44134b99bb26f9b2d2cec [term 2 FOLLOWER]: Raft consensus is shut down!
I20260608 12:53:04.104224  4960 tablet_replica.cc:333] T 32c7a60b2f824c87be5849f848e02211 P 0eed68fa72c44134b99bb26f9b2d2cec: stopping tablet replica
I20260608 12:53:04.104750  4960 raft_consensus.cc:2243] T 32c7a60b2f824c87be5849f848e02211 P 0eed68fa72c44134b99bb26f9b2d2cec [term 1 LEADER]: Raft consensus shutting down.
I20260608 12:53:04.105703  4960 raft_consensus.cc:2272] T 32c7a60b2f824c87be5849f848e02211 P 0eed68fa72c44134b99bb26f9b2d2cec [term 1 FOLLOWER]: Raft consensus is shut down!
W20260608 12:53:04.110093  8254 consensus_peers.cc:597] T 6d32a25414f440838e019239f08ff3e8 P c47129ab252e42c58e55d20e9e7d36ee -> Peer 9d7d329bbb60442987ce7efe3f817198 (127.4.216.1:43473): Couldn't send request to peer 9d7d329bbb60442987ce7efe3f817198. Status: Network error: Client connection negotiation failed: client connection to 127.4.216.1:43473: connect: Connection refused (error 111). This is attempt 1: this message will repeat every 5th retry.
I20260608 12:53:04.145447  4960 tablet_server.cc:196] TabletServer@127.4.216.2:0 shutdown complete.
W20260608 12:53:04.154237  8254 consensus_peers.cc:597] T 5f6a992d012d46ff9764f580c3b96b65 P c47129ab252e42c58e55d20e9e7d36ee -> Peer 9d7d329bbb60442987ce7efe3f817198 (127.4.216.1:43473): Couldn't send request to peer 9d7d329bbb60442987ce7efe3f817198. Status: Network error: Client connection negotiation failed: client connection to 127.4.216.1:43473: connect: Connection refused (error 111). This is attempt 1: this message will repeat every 5th retry.
I20260608 12:53:04.185189  4960 tablet_server.cc:179] TabletServer@127.4.216.3:0 shutting down...
I20260608 12:53:04.221503  4960 ts_tablet_manager.cc:1507] Shutting down tablet manager...
I20260608 12:53:04.222399  4960 tablet_replica.cc:333] T 15e40de5d8114b2eb8f8d105022893d0 P 49212477fb434dc2ac30a57120db7956: stopping tablet replica
I20260608 12:53:04.223181  4960 raft_consensus.cc:2243] T 15e40de5d8114b2eb8f8d105022893d0 P 49212477fb434dc2ac30a57120db7956 [term 1 LEADER]: Raft consensus shutting down.
I20260608 12:53:04.224150  4960 raft_consensus.cc:2272] T 15e40de5d8114b2eb8f8d105022893d0 P 49212477fb434dc2ac30a57120db7956 [term 1 FOLLOWER]: Raft consensus is shut down!
I20260608 12:53:04.226414  4960 tablet_replica.cc:333] T fd7f04f06f3c41ef949f254d7a48645d P 49212477fb434dc2ac30a57120db7956: stopping tablet replica
I20260608 12:53:04.227244  4960 raft_consensus.cc:2243] T fd7f04f06f3c41ef949f254d7a48645d P 49212477fb434dc2ac30a57120db7956 [term 1 FOLLOWER]: Raft consensus shutting down.
I20260608 12:53:04.227957  4960 raft_consensus.cc:2272] T fd7f04f06f3c41ef949f254d7a48645d P 49212477fb434dc2ac30a57120db7956 [term 1 FOLLOWER]: Raft consensus is shut down!
I20260608 12:53:04.229866  4960 tablet_replica.cc:333] T 4de686df43e042ea887a63477cbe52e1 P 49212477fb434dc2ac30a57120db7956: stopping tablet replica
I20260608 12:53:04.230470  4960 raft_consensus.cc:2243] T 4de686df43e042ea887a63477cbe52e1 P 49212477fb434dc2ac30a57120db7956 [term 2 FOLLOWER]: Raft consensus shutting down.
I20260608 12:53:04.230952  4960 raft_consensus.cc:2272] T 4de686df43e042ea887a63477cbe52e1 P 49212477fb434dc2ac30a57120db7956 [term 2 FOLLOWER]: Raft consensus is shut down!
I20260608 12:53:04.232884  4960 tablet_replica.cc:333] T d51d6d2a1f3046799c27a974e4264e94 P 49212477fb434dc2ac30a57120db7956: stopping tablet replica
I20260608 12:53:04.233449  4960 raft_consensus.cc:2243] T d51d6d2a1f3046799c27a974e4264e94 P 49212477fb434dc2ac30a57120db7956 [term 1 FOLLOWER]: Raft consensus shutting down.
I20260608 12:53:04.233865  4960 raft_consensus.cc:2272] T d51d6d2a1f3046799c27a974e4264e94 P 49212477fb434dc2ac30a57120db7956 [term 1 FOLLOWER]: Raft consensus is shut down!
I20260608 12:53:04.235780  4960 tablet_replica.cc:333] T 03d3fd16bb0d44c18b61f9f7f2463448 P 49212477fb434dc2ac30a57120db7956: stopping tablet replica
I20260608 12:53:04.236343  4960 raft_consensus.cc:2243] T 03d3fd16bb0d44c18b61f9f7f2463448 P 49212477fb434dc2ac30a57120db7956 [term 2 LEADER]: Raft consensus shutting down.
I20260608 12:53:04.237164  4960 raft_consensus.cc:2272] T 03d3fd16bb0d44c18b61f9f7f2463448 P 49212477fb434dc2ac30a57120db7956 [term 2 FOLLOWER]: Raft consensus is shut down!
I20260608 12:53:04.239286  4960 tablet_replica.cc:333] T 32c7a60b2f824c87be5849f848e02211 P 49212477fb434dc2ac30a57120db7956: stopping tablet replica
I20260608 12:53:04.239877  4960 raft_consensus.cc:2243] T 32c7a60b2f824c87be5849f848e02211 P 49212477fb434dc2ac30a57120db7956 [term 1 FOLLOWER]: Raft consensus shutting down.
I20260608 12:53:04.240463  4960 raft_consensus.cc:2272] T 32c7a60b2f824c87be5849f848e02211 P 49212477fb434dc2ac30a57120db7956 [term 1 FOLLOWER]: Raft consensus is shut down!
I20260608 12:53:04.242466  4960 tablet_replica.cc:333] T ecaf8398062a4ddebf9b7a072d266c28 P 49212477fb434dc2ac30a57120db7956: stopping tablet replica
I20260608 12:53:04.243093  4960 raft_consensus.cc:2243] T ecaf8398062a4ddebf9b7a072d266c28 P 49212477fb434dc2ac30a57120db7956 [term 3 LEADER]: Raft consensus shutting down.
I20260608 12:53:04.243883  4960 raft_consensus.cc:2272] T ecaf8398062a4ddebf9b7a072d266c28 P 49212477fb434dc2ac30a57120db7956 [term 3 FOLLOWER]: Raft consensus is shut down!
I20260608 12:53:04.245803  4960 tablet_replica.cc:333] T 5f6a992d012d46ff9764f580c3b96b65 P 49212477fb434dc2ac30a57120db7956: stopping tablet replica
I20260608 12:53:04.246348  4960 raft_consensus.cc:2243] T 5f6a992d012d46ff9764f580c3b96b65 P 49212477fb434dc2ac30a57120db7956 [term 2 FOLLOWER]: Raft consensus shutting down.
I20260608 12:53:04.246886  4960 raft_consensus.cc:2272] T 5f6a992d012d46ff9764f580c3b96b65 P 49212477fb434dc2ac30a57120db7956 [term 2 FOLLOWER]: Raft consensus is shut down!
I20260608 12:53:04.248765  4960 tablet_replica.cc:333] T 8c4aec4f624a4b53b02fc11df65ad771 P 49212477fb434dc2ac30a57120db7956: stopping tablet replica
I20260608 12:53:04.249291  4960 raft_consensus.cc:2243] T 8c4aec4f624a4b53b02fc11df65ad771 P 49212477fb434dc2ac30a57120db7956 [term 2 LEADER]: Raft consensus shutting down.
I20260608 12:53:04.250078  4960 raft_consensus.cc:2272] T 8c4aec4f624a4b53b02fc11df65ad771 P 49212477fb434dc2ac30a57120db7956 [term 2 FOLLOWER]: Raft consensus is shut down!
I20260608 12:53:04.252009  4960 tablet_replica.cc:333] T 0e0104aa17024508b25c971d32676a0c P 49212477fb434dc2ac30a57120db7956: stopping tablet replica
I20260608 12:53:04.252547  4960 raft_consensus.cc:2243] T 0e0104aa17024508b25c971d32676a0c P 49212477fb434dc2ac30a57120db7956 [term 1 FOLLOWER]: Raft consensus shutting down.
