W20260608 12:52:27.013288  7074 catalog_manager.cc:7076] The number of live tablet servers is not enough to re-replicate a tablet replica of the newly created table range_aware_auto_rebalancer_test in case of a server failure: 4 tablet servers would be needed, 3 are available. Consider bringing up more tablet servers.
I20260608 12:52:27.067026  7315 tablet_service.cc:1511] Processing CreateTablet for tablet 4c0d1d9700f44074bb81c1f11b6b2178 (DEFAULT_TABLE table=range_aware_auto_rebalancer_test [id=50f6cd76ddbf47e6b63f3f1f68bf8e7b]), partition=HASH (key) PARTITION 0, RANGE (key) PARTITION 0 <= VALUES < 10
I20260608 12:52:27.068738  7315 data_dirs.cc:400] Could only allocate 1 dirs of requested 3 for tablet 4c0d1d9700f44074bb81c1f11b6b2178. 1 dirs total, 0 dirs full, 0 dirs failed
I20260608 12:52:27.069226  7166 tablet_service.cc:1511] Processing CreateTablet for tablet 4c0d1d9700f44074bb81c1f11b6b2178 (DEFAULT_TABLE table=range_aware_auto_rebalancer_test [id=50f6cd76ddbf47e6b63f3f1f68bf8e7b]), partition=HASH (key) PARTITION 0, RANGE (key) PARTITION 0 <= VALUES < 10
I20260608 12:52:27.069329  7314 tablet_service.cc:1511] Processing CreateTablet for tablet 1756ba93571f4d9189f1688e517801c8 (DEFAULT_TABLE table=range_aware_auto_rebalancer_test [id=50f6cd76ddbf47e6b63f3f1f68bf8e7b]), partition=HASH (key) PARTITION 0, RANGE (key) PARTITION 10 <= VALUES < 20
I20260608 12:52:27.070860  7314 data_dirs.cc:400] Could only allocate 1 dirs of requested 3 for tablet 1756ba93571f4d9189f1688e517801c8. 1 dirs total, 0 dirs full, 0 dirs failed
I20260608 12:52:27.072621  7165 tablet_service.cc:1511] Processing CreateTablet for tablet 1756ba93571f4d9189f1688e517801c8 (DEFAULT_TABLE table=range_aware_auto_rebalancer_test [id=50f6cd76ddbf47e6b63f3f1f68bf8e7b]), partition=HASH (key) PARTITION 0, RANGE (key) PARTITION 10 <= VALUES < 20
I20260608 12:52:27.075518  7164 tablet_service.cc:1511] Processing CreateTablet for tablet 98b674b393574b0d822f6f51c5064f5f (DEFAULT_TABLE table=range_aware_auto_rebalancer_test [id=50f6cd76ddbf47e6b63f3f1f68bf8e7b]), partition=HASH (key) PARTITION 1, RANGE (key) PARTITION 0 <= VALUES < 10
I20260608 12:52:27.070778  7166 data_dirs.cc:400] Could only allocate 1 dirs of requested 3 for tablet 4c0d1d9700f44074bb81c1f11b6b2178. 1 dirs total, 0 dirs full, 0 dirs failed
I20260608 12:52:27.080734  7165 data_dirs.cc:400] Could only allocate 1 dirs of requested 3 for tablet 1756ba93571f4d9189f1688e517801c8. 1 dirs total, 0 dirs full, 0 dirs failed
I20260608 12:52:27.081827  7241 tablet_service.cc:1511] Processing CreateTablet for tablet 4c0d1d9700f44074bb81c1f11b6b2178 (DEFAULT_TABLE table=range_aware_auto_rebalancer_test [id=50f6cd76ddbf47e6b63f3f1f68bf8e7b]), partition=HASH (key) PARTITION 0, RANGE (key) PARTITION 0 <= VALUES < 10
I20260608 12:52:27.083258  7241 data_dirs.cc:400] Could only allocate 1 dirs of requested 3 for tablet 4c0d1d9700f44074bb81c1f11b6b2178. 1 dirs total, 0 dirs full, 0 dirs failed
I20260608 12:52:27.083740  7313 tablet_service.cc:1511] Processing CreateTablet for tablet 98b674b393574b0d822f6f51c5064f5f (DEFAULT_TABLE table=range_aware_auto_rebalancer_test [id=50f6cd76ddbf47e6b63f3f1f68bf8e7b]), partition=HASH (key) PARTITION 1, RANGE (key) PARTITION 0 <= VALUES < 10
I20260608 12:52:27.085183  7313 data_dirs.cc:400] Could only allocate 1 dirs of requested 3 for tablet 98b674b393574b0d822f6f51c5064f5f. 1 dirs total, 0 dirs full, 0 dirs failed
I20260608 12:52:27.085139  7164 data_dirs.cc:400] Could only allocate 1 dirs of requested 3 for tablet 98b674b393574b0d822f6f51c5064f5f. 1 dirs total, 0 dirs full, 0 dirs failed
I20260608 12:52:27.088505  7240 tablet_service.cc:1511] Processing CreateTablet for tablet 1756ba93571f4d9189f1688e517801c8 (DEFAULT_TABLE table=range_aware_auto_rebalancer_test [id=50f6cd76ddbf47e6b63f3f1f68bf8e7b]), partition=HASH (key) PARTITION 0, RANGE (key) PARTITION 10 <= VALUES < 20
I20260608 12:52:27.089888  7240 data_dirs.cc:400] Could only allocate 1 dirs of requested 3 for tablet 1756ba93571f4d9189f1688e517801c8. 1 dirs total, 0 dirs full, 0 dirs failed
I20260608 12:52:27.098001  7163 tablet_service.cc:1511] Processing CreateTablet for tablet 1e80b65d2ecf44dbb8a714e9415fe346 (DEFAULT_TABLE table=range_aware_auto_rebalancer_test [id=50f6cd76ddbf47e6b63f3f1f68bf8e7b]), partition=HASH (key) PARTITION 1, RANGE (key) PARTITION 10 <= VALUES < 20
I20260608 12:52:27.099426  7163 data_dirs.cc:400] Could only allocate 1 dirs of requested 3 for tablet 1e80b65d2ecf44dbb8a714e9415fe346. 1 dirs total, 0 dirs full, 0 dirs failed
I20260608 12:52:27.099237  7312 tablet_service.cc:1511] Processing CreateTablet for tablet 1e80b65d2ecf44dbb8a714e9415fe346 (DEFAULT_TABLE table=range_aware_auto_rebalancer_test [id=50f6cd76ddbf47e6b63f3f1f68bf8e7b]), partition=HASH (key) PARTITION 1, RANGE (key) PARTITION 10 <= VALUES < 20
I20260608 12:52:27.100644  7312 data_dirs.cc:400] Could only allocate 1 dirs of requested 3 for tablet 1e80b65d2ecf44dbb8a714e9415fe346. 1 dirs total, 0 dirs full, 0 dirs failed
I20260608 12:52:27.111001  7239 tablet_service.cc:1511] Processing CreateTablet for tablet 98b674b393574b0d822f6f51c5064f5f (DEFAULT_TABLE table=range_aware_auto_rebalancer_test [id=50f6cd76ddbf47e6b63f3f1f68bf8e7b]), partition=HASH (key) PARTITION 1, RANGE (key) PARTITION 0 <= VALUES < 10
I20260608 12:52:27.112389  7239 data_dirs.cc:400] Could only allocate 1 dirs of requested 3 for tablet 98b674b393574b0d822f6f51c5064f5f. 1 dirs total, 0 dirs full, 0 dirs failed
I20260608 12:52:27.116632  7238 tablet_service.cc:1511] Processing CreateTablet for tablet 1e80b65d2ecf44dbb8a714e9415fe346 (DEFAULT_TABLE table=range_aware_auto_rebalancer_test [id=50f6cd76ddbf47e6b63f3f1f68bf8e7b]), partition=HASH (key) PARTITION 1, RANGE (key) PARTITION 10 <= VALUES < 20
I20260608 12:52:27.117992  7238 data_dirs.cc:400] Could only allocate 1 dirs of requested 3 for tablet 1e80b65d2ecf44dbb8a714e9415fe346. 1 dirs total, 0 dirs full, 0 dirs failed
I20260608 12:52:27.135664  7371 tablet_bootstrap.cc:492] T 1756ba93571f4d9189f1688e517801c8 P 030d87e078144e58bb15828f10e425e1: Bootstrap starting.
I20260608 12:52:27.140925  7372 tablet_bootstrap.cc:492] T 1756ba93571f4d9189f1688e517801c8 P 1bc2728b295147f5ac79face6f8f1bd0: Bootstrap starting.
I20260608 12:52:27.150909  7372 tablet_bootstrap.cc:654] T 1756ba93571f4d9189f1688e517801c8 P 1bc2728b295147f5ac79face6f8f1bd0: Neither blocks nor log segments found. Creating new log.
I20260608 12:52:27.150949  7370 tablet_bootstrap.cc:492] T 1756ba93571f4d9189f1688e517801c8 P e7ba850c17614f2498485cf2728d3d50: Bootstrap starting.
I20260608 12:52:27.151872  7371 tablet_bootstrap.cc:654] T 1756ba93571f4d9189f1688e517801c8 P 030d87e078144e58bb15828f10e425e1: Neither blocks nor log segments found. Creating new log.
I20260608 12:52:27.155314  7372 tablet_bootstrap.cc:492] T 1756ba93571f4d9189f1688e517801c8 P 1bc2728b295147f5ac79face6f8f1bd0: No bootstrap required, opened a new log
I20260608 12:52:27.155706  7372 ts_tablet_manager.cc:1403] T 1756ba93571f4d9189f1688e517801c8 P 1bc2728b295147f5ac79face6f8f1bd0: Time spent bootstrapping tablet: real 0.015s	user 0.010s	sys 0.000s
I20260608 12:52:27.157995  7370 tablet_bootstrap.cc:654] T 1756ba93571f4d9189f1688e517801c8 P e7ba850c17614f2498485cf2728d3d50: Neither blocks nor log segments found. Creating new log.
I20260608 12:52:27.158010  7371 tablet_bootstrap.cc:492] T 1756ba93571f4d9189f1688e517801c8 P 030d87e078144e58bb15828f10e425e1: No bootstrap required, opened a new log
I20260608 12:52:27.158179  7372 raft_consensus.cc:359] T 1756ba93571f4d9189f1688e517801c8 P 1bc2728b295147f5ac79face6f8f1bd0 [term 0 FOLLOWER]: Replica starting. Triggering 0 pending ops. Active config: opid_index: -1 OBSOLETE_local: false peers { permanent_uuid: "030d87e078144e58bb15828f10e425e1" member_type: VOTER last_known_addr { host: "127.4.117.129" port: 33783 } } peers { permanent_uuid: "1bc2728b295147f5ac79face6f8f1bd0" member_type: VOTER last_known_addr { host: "127.4.117.130" port: 38253 } } peers { permanent_uuid: "e7ba850c17614f2498485cf2728d3d50" member_type: VOTER last_known_addr { host: "127.4.117.131" port: 32781 } }
I20260608 12:52:27.158761  7371 ts_tablet_manager.cc:1403] T 1756ba93571f4d9189f1688e517801c8 P 030d87e078144e58bb15828f10e425e1: Time spent bootstrapping tablet: real 0.024s	user 0.014s	sys 0.000s
I20260608 12:52:27.158960  7372 raft_consensus.cc:385] T 1756ba93571f4d9189f1688e517801c8 P 1bc2728b295147f5ac79face6f8f1bd0 [term 0 FOLLOWER]: Consensus starting up: Expiring failure detector timer to make a prompt election more likely
I20260608 12:52:27.159278  7372 raft_consensus.cc:740] T 1756ba93571f4d9189f1688e517801c8 P 1bc2728b295147f5ac79face6f8f1bd0 [term 0 FOLLOWER]: Becoming Follower/Learner. State: Replica: 1bc2728b295147f5ac79face6f8f1bd0, State: Initialized, Role: FOLLOWER
I20260608 12:52:27.159880  7372 consensus_queue.cc:260] T 1756ba93571f4d9189f1688e517801c8 P 1bc2728b295147f5ac79face6f8f1bd0 [NON_LEADER]: Queue going to NON_LEADER mode. State: All replicated index: 0, Majority replicated index: 0, Committed index: 0, Last appended: 0.0, Last appended by leader: 0, Current term: 0, Majority size: -1, State: 0, Mode: NON_LEADER, active raft config: opid_index: -1 OBSOLETE_local: false peers { permanent_uuid: "030d87e078144e58bb15828f10e425e1" member_type: VOTER last_known_addr { host: "127.4.117.129" port: 33783 } } peers { permanent_uuid: "1bc2728b295147f5ac79face6f8f1bd0" member_type: VOTER last_known_addr { host: "127.4.117.130" port: 38253 } } peers { permanent_uuid: "e7ba850c17614f2498485cf2728d3d50" member_type: VOTER last_known_addr { host: "127.4.117.131" port: 32781 } }
I20260608 12:52:27.161788  7371 raft_consensus.cc:359] T 1756ba93571f4d9189f1688e517801c8 P 030d87e078144e58bb15828f10e425e1 [term 0 FOLLOWER]: Replica starting. Triggering 0 pending ops. Active config: opid_index: -1 OBSOLETE_local: false peers { permanent_uuid: "030d87e078144e58bb15828f10e425e1" member_type: VOTER last_known_addr { host: "127.4.117.129" port: 33783 } } peers { permanent_uuid: "1bc2728b295147f5ac79face6f8f1bd0" member_type: VOTER last_known_addr { host: "127.4.117.130" port: 38253 } } peers { permanent_uuid: "e7ba850c17614f2498485cf2728d3d50" member_type: VOTER last_known_addr { host: "127.4.117.131" port: 32781 } }
I20260608 12:52:27.162480  7372 ts_tablet_manager.cc:1434] T 1756ba93571f4d9189f1688e517801c8 P 1bc2728b295147f5ac79face6f8f1bd0: Time spent starting tablet: real 0.006s	user 0.003s	sys 0.002s
I20260608 12:52:27.162619  7371 raft_consensus.cc:385] T 1756ba93571f4d9189f1688e517801c8 P 030d87e078144e58bb15828f10e425e1 [term 0 FOLLOWER]: Consensus starting up: Expiring failure detector timer to make a prompt election more likely
I20260608 12:52:27.163077  7371 raft_consensus.cc:740] T 1756ba93571f4d9189f1688e517801c8 P 030d87e078144e58bb15828f10e425e1 [term 0 FOLLOWER]: Becoming Follower/Learner. State: Replica: 030d87e078144e58bb15828f10e425e1, State: Initialized, Role: FOLLOWER
I20260608 12:52:27.163558  7372 tablet_bootstrap.cc:492] T 98b674b393574b0d822f6f51c5064f5f P 1bc2728b295147f5ac79face6f8f1bd0: Bootstrap starting.
I20260608 12:52:27.167860  7371 consensus_queue.cc:260] T 1756ba93571f4d9189f1688e517801c8 P 030d87e078144e58bb15828f10e425e1 [NON_LEADER]: Queue going to NON_LEADER mode. State: All replicated index: 0, Majority replicated index: 0, Committed index: 0, Last appended: 0.0, Last appended by leader: 0, Current term: 0, Majority size: -1, State: 0, Mode: NON_LEADER, active raft config: opid_index: -1 OBSOLETE_local: false peers { permanent_uuid: "030d87e078144e58bb15828f10e425e1" member_type: VOTER last_known_addr { host: "127.4.117.129" port: 33783 } } peers { permanent_uuid: "1bc2728b295147f5ac79face6f8f1bd0" member_type: VOTER last_known_addr { host: "127.4.117.130" port: 38253 } } peers { permanent_uuid: "e7ba850c17614f2498485cf2728d3d50" member_type: VOTER last_known_addr { host: "127.4.117.131" port: 32781 } }
I20260608 12:52:27.171031  7372 tablet_bootstrap.cc:654] T 98b674b393574b0d822f6f51c5064f5f P 1bc2728b295147f5ac79face6f8f1bd0: Neither blocks nor log segments found. Creating new log.
I20260608 12:52:27.174327  7371 ts_tablet_manager.cc:1434] T 1756ba93571f4d9189f1688e517801c8 P 030d87e078144e58bb15828f10e425e1: Time spent starting tablet: real 0.015s	user 0.001s	sys 0.007s
I20260608 12:52:27.175374  7371 tablet_bootstrap.cc:492] T 1e80b65d2ecf44dbb8a714e9415fe346 P 030d87e078144e58bb15828f10e425e1: Bootstrap starting.
I20260608 12:52:27.176744  7370 tablet_bootstrap.cc:492] T 1756ba93571f4d9189f1688e517801c8 P e7ba850c17614f2498485cf2728d3d50: No bootstrap required, opened a new log
I20260608 12:52:27.177235  7370 ts_tablet_manager.cc:1403] T 1756ba93571f4d9189f1688e517801c8 P e7ba850c17614f2498485cf2728d3d50: Time spent bootstrapping tablet: real 0.027s	user 0.012s	sys 0.006s
I20260608 12:52:27.181169  7370 raft_consensus.cc:359] T 1756ba93571f4d9189f1688e517801c8 P e7ba850c17614f2498485cf2728d3d50 [term 0 FOLLOWER]: Replica starting. Triggering 0 pending ops. Active config: opid_index: -1 OBSOLETE_local: false peers { permanent_uuid: "030d87e078144e58bb15828f10e425e1" member_type: VOTER last_known_addr { host: "127.4.117.129" port: 33783 } } peers { permanent_uuid: "1bc2728b295147f5ac79face6f8f1bd0" member_type: VOTER last_known_addr { host: "127.4.117.130" port: 38253 } } peers { permanent_uuid: "e7ba850c17614f2498485cf2728d3d50" member_type: VOTER last_known_addr { host: "127.4.117.131" port: 32781 } }
I20260608 12:52:27.181949  7370 raft_consensus.cc:385] T 1756ba93571f4d9189f1688e517801c8 P e7ba850c17614f2498485cf2728d3d50 [term 0 FOLLOWER]: Consensus starting up: Expiring failure detector timer to make a prompt election more likely
I20260608 12:52:27.182281  7370 raft_consensus.cc:740] T 1756ba93571f4d9189f1688e517801c8 P e7ba850c17614f2498485cf2728d3d50 [term 0 FOLLOWER]: Becoming Follower/Learner. State: Replica: e7ba850c17614f2498485cf2728d3d50, State: Initialized, Role: FOLLOWER
I20260608 12:52:27.183223  7370 consensus_queue.cc:260] T 1756ba93571f4d9189f1688e517801c8 P e7ba850c17614f2498485cf2728d3d50 [NON_LEADER]: Queue going to NON_LEADER mode. State: All replicated index: 0, Majority replicated index: 0, Committed index: 0, Last appended: 0.0, Last appended by leader: 0, Current term: 0, Majority size: -1, State: 0, Mode: NON_LEADER, active raft config: opid_index: -1 OBSOLETE_local: false peers { permanent_uuid: "030d87e078144e58bb15828f10e425e1" member_type: VOTER last_known_addr { host: "127.4.117.129" port: 33783 } } peers { permanent_uuid: "1bc2728b295147f5ac79face6f8f1bd0" member_type: VOTER last_known_addr { host: "127.4.117.130" port: 38253 } } peers { permanent_uuid: "e7ba850c17614f2498485cf2728d3d50" member_type: VOTER last_known_addr { host: "127.4.117.131" port: 32781 } }
I20260608 12:52:27.182387  7371 tablet_bootstrap.cc:654] T 1e80b65d2ecf44dbb8a714e9415fe346 P 030d87e078144e58bb15828f10e425e1: Neither blocks nor log segments found. Creating new log.
I20260608 12:52:27.185474  7372 tablet_bootstrap.cc:492] T 98b674b393574b0d822f6f51c5064f5f P 1bc2728b295147f5ac79face6f8f1bd0: No bootstrap required, opened a new log
I20260608 12:52:27.186019  7372 ts_tablet_manager.cc:1403] T 98b674b393574b0d822f6f51c5064f5f P 1bc2728b295147f5ac79face6f8f1bd0: Time spent bootstrapping tablet: real 0.023s	user 0.015s	sys 0.004s
I20260608 12:52:27.188431  7370 ts_tablet_manager.cc:1434] T 1756ba93571f4d9189f1688e517801c8 P e7ba850c17614f2498485cf2728d3d50: Time spent starting tablet: real 0.011s	user 0.002s	sys 0.007s
I20260608 12:52:27.188570  7371 tablet_bootstrap.cc:492] T 1e80b65d2ecf44dbb8a714e9415fe346 P 030d87e078144e58bb15828f10e425e1: No bootstrap required, opened a new log
I20260608 12:52:27.189029  7371 ts_tablet_manager.cc:1403] T 1e80b65d2ecf44dbb8a714e9415fe346 P 030d87e078144e58bb15828f10e425e1: Time spent bootstrapping tablet: real 0.014s	user 0.011s	sys 0.000s
I20260608 12:52:27.189067  7372 raft_consensus.cc:359] T 98b674b393574b0d822f6f51c5064f5f P 1bc2728b295147f5ac79face6f8f1bd0 [term 0 FOLLOWER]: Replica starting. Triggering 0 pending ops. Active config: opid_index: -1 OBSOLETE_local: false peers { permanent_uuid: "030d87e078144e58bb15828f10e425e1" member_type: VOTER last_known_addr { host: "127.4.117.129" port: 33783 } } peers { permanent_uuid: "1bc2728b295147f5ac79face6f8f1bd0" member_type: VOTER last_known_addr { host: "127.4.117.130" port: 38253 } } peers { permanent_uuid: "e7ba850c17614f2498485cf2728d3d50" member_type: VOTER last_known_addr { host: "127.4.117.131" port: 32781 } }
I20260608 12:52:27.189889  7370 tablet_bootstrap.cc:492] T 4c0d1d9700f44074bb81c1f11b6b2178 P e7ba850c17614f2498485cf2728d3d50: Bootstrap starting.
W20260608 12:52:27.190441  7351 tablet.cc:2404] T 1756ba93571f4d9189f1688e517801c8 P e7ba850c17614f2498485cf2728d3d50: Can't schedule compaction. Clean time has not been advanced past its initial value.
I20260608 12:52:27.189917  7372 raft_consensus.cc:385] T 98b674b393574b0d822f6f51c5064f5f P 1bc2728b295147f5ac79face6f8f1bd0 [term 0 FOLLOWER]: Consensus starting up: Expiring failure detector timer to make a prompt election more likely
I20260608 12:52:27.191577  7372 raft_consensus.cc:740] T 98b674b393574b0d822f6f51c5064f5f P 1bc2728b295147f5ac79face6f8f1bd0 [term 0 FOLLOWER]: Becoming Follower/Learner. State: Replica: 1bc2728b295147f5ac79face6f8f1bd0, State: Initialized, Role: FOLLOWER
I20260608 12:52:27.192131  7371 raft_consensus.cc:359] T 1e80b65d2ecf44dbb8a714e9415fe346 P 030d87e078144e58bb15828f10e425e1 [term 0 FOLLOWER]: Replica starting. Triggering 0 pending ops. Active config: opid_index: -1 OBSOLETE_local: false peers { permanent_uuid: "030d87e078144e58bb15828f10e425e1" member_type: VOTER last_known_addr { host: "127.4.117.129" port: 33783 } } peers { permanent_uuid: "1bc2728b295147f5ac79face6f8f1bd0" member_type: VOTER last_known_addr { host: "127.4.117.130" port: 38253 } } peers { permanent_uuid: "e7ba850c17614f2498485cf2728d3d50" member_type: VOTER last_known_addr { host: "127.4.117.131" port: 32781 } }
I20260608 12:52:27.192862  7371 raft_consensus.cc:385] T 1e80b65d2ecf44dbb8a714e9415fe346 P 030d87e078144e58bb15828f10e425e1 [term 0 FOLLOWER]: Consensus starting up: Expiring failure detector timer to make a prompt election more likely
I20260608 12:52:27.193173  7371 raft_consensus.cc:740] T 1e80b65d2ecf44dbb8a714e9415fe346 P 030d87e078144e58bb15828f10e425e1 [term 0 FOLLOWER]: Becoming Follower/Learner. State: Replica: 030d87e078144e58bb15828f10e425e1, State: Initialized, Role: FOLLOWER
I20260608 12:52:27.192428  7372 consensus_queue.cc:260] T 98b674b393574b0d822f6f51c5064f5f P 1bc2728b295147f5ac79face6f8f1bd0 [NON_LEADER]: Queue going to NON_LEADER mode. State: All replicated index: 0, Majority replicated index: 0, Committed index: 0, Last appended: 0.0, Last appended by leader: 0, Current term: 0, Majority size: -1, State: 0, Mode: NON_LEADER, active raft config: opid_index: -1 OBSOLETE_local: false peers { permanent_uuid: "030d87e078144e58bb15828f10e425e1" member_type: VOTER last_known_addr { host: "127.4.117.129" port: 33783 } } peers { permanent_uuid: "1bc2728b295147f5ac79face6f8f1bd0" member_type: VOTER last_known_addr { host: "127.4.117.130" port: 38253 } } peers { permanent_uuid: "e7ba850c17614f2498485cf2728d3d50" member_type: VOTER last_known_addr { host: "127.4.117.131" port: 32781 } }
I20260608 12:52:27.194134  7371 consensus_queue.cc:260] T 1e80b65d2ecf44dbb8a714e9415fe346 P 030d87e078144e58bb15828f10e425e1 [NON_LEADER]: Queue going to NON_LEADER mode. State: All replicated index: 0, Majority replicated index: 0, Committed index: 0, Last appended: 0.0, Last appended by leader: 0, Current term: 0, Majority size: -1, State: 0, Mode: NON_LEADER, active raft config: opid_index: -1 OBSOLETE_local: false peers { permanent_uuid: "030d87e078144e58bb15828f10e425e1" member_type: VOTER last_known_addr { host: "127.4.117.129" port: 33783 } } peers { permanent_uuid: "1bc2728b295147f5ac79face6f8f1bd0" member_type: VOTER last_known_addr { host: "127.4.117.130" port: 38253 } } peers { permanent_uuid: "e7ba850c17614f2498485cf2728d3d50" member_type: VOTER last_known_addr { host: "127.4.117.131" port: 32781 } }
I20260608 12:52:27.194845  7375 raft_consensus.cc:493] T 98b674b393574b0d822f6f51c5064f5f P 1bc2728b295147f5ac79face6f8f1bd0 [term 0 FOLLOWER]: Starting pre-election (no leader contacted us within the election timeout)
I20260608 12:52:27.195331  7375 raft_consensus.cc:515] T 98b674b393574b0d822f6f51c5064f5f P 1bc2728b295147f5ac79face6f8f1bd0 [term 0 FOLLOWER]: Starting pre-election with config: opid_index: -1 OBSOLETE_local: false peers { permanent_uuid: "030d87e078144e58bb15828f10e425e1" member_type: VOTER last_known_addr { host: "127.4.117.129" port: 33783 } } peers { permanent_uuid: "1bc2728b295147f5ac79face6f8f1bd0" member_type: VOTER last_known_addr { host: "127.4.117.130" port: 38253 } } peers { permanent_uuid: "e7ba850c17614f2498485cf2728d3d50" member_type: VOTER last_known_addr { host: "127.4.117.131" port: 32781 } }
I20260608 12:52:27.196465  7370 tablet_bootstrap.cc:654] T 4c0d1d9700f44074bb81c1f11b6b2178 P e7ba850c17614f2498485cf2728d3d50: Neither blocks nor log segments found. Creating new log.
I20260608 12:52:27.199465  7375 leader_election.cc:290] T 98b674b393574b0d822f6f51c5064f5f P 1bc2728b295147f5ac79face6f8f1bd0 [CANDIDATE]: Term 1 pre-election: Requested pre-vote from peers 030d87e078144e58bb15828f10e425e1 (127.4.117.129:33783), e7ba850c17614f2498485cf2728d3d50 (127.4.117.131:32781)
I20260608 12:52:27.199437  7371 ts_tablet_manager.cc:1434] T 1e80b65d2ecf44dbb8a714e9415fe346 P 030d87e078144e58bb15828f10e425e1: Time spent starting tablet: real 0.010s	user 0.007s	sys 0.000s
I20260608 12:52:27.200932  7371 tablet_bootstrap.cc:492] T 98b674b393574b0d822f6f51c5064f5f P 030d87e078144e58bb15828f10e425e1: Bootstrap starting.
I20260608 12:52:27.205716  7372 ts_tablet_manager.cc:1434] T 98b674b393574b0d822f6f51c5064f5f P 1bc2728b295147f5ac79face6f8f1bd0: Time spent starting tablet: real 0.019s	user 0.007s	sys 0.000s
I20260608 12:52:27.208540  7372 tablet_bootstrap.cc:492] T 4c0d1d9700f44074bb81c1f11b6b2178 P 1bc2728b295147f5ac79face6f8f1bd0: Bootstrap starting.
I20260608 12:52:27.209002  7371 tablet_bootstrap.cc:654] T 98b674b393574b0d822f6f51c5064f5f P 030d87e078144e58bb15828f10e425e1: Neither blocks nor log segments found. Creating new log.
I20260608 12:52:27.221119  7371 tablet_bootstrap.cc:492] T 98b674b393574b0d822f6f51c5064f5f P 030d87e078144e58bb15828f10e425e1: No bootstrap required, opened a new log
I20260608 12:52:27.221623  7371 ts_tablet_manager.cc:1403] T 98b674b393574b0d822f6f51c5064f5f P 030d87e078144e58bb15828f10e425e1: Time spent bootstrapping tablet: real 0.021s	user 0.010s	sys 0.008s
I20260608 12:52:27.226238  7372 tablet_bootstrap.cc:654] T 4c0d1d9700f44074bb81c1f11b6b2178 P 1bc2728b295147f5ac79face6f8f1bd0: Neither blocks nor log segments found. Creating new log.
I20260608 12:52:27.227571  7370 tablet_bootstrap.cc:492] T 4c0d1d9700f44074bb81c1f11b6b2178 P e7ba850c17614f2498485cf2728d3d50: No bootstrap required, opened a new log
I20260608 12:52:27.228128  7370 ts_tablet_manager.cc:1403] T 4c0d1d9700f44074bb81c1f11b6b2178 P e7ba850c17614f2498485cf2728d3d50: Time spent bootstrapping tablet: real 0.038s	user 0.017s	sys 0.021s
I20260608 12:52:27.224527  7371 raft_consensus.cc:359] T 98b674b393574b0d822f6f51c5064f5f P 030d87e078144e58bb15828f10e425e1 [term 0 FOLLOWER]: Replica starting. Triggering 0 pending ops. Active config: opid_index: -1 OBSOLETE_local: false peers { permanent_uuid: "030d87e078144e58bb15828f10e425e1" member_type: VOTER last_known_addr { host: "127.4.117.129" port: 33783 } } peers { permanent_uuid: "1bc2728b295147f5ac79face6f8f1bd0" member_type: VOTER last_known_addr { host: "127.4.117.130" port: 38253 } } peers { permanent_uuid: "e7ba850c17614f2498485cf2728d3d50" member_type: VOTER last_known_addr { host: "127.4.117.131" port: 32781 } }
I20260608 12:52:27.231251  7370 raft_consensus.cc:359] T 4c0d1d9700f44074bb81c1f11b6b2178 P e7ba850c17614f2498485cf2728d3d50 [term 0 FOLLOWER]: Replica starting. Triggering 0 pending ops. Active config: opid_index: -1 OBSOLETE_local: false peers { permanent_uuid: "e7ba850c17614f2498485cf2728d3d50" member_type: VOTER last_known_addr { host: "127.4.117.131" port: 32781 } } peers { permanent_uuid: "030d87e078144e58bb15828f10e425e1" member_type: VOTER last_known_addr { host: "127.4.117.129" port: 33783 } } peers { permanent_uuid: "1bc2728b295147f5ac79face6f8f1bd0" member_type: VOTER last_known_addr { host: "127.4.117.130" port: 38253 } }
I20260608 12:52:27.232091  7370 raft_consensus.cc:385] T 4c0d1d9700f44074bb81c1f11b6b2178 P e7ba850c17614f2498485cf2728d3d50 [term 0 FOLLOWER]: Consensus starting up: Expiring failure detector timer to make a prompt election more likely
I20260608 12:52:27.232462  7370 raft_consensus.cc:740] T 4c0d1d9700f44074bb81c1f11b6b2178 P e7ba850c17614f2498485cf2728d3d50 [term 0 FOLLOWER]: Becoming Follower/Learner. State: Replica: e7ba850c17614f2498485cf2728d3d50, State: Initialized, Role: FOLLOWER
I20260608 12:52:27.231729  7371 raft_consensus.cc:385] T 98b674b393574b0d822f6f51c5064f5f P 030d87e078144e58bb15828f10e425e1 [term 0 FOLLOWER]: Consensus starting up: Expiring failure detector timer to make a prompt election more likely
I20260608 12:52:27.233485  7370 consensus_queue.cc:260] T 4c0d1d9700f44074bb81c1f11b6b2178 P e7ba850c17614f2498485cf2728d3d50 [NON_LEADER]: Queue going to NON_LEADER mode. State: All replicated index: 0, Majority replicated index: 0, Committed index: 0, Last appended: 0.0, Last appended by leader: 0, Current term: 0, Majority size: -1, State: 0, Mode: NON_LEADER, active raft config: opid_index: -1 OBSOLETE_local: false peers { permanent_uuid: "e7ba850c17614f2498485cf2728d3d50" member_type: VOTER last_known_addr { host: "127.4.117.131" port: 32781 } } peers { permanent_uuid: "030d87e078144e58bb15828f10e425e1" member_type: VOTER last_known_addr { host: "127.4.117.129" port: 33783 } } peers { permanent_uuid: "1bc2728b295147f5ac79face6f8f1bd0" member_type: VOTER last_known_addr { host: "127.4.117.130" port: 38253 } }
I20260608 12:52:27.236491  7371 raft_consensus.cc:740] T 98b674b393574b0d822f6f51c5064f5f P 030d87e078144e58bb15828f10e425e1 [term 0 FOLLOWER]: Becoming Follower/Learner. State: Replica: 030d87e078144e58bb15828f10e425e1, State: Initialized, Role: FOLLOWER
I20260608 12:52:27.236970  7176 tablet_service.cc:1917] Received RequestConsensusVote() RPC: tablet_id: "98b674b393574b0d822f6f51c5064f5f" candidate_uuid: "1bc2728b295147f5ac79face6f8f1bd0" candidate_term: 1 candidate_status { last_received { term: 0 index: 0 } } ignore_live_leader: false dest_uuid: "030d87e078144e58bb15828f10e425e1" is_pre_election: true
I20260608 12:52:27.237483  7371 consensus_queue.cc:260] T 98b674b393574b0d822f6f51c5064f5f P 030d87e078144e58bb15828f10e425e1 [NON_LEADER]: Queue going to NON_LEADER mode. State: All replicated index: 0, Majority replicated index: 0, Committed index: 0, Last appended: 0.0, Last appended by leader: 0, Current term: 0, Majority size: -1, State: 0, Mode: NON_LEADER, active raft config: opid_index: -1 OBSOLETE_local: false peers { permanent_uuid: "030d87e078144e58bb15828f10e425e1" member_type: VOTER last_known_addr { host: "127.4.117.129" port: 33783 } } peers { permanent_uuid: "1bc2728b295147f5ac79face6f8f1bd0" member_type: VOTER last_known_addr { host: "127.4.117.130" port: 38253 } } peers { permanent_uuid: "e7ba850c17614f2498485cf2728d3d50" member_type: VOTER last_known_addr { host: "127.4.117.131" port: 32781 } }
I20260608 12:52:27.238090  7325 tablet_service.cc:1917] Received RequestConsensusVote() RPC: tablet_id: "98b674b393574b0d822f6f51c5064f5f" candidate_uuid: "1bc2728b295147f5ac79face6f8f1bd0" candidate_term: 1 candidate_status { last_received { term: 0 index: 0 } } ignore_live_leader: false dest_uuid: "e7ba850c17614f2498485cf2728d3d50" is_pre_election: true
W20260608 12:52:27.239730  7217 leader_election.cc:343] T 98b674b393574b0d822f6f51c5064f5f P 1bc2728b295147f5ac79face6f8f1bd0 [CANDIDATE]: Term 1 pre-election: Tablet error from VoteRequest() call to peer e7ba850c17614f2498485cf2728d3d50 (127.4.117.131:32781): Illegal state: must be running to vote when last-logged opid is not known
I20260608 12:52:27.242163  7371 ts_tablet_manager.cc:1434] T 98b674b393574b0d822f6f51c5064f5f P 030d87e078144e58bb15828f10e425e1: Time spent starting tablet: real 0.020s	user 0.006s	sys 0.000s
I20260608 12:52:27.242911  7176 raft_consensus.cc:2468] T 98b674b393574b0d822f6f51c5064f5f P 030d87e078144e58bb15828f10e425e1 [term 0 FOLLOWER]: Leader pre-election vote request: Granting yes vote for candidate 1bc2728b295147f5ac79face6f8f1bd0 in term 0.
I20260608 12:52:27.245059  7370 ts_tablet_manager.cc:1434] T 4c0d1d9700f44074bb81c1f11b6b2178 P e7ba850c17614f2498485cf2728d3d50: Time spent starting tablet: real 0.017s	user 0.007s	sys 0.000s
I20260608 12:52:27.246130  7370 tablet_bootstrap.cc:492] T 1e80b65d2ecf44dbb8a714e9415fe346 P e7ba850c17614f2498485cf2728d3d50: Bootstrap starting.
I20260608 12:52:27.246500  7217 leader_election.cc:304] T 98b674b393574b0d822f6f51c5064f5f P 1bc2728b295147f5ac79face6f8f1bd0 [CANDIDATE]: Term 1 pre-election: Election decided. Result: candidate won. Election summary: received 3 responses out of 3 voters: 2 yes votes; 1 no votes. yes voters: 030d87e078144e58bb15828f10e425e1, 1bc2728b295147f5ac79face6f8f1bd0; no voters: e7ba850c17614f2498485cf2728d3d50
I20260608 12:52:27.247377  7375 raft_consensus.cc:2804] T 98b674b393574b0d822f6f51c5064f5f P 1bc2728b295147f5ac79face6f8f1bd0 [term 0 FOLLOWER]: Leader pre-election won for term 1
I20260608 12:52:27.247748  7375 raft_consensus.cc:493] T 98b674b393574b0d822f6f51c5064f5f P 1bc2728b295147f5ac79face6f8f1bd0 [term 0 FOLLOWER]: Starting leader election (no leader contacted us within the election timeout)
I20260608 12:52:27.248113  7375 raft_consensus.cc:3060] T 98b674b393574b0d822f6f51c5064f5f P 1bc2728b295147f5ac79face6f8f1bd0 [term 0 FOLLOWER]: Advancing to term 1
I20260608 12:52:27.248560  7371 tablet_bootstrap.cc:492] T 4c0d1d9700f44074bb81c1f11b6b2178 P 030d87e078144e58bb15828f10e425e1: Bootstrap starting.
I20260608 12:52:27.249874  7372 tablet_bootstrap.cc:492] T 4c0d1d9700f44074bb81c1f11b6b2178 P 1bc2728b295147f5ac79face6f8f1bd0: No bootstrap required, opened a new log
I20260608 12:52:27.250365  7372 ts_tablet_manager.cc:1403] T 4c0d1d9700f44074bb81c1f11b6b2178 P 1bc2728b295147f5ac79face6f8f1bd0: Time spent bootstrapping tablet: real 0.042s	user 0.014s	sys 0.014s
I20260608 12:52:27.253068  7370 tablet_bootstrap.cc:654] T 1e80b65d2ecf44dbb8a714e9415fe346 P e7ba850c17614f2498485cf2728d3d50: Neither blocks nor log segments found. Creating new log.
I20260608 12:52:27.253443  7372 raft_consensus.cc:359] T 4c0d1d9700f44074bb81c1f11b6b2178 P 1bc2728b295147f5ac79face6f8f1bd0 [term 0 FOLLOWER]: Replica starting. Triggering 0 pending ops. Active config: opid_index: -1 OBSOLETE_local: false peers { permanent_uuid: "e7ba850c17614f2498485cf2728d3d50" member_type: VOTER last_known_addr { host: "127.4.117.131" port: 32781 } } peers { permanent_uuid: "030d87e078144e58bb15828f10e425e1" member_type: VOTER last_known_addr { host: "127.4.117.129" port: 33783 } } peers { permanent_uuid: "1bc2728b295147f5ac79face6f8f1bd0" member_type: VOTER last_known_addr { host: "127.4.117.130" port: 38253 } }
I20260608 12:52:27.254185  7372 raft_consensus.cc:385] T 4c0d1d9700f44074bb81c1f11b6b2178 P 1bc2728b295147f5ac79face6f8f1bd0 [term 0 FOLLOWER]: Consensus starting up: Expiring failure detector timer to make a prompt election more likely
I20260608 12:52:27.254525  7372 raft_consensus.cc:740] T 4c0d1d9700f44074bb81c1f11b6b2178 P 1bc2728b295147f5ac79face6f8f1bd0 [term 0 FOLLOWER]: Becoming Follower/Learner. State: Replica: 1bc2728b295147f5ac79face6f8f1bd0, State: Initialized, Role: FOLLOWER
I20260608 12:52:27.255456  7372 consensus_queue.cc:260] T 4c0d1d9700f44074bb81c1f11b6b2178 P 1bc2728b295147f5ac79face6f8f1bd0 [NON_LEADER]: Queue going to NON_LEADER mode. State: All replicated index: 0, Majority replicated index: 0, Committed index: 0, Last appended: 0.0, Last appended by leader: 0, Current term: 0, Majority size: -1, State: 0, Mode: NON_LEADER, active raft config: opid_index: -1 OBSOLETE_local: false peers { permanent_uuid: "e7ba850c17614f2498485cf2728d3d50" member_type: VOTER last_known_addr { host: "127.4.117.131" port: 32781 } } peers { permanent_uuid: "030d87e078144e58bb15828f10e425e1" member_type: VOTER last_known_addr { host: "127.4.117.129" port: 33783 } } peers { permanent_uuid: "1bc2728b295147f5ac79face6f8f1bd0" member_type: VOTER last_known_addr { host: "127.4.117.130" port: 38253 } }
I20260608 12:52:27.256138  7371 tablet_bootstrap.cc:654] T 4c0d1d9700f44074bb81c1f11b6b2178 P 030d87e078144e58bb15828f10e425e1: Neither blocks nor log segments found. Creating new log.
I20260608 12:52:27.262852  7379 raft_consensus.cc:493] T 4c0d1d9700f44074bb81c1f11b6b2178 P e7ba850c17614f2498485cf2728d3d50 [term 0 FOLLOWER]: Starting pre-election (no leader contacted us within the election timeout)
I20260608 12:52:27.263692  7379 raft_consensus.cc:515] T 4c0d1d9700f44074bb81c1f11b6b2178 P e7ba850c17614f2498485cf2728d3d50 [term 0 FOLLOWER]: Starting pre-election with config: opid_index: -1 OBSOLETE_local: false peers { permanent_uuid: "e7ba850c17614f2498485cf2728d3d50" member_type: VOTER last_known_addr { host: "127.4.117.131" port: 32781 } } peers { permanent_uuid: "030d87e078144e58bb15828f10e425e1" member_type: VOTER last_known_addr { host: "127.4.117.129" port: 33783 } } peers { permanent_uuid: "1bc2728b295147f5ac79face6f8f1bd0" member_type: VOTER last_known_addr { host: "127.4.117.130" port: 38253 } }
I20260608 12:52:27.267148  7370 tablet_bootstrap.cc:492] T 1e80b65d2ecf44dbb8a714e9415fe346 P e7ba850c17614f2498485cf2728d3d50: No bootstrap required, opened a new log
I20260608 12:52:27.267565  7371 tablet_bootstrap.cc:492] T 4c0d1d9700f44074bb81c1f11b6b2178 P 030d87e078144e58bb15828f10e425e1: No bootstrap required, opened a new log
I20260608 12:52:27.267994  7371 ts_tablet_manager.cc:1403] T 4c0d1d9700f44074bb81c1f11b6b2178 P 030d87e078144e58bb15828f10e425e1: Time spent bootstrapping tablet: real 0.020s	user 0.010s	sys 0.008s
I20260608 12:52:27.268682  7375 raft_consensus.cc:515] T 98b674b393574b0d822f6f51c5064f5f P 1bc2728b295147f5ac79face6f8f1bd0 [term 1 FOLLOWER]: Starting leader election with config: opid_index: -1 OBSOLETE_local: false peers { permanent_uuid: "030d87e078144e58bb15828f10e425e1" member_type: VOTER last_known_addr { host: "127.4.117.129" port: 33783 } } peers { permanent_uuid: "1bc2728b295147f5ac79face6f8f1bd0" member_type: VOTER last_known_addr { host: "127.4.117.130" port: 38253 } } peers { permanent_uuid: "e7ba850c17614f2498485cf2728d3d50" member_type: VOTER last_known_addr { host: "127.4.117.131" port: 32781 } }
I20260608 12:52:27.270227  7371 raft_consensus.cc:359] T 4c0d1d9700f44074bb81c1f11b6b2178 P 030d87e078144e58bb15828f10e425e1 [term 0 FOLLOWER]: Replica starting. Triggering 0 pending ops. Active config: opid_index: -1 OBSOLETE_local: false peers { permanent_uuid: "e7ba850c17614f2498485cf2728d3d50" member_type: VOTER last_known_addr { host: "127.4.117.131" port: 32781 } } peers { permanent_uuid: "030d87e078144e58bb15828f10e425e1" member_type: VOTER last_known_addr { host: "127.4.117.129" port: 33783 } } peers { permanent_uuid: "1bc2728b295147f5ac79face6f8f1bd0" member_type: VOTER last_known_addr { host: "127.4.117.130" port: 38253 } }
I20260608 12:52:27.270864  7371 raft_consensus.cc:385] T 4c0d1d9700f44074bb81c1f11b6b2178 P 030d87e078144e58bb15828f10e425e1 [term 0 FOLLOWER]: Consensus starting up: Expiring failure detector timer to make a prompt election more likely
I20260608 12:52:27.270956  7375 leader_election.cc:290] T 98b674b393574b0d822f6f51c5064f5f P 1bc2728b295147f5ac79face6f8f1bd0 [CANDIDATE]: Term 1 election: Requested vote from peers 030d87e078144e58bb15828f10e425e1 (127.4.117.129:33783), e7ba850c17614f2498485cf2728d3d50 (127.4.117.131:32781)
I20260608 12:52:27.271229  7371 raft_consensus.cc:740] T 4c0d1d9700f44074bb81c1f11b6b2178 P 030d87e078144e58bb15828f10e425e1 [term 0 FOLLOWER]: Becoming Follower/Learner. State: Replica: 030d87e078144e58bb15828f10e425e1, State: Initialized, Role: FOLLOWER
I20260608 12:52:27.272017  7176 tablet_service.cc:1917] Received RequestConsensusVote() RPC: tablet_id: "98b674b393574b0d822f6f51c5064f5f" candidate_uuid: "1bc2728b295147f5ac79face6f8f1bd0" candidate_term: 1 candidate_status { last_received { term: 0 index: 0 } } ignore_live_leader: false dest_uuid: "030d87e078144e58bb15828f10e425e1"
I20260608 12:52:27.272460  7325 tablet_service.cc:1917] Received RequestConsensusVote() RPC: tablet_id: "98b674b393574b0d822f6f51c5064f5f" candidate_uuid: "1bc2728b295147f5ac79face6f8f1bd0" candidate_term: 1 candidate_status { last_received { term: 0 index: 0 } } ignore_live_leader: false dest_uuid: "e7ba850c17614f2498485cf2728d3d50"
I20260608 12:52:27.272622  7176 raft_consensus.cc:3060] T 98b674b393574b0d822f6f51c5064f5f P 030d87e078144e58bb15828f10e425e1 [term 0 FOLLOWER]: Advancing to term 1
W20260608 12:52:27.273892  7217 leader_election.cc:343] T 98b674b393574b0d822f6f51c5064f5f P 1bc2728b295147f5ac79face6f8f1bd0 [CANDIDATE]: Term 1 election: Tablet error from VoteRequest() call to peer e7ba850c17614f2498485cf2728d3d50 (127.4.117.131:32781): Illegal state: must be running to vote when last-logged opid is not known
I20260608 12:52:27.276429  7379 leader_election.cc:290] T 4c0d1d9700f44074bb81c1f11b6b2178 P e7ba850c17614f2498485cf2728d3d50 [CANDIDATE]: Term 1 pre-election: Requested pre-vote from peers 030d87e078144e58bb15828f10e425e1 (127.4.117.129:33783), 1bc2728b295147f5ac79face6f8f1bd0 (127.4.117.130:38253)
I20260608 12:52:27.267699  7370 ts_tablet_manager.cc:1403] T 1e80b65d2ecf44dbb8a714e9415fe346 P e7ba850c17614f2498485cf2728d3d50: Time spent bootstrapping tablet: real 0.022s	user 0.014s	sys 0.002s
I20260608 12:52:27.281690  7372 ts_tablet_manager.cc:1434] T 4c0d1d9700f44074bb81c1f11b6b2178 P 1bc2728b295147f5ac79face6f8f1bd0: Time spent starting tablet: real 0.031s	user 0.017s	sys 0.012s
I20260608 12:52:27.282703  7372 tablet_bootstrap.cc:492] T 1e80b65d2ecf44dbb8a714e9415fe346 P 1bc2728b295147f5ac79face6f8f1bd0: Bootstrap starting.
I20260608 12:52:27.282733  7370 raft_consensus.cc:359] T 1e80b65d2ecf44dbb8a714e9415fe346 P e7ba850c17614f2498485cf2728d3d50 [term 0 FOLLOWER]: Replica starting. Triggering 0 pending ops. Active config: opid_index: -1 OBSOLETE_local: false peers { permanent_uuid: "030d87e078144e58bb15828f10e425e1" member_type: VOTER last_known_addr { host: "127.4.117.129" port: 33783 } } peers { permanent_uuid: "1bc2728b295147f5ac79face6f8f1bd0" member_type: VOTER last_known_addr { host: "127.4.117.130" port: 38253 } } peers { permanent_uuid: "e7ba850c17614f2498485cf2728d3d50" member_type: VOTER last_known_addr { host: "127.4.117.131" port: 32781 } }
I20260608 12:52:27.283625  7370 raft_consensus.cc:385] T 1e80b65d2ecf44dbb8a714e9415fe346 P e7ba850c17614f2498485cf2728d3d50 [term 0 FOLLOWER]: Consensus starting up: Expiring failure detector timer to make a prompt election more likely
I20260608 12:52:27.283953  7370 raft_consensus.cc:740] T 1e80b65d2ecf44dbb8a714e9415fe346 P e7ba850c17614f2498485cf2728d3d50 [term 0 FOLLOWER]: Becoming Follower/Learner. State: Replica: e7ba850c17614f2498485cf2728d3d50, State: Initialized, Role: FOLLOWER
I20260608 12:52:27.284789  7370 consensus_queue.cc:260] T 1e80b65d2ecf44dbb8a714e9415fe346 P e7ba850c17614f2498485cf2728d3d50 [NON_LEADER]: Queue going to NON_LEADER mode. State: All replicated index: 0, Majority replicated index: 0, Committed index: 0, Last appended: 0.0, Last appended by leader: 0, Current term: 0, Majority size: -1, State: 0, Mode: NON_LEADER, active raft config: opid_index: -1 OBSOLETE_local: false peers { permanent_uuid: "030d87e078144e58bb15828f10e425e1" member_type: VOTER last_known_addr { host: "127.4.117.129" port: 33783 } } peers { permanent_uuid: "1bc2728b295147f5ac79face6f8f1bd0" member_type: VOTER last_known_addr { host: "127.4.117.130" port: 38253 } } peers { permanent_uuid: "e7ba850c17614f2498485cf2728d3d50" member_type: VOTER last_known_addr { host: "127.4.117.131" port: 32781 } }
I20260608 12:52:27.282780  7176 raft_consensus.cc:2468] T 98b674b393574b0d822f6f51c5064f5f P 030d87e078144e58bb15828f10e425e1 [term 1 FOLLOWER]: Leader election vote request: Granting yes vote for candidate 1bc2728b295147f5ac79face6f8f1bd0 in term 1.
I20260608 12:52:27.287227  7370 ts_tablet_manager.cc:1434] T 1e80b65d2ecf44dbb8a714e9415fe346 P e7ba850c17614f2498485cf2728d3d50: Time spent starting tablet: real 0.010s	user 0.005s	sys 0.001s
I20260608 12:52:27.287928  7217 leader_election.cc:304] T 98b674b393574b0d822f6f51c5064f5f P 1bc2728b295147f5ac79face6f8f1bd0 [CANDIDATE]: Term 1 election: Election decided. Result: candidate won. Election summary: received 3 responses out of 3 voters: 2 yes votes; 1 no votes. yes voters: 030d87e078144e58bb15828f10e425e1, 1bc2728b295147f5ac79face6f8f1bd0; no voters: e7ba850c17614f2498485cf2728d3d50
I20260608 12:52:27.288262  7370 tablet_bootstrap.cc:492] T 98b674b393574b0d822f6f51c5064f5f P e7ba850c17614f2498485cf2728d3d50: Bootstrap starting.
I20260608 12:52:27.288800  7375 raft_consensus.cc:2804] T 98b674b393574b0d822f6f51c5064f5f P 1bc2728b295147f5ac79face6f8f1bd0 [term 1 FOLLOWER]: Leader election won for term 1
I20260608 12:52:27.289275  7375 raft_consensus.cc:697] T 98b674b393574b0d822f6f51c5064f5f P 1bc2728b295147f5ac79face6f8f1bd0 [term 1 LEADER]: Becoming Leader. State: Replica: 1bc2728b295147f5ac79face6f8f1bd0, State: Running, Role: LEADER
I20260608 12:52:27.290236  7372 tablet_bootstrap.cc:654] T 1e80b65d2ecf44dbb8a714e9415fe346 P 1bc2728b295147f5ac79face6f8f1bd0: Neither blocks nor log segments found. Creating new log.
I20260608 12:52:27.290033  7375 consensus_queue.cc:237] T 98b674b393574b0d822f6f51c5064f5f P 1bc2728b295147f5ac79face6f8f1bd0 [LEADER]: Queue going to LEADER mode. State: All replicated index: 0, Majority replicated index: 0, Committed index: 0, Last appended: 0.0, Last appended by leader: 0, Current term: 1, Majority size: 2, State: 0, Mode: LEADER, active raft config: opid_index: -1 OBSOLETE_local: false peers { permanent_uuid: "030d87e078144e58bb15828f10e425e1" member_type: VOTER last_known_addr { host: "127.4.117.129" port: 33783 } } peers { permanent_uuid: "1bc2728b295147f5ac79face6f8f1bd0" member_type: VOTER last_known_addr { host: "127.4.117.130" port: 38253 } } peers { permanent_uuid: "e7ba850c17614f2498485cf2728d3d50" member_type: VOTER last_known_addr { host: "127.4.117.131" port: 32781 } }
I20260608 12:52:27.291563  7379 raft_consensus.cc:493] T 1e80b65d2ecf44dbb8a714e9415fe346 P e7ba850c17614f2498485cf2728d3d50 [term 0 FOLLOWER]: Starting pre-election (no leader contacted us within the election timeout)
I20260608 12:52:27.291361  7371 consensus_queue.cc:260] T 4c0d1d9700f44074bb81c1f11b6b2178 P 030d87e078144e58bb15828f10e425e1 [NON_LEADER]: Queue going to NON_LEADER mode. State: All replicated index: 0, Majority replicated index: 0, Committed index: 0, Last appended: 0.0, Last appended by leader: 0, Current term: 0, Majority size: -1, State: 0, Mode: NON_LEADER, active raft config: opid_index: -1 OBSOLETE_local: false peers { permanent_uuid: "e7ba850c17614f2498485cf2728d3d50" member_type: VOTER last_known_addr { host: "127.4.117.131" port: 32781 } } peers { permanent_uuid: "030d87e078144e58bb15828f10e425e1" member_type: VOTER last_known_addr { host: "127.4.117.129" port: 33783 } } peers { permanent_uuid: "1bc2728b295147f5ac79face6f8f1bd0" member_type: VOTER last_known_addr { host: "127.4.117.130" port: 38253 } }
I20260608 12:52:27.292024  7379 raft_consensus.cc:515] T 1e80b65d2ecf44dbb8a714e9415fe346 P e7ba850c17614f2498485cf2728d3d50 [term 0 FOLLOWER]: Starting pre-election with config: opid_index: -1 OBSOLETE_local: false peers { permanent_uuid: "030d87e078144e58bb15828f10e425e1" member_type: VOTER last_known_addr { host: "127.4.117.129" port: 33783 } } peers { permanent_uuid: "1bc2728b295147f5ac79face6f8f1bd0" member_type: VOTER last_known_addr { host: "127.4.117.130" port: 38253 } } peers { permanent_uuid: "e7ba850c17614f2498485cf2728d3d50" member_type: VOTER last_known_addr { host: "127.4.117.131" port: 32781 } }
I20260608 12:52:27.294222  7379 leader_election.cc:290] T 1e80b65d2ecf44dbb8a714e9415fe346 P e7ba850c17614f2498485cf2728d3d50 [CANDIDATE]: Term 1 pre-election: Requested pre-vote from peers 030d87e078144e58bb15828f10e425e1 (127.4.117.129:33783), 1bc2728b295147f5ac79face6f8f1bd0 (127.4.117.130:38253)
I20260608 12:52:27.295011  7371 ts_tablet_manager.cc:1434] T 4c0d1d9700f44074bb81c1f11b6b2178 P 030d87e078144e58bb15828f10e425e1: Time spent starting tablet: real 0.027s	user 0.001s	sys 0.004s
I20260608 12:52:27.302241  7372 tablet_bootstrap.cc:492] T 1e80b65d2ecf44dbb8a714e9415fe346 P 1bc2728b295147f5ac79face6f8f1bd0: No bootstrap required, opened a new log
I20260608 12:52:27.302736  7372 ts_tablet_manager.cc:1403] T 1e80b65d2ecf44dbb8a714e9415fe346 P 1bc2728b295147f5ac79face6f8f1bd0: Time spent bootstrapping tablet: real 0.020s	user 0.009s	sys 0.007s
I20260608 12:52:27.304517  7370 tablet_bootstrap.cc:654] T 98b674b393574b0d822f6f51c5064f5f P e7ba850c17614f2498485cf2728d3d50: Neither blocks nor log segments found. Creating new log.
I20260608 12:52:27.309299  7251 tablet_service.cc:1917] Received RequestConsensusVote() RPC: tablet_id: "4c0d1d9700f44074bb81c1f11b6b2178" candidate_uuid: "e7ba850c17614f2498485cf2728d3d50" candidate_term: 1 candidate_status { last_received { term: 0 index: 0 } } ignore_live_leader: false dest_uuid: "1bc2728b295147f5ac79face6f8f1bd0" is_pre_election: true
I20260608 12:52:27.310007  7251 raft_consensus.cc:2468] T 4c0d1d9700f44074bb81c1f11b6b2178 P 1bc2728b295147f5ac79face6f8f1bd0 [term 0 FOLLOWER]: Leader pre-election vote request: Granting yes vote for candidate e7ba850c17614f2498485cf2728d3d50 in term 0.
I20260608 12:52:27.310086  7377 raft_consensus.cc:493] T 1756ba93571f4d9189f1688e517801c8 P 030d87e078144e58bb15828f10e425e1 [term 0 FOLLOWER]: Starting pre-election (no leader contacted us within the election timeout)
I20260608 12:52:27.305781  7372 raft_consensus.cc:359] T 1e80b65d2ecf44dbb8a714e9415fe346 P 1bc2728b295147f5ac79face6f8f1bd0 [term 0 FOLLOWER]: Replica starting. Triggering 0 pending ops. Active config: opid_index: -1 OBSOLETE_local: false peers { permanent_uuid: "030d87e078144e58bb15828f10e425e1" member_type: VOTER last_known_addr { host: "127.4.117.129" port: 33783 } } peers { permanent_uuid: "1bc2728b295147f5ac79face6f8f1bd0" member_type: VOTER last_known_addr { host: "127.4.117.130" port: 38253 } } peers { permanent_uuid: "e7ba850c17614f2498485cf2728d3d50" member_type: VOTER last_known_addr { host: "127.4.117.131" port: 32781 } }
I20260608 12:52:27.310650  7377 raft_consensus.cc:515] T 1756ba93571f4d9189f1688e517801c8 P 030d87e078144e58bb15828f10e425e1 [term 0 FOLLOWER]: Starting pre-election with config: opid_index: -1 OBSOLETE_local: false peers { permanent_uuid: "030d87e078144e58bb15828f10e425e1" member_type: VOTER last_known_addr { host: "127.4.117.129" port: 33783 } } peers { permanent_uuid: "1bc2728b295147f5ac79face6f8f1bd0" member_type: VOTER last_known_addr { host: "127.4.117.130" port: 38253 } } peers { permanent_uuid: "e7ba850c17614f2498485cf2728d3d50" member_type: VOTER last_known_addr { host: "127.4.117.131" port: 32781 } }
I20260608 12:52:27.311214  7372 raft_consensus.cc:385] T 1e80b65d2ecf44dbb8a714e9415fe346 P 1bc2728b295147f5ac79face6f8f1bd0 [term 0 FOLLOWER]: Consensus starting up: Expiring failure detector timer to make a prompt election more likely
I20260608 12:52:27.311525  7372 raft_consensus.cc:740] T 1e80b65d2ecf44dbb8a714e9415fe346 P 1bc2728b295147f5ac79face6f8f1bd0 [term 0 FOLLOWER]: Becoming Follower/Learner. State: Replica: 1bc2728b295147f5ac79face6f8f1bd0, State: Initialized, Role: FOLLOWER
I20260608 12:52:27.312196  7289 leader_election.cc:304] T 4c0d1d9700f44074bb81c1f11b6b2178 P e7ba850c17614f2498485cf2728d3d50 [CANDIDATE]: Term 1 pre-election: Election decided. Result: candidate won. Election summary: received 2 responses out of 3 voters: 2 yes votes; 0 no votes. yes voters: 1bc2728b295147f5ac79face6f8f1bd0, e7ba850c17614f2498485cf2728d3d50; no voters: 
I20260608 12:52:27.312345  7372 consensus_queue.cc:260] T 1e80b65d2ecf44dbb8a714e9415fe346 P 1bc2728b295147f5ac79face6f8f1bd0 [NON_LEADER]: Queue going to NON_LEADER mode. State: All replicated index: 0, Majority replicated index: 0, Committed index: 0, Last appended: 0.0, Last appended by leader: 0, Current term: 0, Majority size: -1, State: 0, Mode: NON_LEADER, active raft config: opid_index: -1 OBSOLETE_local: false peers { permanent_uuid: "030d87e078144e58bb15828f10e425e1" member_type: VOTER last_known_addr { host: "127.4.117.129" port: 33783 } } peers { permanent_uuid: "1bc2728b295147f5ac79face6f8f1bd0" member_type: VOTER last_known_addr { host: "127.4.117.130" port: 38253 } } peers { permanent_uuid: "e7ba850c17614f2498485cf2728d3d50" member_type: VOTER last_known_addr { host: "127.4.117.131" port: 32781 } }
I20260608 12:52:27.313216  7379 raft_consensus.cc:2804] T 4c0d1d9700f44074bb81c1f11b6b2178 P e7ba850c17614f2498485cf2728d3d50 [term 0 FOLLOWER]: Leader pre-election won for term 1
I20260608 12:52:27.313581  7379 raft_consensus.cc:493] T 4c0d1d9700f44074bb81c1f11b6b2178 P e7ba850c17614f2498485cf2728d3d50 [term 0 FOLLOWER]: Starting leader election (no leader contacted us within the election timeout)
I20260608 12:52:27.313907  7379 raft_consensus.cc:3060] T 4c0d1d9700f44074bb81c1f11b6b2178 P e7ba850c17614f2498485cf2728d3d50 [term 0 FOLLOWER]: Advancing to term 1
I20260608 12:52:27.314585  7372 ts_tablet_manager.cc:1434] T 1e80b65d2ecf44dbb8a714e9415fe346 P 1bc2728b295147f5ac79face6f8f1bd0: Time spent starting tablet: real 0.012s	user 0.004s	sys 0.004s
