I20260608 12:51:25.821682  5242 raft_consensus.cc:2955] T 7420866932da41dbbe77ba525652ab88 P 36dc259bf11f475a8611bcd35736cfe7 [term 1 FOLLOWER]: Committing config change with OpId 1.2: config changed from index -1 to 2, NON_VOTER 6db82132b7fa4134b168e1434e5dcbe4 (127.4.117.132) added. New config: { opid_index: 2 OBSOLETE_local: false peers { permanent_uuid: "36dc259bf11f475a8611bcd35736cfe7" member_type: VOTER last_known_addr { host: "127.4.117.129" port: 43745 } attrs { replace: true } } peers { permanent_uuid: "290b62fbcd3d4e72a45f2dc1ece97f08" member_type: VOTER last_known_addr { host: "127.4.117.130" port: 37815 } } peers { permanent_uuid: "d9832b64b6a244dfad8719cfce659845" member_type: VOTER last_known_addr { host: "127.4.117.131" port: 35683 } } peers { permanent_uuid: "6db82132b7fa4134b168e1434e5dcbe4" member_type: NON_VOTER last_known_addr { host: "127.4.117.132" port: 42307 } attrs { promote: true } } }
I20260608 12:51:25.824132  5392 raft_consensus.cc:2955] T 7420866932da41dbbe77ba525652ab88 P d9832b64b6a244dfad8719cfce659845 [term 1 FOLLOWER]: Committing config change with OpId 1.2: config changed from index -1 to 2, NON_VOTER 6db82132b7fa4134b168e1434e5dcbe4 (127.4.117.132) added. New config: { opid_index: 2 OBSOLETE_local: false peers { permanent_uuid: "36dc259bf11f475a8611bcd35736cfe7" member_type: VOTER last_known_addr { host: "127.4.117.129" port: 43745 } attrs { replace: true } } peers { permanent_uuid: "290b62fbcd3d4e72a45f2dc1ece97f08" member_type: VOTER last_known_addr { host: "127.4.117.130" port: 37815 } } peers { permanent_uuid: "d9832b64b6a244dfad8719cfce659845" member_type: VOTER last_known_addr { host: "127.4.117.131" port: 35683 } } peers { permanent_uuid: "6db82132b7fa4134b168e1434e5dcbe4" member_type: NON_VOTER last_known_addr { host: "127.4.117.132" port: 42307 } attrs { promote: true } } }
I20260608 12:51:25.837087  5138 catalog_manager.cc:5696] T 7420866932da41dbbe77ba525652ab88 P 36dc259bf11f475a8611bcd35736cfe7 reported cstate change: config changed from index -1 to 2, NON_VOTER 6db82132b7fa4134b168e1434e5dcbe4 (127.4.117.132) added. New cstate: current_term: 1 leader_uuid: "290b62fbcd3d4e72a45f2dc1ece97f08" committed_config { opid_index: 2 OBSOLETE_local: false peers { permanent_uuid: "36dc259bf11f475a8611bcd35736cfe7" member_type: VOTER last_known_addr { host: "127.4.117.129" port: 43745 } attrs { replace: true } } peers { permanent_uuid: "290b62fbcd3d4e72a45f2dc1ece97f08" member_type: VOTER last_known_addr { host: "127.4.117.130" port: 37815 } } peers { permanent_uuid: "d9832b64b6a244dfad8719cfce659845" member_type: VOTER last_known_addr { host: "127.4.117.131" port: 35683 } } peers { permanent_uuid: "6db82132b7fa4134b168e1434e5dcbe4" member_type: NON_VOTER last_known_addr { host: "127.4.117.132" port: 42307 } attrs { promote: true } } }
I20260608 12:51:25.848153  5242 consensus_queue.cc:237] T 6c65440cf9f9487d8a0caa9f4a376b62 P 36dc259bf11f475a8611bcd35736cfe7 [LEADER]: Queue going to LEADER mode. State: All replicated index: 0, Majority replicated index: 1, Committed index: 1, Last appended: 1.1, Last appended by leader: 0, Current term: 1, Majority size: 2, State: 0, Mode: LEADER, active raft config: opid_index: 2 OBSOLETE_local: false peers { permanent_uuid: "36dc259bf11f475a8611bcd35736cfe7" member_type: VOTER last_known_addr { host: "127.4.117.129" port: 43745 } } peers { permanent_uuid: "290b62fbcd3d4e72a45f2dc1ece97f08" member_type: VOTER last_known_addr { host: "127.4.117.130" port: 37815 } attrs { replace: true } } peers { permanent_uuid: "d9832b64b6a244dfad8719cfce659845" member_type: VOTER last_known_addr { host: "127.4.117.131" port: 35683 } } peers { permanent_uuid: "6db82132b7fa4134b168e1434e5dcbe4" member_type: NON_VOTER last_known_addr { host: "127.4.117.132" port: 42307 } attrs { promote: true } }
I20260608 12:51:25.857581  5392 raft_consensus.cc:1275] T 6c65440cf9f9487d8a0caa9f4a376b62 P d9832b64b6a244dfad8719cfce659845 [term 1 FOLLOWER]: Refusing update from remote peer 36dc259bf11f475a8611bcd35736cfe7: Log matching property violated. Preceding OpId in replica: term: 1 index: 1. Preceding OpId from leader: term: 1 index: 2. (index mismatch)
I20260608 12:51:25.859823  5445 consensus_queue.cc:1048] T 6c65440cf9f9487d8a0caa9f4a376b62 P 36dc259bf11f475a8611bcd35736cfe7 [LEADER]: Connected to new peer: Peer: permanent_uuid: "d9832b64b6a244dfad8719cfce659845" member_type: VOTER last_known_addr { host: "127.4.117.131" port: 35683 }, Status: LMP_MISMATCH, Last received: 0.0, Next index: 2, Last known committed idx: 1, Time since last communication: 0.000s
I20260608 12:51:25.869114  5318 raft_consensus.cc:1275] T 6c65440cf9f9487d8a0caa9f4a376b62 P 290b62fbcd3d4e72a45f2dc1ece97f08 [term 1 FOLLOWER]: Refusing update from remote peer 36dc259bf11f475a8611bcd35736cfe7: Log matching property violated. Preceding OpId in replica: term: 1 index: 1. Preceding OpId from leader: term: 1 index: 2. (index mismatch)
I20260608 12:51:25.870523  5445 consensus_queue.cc:1048] T 6c65440cf9f9487d8a0caa9f4a376b62 P 36dc259bf11f475a8611bcd35736cfe7 [LEADER]: Connected to new peer: Peer: permanent_uuid: "290b62fbcd3d4e72a45f2dc1ece97f08" member_type: VOTER last_known_addr { host: "127.4.117.130" port: 37815 } attrs { replace: true }, Status: LMP_MISMATCH, Last received: 0.0, Next index: 2, Last known committed idx: 1, Time since last communication: 0.000s
I20260608 12:51:25.869870  5610 raft_consensus.cc:2955] T 6c65440cf9f9487d8a0caa9f4a376b62 P 36dc259bf11f475a8611bcd35736cfe7 [term 1 LEADER]: Committing config change with OpId 1.2: config changed from index -1 to 2, NON_VOTER 6db82132b7fa4134b168e1434e5dcbe4 (127.4.117.132) added. New config: { opid_index: 2 OBSOLETE_local: false peers { permanent_uuid: "36dc259bf11f475a8611bcd35736cfe7" member_type: VOTER last_known_addr { host: "127.4.117.129" port: 43745 } } peers { permanent_uuid: "290b62fbcd3d4e72a45f2dc1ece97f08" member_type: VOTER last_known_addr { host: "127.4.117.130" port: 37815 } attrs { replace: true } } peers { permanent_uuid: "d9832b64b6a244dfad8719cfce659845" member_type: VOTER last_known_addr { host: "127.4.117.131" port: 35683 } } peers { permanent_uuid: "6db82132b7fa4134b168e1434e5dcbe4" member_type: NON_VOTER last_known_addr { host: "127.4.117.132" port: 42307 } attrs { promote: true } } }
I20260608 12:51:25.871824  5392 raft_consensus.cc:2955] T 6c65440cf9f9487d8a0caa9f4a376b62 P d9832b64b6a244dfad8719cfce659845 [term 1 FOLLOWER]: Committing config change with OpId 1.2: config changed from index -1 to 2, NON_VOTER 6db82132b7fa4134b168e1434e5dcbe4 (127.4.117.132) added. New config: { opid_index: 2 OBSOLETE_local: false peers { permanent_uuid: "36dc259bf11f475a8611bcd35736cfe7" member_type: VOTER last_known_addr { host: "127.4.117.129" port: 43745 } } peers { permanent_uuid: "290b62fbcd3d4e72a45f2dc1ece97f08" member_type: VOTER last_known_addr { host: "127.4.117.130" port: 37815 } attrs { replace: true } } peers { permanent_uuid: "d9832b64b6a244dfad8719cfce659845" member_type: VOTER last_known_addr { host: "127.4.117.131" port: 35683 } } peers { permanent_uuid: "6db82132b7fa4134b168e1434e5dcbe4" member_type: NON_VOTER last_known_addr { host: "127.4.117.132" port: 42307 } attrs { promote: true } } }
W20260608 12:51:25.878521  5207 consensus_peers.cc:597] T 6c65440cf9f9487d8a0caa9f4a376b62 P 36dc259bf11f475a8611bcd35736cfe7 -> Peer 6db82132b7fa4134b168e1434e5dcbe4 (127.4.117.132:42307): Couldn't send request to peer 6db82132b7fa4134b168e1434e5dcbe4. Error code: TABLET_NOT_FOUND (6). Status: Not found: Tablet not found: 6c65440cf9f9487d8a0caa9f4a376b62. This is attempt 1: this message will repeat every 5th retry.
I20260608 12:51:25.884672  5139 catalog_manager.cc:5696] T 6c65440cf9f9487d8a0caa9f4a376b62 P 36dc259bf11f475a8611bcd35736cfe7 reported cstate change: config changed from index -1 to 2, NON_VOTER 6db82132b7fa4134b168e1434e5dcbe4 (127.4.117.132) added. New cstate: current_term: 1 leader_uuid: "36dc259bf11f475a8611bcd35736cfe7" committed_config { opid_index: 2 OBSOLETE_local: false peers { permanent_uuid: "36dc259bf11f475a8611bcd35736cfe7" member_type: VOTER last_known_addr { host: "127.4.117.129" port: 43745 } health_report { overall_health: HEALTHY } } peers { permanent_uuid: "290b62fbcd3d4e72a45f2dc1ece97f08" member_type: VOTER last_known_addr { host: "127.4.117.130" port: 37815 } attrs { replace: true } health_report { overall_health: UNKNOWN } } peers { permanent_uuid: "d9832b64b6a244dfad8719cfce659845" member_type: VOTER last_known_addr { host: "127.4.117.131" port: 35683 } health_report { overall_health: HEALTHY } } peers { permanent_uuid: "6db82132b7fa4134b168e1434e5dcbe4" member_type: NON_VOTER last_known_addr { host: "127.4.117.132" port: 42307 } attrs { promote: true } health_report { overall_health: UNKNOWN } } }
I20260608 12:51:25.885280  5242 consensus_queue.cc:237] T 20e795562515476c9538b210d41d3ca2 P 36dc259bf11f475a8611bcd35736cfe7 [LEADER]: Queue going to LEADER mode. State: All replicated index: 0, Majority replicated index: 1, Committed index: 1, Last appended: 1.1, Last appended by leader: 0, Current term: 1, Majority size: 2, State: 0, Mode: LEADER, active raft config: opid_index: 2 OBSOLETE_local: false peers { permanent_uuid: "36dc259bf11f475a8611bcd35736cfe7" member_type: VOTER last_known_addr { host: "127.4.117.129" port: 43745 } } peers { permanent_uuid: "290b62fbcd3d4e72a45f2dc1ece97f08" member_type: VOTER last_known_addr { host: "127.4.117.130" port: 37815 } } peers { permanent_uuid: "d9832b64b6a244dfad8719cfce659845" member_type: VOTER last_known_addr { host: "127.4.117.131" port: 35683 } attrs { replace: true } } peers { permanent_uuid: "6db82132b7fa4134b168e1434e5dcbe4" member_type: NON_VOTER last_known_addr { host: "127.4.117.132" port: 42307 } attrs { promote: true } }
I20260608 12:51:25.886967  5318 raft_consensus.cc:2955] T 6c65440cf9f9487d8a0caa9f4a376b62 P 290b62fbcd3d4e72a45f2dc1ece97f08 [term 1 FOLLOWER]: Committing config change with OpId 1.2: config changed from index -1 to 2, NON_VOTER 6db82132b7fa4134b168e1434e5dcbe4 (127.4.117.132) added. New config: { opid_index: 2 OBSOLETE_local: false peers { permanent_uuid: "36dc259bf11f475a8611bcd35736cfe7" member_type: VOTER last_known_addr { host: "127.4.117.129" port: 43745 } } peers { permanent_uuid: "290b62fbcd3d4e72a45f2dc1ece97f08" member_type: VOTER last_known_addr { host: "127.4.117.130" port: 37815 } attrs { replace: true } } peers { permanent_uuid: "d9832b64b6a244dfad8719cfce659845" member_type: VOTER last_known_addr { host: "127.4.117.131" port: 35683 } } peers { permanent_uuid: "6db82132b7fa4134b168e1434e5dcbe4" member_type: NON_VOTER last_known_addr { host: "127.4.117.132" port: 42307 } attrs { promote: true } } }
I20260608 12:51:25.893668  5392 raft_consensus.cc:1275] T 20e795562515476c9538b210d41d3ca2 P d9832b64b6a244dfad8719cfce659845 [term 1 FOLLOWER]: Refusing update from remote peer 36dc259bf11f475a8611bcd35736cfe7: Log matching property violated. Preceding OpId in replica: term: 1 index: 1. Preceding OpId from leader: term: 1 index: 2. (index mismatch)
W20260608 12:51:25.895814  5207 consensus_peers.cc:597] T 20e795562515476c9538b210d41d3ca2 P 36dc259bf11f475a8611bcd35736cfe7 -> Peer 6db82132b7fa4134b168e1434e5dcbe4 (127.4.117.132:42307): Couldn't send request to peer 6db82132b7fa4134b168e1434e5dcbe4. Error code: TABLET_NOT_FOUND (6). Status: Not found: Tablet not found: 20e795562515476c9538b210d41d3ca2. This is attempt 1: this message will repeat every 5th retry.
I20260608 12:51:25.897090  5317 raft_consensus.cc:1275] T 20e795562515476c9538b210d41d3ca2 P 290b62fbcd3d4e72a45f2dc1ece97f08 [term 1 FOLLOWER]: Refusing update from remote peer 36dc259bf11f475a8611bcd35736cfe7: Log matching property violated. Preceding OpId in replica: term: 1 index: 1. Preceding OpId from leader: term: 1 index: 2. (index mismatch)
I20260608 12:51:25.898167  5613 consensus_queue.cc:1048] T 20e795562515476c9538b210d41d3ca2 P 36dc259bf11f475a8611bcd35736cfe7 [LEADER]: Connected to new peer: Peer: permanent_uuid: "d9832b64b6a244dfad8719cfce659845" member_type: VOTER last_known_addr { host: "127.4.117.131" port: 35683 } attrs { replace: true }, Status: LMP_MISMATCH, Last received: 0.0, Next index: 2, Last known committed idx: 1, Time since last communication: 0.001s
I20260608 12:51:25.899709  5610 consensus_queue.cc:1048] T 20e795562515476c9538b210d41d3ca2 P 36dc259bf11f475a8611bcd35736cfe7 [LEADER]: Connected to new peer: Peer: permanent_uuid: "290b62fbcd3d4e72a45f2dc1ece97f08" member_type: VOTER last_known_addr { host: "127.4.117.130" port: 37815 }, Status: LMP_MISMATCH, Last received: 0.0, Next index: 2, Last known committed idx: 1, Time since last communication: 0.000s
I20260608 12:51:25.908989  5610 raft_consensus.cc:2955] T 20e795562515476c9538b210d41d3ca2 P 36dc259bf11f475a8611bcd35736cfe7 [term 1 LEADER]: Committing config change with OpId 1.2: config changed from index -1 to 2, NON_VOTER 6db82132b7fa4134b168e1434e5dcbe4 (127.4.117.132) added. New config: { opid_index: 2 OBSOLETE_local: false peers { permanent_uuid: "36dc259bf11f475a8611bcd35736cfe7" member_type: VOTER last_known_addr { host: "127.4.117.129" port: 43745 } } peers { permanent_uuid: "290b62fbcd3d4e72a45f2dc1ece97f08" member_type: VOTER last_known_addr { host: "127.4.117.130" port: 37815 } } peers { permanent_uuid: "d9832b64b6a244dfad8719cfce659845" member_type: VOTER last_known_addr { host: "127.4.117.131" port: 35683 } attrs { replace: true } } peers { permanent_uuid: "6db82132b7fa4134b168e1434e5dcbe4" member_type: NON_VOTER last_known_addr { host: "127.4.117.132" port: 42307 } attrs { promote: true } } }
I20260608 12:51:25.911252  5392 raft_consensus.cc:2955] T 20e795562515476c9538b210d41d3ca2 P d9832b64b6a244dfad8719cfce659845 [term 1 FOLLOWER]: Committing config change with OpId 1.2: config changed from index -1 to 2, NON_VOTER 6db82132b7fa4134b168e1434e5dcbe4 (127.4.117.132) added. New config: { opid_index: 2 OBSOLETE_local: false peers { permanent_uuid: "36dc259bf11f475a8611bcd35736cfe7" member_type: VOTER last_known_addr { host: "127.4.117.129" port: 43745 } } peers { permanent_uuid: "290b62fbcd3d4e72a45f2dc1ece97f08" member_type: VOTER last_known_addr { host: "127.4.117.130" port: 37815 } } peers { permanent_uuid: "d9832b64b6a244dfad8719cfce659845" member_type: VOTER last_known_addr { host: "127.4.117.131" port: 35683 } attrs { replace: true } } peers { permanent_uuid: "6db82132b7fa4134b168e1434e5dcbe4" member_type: NON_VOTER last_known_addr { host: "127.4.117.132" port: 42307 } attrs { promote: true } } }
I20260608 12:51:25.911127  5318 raft_consensus.cc:2955] T 20e795562515476c9538b210d41d3ca2 P 290b62fbcd3d4e72a45f2dc1ece97f08 [term 1 FOLLOWER]: Committing config change with OpId 1.2: config changed from index -1 to 2, NON_VOTER 6db82132b7fa4134b168e1434e5dcbe4 (127.4.117.132) added. New config: { opid_index: 2 OBSOLETE_local: false peers { permanent_uuid: "36dc259bf11f475a8611bcd35736cfe7" member_type: VOTER last_known_addr { host: "127.4.117.129" port: 43745 } } peers { permanent_uuid: "290b62fbcd3d4e72a45f2dc1ece97f08" member_type: VOTER last_known_addr { host: "127.4.117.130" port: 37815 } } peers { permanent_uuid: "d9832b64b6a244dfad8719cfce659845" member_type: VOTER last_known_addr { host: "127.4.117.131" port: 35683 } attrs { replace: true } } peers { permanent_uuid: "6db82132b7fa4134b168e1434e5dcbe4" member_type: NON_VOTER last_known_addr { host: "127.4.117.132" port: 42307 } attrs { promote: true } } }
I20260608 12:51:25.921414  5138 catalog_manager.cc:5696] T 20e795562515476c9538b210d41d3ca2 P 36dc259bf11f475a8611bcd35736cfe7 reported cstate change: config changed from index -1 to 2, NON_VOTER 6db82132b7fa4134b168e1434e5dcbe4 (127.4.117.132) added. New cstate: current_term: 1 leader_uuid: "36dc259bf11f475a8611bcd35736cfe7" committed_config { opid_index: 2 OBSOLETE_local: false peers { permanent_uuid: "36dc259bf11f475a8611bcd35736cfe7" member_type: VOTER last_known_addr { host: "127.4.117.129" port: 43745 } health_report { overall_health: HEALTHY } } peers { permanent_uuid: "290b62fbcd3d4e72a45f2dc1ece97f08" member_type: VOTER last_known_addr { host: "127.4.117.130" port: 37815 } health_report { overall_health: HEALTHY } } peers { permanent_uuid: "d9832b64b6a244dfad8719cfce659845" member_type: VOTER last_known_addr { host: "127.4.117.131" port: 35683 } attrs { replace: true } health_report { overall_health: HEALTHY } } peers { permanent_uuid: "6db82132b7fa4134b168e1434e5dcbe4" member_type: NON_VOTER last_known_addr { host: "127.4.117.132" port: 42307 } attrs { promote: true } health_report { overall_health: UNKNOWN } } }
I20260608 12:51:25.941576  5392 consensus_queue.cc:237] T e1b4aca193aa469baf0808afe4358f32 P d9832b64b6a244dfad8719cfce659845 [LEADER]: Queue going to LEADER mode. State: All replicated index: 0, Majority replicated index: 1, Committed index: 1, Last appended: 1.1, Last appended by leader: 0, Current term: 1, Majority size: 2, State: 0, Mode: LEADER, active raft config: opid_index: 2 OBSOLETE_local: false peers { permanent_uuid: "36dc259bf11f475a8611bcd35736cfe7" member_type: VOTER last_known_addr { host: "127.4.117.129" port: 43745 } } peers { permanent_uuid: "290b62fbcd3d4e72a45f2dc1ece97f08" member_type: VOTER last_known_addr { host: "127.4.117.130" port: 37815 } attrs { replace: true } } peers { permanent_uuid: "d9832b64b6a244dfad8719cfce659845" member_type: VOTER last_known_addr { host: "127.4.117.131" port: 35683 } } peers { permanent_uuid: "6db82132b7fa4134b168e1434e5dcbe4" member_type: NON_VOTER last_known_addr { host: "127.4.117.132" port: 42307 } attrs { promote: true } }
I20260608 12:51:25.950616  5318 raft_consensus.cc:1275] T e1b4aca193aa469baf0808afe4358f32 P 290b62fbcd3d4e72a45f2dc1ece97f08 [term 1 FOLLOWER]: Refusing update from remote peer d9832b64b6a244dfad8719cfce659845: Log matching property violated. Preceding OpId in replica: term: 1 index: 1. Preceding OpId from leader: term: 1 index: 2. (index mismatch)
I20260608 12:51:25.952278  5620 consensus_queue.cc:1048] T e1b4aca193aa469baf0808afe4358f32 P d9832b64b6a244dfad8719cfce659845 [LEADER]: Connected to new peer: Peer: permanent_uuid: "290b62fbcd3d4e72a45f2dc1ece97f08" member_type: VOTER last_known_addr { host: "127.4.117.130" port: 37815 } attrs { replace: true }, Status: LMP_MISMATCH, Last received: 0.0, Next index: 2, Last known committed idx: 1, Time since last communication: 0.000s
I20260608 12:51:25.953490  5242 raft_consensus.cc:1275] T e1b4aca193aa469baf0808afe4358f32 P 36dc259bf11f475a8611bcd35736cfe7 [term 1 FOLLOWER]: Refusing update from remote peer d9832b64b6a244dfad8719cfce659845: Log matching property violated. Preceding OpId in replica: term: 1 index: 1. Preceding OpId from leader: term: 1 index: 2. (index mismatch)
I20260608 12:51:25.958314  5620 consensus_queue.cc:1048] T e1b4aca193aa469baf0808afe4358f32 P d9832b64b6a244dfad8719cfce659845 [LEADER]: Connected to new peer: Peer: permanent_uuid: "36dc259bf11f475a8611bcd35736cfe7" member_type: VOTER last_known_addr { host: "127.4.117.129" port: 43745 }, Status: LMP_MISMATCH, Last received: 0.0, Next index: 2, Last known committed idx: 1, Time since last communication: 0.000s
W20260608 12:51:25.959453  5356 consensus_peers.cc:597] T e1b4aca193aa469baf0808afe4358f32 P d9832b64b6a244dfad8719cfce659845 -> Peer 6db82132b7fa4134b168e1434e5dcbe4 (127.4.117.132:42307): Couldn't send request to peer 6db82132b7fa4134b168e1434e5dcbe4. Error code: TABLET_NOT_FOUND (6). Status: Not found: Tablet not found: e1b4aca193aa469baf0808afe4358f32. This is attempt 1: this message will repeat every 5th retry.
I20260608 12:51:25.961012  5446 raft_consensus.cc:2955] T e1b4aca193aa469baf0808afe4358f32 P d9832b64b6a244dfad8719cfce659845 [term 1 LEADER]: Committing config change with OpId 1.2: config changed from index -1 to 2, NON_VOTER 6db82132b7fa4134b168e1434e5dcbe4 (127.4.117.132) added. New config: { opid_index: 2 OBSOLETE_local: false peers { permanent_uuid: "36dc259bf11f475a8611bcd35736cfe7" member_type: VOTER last_known_addr { host: "127.4.117.129" port: 43745 } } peers { permanent_uuid: "290b62fbcd3d4e72a45f2dc1ece97f08" member_type: VOTER last_known_addr { host: "127.4.117.130" port: 37815 } attrs { replace: true } } peers { permanent_uuid: "d9832b64b6a244dfad8719cfce659845" member_type: VOTER last_known_addr { host: "127.4.117.131" port: 35683 } } peers { permanent_uuid: "6db82132b7fa4134b168e1434e5dcbe4" member_type: NON_VOTER last_known_addr { host: "127.4.117.132" port: 42307 } attrs { promote: true } } }
I20260608 12:51:25.962342  5318 raft_consensus.cc:2955] T e1b4aca193aa469baf0808afe4358f32 P 290b62fbcd3d4e72a45f2dc1ece97f08 [term 1 FOLLOWER]: Committing config change with OpId 1.2: config changed from index -1 to 2, NON_VOTER 6db82132b7fa4134b168e1434e5dcbe4 (127.4.117.132) added. New config: { opid_index: 2 OBSOLETE_local: false peers { permanent_uuid: "36dc259bf11f475a8611bcd35736cfe7" member_type: VOTER last_known_addr { host: "127.4.117.129" port: 43745 } } peers { permanent_uuid: "290b62fbcd3d4e72a45f2dc1ece97f08" member_type: VOTER last_known_addr { host: "127.4.117.130" port: 37815 } attrs { replace: true } } peers { permanent_uuid: "d9832b64b6a244dfad8719cfce659845" member_type: VOTER last_known_addr { host: "127.4.117.131" port: 35683 } } peers { permanent_uuid: "6db82132b7fa4134b168e1434e5dcbe4" member_type: NON_VOTER last_known_addr { host: "127.4.117.132" port: 42307 } attrs { promote: true } } }
I20260608 12:51:25.968487  5242 raft_consensus.cc:2955] T e1b4aca193aa469baf0808afe4358f32 P 36dc259bf11f475a8611bcd35736cfe7 [term 1 FOLLOWER]: Committing config change with OpId 1.2: config changed from index -1 to 2, NON_VOTER 6db82132b7fa4134b168e1434e5dcbe4 (127.4.117.132) added. New config: { opid_index: 2 OBSOLETE_local: false peers { permanent_uuid: "36dc259bf11f475a8611bcd35736cfe7" member_type: VOTER last_known_addr { host: "127.4.117.129" port: 43745 } } peers { permanent_uuid: "290b62fbcd3d4e72a45f2dc1ece97f08" member_type: VOTER last_known_addr { host: "127.4.117.130" port: 37815 } attrs { replace: true } } peers { permanent_uuid: "d9832b64b6a244dfad8719cfce659845" member_type: VOTER last_known_addr { host: "127.4.117.131" port: 35683 } } peers { permanent_uuid: "6db82132b7fa4134b168e1434e5dcbe4" member_type: NON_VOTER last_known_addr { host: "127.4.117.132" port: 42307 } attrs { promote: true } } }
I20260608 12:51:25.975006  5139 catalog_manager.cc:5696] T e1b4aca193aa469baf0808afe4358f32 P d9832b64b6a244dfad8719cfce659845 reported cstate change: config changed from index -1 to 2, NON_VOTER 6db82132b7fa4134b168e1434e5dcbe4 (127.4.117.132) added. New cstate: current_term: 1 leader_uuid: "d9832b64b6a244dfad8719cfce659845" committed_config { opid_index: 2 OBSOLETE_local: false peers { permanent_uuid: "36dc259bf11f475a8611bcd35736cfe7" member_type: VOTER last_known_addr { host: "127.4.117.129" port: 43745 } health_report { overall_health: HEALTHY } } peers { permanent_uuid: "290b62fbcd3d4e72a45f2dc1ece97f08" member_type: VOTER last_known_addr { host: "127.4.117.130" port: 37815 } attrs { replace: true } health_report { overall_health: HEALTHY } } peers { permanent_uuid: "d9832b64b6a244dfad8719cfce659845" member_type: VOTER last_known_addr { host: "127.4.117.131" port: 35683 } health_report { overall_health: HEALTHY } } peers { permanent_uuid: "6db82132b7fa4134b168e1434e5dcbe4" member_type: NON_VOTER last_known_addr { host: "127.4.117.132" port: 42307 } attrs { promote: true } health_report { overall_health: UNKNOWN } } }
I20260608 12:51:26.273466  5624 ts_tablet_manager.cc:933] T 6c65440cf9f9487d8a0caa9f4a376b62 P 6db82132b7fa4134b168e1434e5dcbe4: Initiating tablet copy from peer 36dc259bf11f475a8611bcd35736cfe7 (127.4.117.129:43745)
I20260608 12:51:26.275656  5624 tablet_copy_client.cc:323] T 6c65440cf9f9487d8a0caa9f4a376b62 P 6db82132b7fa4134b168e1434e5dcbe4: tablet copy: Beginning tablet copy session from remote peer at address 127.4.117.129:43745
I20260608 12:51:26.288880  5253 tablet_copy_service.cc:140] P 36dc259bf11f475a8611bcd35736cfe7: Received BeginTabletCopySession request for tablet 6c65440cf9f9487d8a0caa9f4a376b62 from peer 6db82132b7fa4134b168e1434e5dcbe4 ({username='slave'} at 127.0.0.1:42670)
I20260608 12:51:26.289587  5253 tablet_copy_service.cc:161] P 36dc259bf11f475a8611bcd35736cfe7: Beginning new tablet copy session on tablet 6c65440cf9f9487d8a0caa9f4a376b62 from peer 6db82132b7fa4134b168e1434e5dcbe4 at {username='slave'} at 127.0.0.1:42670: session id = 6db82132b7fa4134b168e1434e5dcbe4-6c65440cf9f9487d8a0caa9f4a376b62
I20260608 12:51:26.298079  5253 tablet_copy_source_session.cc:215] T 6c65440cf9f9487d8a0caa9f4a376b62 P 36dc259bf11f475a8611bcd35736cfe7: Tablet Copy: opened 0 blocks and 1 log segments
I20260608 12:51:26.301764  5624 data_dirs.cc:400] Could only allocate 1 dirs of requested 3 for tablet 6c65440cf9f9487d8a0caa9f4a376b62. 1 dirs total, 0 dirs full, 0 dirs failed
I20260608 12:51:26.306624  4566 tablet_server.cc:179] TabletServer@127.4.117.129:0 shutting down...
I20260608 12:51:26.316627  5624 tablet_copy_client.cc:806] T 6c65440cf9f9487d8a0caa9f4a376b62 P 6db82132b7fa4134b168e1434e5dcbe4: tablet copy: Starting download of 0 data blocks...
I20260608 12:51:26.317421  5624 tablet_copy_client.cc:670] T 6c65440cf9f9487d8a0caa9f4a376b62 P 6db82132b7fa4134b168e1434e5dcbe4: tablet copy: Starting download of 1 WAL segments...
I20260608 12:51:26.328845  4566 tablet_copy_service.cc:362] P 36dc259bf11f475a8611bcd35736cfe7: Destroying tablet copy session 6db82132b7fa4134b168e1434e5dcbe4-6c65440cf9f9487d8a0caa9f4a376b62 due to service shutdown
I20260608 12:51:26.329252  4566 tablet_copy_service.cc:434] P 36dc259bf11f475a8611bcd35736cfe7: ending tablet copy session 6db82132b7fa4134b168e1434e5dcbe4-6c65440cf9f9487d8a0caa9f4a376b62 on tablet 6c65440cf9f9487d8a0caa9f4a376b62 with peer 6db82132b7fa4134b168e1434e5dcbe4
I20260608 12:51:26.350049  4566 ts_tablet_manager.cc:1507] Shutting down tablet manager...
I20260608 12:51:26.351632  4566 tablet_replica.cc:333] T e1b4aca193aa469baf0808afe4358f32 P 36dc259bf11f475a8611bcd35736cfe7: stopping tablet replica
I20260608 12:51:26.352640  4566 raft_consensus.cc:2243] T e1b4aca193aa469baf0808afe4358f32 P 36dc259bf11f475a8611bcd35736cfe7 [term 1 FOLLOWER]: Raft consensus shutting down.
I20260608 12:51:26.353420  4566 raft_consensus.cc:2272] T e1b4aca193aa469baf0808afe4358f32 P 36dc259bf11f475a8611bcd35736cfe7 [term 1 FOLLOWER]: Raft consensus is shut down!
I20260608 12:51:26.353897  5627 ts_tablet_manager.cc:933] T 20e795562515476c9538b210d41d3ca2 P 6db82132b7fa4134b168e1434e5dcbe4: Initiating tablet copy from peer 36dc259bf11f475a8611bcd35736cfe7 (127.4.117.129:43745)
I20260608 12:51:26.356294  5627 tablet_copy_client.cc:323] T 20e795562515476c9538b210d41d3ca2 P 6db82132b7fa4134b168e1434e5dcbe4: tablet copy: Beginning tablet copy session from remote peer at address 127.4.117.129:43745
I20260608 12:51:26.356926  4566 tablet_replica.cc:333] T f278b14b8cb14fa081f599a7b97b3012 P 36dc259bf11f475a8611bcd35736cfe7: stopping tablet replica
I20260608 12:51:26.357663  4566 raft_consensus.cc:2243] T f278b14b8cb14fa081f599a7b97b3012 P 36dc259bf11f475a8611bcd35736cfe7 [term 1 LEADER]: Raft consensus shutting down.
I20260608 12:51:26.358709  4566 raft_consensus.cc:2272] T f278b14b8cb14fa081f599a7b97b3012 P 36dc259bf11f475a8611bcd35736cfe7 [term 1 FOLLOWER]: Raft consensus is shut down!
I20260608 12:51:26.360831  4566 tablet_replica.cc:333] T 20e795562515476c9538b210d41d3ca2 P 36dc259bf11f475a8611bcd35736cfe7: stopping tablet replica
I20260608 12:51:26.361449  4566 raft_consensus.cc:2243] T 20e795562515476c9538b210d41d3ca2 P 36dc259bf11f475a8611bcd35736cfe7 [term 1 LEADER]: Raft consensus shutting down.
I20260608 12:51:26.362407  4566 raft_consensus.cc:2272] T 20e795562515476c9538b210d41d3ca2 P 36dc259bf11f475a8611bcd35736cfe7 [term 1 FOLLOWER]: Raft consensus is shut down!
W20260608 12:51:26.364269  5355 proxy.cc:239] Call had error, refreshing address and retrying: Remote error: Service unavailable: service kudu.consensus.ConsensusService not registered on TabletServer [suppressed 6 similar messages]
I20260608 12:51:26.365943  4566 tablet_replica.cc:333] T 7420866932da41dbbe77ba525652ab88 P 36dc259bf11f475a8611bcd35736cfe7: stopping tablet replica
I20260608 12:51:26.366762  4566 raft_consensus.cc:2243] T 7420866932da41dbbe77ba525652ab88 P 36dc259bf11f475a8611bcd35736cfe7 [term 1 FOLLOWER]: Raft consensus shutting down.
I20260608 12:51:26.367251  4566 raft_consensus.cc:2272] T 7420866932da41dbbe77ba525652ab88 P 36dc259bf11f475a8611bcd35736cfe7 [term 1 FOLLOWER]: Raft consensus is shut down!
W20260608 12:51:26.368255  5355 consensus_peers.cc:597] T e1b4aca193aa469baf0808afe4358f32 P d9832b64b6a244dfad8719cfce659845 -> Peer 36dc259bf11f475a8611bcd35736cfe7 (127.4.117.129:43745): Couldn't send request to peer 36dc259bf11f475a8611bcd35736cfe7. Status: Remote error: Service unavailable: service kudu.consensus.ConsensusService not registered on TabletServer. This is attempt 1: this message will repeat every 5th retry.
I20260608 12:51:26.370069  4566 tablet_replica.cc:333] T d302995629434ded8ebedd018a876c28 P 36dc259bf11f475a8611bcd35736cfe7: stopping tablet replica
I20260608 12:51:26.370579  4566 raft_consensus.cc:2243] T d302995629434ded8ebedd018a876c28 P 36dc259bf11f475a8611bcd35736cfe7 [term 1 FOLLOWER]: Raft consensus shutting down.
I20260608 12:51:26.370971  4566 raft_consensus.cc:2272] T d302995629434ded8ebedd018a876c28 P 36dc259bf11f475a8611bcd35736cfe7 [term 1 FOLLOWER]: Raft consensus is shut down!
I20260608 12:51:26.372843  4566 tablet_replica.cc:333] T c00b2fd856eb459e923c25331f46fd88 P 36dc259bf11f475a8611bcd35736cfe7: stopping tablet replica
I20260608 12:51:26.373389  4566 raft_consensus.cc:2243] T c00b2fd856eb459e923c25331f46fd88 P 36dc259bf11f475a8611bcd35736cfe7 [term 1 FOLLOWER]: Raft consensus shutting down.
I20260608 12:51:26.373749  4566 raft_consensus.cc:2272] T c00b2fd856eb459e923c25331f46fd88 P 36dc259bf11f475a8611bcd35736cfe7 [term 1 FOLLOWER]: Raft consensus is shut down!
I20260608 12:51:26.375485  4566 tablet_replica.cc:333] T e932ac355e0944cea040723c0b989e50 P 36dc259bf11f475a8611bcd35736cfe7: stopping tablet replica
I20260608 12:51:26.375941  4566 raft_consensus.cc:2243] T e932ac355e0944cea040723c0b989e50 P 36dc259bf11f475a8611bcd35736cfe7 [term 1 FOLLOWER]: Raft consensus shutting down.
I20260608 12:51:26.376282  4566 raft_consensus.cc:2272] T e932ac355e0944cea040723c0b989e50 P 36dc259bf11f475a8611bcd35736cfe7 [term 1 FOLLOWER]: Raft consensus is shut down!
I20260608 12:51:26.378139  4566 tablet_replica.cc:333] T 6c65440cf9f9487d8a0caa9f4a376b62 P 36dc259bf11f475a8611bcd35736cfe7: stopping tablet replica
I20260608 12:51:26.378572  4566 raft_consensus.cc:2243] T 6c65440cf9f9487d8a0caa9f4a376b62 P 36dc259bf11f475a8611bcd35736cfe7 [term 1 LEADER]: Raft consensus shutting down.
I20260608 12:51:26.379453  4566 raft_consensus.cc:2272] T 6c65440cf9f9487d8a0caa9f4a376b62 P 36dc259bf11f475a8611bcd35736cfe7 [term 1 FOLLOWER]: Raft consensus is shut down!
I20260608 12:51:26.383067  5630 ts_tablet_manager.cc:933] T e1b4aca193aa469baf0808afe4358f32 P 6db82132b7fa4134b168e1434e5dcbe4: Initiating tablet copy from peer d9832b64b6a244dfad8719cfce659845 (127.4.117.131:35683)
I20260608 12:51:26.384877  5630 tablet_copy_client.cc:323] T e1b4aca193aa469baf0808afe4358f32 P 6db82132b7fa4134b168e1434e5dcbe4: tablet copy: Beginning tablet copy session from remote peer at address 127.4.117.131:35683
I20260608 12:51:26.397070  5402 tablet_copy_service.cc:140] P d9832b64b6a244dfad8719cfce659845: Received BeginTabletCopySession request for tablet e1b4aca193aa469baf0808afe4358f32 from peer 6db82132b7fa4134b168e1434e5dcbe4 ({username='slave'} at 127.0.0.1:59668)
I20260608 12:51:26.397756  5402 tablet_copy_service.cc:161] P d9832b64b6a244dfad8719cfce659845: Beginning new tablet copy session on tablet e1b4aca193aa469baf0808afe4358f32 from peer 6db82132b7fa4134b168e1434e5dcbe4 at {username='slave'} at 127.0.0.1:59668: session id = 6db82132b7fa4134b168e1434e5dcbe4-e1b4aca193aa469baf0808afe4358f32
I20260608 12:51:26.406230  5402 tablet_copy_source_session.cc:215] T e1b4aca193aa469baf0808afe4358f32 P d9832b64b6a244dfad8719cfce659845: Tablet Copy: opened 0 blocks and 1 log segments
I20260608 12:51:26.408865  5630 data_dirs.cc:400] Could only allocate 1 dirs of requested 3 for tablet e1b4aca193aa469baf0808afe4358f32. 1 dirs total, 0 dirs full, 0 dirs failed
I20260608 12:51:26.415647  4566 tablet_server.cc:196] TabletServer@127.4.117.129:0 shutdown complete.
I20260608 12:51:26.430049  5630 tablet_copy_client.cc:806] T e1b4aca193aa469baf0808afe4358f32 P 6db82132b7fa4134b168e1434e5dcbe4: tablet copy: Starting download of 0 data blocks...
I20260608 12:51:26.430691  5630 tablet_copy_client.cc:670] T e1b4aca193aa469baf0808afe4358f32 P 6db82132b7fa4134b168e1434e5dcbe4: tablet copy: Starting download of 1 WAL segments...
I20260608 12:51:26.430720  5633 ts_tablet_manager.cc:933] T 7420866932da41dbbe77ba525652ab88 P 6db82132b7fa4134b168e1434e5dcbe4: Initiating tablet copy from peer 290b62fbcd3d4e72a45f2dc1ece97f08 (127.4.117.130:37815)
I20260608 12:51:26.435763  5630 tablet_copy_client.cc:538] T e1b4aca193aa469baf0808afe4358f32 P 6db82132b7fa4134b168e1434e5dcbe4: tablet copy: Tablet Copy complete. Replacing tablet superblock.
W20260608 12:51:26.440847  5624 ts_tablet_manager.cc:1011] T 6c65440cf9f9487d8a0caa9f4a376b62 P 6db82132b7fa4134b168e1434e5dcbe4: Tablet Copy: Unable to fetch data from remote peer 36dc259bf11f475a8611bcd35736cfe7 (127.4.117.129:43745): Network error: Unable to download WAL segment with seq. number 1: unable to fetch data from remote: Client connection negotiation failed: client connection to 127.4.117.129:43745: connect: Connection refused (error 111)
I20260608 12:51:26.441360  5624 tablet_replica.cc:333] T 6c65440cf9f9487d8a0caa9f4a376b62 P 6db82132b7fa4134b168e1434e5dcbe4: stopping tablet replica
I20260608 12:51:26.441700  5624 raft_consensus.cc:2243] T 6c65440cf9f9487d8a0caa9f4a376b62 P 6db82132b7fa4134b168e1434e5dcbe4 [term 1 LEARNER]: Raft consensus shutting down.
I20260608 12:51:26.442106  5624 raft_consensus.cc:2272] T 6c65440cf9f9487d8a0caa9f4a376b62 P 6db82132b7fa4134b168e1434e5dcbe4 [term 1 LEARNER]: Raft consensus is shut down!
I20260608 12:51:26.446373  4566 tablet_server.cc:179] TabletServer@127.4.117.130:0 shutting down...
W20260608 12:51:26.448027  5624 tablet_copy_client.cc:1131] T 6c65440cf9f9487d8a0caa9f4a376b62 P 6db82132b7fa4134b168e1434e5dcbe4: tablet copy: Unable to close tablet copy session: Network error: failure ending tablet copy session: Client connection negotiation failed: client connection to 127.4.117.129:43745: connect: Connection refused (error 111)
W20260608 12:51:26.449817  5624 tablet_metadata.cc:476] failed to load DataDirGroup from superblock: Already present: tried to load directory group for tablet 6c65440cf9f9487d8a0caa9f4a376b62 but one is already registered
I20260608 12:51:26.450254  5624 ts_tablet_manager.cc:1916] T 6c65440cf9f9487d8a0caa9f4a376b62 P 6db82132b7fa4134b168e1434e5dcbe4: Deleting tablet data with delete state TABLET_DATA_TOMBSTONED
I20260608 12:51:26.453006  5630 tablet_bootstrap.cc:492] T e1b4aca193aa469baf0808afe4358f32 P 6db82132b7fa4134b168e1434e5dcbe4: Bootstrap starting.
I20260608 12:51:26.455869  5633 tablet_copy_client.cc:323] T 7420866932da41dbbe77ba525652ab88 P 6db82132b7fa4134b168e1434e5dcbe4: tablet copy: Beginning tablet copy session from remote peer at address 127.4.117.130:37815
W20260608 12:51:26.456746  5507 connection.cc:466] server connection from 127.0.0.1:36384 torn down before Call kudu.consensus.ConsensusService.StartTabletCopy from 127.0.0.1:36384 (request call id 3) could send its response
I20260608 12:51:26.485598  5624 ts_tablet_manager.cc:1929] T 6c65440cf9f9487d8a0caa9f4a376b62 P 6db82132b7fa4134b168e1434e5dcbe4: tablet deleted with delete type TABLET_DATA_TOMBSTONED: last-logged OpId 1.0
W20260608 12:51:26.495160  5358 consensus_peers.cc:597] T c00b2fd856eb459e923c25331f46fd88 P d9832b64b6a244dfad8719cfce659845 -> Peer 290b62fbcd3d4e72a45f2dc1ece97f08 (127.4.117.130:37815): Couldn't send request to peer 290b62fbcd3d4e72a45f2dc1ece97f08. Status: Remote error: Service unavailable: service kudu.consensus.ConsensusService not registered on TabletServer. This is attempt 1: this message will repeat every 5th retry.
I20260608 12:51:26.504055  5624 log.cc:1199] T 6c65440cf9f9487d8a0caa9f4a376b62 P 6db82132b7fa4134b168e1434e5dcbe4: Deleting WAL directory at /tmp/dist-test-taskhCHhVi/test-tmp/auto_rebalancer-test.0.AutoRebalancerTest.AutoRebalancingTurnOffAndOn.1780923070842828-4566-0/minicluster-data/ts-3-root/wals/6c65440cf9f9487d8a0caa9f4a376b62
W20260608 12:51:26.508347  5281 consensus_peers.cc:597] T d302995629434ded8ebedd018a876c28 P 290b62fbcd3d4e72a45f2dc1ece97f08 -> Peer 36dc259bf11f475a8611bcd35736cfe7 (127.4.117.129:43745): Couldn't send request to peer 36dc259bf11f475a8611bcd35736cfe7. Status: Network error: Client connection negotiation failed: client connection to 127.4.117.129:43745: connect: Connection refused (error 111). This is attempt 1: this message will repeat every 5th retry.
I20260608 12:51:26.517661  5630 tablet_bootstrap.cc:492] T e1b4aca193aa469baf0808afe4358f32 P 6db82132b7fa4134b168e1434e5dcbe4: Bootstrap replayed 1/1 log segments. Stats: ops{read=2 overwritten=0 applied=2 ignored=0} inserts{seen=0 ignored=0} mutations{seen=0 ignored=0} orphaned_commits=0. Pending: 0 replicates
I20260608 12:51:26.518682  5630 tablet_bootstrap.cc:492] T e1b4aca193aa469baf0808afe4358f32 P 6db82132b7fa4134b168e1434e5dcbe4: Bootstrap complete.
I20260608 12:51:26.518992  4566 ts_tablet_manager.cc:1507] Shutting down tablet manager...
I20260608 12:51:26.519517  5630 ts_tablet_manager.cc:1403] T e1b4aca193aa469baf0808afe4358f32 P 6db82132b7fa4134b168e1434e5dcbe4: Time spent bootstrapping tablet: real 0.067s	user 0.016s	sys 0.011s
I20260608 12:51:26.520136  4566 tablet_replica.cc:333] T c00b2fd856eb459e923c25331f46fd88 P 290b62fbcd3d4e72a45f2dc1ece97f08: stopping tablet replica
I20260608 12:51:26.520990  4566 raft_consensus.cc:2243] T c00b2fd856eb459e923c25331f46fd88 P 290b62fbcd3d4e72a45f2dc1ece97f08 [term 1 FOLLOWER]: Raft consensus shutting down.
I20260608 12:51:26.521494  4566 raft_consensus.cc:2272] T c00b2fd856eb459e923c25331f46fd88 P 290b62fbcd3d4e72a45f2dc1ece97f08 [term 1 FOLLOWER]: Raft consensus is shut down!
I20260608 12:51:26.522364  5630 raft_consensus.cc:359] T e1b4aca193aa469baf0808afe4358f32 P 6db82132b7fa4134b168e1434e5dcbe4 [term 1 LEARNER]: Replica starting. Triggering 0 pending ops. Active config: opid_index: 2 OBSOLETE_local: false peers { permanent_uuid: "36dc259bf11f475a8611bcd35736cfe7" member_type: VOTER last_known_addr { host: "127.4.117.129" port: 43745 } } peers { permanent_uuid: "290b62fbcd3d4e72a45f2dc1ece97f08" member_type: VOTER last_known_addr { host: "127.4.117.130" port: 37815 } attrs { replace: true } } peers { permanent_uuid: "d9832b64b6a244dfad8719cfce659845" member_type: VOTER last_known_addr { host: "127.4.117.131" port: 35683 } } peers { permanent_uuid: "6db82132b7fa4134b168e1434e5dcbe4" member_type: NON_VOTER last_known_addr { host: "127.4.117.132" port: 42307 } attrs { promote: true } }
I20260608 12:51:26.522977  5630 raft_consensus.cc:740] T e1b4aca193aa469baf0808afe4358f32 P 6db82132b7fa4134b168e1434e5dcbe4 [term 1 LEARNER]: Becoming Follower/Learner. State: Replica: 6db82132b7fa4134b168e1434e5dcbe4, State: Initialized, Role: LEARNER
I20260608 12:51:26.523504  5630 consensus_queue.cc:260] T e1b4aca193aa469baf0808afe4358f32 P 6db82132b7fa4134b168e1434e5dcbe4 [NON_LEADER]: Queue going to NON_LEADER mode. State: All replicated index: 0, Majority replicated index: 0, Committed index: 2, Last appended: 1.2, Last appended by leader: 2, Current term: 0, Majority size: -1, State: 0, Mode: NON_LEADER, active raft config: opid_index: 2 OBSOLETE_local: false peers { permanent_uuid: "36dc259bf11f475a8611bcd35736cfe7" member_type: VOTER last_known_addr { host: "127.4.117.129" port: 43745 } } peers { permanent_uuid: "290b62fbcd3d4e72a45f2dc1ece97f08" member_type: VOTER last_known_addr { host: "127.4.117.130" port: 37815 } attrs { replace: true } } peers { permanent_uuid: "d9832b64b6a244dfad8719cfce659845" member_type: VOTER last_known_addr { host: "127.4.117.131" port: 35683 } } peers { permanent_uuid: "6db82132b7fa4134b168e1434e5dcbe4" member_type: NON_VOTER last_known_addr { host: "127.4.117.132" port: 42307 } attrs { promote: true } }
I20260608 12:51:26.524159  4566 tablet_replica.cc:333] T e1b4aca193aa469baf0808afe4358f32 P 290b62fbcd3d4e72a45f2dc1ece97f08: stopping tablet replica
I20260608 12:51:26.524987  4566 raft_consensus.cc:2243] T e1b4aca193aa469baf0808afe4358f32 P 290b62fbcd3d4e72a45f2dc1ece97f08 [term 1 FOLLOWER]: Raft consensus shutting down.
I20260608 12:51:26.525545  4566 raft_consensus.cc:2272] T e1b4aca193aa469baf0808afe4358f32 P 290b62fbcd3d4e72a45f2dc1ece97f08 [term 1 FOLLOWER]: Raft consensus is shut down!
I20260608 12:51:26.528313  4566 tablet_replica.cc:333] T 6c65440cf9f9487d8a0caa9f4a376b62 P 290b62fbcd3d4e72a45f2dc1ece97f08: stopping tablet replica
I20260608 12:51:26.529122  4566 raft_consensus.cc:2243] T 6c65440cf9f9487d8a0caa9f4a376b62 P 290b62fbcd3d4e72a45f2dc1ece97f08 [term 1 FOLLOWER]: Raft consensus shutting down.
I20260608 12:51:26.529685  4566 raft_consensus.cc:2272] T 6c65440cf9f9487d8a0caa9f4a376b62 P 290b62fbcd3d4e72a45f2dc1ece97f08 [term 1 FOLLOWER]: Raft consensus is shut down!
W20260608 12:51:26.532810  5358 consensus_peers.cc:597] T e1b4aca193aa469baf0808afe4358f32 P d9832b64b6a244dfad8719cfce659845 -> Peer 290b62fbcd3d4e72a45f2dc1ece97f08 (127.4.117.130:37815): Couldn't send request to peer 290b62fbcd3d4e72a45f2dc1ece97f08. Status: Remote error: Service unavailable: service kudu.consensus.ConsensusService not registered on TabletServer. This is attempt 1: this message will repeat every 5th retry.
I20260608 12:51:26.534677  4566 tablet_replica.cc:333] T e932ac355e0944cea040723c0b989e50 P 290b62fbcd3d4e72a45f2dc1ece97f08: stopping tablet replica
I20260608 12:51:26.534890  5630 ts_tablet_manager.cc:1434] T e1b4aca193aa469baf0808afe4358f32 P 6db82132b7fa4134b168e1434e5dcbe4: Time spent starting tablet: real 0.015s	user 0.009s	sys 0.004s
I20260608 12:51:26.535477  4566 raft_consensus.cc:2243] T e932ac355e0944cea040723c0b989e50 P 290b62fbcd3d4e72a45f2dc1ece97f08 [term 1 FOLLOWER]: Raft consensus shutting down.
I20260608 12:51:26.536015  4566 raft_consensus.cc:2272] T e932ac355e0944cea040723c0b989e50 P 290b62fbcd3d4e72a45f2dc1ece97f08 [term 1 FOLLOWER]: Raft consensus is shut down!
I20260608 12:51:26.536835  5402 tablet_copy_service.cc:342] P d9832b64b6a244dfad8719cfce659845: Request end of tablet copy session 6db82132b7fa4134b168e1434e5dcbe4-e1b4aca193aa469baf0808afe4358f32 received from {username='slave'} at 127.0.0.1:59668
I20260608 12:51:26.537351  5402 tablet_copy_service.cc:434] P d9832b64b6a244dfad8719cfce659845: ending tablet copy session 6db82132b7fa4134b168e1434e5dcbe4-e1b4aca193aa469baf0808afe4358f32 on tablet e1b4aca193aa469baf0808afe4358f32 with peer 6db82132b7fa4134b168e1434e5dcbe4
I20260608 12:51:26.538704  4566 tablet_replica.cc:333] T 20e795562515476c9538b210d41d3ca2 P 290b62fbcd3d4e72a45f2dc1ece97f08: stopping tablet replica
I20260608 12:51:26.539522  4566 raft_consensus.cc:2243] T 20e795562515476c9538b210d41d3ca2 P 290b62fbcd3d4e72a45f2dc1ece97f08 [term 1 FOLLOWER]: Raft consensus shutting down.
I20260608 12:51:26.539953  4566 raft_consensus.cc:2272] T 20e795562515476c9538b210d41d3ca2 P 290b62fbcd3d4e72a45f2dc1ece97f08 [term 1 FOLLOWER]: Raft consensus is shut down!
I20260608 12:51:26.542596  4566 tablet_replica.cc:333] T f278b14b8cb14fa081f599a7b97b3012 P 290b62fbcd3d4e72a45f2dc1ece97f08: stopping tablet replica
I20260608 12:51:26.543079  4566 raft_consensus.cc:2243] T f278b14b8cb14fa081f599a7b97b3012 P 290b62fbcd3d4e72a45f2dc1ece97f08 [term 1 FOLLOWER]: Raft consensus shutting down.
I20260608 12:51:26.543449  4566 raft_consensus.cc:2272] T f278b14b8cb14fa081f599a7b97b3012 P 290b62fbcd3d4e72a45f2dc1ece97f08 [term 1 FOLLOWER]: Raft consensus is shut down!
I20260608 12:51:26.545288  4566 tablet_replica.cc:333] T 7420866932da41dbbe77ba525652ab88 P 290b62fbcd3d4e72a45f2dc1ece97f08: stopping tablet replica
I20260608 12:51:26.545755  4566 raft_consensus.cc:2243] T 7420866932da41dbbe77ba525652ab88 P 290b62fbcd3d4e72a45f2dc1ece97f08 [term 1 LEADER]: Raft consensus shutting down.
I20260608 12:51:26.546597  4566 raft_consensus.cc:2272] T 7420866932da41dbbe77ba525652ab88 P 290b62fbcd3d4e72a45f2dc1ece97f08 [term 1 FOLLOWER]: Raft consensus is shut down!
I20260608 12:51:26.548599  4566 tablet_replica.cc:333] T d302995629434ded8ebedd018a876c28 P 290b62fbcd3d4e72a45f2dc1ece97f08: stopping tablet replica
I20260608 12:51:26.549058  4566 raft_consensus.cc:2243] T d302995629434ded8ebedd018a876c28 P 290b62fbcd3d4e72a45f2dc1ece97f08 [term 1 LEADER]: Raft consensus shutting down.
I20260608 12:51:26.549741  4566 raft_consensus.cc:2272] T d302995629434ded8ebedd018a876c28 P 290b62fbcd3d4e72a45f2dc1ece97f08 [term 1 FOLLOWER]: Raft consensus is shut down!
I20260608 12:51:26.579085  4566 tablet_server.cc:196] TabletServer@127.4.117.130:0 shutdown complete.
I20260608 12:51:26.604156  4566 tablet_server.cc:179] TabletServer@127.4.117.131:0 shutting down...
I20260608 12:51:26.631657  4566 ts_tablet_manager.cc:1507] Shutting down tablet manager...
I20260608 12:51:26.632576  4566 tablet_replica.cc:333] T 20e795562515476c9538b210d41d3ca2 P d9832b64b6a244dfad8719cfce659845: stopping tablet replica
I20260608 12:51:26.633415  4566 raft_consensus.cc:2243] T 20e795562515476c9538b210d41d3ca2 P d9832b64b6a244dfad8719cfce659845 [term 1 FOLLOWER]: Raft consensus shutting down.
I20260608 12:51:26.633985  4566 raft_consensus.cc:2272] T 20e795562515476c9538b210d41d3ca2 P d9832b64b6a244dfad8719cfce659845 [term 1 FOLLOWER]: Raft consensus is shut down!
I20260608 12:51:26.636811  4566 tablet_replica.cc:333] T 6c65440cf9f9487d8a0caa9f4a376b62 P d9832b64b6a244dfad8719cfce659845: stopping tablet replica
I20260608 12:51:26.637542  4566 raft_consensus.cc:2243] T 6c65440cf9f9487d8a0caa9f4a376b62 P d9832b64b6a244dfad8719cfce659845 [term 1 FOLLOWER]: Raft consensus shutting down.
I20260608 12:51:26.638065  4566 raft_consensus.cc:2272] T 6c65440cf9f9487d8a0caa9f4a376b62 P d9832b64b6a244dfad8719cfce659845 [term 1 FOLLOWER]: Raft consensus is shut down!
I20260608 12:51:26.640897  4566 tablet_replica.cc:333] T e1b4aca193aa469baf0808afe4358f32 P d9832b64b6a244dfad8719cfce659845: stopping tablet replica
I20260608 12:51:26.641595  4566 raft_consensus.cc:2243] T e1b4aca193aa469baf0808afe4358f32 P d9832b64b6a244dfad8719cfce659845 [term 1 LEADER]: Raft consensus shutting down.
W20260608 12:51:26.642093  5505 connection.cc:466] server connection from 127.0.0.1:36370 torn down before Call kudu.consensus.ConsensusService.StartTabletCopy from 127.0.0.1:36370 (request call id 1) could send its response
I20260608 12:51:26.642872  4566 raft_consensus.cc:2272] T e1b4aca193aa469baf0808afe4358f32 P d9832b64b6a244dfad8719cfce659845 [term 1 FOLLOWER]: Raft consensus is shut down!
I20260608 12:51:26.645558  4566 tablet_replica.cc:333] T e932ac355e0944cea040723c0b989e50 P d9832b64b6a244dfad8719cfce659845: stopping tablet replica
I20260608 12:51:26.646248  4566 raft_consensus.cc:2243] T e932ac355e0944cea040723c0b989e50 P d9832b64b6a244dfad8719cfce659845 [term 1 LEADER]: Raft consensus shutting down.
I20260608 12:51:26.647212  4566 raft_consensus.cc:2272] T e932ac355e0944cea040723c0b989e50 P d9832b64b6a244dfad8719cfce659845 [term 1 FOLLOWER]: Raft consensus is shut down!
I20260608 12:51:26.649562  4566 tablet_replica.cc:333] T c00b2fd856eb459e923c25331f46fd88 P d9832b64b6a244dfad8719cfce659845: stopping tablet replica
I20260608 12:51:26.650204  4566 raft_consensus.cc:2243] T c00b2fd856eb459e923c25331f46fd88 P d9832b64b6a244dfad8719cfce659845 [term 1 LEADER]: Raft consensus shutting down.
I20260608 12:51:26.651122  4566 raft_consensus.cc:2272] T c00b2fd856eb459e923c25331f46fd88 P d9832b64b6a244dfad8719cfce659845 [term 1 FOLLOWER]: Raft consensus is shut down!
I20260608 12:51:26.653426  4566 tablet_replica.cc:333] T f278b14b8cb14fa081f599a7b97b3012 P d9832b64b6a244dfad8719cfce659845: stopping tablet replica
I20260608 12:51:26.654057  4566 raft_consensus.cc:2243] T f278b14b8cb14fa081f599a7b97b3012 P d9832b64b6a244dfad8719cfce659845 [term 1 FOLLOWER]: Raft consensus shutting down.
I20260608 12:51:26.654537  4566 raft_consensus.cc:2272] T f278b14b8cb14fa081f599a7b97b3012 P d9832b64b6a244dfad8719cfce659845 [term 1 FOLLOWER]: Raft consensus is shut down!
I20260608 12:51:26.657008  4566 tablet_replica.cc:333] T d302995629434ded8ebedd018a876c28 P d9832b64b6a244dfad8719cfce659845: stopping tablet replica
I20260608 12:51:26.657619  4566 raft_consensus.cc:2243] T d302995629434ded8ebedd018a876c28 P d9832b64b6a244dfad8719cfce659845 [term 1 FOLLOWER]: Raft consensus shutting down.
I20260608 12:51:26.658120  4566 raft_consensus.cc:2272] T d302995629434ded8ebedd018a876c28 P d9832b64b6a244dfad8719cfce659845 [term 1 FOLLOWER]: Raft consensus is shut down!
I20260608 12:51:26.660313  4566 tablet_replica.cc:333] T 7420866932da41dbbe77ba525652ab88 P d9832b64b6a244dfad8719cfce659845: stopping tablet replica
I20260608 12:51:26.660929  4566 raft_consensus.cc:2243] T 7420866932da41dbbe77ba525652ab88 P d9832b64b6a244dfad8719cfce659845 [term 1 FOLLOWER]: Raft consensus shutting down.
I20260608 12:51:26.661445  4566 raft_consensus.cc:2272] T 7420866932da41dbbe77ba525652ab88 P d9832b64b6a244dfad8719cfce659845 [term 1 FOLLOWER]: Raft consensus is shut down!
I20260608 12:51:26.693261  4566 tablet_server.cc:196] TabletServer@127.4.117.131:0 shutdown complete.
I20260608 12:51:26.718173  4566 tablet_server.cc:179] TabletServer@127.4.117.132:0 shutting down...
I20260608 12:51:26.748641  4566 ts_tablet_manager.cc:1507] Shutting down tablet manager...
