I20260608 12:51:25.415261  4615 fs_manager.cc:696] Time spent creating directory manager: real 0.004s	user 0.006s	sys 0.000s
I20260608 12:51:25.418939  5729 log_block_manager.cc:4031] Time spent loading block containers with low live blocks: real 0.000s	user 0.000s	sys 0.000s
I20260608 12:51:25.419675  4615 fs_manager.cc:730] Time spent opening block manager: real 0.002s	user 0.000s	sys 0.002s
I20260608 12:51:25.419968  4615 fs_manager.cc:647] Opened local filesystem: /tmp/dist-test-task_39W1v/test-tmp/auto_rebalancer-test.0.AutoRebalancerTest.NextLeaderResumesAutoRebalancing.1780923066020047-4615-0/minicluster-data/master-0-root
uuid: "bddf9b35c0d645a3a5fb57ce8e0de374"
format_stamp: "Formatted at 2026-06-08 12:51:25 on dist-test-slave-pxc1"
I20260608 12:51:25.420259  4615 fs_report.cc:389] FS layout report
--------------------
wal directory: /tmp/dist-test-task_39W1v/test-tmp/auto_rebalancer-test.0.AutoRebalancerTest.NextLeaderResumesAutoRebalancing.1780923066020047-4615-0/minicluster-data/master-0-root
metadata directory: /tmp/dist-test-task_39W1v/test-tmp/auto_rebalancer-test.0.AutoRebalancerTest.NextLeaderResumesAutoRebalancing.1780923066020047-4615-0/minicluster-data/master-0-root
1 data directories: /tmp/dist-test-task_39W1v/test-tmp/auto_rebalancer-test.0.AutoRebalancerTest.NextLeaderResumesAutoRebalancing.1780923066020047-4615-0/minicluster-data/master-0-root/data
Total live blocks: 0
Total live bytes: 0
Total live bytes (after alignment): 0
Total number of LBM containers: 0 (0 full)
Did not check for missing blocks
Did not check for orphaned blocks
Total full LBM containers with extra space: 0 (0 repaired)
Total full LBM container extra space in bytes: 0 (0 repaired)
Total incomplete LBM containers: 0 (0 repaired)
Total LBM partial records: 0 (0 repaired)
Total corrupted LBM metadata records in RocksDB: 0 (0 repaired)
I20260608 12:51:25.436811  4615 rpc_server.cc:225] running with OpenSSL 1.1.1  11 Sep 2018
I20260608 12:51:25.438082  4615 kserver.cc:163] Server-wide thread pool size limit: 3276
I20260608 12:51:25.475891  4615 rpc_server.cc:307] RPC server started. Bound to: 127.4.129.254:36135
I20260608 12:51:25.475996  5780 acceptor_pool.cc:272] collecting diagnostics on the listening RPC socket 127.4.129.254:36135 every 8 connection(s)
I20260608 12:51:25.479921  5781 data_dirs.cc:400] Could only allocate 1 dirs of requested 3 for tablet 00000000000000000000000000000000. 1 dirs total, 0 dirs full, 0 dirs failed
I20260608 12:51:25.479964  4615 file_cache.cc:492] Constructed file cache file cache with capacity 419430
W20260608 12:51:25.485589  5783 instance_detector.cc:116] could not retrieve AWS instance metadata: Network error: curl error: HTTP response code said error: The requested URL returned error: 404
W20260608 12:51:25.486534  5784 instance_detector.cc:116] could not retrieve Azure instance metadata: Network error: curl error: HTTP response code said error: The requested URL returned error: 404
I20260608 12:51:25.486886  5781 sys_catalog.cc:422] member_type: VOTER last_known_addr { host: "127.4.129.254" port: 36135 } has no permanent_uuid. Determining permanent_uuid...
W20260608 12:51:25.488533  5786 instance_detector.cc:116] could not retrieve OpenStack instance metadata: Network error: curl error: HTTP response code said error: The requested URL returned error: 404
I20260608 12:51:25.489439  4615 server_base.cc:1061] running on GCE node
I20260608 12:51:25.490800  4615 hybrid_clock.cc:584] initializing the hybrid clock with 'system_unsync' time source
W20260608 12:51:25.491083  4615 system_unsync_time.cc:38] NTP support is disabled. Clock error bounds will not be accurate. This configuration is not suitable for distributed clusters.
I20260608 12:51:25.491291  4615 hybrid_clock.cc:648] HybridClock initialized: now 1780923085491273 us; error 0 us; skew 500 ppm
I20260608 12:51:25.492074  4615 server_base.cc:861] Flag tcmalloc_max_total_thread_cache_bytes is not working since tcmalloc is not enabled.
I20260608 12:51:25.495008  4615 webserver.cc:533] Webserver started at http://127.4.129.253:39731/ using document root <none> and password file <none>
I20260608 12:51:25.495676  4615 fs_manager.cc:362] Metadata directory not provided
I20260608 12:51:25.495872  4615 fs_manager.cc:368] Using write-ahead log directory (fs_wal_dir) as metadata directory
I20260608 12:51:25.496188  4615 server_base.cc:909] This appears to be a new deployment of Kudu; creating new FS layout
I20260608 12:51:25.497445  4615 fs_manager.cc:1068] Generated new instance metadata in path /tmp/dist-test-task_39W1v/test-tmp/auto_rebalancer-test.0.AutoRebalancerTest.NextLeaderResumesAutoRebalancing.1780923066020047-4615-0/minicluster-data/master-1-root/instance:
uuid: "8a42c600523d442bafb46ab69f500f29"
format_stamp: "Formatted at 2026-06-08 12:51:25 on dist-test-slave-pxc1"
I20260608 12:51:25.501094  5781 sys_catalog.cc:422] member_type: VOTER last_known_addr { host: "127.4.129.253" port: 43001 } has no permanent_uuid. Determining permanent_uuid...
I20260608 12:51:25.502942  4615 fs_manager.cc:696] Time spent creating directory manager: real 0.005s	user 0.006s	sys 0.000s
W20260608 12:51:25.506615  5781 consensus_peers.cc:760] Error getting permanent uuid from config peer 127.4.129.253:43001: Network error: Client connection negotiation failed: client connection to 127.4.129.253:43001: connect: Connection refused (error 111)
I20260608 12:51:25.507460  5794 log_block_manager.cc:4031] Time spent loading block containers with low live blocks: real 0.000s	user 0.000s	sys 0.000s
I20260608 12:51:25.508208  4615 fs_manager.cc:730] Time spent opening block manager: real 0.003s	user 0.003s	sys 0.000s
I20260608 12:51:25.508481  4615 fs_manager.cc:647] Opened local filesystem: /tmp/dist-test-task_39W1v/test-tmp/auto_rebalancer-test.0.AutoRebalancerTest.NextLeaderResumesAutoRebalancing.1780923066020047-4615-0/minicluster-data/master-1-root
uuid: "8a42c600523d442bafb46ab69f500f29"
format_stamp: "Formatted at 2026-06-08 12:51:25 on dist-test-slave-pxc1"
I20260608 12:51:25.508738  4615 fs_report.cc:389] FS layout report
--------------------
wal directory: /tmp/dist-test-task_39W1v/test-tmp/auto_rebalancer-test.0.AutoRebalancerTest.NextLeaderResumesAutoRebalancing.1780923066020047-4615-0/minicluster-data/master-1-root
metadata directory: /tmp/dist-test-task_39W1v/test-tmp/auto_rebalancer-test.0.AutoRebalancerTest.NextLeaderResumesAutoRebalancing.1780923066020047-4615-0/minicluster-data/master-1-root
1 data directories: /tmp/dist-test-task_39W1v/test-tmp/auto_rebalancer-test.0.AutoRebalancerTest.NextLeaderResumesAutoRebalancing.1780923066020047-4615-0/minicluster-data/master-1-root/data
Total live blocks: 0
Total live bytes: 0
Total live bytes (after alignment): 0
Total number of LBM containers: 0 (0 full)
Did not check for missing blocks
Did not check for orphaned blocks
Total full LBM containers with extra space: 0 (0 repaired)
Total full LBM container extra space in bytes: 0 (0 repaired)
Total incomplete LBM containers: 0 (0 repaired)
Total LBM partial records: 0 (0 repaired)
Total corrupted LBM metadata records in RocksDB: 0 (0 repaired)
I20260608 12:51:25.523538  4615 rpc_server.cc:225] running with OpenSSL 1.1.1  11 Sep 2018
I20260608 12:51:25.524717  4615 kserver.cc:163] Server-wide thread pool size limit: 3276
I20260608 12:51:25.561033  4615 rpc_server.cc:307] RPC server started. Bound to: 127.4.129.253:43001
I20260608 12:51:25.561178  5845 acceptor_pool.cc:272] collecting diagnostics on the listening RPC socket 127.4.129.253:43001 every 8 connection(s)
I20260608 12:51:25.564240  5781 consensus_peers.cc:770] Retrying to get permanent uuid for remote peer: member_type: VOTER last_known_addr { host: "127.4.129.253" port: 43001 } attempt: 1
I20260608 12:51:25.565186  4615 file_cache.cc:492] Constructed file cache file cache with capacity 419430
I20260608 12:51:25.565286  5846 data_dirs.cc:400] Could only allocate 1 dirs of requested 3 for tablet 00000000000000000000000000000000. 1 dirs total, 0 dirs full, 0 dirs failed
W20260608 12:51:25.571481  5849 instance_detector.cc:116] could not retrieve AWS instance metadata: Network error: curl error: HTTP response code said error: The requested URL returned error: 404
W20260608 12:51:25.573055  5850 instance_detector.cc:116] could not retrieve Azure instance metadata: Network error: curl error: HTTP response code said error: The requested URL returned error: 404
I20260608 12:51:25.575938  5846 sys_catalog.cc:422] member_type: VOTER last_known_addr { host: "127.4.129.254" port: 36135 } has no permanent_uuid. Determining permanent_uuid...
I20260608 12:51:25.581732  4615 server_base.cc:1061] running on GCE node
W20260608 12:51:25.582263  5852 instance_detector.cc:116] could not retrieve OpenStack instance metadata: Network error: curl error: HTTP response code said error: The requested URL returned error: 404
I20260608 12:51:25.583277  4615 hybrid_clock.cc:584] initializing the hybrid clock with 'system_unsync' time source
I20260608 12:51:25.583231  5781 sys_catalog.cc:422] member_type: VOTER last_known_addr { host: "127.4.129.252" port: 36451 } has no permanent_uuid. Determining permanent_uuid...
W20260608 12:51:25.583666  4615 system_unsync_time.cc:38] NTP support is disabled. Clock error bounds will not be accurate. This configuration is not suitable for distributed clusters.
I20260608 12:51:25.583901  4615 hybrid_clock.cc:648] HybridClock initialized: now 1780923085583882 us; error 0 us; skew 500 ppm
I20260608 12:51:25.584693  4615 server_base.cc:861] Flag tcmalloc_max_total_thread_cache_bytes is not working since tcmalloc is not enabled.
I20260608 12:51:25.588511  4615 webserver.cc:533] Webserver started at http://127.4.129.252:41751/ using document root <none> and password file <none>
W20260608 12:51:25.588941  5781 consensus_peers.cc:760] Error getting permanent uuid from config peer 127.4.129.252:36451: Network error: Client connection negotiation failed: client connection to 127.4.129.252:36451: connect: Connection refused (error 111)
I20260608 12:51:25.589263  4615 fs_manager.cc:362] Metadata directory not provided
I20260608 12:51:25.589461  4615 fs_manager.cc:368] Using write-ahead log directory (fs_wal_dir) as metadata directory
I20260608 12:51:25.589671  4615 server_base.cc:909] This appears to be a new deployment of Kudu; creating new FS layout
I20260608 12:51:25.590813  4615 fs_manager.cc:1068] Generated new instance metadata in path /tmp/dist-test-task_39W1v/test-tmp/auto_rebalancer-test.0.AutoRebalancerTest.NextLeaderResumesAutoRebalancing.1780923066020047-4615-0/minicluster-data/master-2-root/instance:
uuid: "2d8b640392c54fe28af2ad9181b71e7e"
format_stamp: "Formatted at 2026-06-08 12:51:25 on dist-test-slave-pxc1"
I20260608 12:51:25.591873  5846 sys_catalog.cc:422] member_type: VOTER last_known_addr { host: "127.4.129.253" port: 43001 } has no permanent_uuid. Determining permanent_uuid...
I20260608 12:51:25.596549  4615 fs_manager.cc:696] Time spent creating directory manager: real 0.005s	user 0.003s	sys 0.004s
I20260608 12:51:25.600986  5858 log_block_manager.cc:4031] Time spent loading block containers with low live blocks: real 0.000s	user 0.000s	sys 0.000s
I20260608 12:51:25.601994  4615 fs_manager.cc:730] Time spent opening block manager: real 0.003s	user 0.002s	sys 0.002s
I20260608 12:51:25.602341  4615 fs_manager.cc:647] Opened local filesystem: /tmp/dist-test-task_39W1v/test-tmp/auto_rebalancer-test.0.AutoRebalancerTest.NextLeaderResumesAutoRebalancing.1780923066020047-4615-0/minicluster-data/master-2-root
uuid: "2d8b640392c54fe28af2ad9181b71e7e"
format_stamp: "Formatted at 2026-06-08 12:51:25 on dist-test-slave-pxc1"
I20260608 12:51:25.602746  4615 fs_report.cc:389] FS layout report
--------------------
wal directory: /tmp/dist-test-task_39W1v/test-tmp/auto_rebalancer-test.0.AutoRebalancerTest.NextLeaderResumesAutoRebalancing.1780923066020047-4615-0/minicluster-data/master-2-root
metadata directory: /tmp/dist-test-task_39W1v/test-tmp/auto_rebalancer-test.0.AutoRebalancerTest.NextLeaderResumesAutoRebalancing.1780923066020047-4615-0/minicluster-data/master-2-root
1 data directories: /tmp/dist-test-task_39W1v/test-tmp/auto_rebalancer-test.0.AutoRebalancerTest.NextLeaderResumesAutoRebalancing.1780923066020047-4615-0/minicluster-data/master-2-root/data
Total live blocks: 0
Total live bytes: 0
Total live bytes (after alignment): 0
Total number of LBM containers: 0 (0 full)
Did not check for missing blocks
Did not check for orphaned blocks
Total full LBM containers with extra space: 0 (0 repaired)
Total full LBM container extra space in bytes: 0 (0 repaired)
Total incomplete LBM containers: 0 (0 repaired)
Total LBM partial records: 0 (0 repaired)
Total corrupted LBM metadata records in RocksDB: 0 (0 repaired)
I20260608 12:51:25.602838  5846 sys_catalog.cc:422] member_type: VOTER last_known_addr { host: "127.4.129.252" port: 36451 } has no permanent_uuid. Determining permanent_uuid...
W20260608 12:51:25.609253  5846 consensus_peers.cc:760] Error getting permanent uuid from config peer 127.4.129.252:36451: Network error: Client connection negotiation failed: client connection to 127.4.129.252:36451: connect: Connection refused (error 111)
I20260608 12:51:25.615478  4615 rpc_server.cc:225] running with OpenSSL 1.1.1  11 Sep 2018
I20260608 12:51:25.616693  4615 kserver.cc:163] Server-wide thread pool size limit: 3276
I20260608 12:51:25.625780  5846 consensus_peers.cc:770] Retrying to get permanent uuid for remote peer: member_type: VOTER last_known_addr { host: "127.4.129.252" port: 36451 } attempt: 1
W20260608 12:51:25.631266  5846 consensus_peers.cc:760] Error getting permanent uuid from config peer 127.4.129.252:36451: Network error: Client connection negotiation failed: client connection to 127.4.129.252:36451: connect: Connection refused (error 111)
I20260608 12:51:25.650527  5781 consensus_peers.cc:770] Retrying to get permanent uuid for remote peer: member_type: VOTER last_known_addr { host: "127.4.129.252" port: 36451 } attempt: 1
W20260608 12:51:25.655753  5781 consensus_peers.cc:760] Error getting permanent uuid from config peer 127.4.129.252:36451: Network error: Client connection negotiation failed: client connection to 127.4.129.252:36451: connect: Connection refused (error 111)
I20260608 12:51:25.656901  4615 rpc_server.cc:307] RPC server started. Bound to: 127.4.129.252:36451
I20260608 12:51:25.657019  5910 acceptor_pool.cc:272] collecting diagnostics on the listening RPC socket 127.4.129.252:36451 every 8 connection(s)
I20260608 12:51:25.660022  4615 internal_mini_cluster.cc:184] Waiting to initialize catalog manager on master 0
I20260608 12:51:25.661022  5911 data_dirs.cc:400] Could only allocate 1 dirs of requested 3 for tablet 00000000000000000000000000000000. 1 dirs total, 0 dirs full, 0 dirs failed
I20260608 12:51:25.666651  5911 sys_catalog.cc:422] member_type: VOTER last_known_addr { host: "127.4.129.254" port: 36135 } has no permanent_uuid. Determining permanent_uuid...
I20260608 12:51:25.675792  5846 consensus_peers.cc:770] Retrying to get permanent uuid for remote peer: member_type: VOTER last_known_addr { host: "127.4.129.252" port: 36451 } attempt: 2
I20260608 12:51:25.678025  5911 sys_catalog.cc:422] member_type: VOTER last_known_addr { host: "127.4.129.253" port: 43001 } has no permanent_uuid. Determining permanent_uuid...
I20260608 12:51:25.687748  5911 sys_catalog.cc:422] member_type: VOTER last_known_addr { host: "127.4.129.252" port: 36451 } has no permanent_uuid. Determining permanent_uuid...
I20260608 12:51:25.690285  5781 consensus_peers.cc:770] Retrying to get permanent uuid for remote peer: member_type: VOTER last_known_addr { host: "127.4.129.252" port: 36451 } attempt: 2
I20260608 12:51:25.695079  5846 tablet_bootstrap.cc:492] T 00000000000000000000000000000000 P 8a42c600523d442bafb46ab69f500f29: Bootstrap starting.
I20260608 12:51:25.701831  5846 tablet_bootstrap.cc:654] T 00000000000000000000000000000000 P 8a42c600523d442bafb46ab69f500f29: Neither blocks nor log segments found. Creating new log.
I20260608 12:51:25.707913  5781 tablet_bootstrap.cc:492] T 00000000000000000000000000000000 P bddf9b35c0d645a3a5fb57ce8e0de374: Bootstrap starting.
I20260608 12:51:25.708173  5846 tablet_bootstrap.cc:492] T 00000000000000000000000000000000 P 8a42c600523d442bafb46ab69f500f29: No bootstrap required, opened a new log
I20260608 12:51:25.709105  5911 tablet_bootstrap.cc:492] T 00000000000000000000000000000000 P 2d8b640392c54fe28af2ad9181b71e7e: Bootstrap starting.
I20260608 12:51:25.711522  5846 raft_consensus.cc:359] T 00000000000000000000000000000000 P 8a42c600523d442bafb46ab69f500f29 [term 0 FOLLOWER]: Replica starting. Triggering 0 pending ops. Active config: opid_index: -1 OBSOLETE_local: false peers { permanent_uuid: "bddf9b35c0d645a3a5fb57ce8e0de374" member_type: VOTER last_known_addr { host: "127.4.129.254" port: 36135 } } peers { permanent_uuid: "8a42c600523d442bafb46ab69f500f29" member_type: VOTER last_known_addr { host: "127.4.129.253" port: 43001 } } peers { permanent_uuid: "2d8b640392c54fe28af2ad9181b71e7e" member_type: VOTER last_known_addr { host: "127.4.129.252" port: 36451 } }
I20260608 12:51:25.712335  5846 raft_consensus.cc:385] T 00000000000000000000000000000000 P 8a42c600523d442bafb46ab69f500f29 [term 0 FOLLOWER]: Consensus starting up: Expiring failure detector timer to make a prompt election more likely
I20260608 12:51:25.712646  5846 raft_consensus.cc:740] T 00000000000000000000000000000000 P 8a42c600523d442bafb46ab69f500f29 [term 0 FOLLOWER]: Becoming Follower/Learner. State: Replica: 8a42c600523d442bafb46ab69f500f29, State: Initialized, Role: FOLLOWER
I20260608 12:51:25.713052  5781 tablet_bootstrap.cc:654] T 00000000000000000000000000000000 P bddf9b35c0d645a3a5fb57ce8e0de374: Neither blocks nor log segments found. Creating new log.
I20260608 12:51:25.713414  5846 consensus_queue.cc:260] T 00000000000000000000000000000000 P 8a42c600523d442bafb46ab69f500f29 [NON_LEADER]: Queue going to NON_LEADER mode. State: All replicated index: 0, Majority replicated index: 0, Committed index: 0, Last appended: 0.0, Last appended by leader: 0, Current term: 0, Majority size: -1, State: 0, Mode: NON_LEADER, active raft config: opid_index: -1 OBSOLETE_local: false peers { permanent_uuid: "bddf9b35c0d645a3a5fb57ce8e0de374" member_type: VOTER last_known_addr { host: "127.4.129.254" port: 36135 } } peers { permanent_uuid: "8a42c600523d442bafb46ab69f500f29" member_type: VOTER last_known_addr { host: "127.4.129.253" port: 43001 } } peers { permanent_uuid: "2d8b640392c54fe28af2ad9181b71e7e" member_type: VOTER last_known_addr { host: "127.4.129.252" port: 36451 } }
I20260608 12:51:25.715943  5911 tablet_bootstrap.cc:654] T 00000000000000000000000000000000 P 2d8b640392c54fe28af2ad9181b71e7e: Neither blocks nor log segments found. Creating new log.
I20260608 12:51:25.716023  5917 sys_catalog.cc:455] T 00000000000000000000000000000000 P 8a42c600523d442bafb46ab69f500f29 [sys.catalog]: SysCatalogTable state changed. Reason: RaftConsensus started. Latest consensus state: current_term: 0 committed_config { opid_index: -1 OBSOLETE_local: false peers { permanent_uuid: "bddf9b35c0d645a3a5fb57ce8e0de374" member_type: VOTER last_known_addr { host: "127.4.129.254" port: 36135 } } peers { permanent_uuid: "8a42c600523d442bafb46ab69f500f29" member_type: VOTER last_known_addr { host: "127.4.129.253" port: 43001 } } peers { permanent_uuid: "2d8b640392c54fe28af2ad9181b71e7e" member_type: VOTER last_known_addr { host: "127.4.129.252" port: 36451 } } }
I20260608 12:51:25.716996  5917 sys_catalog.cc:458] T 00000000000000000000000000000000 P 8a42c600523d442bafb46ab69f500f29 [sys.catalog]: This master's current role is: FOLLOWER
I20260608 12:51:25.717607  5846 sys_catalog.cc:565] T 00000000000000000000000000000000 P 8a42c600523d442bafb46ab69f500f29 [sys.catalog]: configured and running, proceeding with master startup.
I20260608 12:51:25.722334  5911 tablet_bootstrap.cc:492] T 00000000000000000000000000000000 P 2d8b640392c54fe28af2ad9181b71e7e: No bootstrap required, opened a new log
I20260608 12:51:25.724082  5781 tablet_bootstrap.cc:492] T 00000000000000000000000000000000 P bddf9b35c0d645a3a5fb57ce8e0de374: No bootstrap required, opened a new log
I20260608 12:51:25.725590  5911 raft_consensus.cc:359] T 00000000000000000000000000000000 P 2d8b640392c54fe28af2ad9181b71e7e [term 0 FOLLOWER]: Replica starting. Triggering 0 pending ops. Active config: opid_index: -1 OBSOLETE_local: false peers { permanent_uuid: "bddf9b35c0d645a3a5fb57ce8e0de374" member_type: VOTER last_known_addr { host: "127.4.129.254" port: 36135 } } peers { permanent_uuid: "8a42c600523d442bafb46ab69f500f29" member_type: VOTER last_known_addr { host: "127.4.129.253" port: 43001 } } peers { permanent_uuid: "2d8b640392c54fe28af2ad9181b71e7e" member_type: VOTER last_known_addr { host: "127.4.129.252" port: 36451 } }
I20260608 12:51:25.726401  5911 raft_consensus.cc:385] T 00000000000000000000000000000000 P 2d8b640392c54fe28af2ad9181b71e7e [term 0 FOLLOWER]: Consensus starting up: Expiring failure detector timer to make a prompt election more likely
I20260608 12:51:25.726313  5781 raft_consensus.cc:359] T 00000000000000000000000000000000 P bddf9b35c0d645a3a5fb57ce8e0de374 [term 0 FOLLOWER]: Replica starting. Triggering 0 pending ops. Active config: opid_index: -1 OBSOLETE_local: false peers { permanent_uuid: "bddf9b35c0d645a3a5fb57ce8e0de374" member_type: VOTER last_known_addr { host: "127.4.129.254" port: 36135 } } peers { permanent_uuid: "8a42c600523d442bafb46ab69f500f29" member_type: VOTER last_known_addr { host: "127.4.129.253" port: 43001 } } peers { permanent_uuid: "2d8b640392c54fe28af2ad9181b71e7e" member_type: VOTER last_known_addr { host: "127.4.129.252" port: 36451 } }
I20260608 12:51:25.726931  5911 raft_consensus.cc:740] T 00000000000000000000000000000000 P 2d8b640392c54fe28af2ad9181b71e7e [term 0 FOLLOWER]: Becoming Follower/Learner. State: Replica: 2d8b640392c54fe28af2ad9181b71e7e, State: Initialized, Role: FOLLOWER
I20260608 12:51:25.727216  5781 raft_consensus.cc:385] T 00000000000000000000000000000000 P bddf9b35c0d645a3a5fb57ce8e0de374 [term 0 FOLLOWER]: Consensus starting up: Expiring failure detector timer to make a prompt election more likely
I20260608 12:51:25.727540  5781 raft_consensus.cc:740] T 00000000000000000000000000000000 P bddf9b35c0d645a3a5fb57ce8e0de374 [term 0 FOLLOWER]: Becoming Follower/Learner. State: Replica: bddf9b35c0d645a3a5fb57ce8e0de374, State: Initialized, Role: FOLLOWER
I20260608 12:51:25.727869  5911 consensus_queue.cc:260] T 00000000000000000000000000000000 P 2d8b640392c54fe28af2ad9181b71e7e [NON_LEADER]: Queue going to NON_LEADER mode. State: All replicated index: 0, Majority replicated index: 0, Committed index: 0, Last appended: 0.0, Last appended by leader: 0, Current term: 0, Majority size: -1, State: 0, Mode: NON_LEADER, active raft config: opid_index: -1 OBSOLETE_local: false peers { permanent_uuid: "bddf9b35c0d645a3a5fb57ce8e0de374" member_type: VOTER last_known_addr { host: "127.4.129.254" port: 36135 } } peers { permanent_uuid: "8a42c600523d442bafb46ab69f500f29" member_type: VOTER last_known_addr { host: "127.4.129.253" port: 43001 } } peers { permanent_uuid: "2d8b640392c54fe28af2ad9181b71e7e" member_type: VOTER last_known_addr { host: "127.4.129.252" port: 36451 } }
I20260608 12:51:25.728283  5781 consensus_queue.cc:260] T 00000000000000000000000000000000 P bddf9b35c0d645a3a5fb57ce8e0de374 [NON_LEADER]: Queue going to NON_LEADER mode. State: All replicated index: 0, Majority replicated index: 0, Committed index: 0, Last appended: 0.0, Last appended by leader: 0, Current term: 0, Majority size: -1, State: 0, Mode: NON_LEADER, active raft config: opid_index: -1 OBSOLETE_local: false peers { permanent_uuid: "bddf9b35c0d645a3a5fb57ce8e0de374" member_type: VOTER last_known_addr { host: "127.4.129.254" port: 36135 } } peers { permanent_uuid: "8a42c600523d442bafb46ab69f500f29" member_type: VOTER last_known_addr { host: "127.4.129.253" port: 43001 } } peers { permanent_uuid: "2d8b640392c54fe28af2ad9181b71e7e" member_type: VOTER last_known_addr { host: "127.4.129.252" port: 36451 } }
I20260608 12:51:25.730501  5923 sys_catalog.cc:455] T 00000000000000000000000000000000 P 2d8b640392c54fe28af2ad9181b71e7e [sys.catalog]: SysCatalogTable state changed. Reason: RaftConsensus started. Latest consensus state: current_term: 0 committed_config { opid_index: -1 OBSOLETE_local: false peers { permanent_uuid: "bddf9b35c0d645a3a5fb57ce8e0de374" member_type: VOTER last_known_addr { host: "127.4.129.254" port: 36135 } } peers { permanent_uuid: "8a42c600523d442bafb46ab69f500f29" member_type: VOTER last_known_addr { host: "127.4.129.253" port: 43001 } } peers { permanent_uuid: "2d8b640392c54fe28af2ad9181b71e7e" member_type: VOTER last_known_addr { host: "127.4.129.252" port: 36451 } } }
I20260608 12:51:25.731359  5923 sys_catalog.cc:458] T 00000000000000000000000000000000 P 2d8b640392c54fe28af2ad9181b71e7e [sys.catalog]: This master's current role is: FOLLOWER
I20260608 12:51:25.732273  5911 sys_catalog.cc:565] T 00000000000000000000000000000000 P 2d8b640392c54fe28af2ad9181b71e7e [sys.catalog]: configured and running, proceeding with master startup.
I20260608 12:51:25.733532  5924 sys_catalog.cc:455] T 00000000000000000000000000000000 P bddf9b35c0d645a3a5fb57ce8e0de374 [sys.catalog]: SysCatalogTable state changed. Reason: RaftConsensus started. Latest consensus state: current_term: 0 committed_config { opid_index: -1 OBSOLETE_local: false peers { permanent_uuid: "bddf9b35c0d645a3a5fb57ce8e0de374" member_type: VOTER last_known_addr { host: "127.4.129.254" port: 36135 } } peers { permanent_uuid: "8a42c600523d442bafb46ab69f500f29" member_type: VOTER last_known_addr { host: "127.4.129.253" port: 43001 } } peers { permanent_uuid: "2d8b640392c54fe28af2ad9181b71e7e" member_type: VOTER last_known_addr { host: "127.4.129.252" port: 36451 } } }
I20260608 12:51:25.734323  5924 sys_catalog.cc:458] T 00000000000000000000000000000000 P bddf9b35c0d645a3a5fb57ce8e0de374 [sys.catalog]: This master's current role is: FOLLOWER
I20260608 12:51:25.735090  5781 sys_catalog.cc:565] T 00000000000000000000000000000000 P bddf9b35c0d645a3a5fb57ce8e0de374 [sys.catalog]: configured and running, proceeding with master startup.
W20260608 12:51:25.753055  5939 catalog_manager.cc:1593] T 00000000000000000000000000000000 P 8a42c600523d442bafb46ab69f500f29: loading cluster ID for follower catalog manager: Not found: cluster ID entry not found
W20260608 12:51:25.753481  5939 catalog_manager.cc:883] Not found: cluster ID entry not found: failed to prepare follower catalog manager, will retry
I20260608 12:51:25.758536  4615 internal_mini_cluster.cc:184] Waiting to initialize catalog manager on master 1
I20260608 12:51:25.758810  4615 internal_mini_cluster.cc:184] Waiting to initialize catalog manager on master 2
W20260608 12:51:25.763203  5948 catalog_manager.cc:1593] T 00000000000000000000000000000000 P bddf9b35c0d645a3a5fb57ce8e0de374: loading cluster ID for follower catalog manager: Not found: cluster ID entry not found
W20260608 12:51:25.763644  5948 catalog_manager.cc:883] Not found: cluster ID entry not found: failed to prepare follower catalog manager, will retry
I20260608 12:51:25.766270  4615 file_cache.cc:492] Constructed file cache file cache with capacity 419430
W20260608 12:51:25.769028  5954 catalog_manager.cc:1593] T 00000000000000000000000000000000 P 2d8b640392c54fe28af2ad9181b71e7e: loading cluster ID for follower catalog manager: Not found: cluster ID entry not found
W20260608 12:51:25.769413  5954 catalog_manager.cc:883] Not found: cluster ID entry not found: failed to prepare follower catalog manager, will retry
W20260608 12:51:25.774173  5955 instance_detector.cc:116] could not retrieve AWS instance metadata: Network error: curl error: HTTP response code said error: The requested URL returned error: 404
W20260608 12:51:25.775024  5956 instance_detector.cc:116] could not retrieve Azure instance metadata: Network error: curl error: HTTP response code said error: The requested URL returned error: 404
W20260608 12:51:25.775974  5958 instance_detector.cc:116] could not retrieve OpenStack instance metadata: Network error: curl error: HTTP response code said error: The requested URL returned error: 404
I20260608 12:51:25.776880  4615 server_base.cc:1061] running on GCE node
I20260608 12:51:25.777710  4615 hybrid_clock.cc:584] initializing the hybrid clock with 'system_unsync' time source
W20260608 12:51:25.777920  4615 system_unsync_time.cc:38] NTP support is disabled. Clock error bounds will not be accurate. This configuration is not suitable for distributed clusters.
I20260608 12:51:25.778087  4615 hybrid_clock.cc:648] HybridClock initialized: now 1780923085778069 us; error 0 us; skew 500 ppm
I20260608 12:51:25.778689  4615 server_base.cc:861] Flag tcmalloc_max_total_thread_cache_bytes is not working since tcmalloc is not enabled.
I20260608 12:51:25.780987  4615 webserver.cc:533] Webserver started at http://127.4.129.193:38789/ using document root <none> and password file <none>
I20260608 12:51:25.781457  4615 fs_manager.cc:362] Metadata directory not provided
I20260608 12:51:25.781625  4615 fs_manager.cc:368] Using write-ahead log directory (fs_wal_dir) as metadata directory
I20260608 12:51:25.781872  4615 server_base.cc:909] This appears to be a new deployment of Kudu; creating new FS layout
I20260608 12:51:25.782989  4615 fs_manager.cc:1068] Generated new instance metadata in path /tmp/dist-test-task_39W1v/test-tmp/auto_rebalancer-test.0.AutoRebalancerTest.NextLeaderResumesAutoRebalancing.1780923066020047-4615-0/minicluster-data/ts-0-root/instance:
uuid: "775ca2c8f7bf41df8c9f3b708c07a9dd"
format_stamp: "Formatted at 2026-06-08 12:51:25 on dist-test-slave-pxc1"
I20260608 12:51:25.787637  4615 fs_manager.cc:696] Time spent creating directory manager: real 0.004s	user 0.006s	sys 0.000s
I20260608 12:51:25.791185  5963 log_block_manager.cc:4031] Time spent loading block containers with low live blocks: real 0.000s	user 0.000s	sys 0.000s
I20260608 12:51:25.792049  4615 fs_manager.cc:730] Time spent opening block manager: real 0.002s	user 0.002s	sys 0.000s
I20260608 12:51:25.792403  4615 fs_manager.cc:647] Opened local filesystem: /tmp/dist-test-task_39W1v/test-tmp/auto_rebalancer-test.0.AutoRebalancerTest.NextLeaderResumesAutoRebalancing.1780923066020047-4615-0/minicluster-data/ts-0-root
uuid: "775ca2c8f7bf41df8c9f3b708c07a9dd"
format_stamp: "Formatted at 2026-06-08 12:51:25 on dist-test-slave-pxc1"
I20260608 12:51:25.792680  4615 fs_report.cc:389] FS layout report
--------------------
wal directory: /tmp/dist-test-task_39W1v/test-tmp/auto_rebalancer-test.0.AutoRebalancerTest.NextLeaderResumesAutoRebalancing.1780923066020047-4615-0/minicluster-data/ts-0-root
metadata directory: /tmp/dist-test-task_39W1v/test-tmp/auto_rebalancer-test.0.AutoRebalancerTest.NextLeaderResumesAutoRebalancing.1780923066020047-4615-0/minicluster-data/ts-0-root
1 data directories: /tmp/dist-test-task_39W1v/test-tmp/auto_rebalancer-test.0.AutoRebalancerTest.NextLeaderResumesAutoRebalancing.1780923066020047-4615-0/minicluster-data/ts-0-root/data
Total live blocks: 0
Total live bytes: 0
Total live bytes (after alignment): 0
Total number of LBM containers: 0 (0 full)
Did not check for missing blocks
Did not check for orphaned blocks
Total full LBM containers with extra space: 0 (0 repaired)
Total full LBM container extra space in bytes: 0 (0 repaired)
Total incomplete LBM containers: 0 (0 repaired)
Total LBM partial records: 0 (0 repaired)
Total corrupted LBM metadata records in RocksDB: 0 (0 repaired)
I20260608 12:51:25.805572  4615 rpc_server.cc:225] running with OpenSSL 1.1.1  11 Sep 2018
I20260608 12:51:25.807009  4615 kserver.cc:163] Server-wide thread pool size limit: 3276
I20260608 12:51:25.808707  4615 txn_system_client.cc:432] TxnSystemClient initialization is disabled...
I20260608 12:51:25.811272  4615 ts_tablet_manager.cc:585] Loaded tablet metadata (0 total tablets, 0 live tablets)
I20260608 12:51:25.811470  4615 ts_tablet_manager.cc:531] Time spent load tablet metadata: real 0.000s	user 0.000s	sys 0.000s
I20260608 12:51:25.811713  4615 ts_tablet_manager.cc:616] Registered 0 tablets
I20260608 12:51:25.811857  4615 ts_tablet_manager.cc:595] Time spent register tablets: real 0.000s	user 0.000s	sys 0.000s
I20260608 12:51:25.853638  4615 rpc_server.cc:307] RPC server started. Bound to: 127.4.129.193:35835
I20260608 12:51:25.853740  6025 acceptor_pool.cc:272] collecting diagnostics on the listening RPC socket 127.4.129.193:35835 every 8 connection(s)
I20260608 12:51:25.871068  4615 file_cache.cc:492] Constructed file cache file cache with capacity 419430
I20260608 12:51:25.874634  6026 heartbeater.cc:344] Connected to a master server at 127.4.129.252:36451
I20260608 12:51:25.875128  6026 heartbeater.cc:461] Registering TS with master...
I20260608 12:51:25.875880  6027 heartbeater.cc:344] Connected to a master server at 127.4.129.253:43001
I20260608 12:51:25.876102  6026 heartbeater.cc:507] Master 127.4.129.252:36451 requested a full tablet report, sending...
I20260608 12:51:25.876307  6027 heartbeater.cc:461] Registering TS with master...
I20260608 12:51:25.877208  6027 heartbeater.cc:507] Master 127.4.129.253:43001 requested a full tablet report, sending...
I20260608 12:51:25.879251  5876 ts_manager.cc:194] Registered new tserver with Master: 775ca2c8f7bf41df8c9f3b708c07a9dd (127.4.129.193:35835)
I20260608 12:51:25.880016  5811 ts_manager.cc:194] Registered new tserver with Master: 775ca2c8f7bf41df8c9f3b708c07a9dd (127.4.129.193:35835)
W20260608 12:51:25.883787  6033 instance_detector.cc:116] could not retrieve AWS instance metadata: Network error: curl error: HTTP response code said error: The requested URL returned error: 404
W20260608 12:51:25.885247  6034 instance_detector.cc:116] could not retrieve Azure instance metadata: Network error: curl error: HTTP response code said error: The requested URL returned error: 404
I20260608 12:51:25.888754  6028 heartbeater.cc:344] Connected to a master server at 127.4.129.254:36135
W20260608 12:51:25.889038  6036 instance_detector.cc:116] could not retrieve OpenStack instance metadata: Network error: curl error: HTTP response code said error: The requested URL returned error: 404
I20260608 12:51:25.889261  6028 heartbeater.cc:461] Registering TS with master...
I20260608 12:51:25.889912  4615 server_base.cc:1061] running on GCE node
I20260608 12:51:25.890319  6028 heartbeater.cc:507] Master 127.4.129.254:36135 requested a full tablet report, sending...
I20260608 12:51:25.890758  4615 hybrid_clock.cc:584] initializing the hybrid clock with 'system_unsync' time source
W20260608 12:51:25.890995  4615 system_unsync_time.cc:38] NTP support is disabled. Clock error bounds will not be accurate. This configuration is not suitable for distributed clusters.
I20260608 12:51:25.891171  4615 hybrid_clock.cc:648] HybridClock initialized: now 1780923085891153 us; error 0 us; skew 500 ppm
I20260608 12:51:25.891769  4615 server_base.cc:861] Flag tcmalloc_max_total_thread_cache_bytes is not working since tcmalloc is not enabled.
I20260608 12:51:25.893160  5746 ts_manager.cc:194] Registered new tserver with Master: 775ca2c8f7bf41df8c9f3b708c07a9dd (127.4.129.193:35835)
I20260608 12:51:25.894768  4615 webserver.cc:533] Webserver started at http://127.4.129.194:44841/ using document root <none> and password file <none>
I20260608 12:51:25.895272  4615 fs_manager.cc:362] Metadata directory not provided
I20260608 12:51:25.895438  4615 fs_manager.cc:368] Using write-ahead log directory (fs_wal_dir) as metadata directory
I20260608 12:51:25.895649  4615 server_base.cc:909] This appears to be a new deployment of Kudu; creating new FS layout
I20260608 12:51:25.896817  4615 fs_manager.cc:1068] Generated new instance metadata in path /tmp/dist-test-task_39W1v/test-tmp/auto_rebalancer-test.0.AutoRebalancerTest.NextLeaderResumesAutoRebalancing.1780923066020047-4615-0/minicluster-data/ts-1-root/instance:
uuid: "b0380e6555774bceb5ad7cbed0bdcd7a"
format_stamp: "Formatted at 2026-06-08 12:51:25 on dist-test-slave-pxc1"
I20260608 12:51:25.901414  4615 fs_manager.cc:696] Time spent creating directory manager: real 0.004s	user 0.004s	sys 0.000s
I20260608 12:51:25.905025  6041 log_block_manager.cc:4031] Time spent loading block containers with low live blocks: real 0.000s	user 0.000s	sys 0.000s
I20260608 12:51:25.905867  4615 fs_manager.cc:730] Time spent opening block manager: real 0.002s	user 0.003s	sys 0.000s
I20260608 12:51:25.906167  4615 fs_manager.cc:647] Opened local filesystem: /tmp/dist-test-task_39W1v/test-tmp/auto_rebalancer-test.0.AutoRebalancerTest.NextLeaderResumesAutoRebalancing.1780923066020047-4615-0/minicluster-data/ts-1-root
uuid: "b0380e6555774bceb5ad7cbed0bdcd7a"
format_stamp: "Formatted at 2026-06-08 12:51:25 on dist-test-slave-pxc1"
I20260608 12:51:25.906421  4615 fs_report.cc:389] FS layout report
--------------------
wal directory: /tmp/dist-test-task_39W1v/test-tmp/auto_rebalancer-test.0.AutoRebalancerTest.NextLeaderResumesAutoRebalancing.1780923066020047-4615-0/minicluster-data/ts-1-root
metadata directory: /tmp/dist-test-task_39W1v/test-tmp/auto_rebalancer-test.0.AutoRebalancerTest.NextLeaderResumesAutoRebalancing.1780923066020047-4615-0/minicluster-data/ts-1-root
1 data directories: /tmp/dist-test-task_39W1v/test-tmp/auto_rebalancer-test.0.AutoRebalancerTest.NextLeaderResumesAutoRebalancing.1780923066020047-4615-0/minicluster-data/ts-1-root/data
Total live blocks: 0
Total live bytes: 0
Total live bytes (after alignment): 0
Total number of LBM containers: 0 (0 full)
Did not check for missing blocks
Did not check for orphaned blocks
Total full LBM containers with extra space: 0 (0 repaired)
Total full LBM container extra space in bytes: 0 (0 repaired)
Total incomplete LBM containers: 0 (0 repaired)
Total LBM partial records: 0 (0 repaired)
Total corrupted LBM metadata records in RocksDB: 0 (0 repaired)
I20260608 12:51:25.922061  4615 rpc_server.cc:225] running with OpenSSL 1.1.1  11 Sep 2018
I20260608 12:51:25.923287  4615 kserver.cc:163] Server-wide thread pool size limit: 3276
I20260608 12:51:25.924605  4615 txn_system_client.cc:432] TxnSystemClient initialization is disabled...
I20260608 12:51:25.927120  5917 raft_consensus.cc:493] T 00000000000000000000000000000000 P 8a42c600523d442bafb46ab69f500f29 [term 0 FOLLOWER]: Starting pre-election (no leader contacted us within the election timeout)
I20260608 12:51:25.927553  4615 ts_tablet_manager.cc:585] Loaded tablet metadata (0 total tablets, 0 live tablets)
I20260608 12:51:25.927846  4615 ts_tablet_manager.cc:531] Time spent load tablet metadata: real 0.000s	user 0.000s	sys 0.000s
I20260608 12:51:25.927596  5917 raft_consensus.cc:515] T 00000000000000000000000000000000 P 8a42c600523d442bafb46ab69f500f29 [term 0 FOLLOWER]: Starting pre-election with config: opid_index: -1 OBSOLETE_local: false peers { permanent_uuid: "bddf9b35c0d645a3a5fb57ce8e0de374" member_type: VOTER last_known_addr { host: "127.4.129.254" port: 36135 } } peers { permanent_uuid: "8a42c600523d442bafb46ab69f500f29" member_type: VOTER last_known_addr { host: "127.4.129.253" port: 43001 } } peers { permanent_uuid: "2d8b640392c54fe28af2ad9181b71e7e" member_type: VOTER last_known_addr { host: "127.4.129.252" port: 36451 } }
I20260608 12:51:25.928112  4615 ts_tablet_manager.cc:616] Registered 0 tablets
I20260608 12:51:25.928408  4615 ts_tablet_manager.cc:595] Time spent register tablets: real 0.000s	user 0.001s	sys 0.000s
I20260608 12:51:25.929841  5917 leader_election.cc:290] T 00000000000000000000000000000000 P 8a42c600523d442bafb46ab69f500f29 [CANDIDATE]: Term 1 pre-election: Requested pre-vote from peers bddf9b35c0d645a3a5fb57ce8e0de374 (127.4.129.254:36135), 2d8b640392c54fe28af2ad9181b71e7e (127.4.129.252:36451)
I20260608 12:51:25.930596  5756 tablet_service.cc:1917] Received RequestConsensusVote() RPC: tablet_id: "00000000000000000000000000000000" candidate_uuid: "8a42c600523d442bafb46ab69f500f29" candidate_term: 1 candidate_status { last_received { term: 0 index: 0 } } ignore_live_leader: false dest_uuid: "bddf9b35c0d645a3a5fb57ce8e0de374" is_pre_election: true
I20260608 12:51:25.930895  5886 tablet_service.cc:1917] Received RequestConsensusVote() RPC: tablet_id: "00000000000000000000000000000000" candidate_uuid: "8a42c600523d442bafb46ab69f500f29" candidate_term: 1 candidate_status { last_received { term: 0 index: 0 } } ignore_live_leader: false dest_uuid: "2d8b640392c54fe28af2ad9181b71e7e" is_pre_election: true
I20260608 12:51:25.931303  5756 raft_consensus.cc:2468] T 00000000000000000000000000000000 P bddf9b35c0d645a3a5fb57ce8e0de374 [term 0 FOLLOWER]: Leader pre-election vote request: Granting yes vote for candidate 8a42c600523d442bafb46ab69f500f29 in term 0.
I20260608 12:51:25.931460  5886 raft_consensus.cc:2468] T 00000000000000000000000000000000 P 2d8b640392c54fe28af2ad9181b71e7e [term 0 FOLLOWER]: Leader pre-election vote request: Granting yes vote for candidate 8a42c600523d442bafb46ab69f500f29 in term 0.
I20260608 12:51:25.932700  5795 leader_election.cc:304] T 00000000000000000000000000000000 P 8a42c600523d442bafb46ab69f500f29 [CANDIDATE]: Term 1 pre-election: Election decided. Result: candidate won. Election summary: received 2 responses out of 3 voters: 2 yes votes; 0 no votes. yes voters: 8a42c600523d442bafb46ab69f500f29, bddf9b35c0d645a3a5fb57ce8e0de374; no voters: 
I20260608 12:51:25.933529  5917 raft_consensus.cc:2804] T 00000000000000000000000000000000 P 8a42c600523d442bafb46ab69f500f29 [term 0 FOLLOWER]: Leader pre-election won for term 1
I20260608 12:51:25.933815  5917 raft_consensus.cc:493] T 00000000000000000000000000000000 P 8a42c600523d442bafb46ab69f500f29 [term 0 FOLLOWER]: Starting leader election (no leader contacted us within the election timeout)
I20260608 12:51:25.934075  5917 raft_consensus.cc:3060] T 00000000000000000000000000000000 P 8a42c600523d442bafb46ab69f500f29 [term 0 FOLLOWER]: Advancing to term 1
I20260608 12:51:25.939424  5917 raft_consensus.cc:515] T 00000000000000000000000000000000 P 8a42c600523d442bafb46ab69f500f29 [term 1 FOLLOWER]: Starting leader election with config: opid_index: -1 OBSOLETE_local: false peers { permanent_uuid: "bddf9b35c0d645a3a5fb57ce8e0de374" member_type: VOTER last_known_addr { host: "127.4.129.254" port: 36135 } } peers { permanent_uuid: "8a42c600523d442bafb46ab69f500f29" member_type: VOTER last_known_addr { host: "127.4.129.253" port: 43001 } } peers { permanent_uuid: "2d8b640392c54fe28af2ad9181b71e7e" member_type: VOTER last_known_addr { host: "127.4.129.252" port: 36451 } }
I20260608 12:51:25.942651  5756 tablet_service.cc:1917] Received RequestConsensusVote() RPC: tablet_id: "00000000000000000000000000000000" candidate_uuid: "8a42c600523d442bafb46ab69f500f29" candidate_term: 1 candidate_status { last_received { term: 0 index: 0 } } ignore_live_leader: false dest_uuid: "bddf9b35c0d645a3a5fb57ce8e0de374"
I20260608 12:51:25.943159  5886 tablet_service.cc:1917] Received RequestConsensusVote() RPC: tablet_id: "00000000000000000000000000000000" candidate_uuid: "8a42c600523d442bafb46ab69f500f29" candidate_term: 1 candidate_status { last_received { term: 0 index: 0 } } ignore_live_leader: false dest_uuid: "2d8b640392c54fe28af2ad9181b71e7e"
I20260608 12:51:25.943312  5756 raft_consensus.cc:3060] T 00000000000000000000000000000000 P bddf9b35c0d645a3a5fb57ce8e0de374 [term 0 FOLLOWER]: Advancing to term 1
I20260608 12:51:25.943729  5886 raft_consensus.cc:3060] T 00000000000000000000000000000000 P 2d8b640392c54fe28af2ad9181b71e7e [term 0 FOLLOWER]: Advancing to term 1
I20260608 12:51:25.944263  5917 leader_election.cc:290] T 00000000000000000000000000000000 P 8a42c600523d442bafb46ab69f500f29 [CANDIDATE]: Term 1 election: Requested vote from peers bddf9b35c0d645a3a5fb57ce8e0de374 (127.4.129.254:36135), 2d8b640392c54fe28af2ad9181b71e7e (127.4.129.252:36451)
I20260608 12:51:25.948673  5886 raft_consensus.cc:2468] T 00000000000000000000000000000000 P 2d8b640392c54fe28af2ad9181b71e7e [term 1 FOLLOWER]: Leader election vote request: Granting yes vote for candidate 8a42c600523d442bafb46ab69f500f29 in term 1.
I20260608 12:51:25.948717  5756 raft_consensus.cc:2468] T 00000000000000000000000000000000 P bddf9b35c0d645a3a5fb57ce8e0de374 [term 1 FOLLOWER]: Leader election vote request: Granting yes vote for candidate 8a42c600523d442bafb46ab69f500f29 in term 1.
I20260608 12:51:25.950099  5795 leader_election.cc:304] T 00000000000000000000000000000000 P 8a42c600523d442bafb46ab69f500f29 [CANDIDATE]: Term 1 election: Election decided. Result: candidate won. Election summary: received 2 responses out of 3 voters: 2 yes votes; 0 no votes. yes voters: 8a42c600523d442bafb46ab69f500f29, bddf9b35c0d645a3a5fb57ce8e0de374; no voters: 
I20260608 12:51:25.951354  5917 raft_consensus.cc:2804] T 00000000000000000000000000000000 P 8a42c600523d442bafb46ab69f500f29 [term 1 FOLLOWER]: Leader election won for term 1
I20260608 12:51:25.952744  5917 raft_consensus.cc:697] T 00000000000000000000000000000000 P 8a42c600523d442bafb46ab69f500f29 [term 1 LEADER]: Becoming Leader. State: Replica: 8a42c600523d442bafb46ab69f500f29, State: Running, Role: LEADER
I20260608 12:51:25.953734  5917 consensus_queue.cc:237] T 00000000000000000000000000000000 P 8a42c600523d442bafb46ab69f500f29 [LEADER]: Queue going to LEADER mode. State: All replicated index: 0, Majority replicated index: 0, Committed index: 0, Last appended: 0.0, Last appended by leader: 0, Current term: 1, Majority size: 2, State: 0, Mode: LEADER, active raft config: opid_index: -1 OBSOLETE_local: false peers { permanent_uuid: "bddf9b35c0d645a3a5fb57ce8e0de374" member_type: VOTER last_known_addr { host: "127.4.129.254" port: 36135 } } peers { permanent_uuid: "8a42c600523d442bafb46ab69f500f29" member_type: VOTER last_known_addr { host: "127.4.129.253" port: 43001 } } peers { permanent_uuid: "2d8b640392c54fe28af2ad9181b71e7e" member_type: VOTER last_known_addr { host: "127.4.129.252" port: 36451 } }
I20260608 12:51:25.960019  6061 sys_catalog.cc:455] T 00000000000000000000000000000000 P 8a42c600523d442bafb46ab69f500f29 [sys.catalog]: SysCatalogTable state changed. Reason: New leader 8a42c600523d442bafb46ab69f500f29. Latest consensus state: current_term: 1 leader_uuid: "8a42c600523d442bafb46ab69f500f29" committed_config { opid_index: -1 OBSOLETE_local: false peers { permanent_uuid: "bddf9b35c0d645a3a5fb57ce8e0de374" member_type: VOTER last_known_addr { host: "127.4.129.254" port: 36135 } } peers { permanent_uuid: "8a42c600523d442bafb46ab69f500f29" member_type: VOTER last_known_addr { host: "127.4.129.253" port: 43001 } } peers { permanent_uuid: "2d8b640392c54fe28af2ad9181b71e7e" member_type: VOTER last_known_addr { host: "127.4.129.252" port: 36451 } } }
I20260608 12:51:25.960892  6061 sys_catalog.cc:458] T 00000000000000000000000000000000 P 8a42c600523d442bafb46ab69f500f29 [sys.catalog]: This master's current role is: LEADER
I20260608 12:51:25.963006  6076 catalog_manager.cc:1510] Loading table and tablet metadata into memory...
I20260608 12:51:25.970330  6076 catalog_manager.cc:1519] Initializing Kudu cluster ID...
I20260608 12:51:25.980791  5886 raft_consensus.cc:1275] T 00000000000000000000000000000000 P 2d8b640392c54fe28af2ad9181b71e7e [term 1 FOLLOWER]: Refusing update from remote peer 8a42c600523d442bafb46ab69f500f29: Log matching property violated. Preceding OpId in replica: term: 0 index: 0. Preceding OpId from leader: term: 1 index: 2. (index mismatch)
I20260608 12:51:25.980808  5756 raft_consensus.cc:1275] T 00000000000000000000000000000000 P bddf9b35c0d645a3a5fb57ce8e0de374 [term 1 FOLLOWER]: Refusing update from remote peer 8a42c600523d442bafb46ab69f500f29: Log matching property violated. Preceding OpId in replica: term: 0 index: 0. Preceding OpId from leader: term: 1 index: 2. (index mismatch)
I20260608 12:51:25.982769  5917 consensus_queue.cc:1048] T 00000000000000000000000000000000 P 8a42c600523d442bafb46ab69f500f29 [LEADER]: Connected to new peer: Peer: permanent_uuid: "2d8b640392c54fe28af2ad9181b71e7e" member_type: VOTER last_known_addr { host: "127.4.129.252" port: 36451 }, Status: LMP_MISMATCH, Last received: 0.0, Next index: 1, Last known committed idx: 0, Time since last communication: 0.000s
I20260608 12:51:25.983453  6061 consensus_queue.cc:1048] T 00000000000000000000000000000000 P 8a42c600523d442bafb46ab69f500f29 [LEADER]: Connected to new peer: Peer: permanent_uuid: "bddf9b35c0d645a3a5fb57ce8e0de374" member_type: VOTER last_known_addr { host: "127.4.129.254" port: 36135 }, Status: LMP_MISMATCH, Last received: 0.0, Next index: 1, Last known committed idx: 0, Time since last communication: 0.000s
I20260608 12:51:25.994642  5923 sys_catalog.cc:455] T 00000000000000000000000000000000 P 2d8b640392c54fe28af2ad9181b71e7e [sys.catalog]: SysCatalogTable state changed. Reason: New leader 8a42c600523d442bafb46ab69f500f29. Latest consensus state: current_term: 1 leader_uuid: "8a42c600523d442bafb46ab69f500f29" committed_config { opid_index: -1 OBSOLETE_local: false peers { permanent_uuid: "bddf9b35c0d645a3a5fb57ce8e0de374" member_type: VOTER last_known_addr { host: "127.4.129.254" port: 36135 } } peers { permanent_uuid: "8a42c600523d442bafb46ab69f500f29" member_type: VOTER last_known_addr { host: "127.4.129.253" port: 43001 } } peers { permanent_uuid: "2d8b640392c54fe28af2ad9181b71e7e" member_type: VOTER last_known_addr { host: "127.4.129.252" port: 36451 } } }
I20260608 12:51:25.995482  5923 sys_catalog.cc:458] T 00000000000000000000000000000000 P 2d8b640392c54fe28af2ad9181b71e7e [sys.catalog]: This master's current role is: FOLLOWER
I20260608 12:51:25.996892  4615 rpc_server.cc:307] RPC server started. Bound to: 127.4.129.194:43255
I20260608 12:51:25.997112  6110 acceptor_pool.cc:272] collecting diagnostics on the listening RPC socket 127.4.129.194:43255 every 8 connection(s)
