I20260608 12:52:27.625911  8225 raft_consensus.cc:2955] T 43af2fb878dc405faebf8962a14b9a7e P 525e2b35de7f450593aa004fae4699f7 [term 3 FOLLOWER]: Committing config change with OpId 3.5: config changed from index 2 to 5, edd5d6f950b44d259e62a88d571afc36 (127.4.248.132) changed from NON_VOTER to VOTER. New config: { opid_index: 5 OBSOLETE_local: false peers { permanent_uuid: "149a812463094978b73a977ecd690a36" member_type: VOTER last_known_addr { host: "127.4.248.129" port: 39359 } attrs { replace: true } } peers { permanent_uuid: "680a38e9803e4ab7ba58199527d49433" member_type: VOTER last_known_addr { host: "127.4.248.130" port: 32827 } } peers { permanent_uuid: "525e2b35de7f450593aa004fae4699f7" member_type: VOTER last_known_addr { host: "127.4.248.131" port: 46157 } } peers { permanent_uuid: "edd5d6f950b44d259e62a88d571afc36" member_type: VOTER last_known_addr { host: "127.4.248.132" port: 35775 } attrs { promote: false } } }
I20260608 12:52:27.627777  7973 catalog_manager.cc:5696] T 43af2fb878dc405faebf8962a14b9a7e P 680a38e9803e4ab7ba58199527d49433 reported cstate change: config changed from index 2 to 5, edd5d6f950b44d259e62a88d571afc36 (127.4.248.132) changed from NON_VOTER to VOTER. New cstate: current_term: 3 leader_uuid: "680a38e9803e4ab7ba58199527d49433" committed_config { opid_index: 5 OBSOLETE_local: false peers { permanent_uuid: "149a812463094978b73a977ecd690a36" member_type: VOTER last_known_addr { host: "127.4.248.129" port: 39359 } attrs { replace: true } health_report { overall_health: HEALTHY } } peers { permanent_uuid: "680a38e9803e4ab7ba58199527d49433" member_type: VOTER last_known_addr { host: "127.4.248.130" port: 32827 } health_report { overall_health: HEALTHY } } peers { permanent_uuid: "525e2b35de7f450593aa004fae4699f7" member_type: VOTER last_known_addr { host: "127.4.248.131" port: 46157 } health_report { overall_health: UNKNOWN } } peers { permanent_uuid: "edd5d6f950b44d259e62a88d571afc36" member_type: VOTER last_known_addr { host: "127.4.248.132" port: 35775 } attrs { promote: false } health_report { overall_health: HEALTHY } } }
I20260608 12:52:27.655951  8150 consensus_queue.cc:237] T 43af2fb878dc405faebf8962a14b9a7e P 680a38e9803e4ab7ba58199527d49433 [LEADER]: Queue going to LEADER mode. State: All replicated index: 0, Majority replicated index: 5, Committed index: 5, Last appended: 3.5, Last appended by leader: 3, Current term: 3, Majority size: 2, State: 0, Mode: LEADER, active raft config: opid_index: 6 OBSOLETE_local: false peers { permanent_uuid: "680a38e9803e4ab7ba58199527d49433" member_type: VOTER last_known_addr { host: "127.4.248.130" port: 32827 } } peers { permanent_uuid: "525e2b35de7f450593aa004fae4699f7" member_type: VOTER last_known_addr { host: "127.4.248.131" port: 46157 } } peers { permanent_uuid: "edd5d6f950b44d259e62a88d571afc36" member_type: VOTER last_known_addr { host: "127.4.248.132" port: 35775 } attrs { promote: false } }
I20260608 12:52:27.661240  8372 raft_consensus.cc:1275] T 43af2fb878dc405faebf8962a14b9a7e P edd5d6f950b44d259e62a88d571afc36 [term 3 FOLLOWER]: Refusing update from remote peer 680a38e9803e4ab7ba58199527d49433: Log matching property violated. Preceding OpId in replica: term: 3 index: 5. Preceding OpId from leader: term: 3 index: 6. (index mismatch)
I20260608 12:52:27.661317  8226 raft_consensus.cc:1275] T 43af2fb878dc405faebf8962a14b9a7e P 525e2b35de7f450593aa004fae4699f7 [term 3 FOLLOWER]: Refusing update from remote peer 680a38e9803e4ab7ba58199527d49433: Log matching property violated. Preceding OpId in replica: term: 3 index: 5. Preceding OpId from leader: term: 3 index: 6. (index mismatch)
I20260608 12:52:27.662983  8575 consensus_queue.cc:1048] T 43af2fb878dc405faebf8962a14b9a7e P 680a38e9803e4ab7ba58199527d49433 [LEADER]: Connected to new peer: Peer: permanent_uuid: "525e2b35de7f450593aa004fae4699f7" member_type: VOTER last_known_addr { host: "127.4.248.131" port: 46157 }, Status: LMP_MISMATCH, Last received: 0.0, Next index: 6, Last known committed idx: 5, Time since last communication: 0.000s
I20260608 12:52:27.664016  8468 consensus_queue.cc:1048] T 43af2fb878dc405faebf8962a14b9a7e P 680a38e9803e4ab7ba58199527d49433 [LEADER]: Connected to new peer: Peer: permanent_uuid: "edd5d6f950b44d259e62a88d571afc36" member_type: VOTER last_known_addr { host: "127.4.248.132" port: 35775 } attrs { promote: false }, Status: LMP_MISMATCH, Last received: 0.0, Next index: 6, Last known committed idx: 5, Time since last communication: 0.000s
I20260608 12:52:27.671042  8575 raft_consensus.cc:2955] T 43af2fb878dc405faebf8962a14b9a7e P 680a38e9803e4ab7ba58199527d49433 [term 3 LEADER]: Committing config change with OpId 3.6: config changed from index 5 to 6, VOTER 149a812463094978b73a977ecd690a36 (127.4.248.129) evicted. New config: { opid_index: 6 OBSOLETE_local: false peers { permanent_uuid: "680a38e9803e4ab7ba58199527d49433" member_type: VOTER last_known_addr { host: "127.4.248.130" port: 32827 } } peers { permanent_uuid: "525e2b35de7f450593aa004fae4699f7" member_type: VOTER last_known_addr { host: "127.4.248.131" port: 46157 } } peers { permanent_uuid: "edd5d6f950b44d259e62a88d571afc36" member_type: VOTER last_known_addr { host: "127.4.248.132" port: 35775 } attrs { promote: false } } }
I20260608 12:52:27.672961  8226 raft_consensus.cc:2955] T 43af2fb878dc405faebf8962a14b9a7e P 525e2b35de7f450593aa004fae4699f7 [term 3 FOLLOWER]: Committing config change with OpId 3.6: config changed from index 5 to 6, VOTER 149a812463094978b73a977ecd690a36 (127.4.248.129) evicted. New config: { opid_index: 6 OBSOLETE_local: false peers { permanent_uuid: "680a38e9803e4ab7ba58199527d49433" member_type: VOTER last_known_addr { host: "127.4.248.130" port: 32827 } } peers { permanent_uuid: "525e2b35de7f450593aa004fae4699f7" member_type: VOTER last_known_addr { host: "127.4.248.131" port: 46157 } } peers { permanent_uuid: "edd5d6f950b44d259e62a88d571afc36" member_type: VOTER last_known_addr { host: "127.4.248.132" port: 35775 } attrs { promote: false } } }
I20260608 12:52:27.673983  8372 raft_consensus.cc:2955] T 43af2fb878dc405faebf8962a14b9a7e P edd5d6f950b44d259e62a88d571afc36 [term 3 FOLLOWER]: Committing config change with OpId 3.6: config changed from index 5 to 6, VOTER 149a812463094978b73a977ecd690a36 (127.4.248.129) evicted. New config: { opid_index: 6 OBSOLETE_local: false peers { permanent_uuid: "680a38e9803e4ab7ba58199527d49433" member_type: VOTER last_known_addr { host: "127.4.248.130" port: 32827 } } peers { permanent_uuid: "525e2b35de7f450593aa004fae4699f7" member_type: VOTER last_known_addr { host: "127.4.248.131" port: 46157 } } peers { permanent_uuid: "edd5d6f950b44d259e62a88d571afc36" member_type: VOTER last_known_addr { host: "127.4.248.132" port: 35775 } attrs { promote: false } } }
I20260608 12:52:27.678532  7962 catalog_manager.cc:5209] ChangeConfig:REMOVE_PEER RPC for tablet 43af2fb878dc405faebf8962a14b9a7e with cas_config_opid_index 5: ChangeConfig:REMOVE_PEER succeeded (attempt 1)
I20260608 12:52:27.682804  7975 catalog_manager.cc:5696] T 43af2fb878dc405faebf8962a14b9a7e P 680a38e9803e4ab7ba58199527d49433 reported cstate change: config changed from index 5 to 6, VOTER 149a812463094978b73a977ecd690a36 (127.4.248.129) evicted. New cstate: current_term: 3 leader_uuid: "680a38e9803e4ab7ba58199527d49433" committed_config { opid_index: 6 OBSOLETE_local: false peers { permanent_uuid: "680a38e9803e4ab7ba58199527d49433" member_type: VOTER last_known_addr { host: "127.4.248.130" port: 32827 } health_report { overall_health: HEALTHY } } peers { permanent_uuid: "525e2b35de7f450593aa004fae4699f7" member_type: VOTER last_known_addr { host: "127.4.248.131" port: 46157 } health_report { overall_health: HEALTHY } } peers { permanent_uuid: "edd5d6f950b44d259e62a88d571afc36" member_type: VOTER last_known_addr { host: "127.4.248.132" port: 35775 } attrs { promote: false } health_report { overall_health: HEALTHY } } }
I20260608 12:52:27.695124  8063 tablet_service.cc:1558] Processing DeleteTablet for tablet 43af2fb878dc405faebf8962a14b9a7e with delete_type TABLET_DATA_TOMBSTONED (TS 149a812463094978b73a977ecd690a36 not found in new config with opid_index 6) from {username='slave'} at 127.0.0.1:43276
I20260608 12:52:27.697242  8606 tablet_replica.cc:333] T 43af2fb878dc405faebf8962a14b9a7e P 149a812463094978b73a977ecd690a36: stopping tablet replica
I20260608 12:52:27.698396  8606 raft_consensus.cc:2243] T 43af2fb878dc405faebf8962a14b9a7e P 149a812463094978b73a977ecd690a36 [term 3 FOLLOWER]: Raft consensus shutting down.
I20260608 12:52:27.699280  8606 raft_consensus.cc:2272] T 43af2fb878dc405faebf8962a14b9a7e P 149a812463094978b73a977ecd690a36 [term 3 FOLLOWER]: Raft consensus is shut down!
I20260608 12:52:27.702198  8606 ts_tablet_manager.cc:1916] T 43af2fb878dc405faebf8962a14b9a7e P 149a812463094978b73a977ecd690a36: Deleting tablet data with delete state TABLET_DATA_TOMBSTONED
I20260608 12:52:27.714280  8606 ts_tablet_manager.cc:1929] T 43af2fb878dc405faebf8962a14b9a7e P 149a812463094978b73a977ecd690a36: tablet deleted with delete type TABLET_DATA_TOMBSTONED: last-logged OpId 3.5
I20260608 12:52:27.714696  8606 log.cc:1199] T 43af2fb878dc405faebf8962a14b9a7e P 149a812463094978b73a977ecd690a36: Deleting WAL directory at /tmp/dist-test-taskhkoBJT/test-tmp/auto_rebalancer-test.0.AutoRebalancerTest.RangeAwareRebalancesNewRangeReplicas.1780923060965796-5090-0/minicluster-data/ts-0-root/wals/43af2fb878dc405faebf8962a14b9a7e
I20260608 12:52:27.716356  7962 catalog_manager.cc:5027] TS 149a812463094978b73a977ecd690a36 (127.4.248.129:39359): tablet 43af2fb878dc405faebf8962a14b9a7e (table range_aware_rebalance_new_range [id=e476d77c754c4d519ad17da9e37cedbc]) successfully deleted
I20260608 12:52:27.985425  8028 auto_leader_rebalancer.cc:140] leader rebalance for table range_aware_rebalance_new_range
I20260608 12:52:28.006129  8226 tablet_service.cc:2072] Received LeaderStepDown RPC: tablet_id: "7323893535884a3b8fa7bc4d3fa9c1c4"
dest_uuid: "525e2b35de7f450593aa004fae4699f7"
mode: GRACEFUL
new_leader_uuid: "edd5d6f950b44d259e62a88d571afc36"
 from {username='slave'} at 127.0.0.1:40574
I20260608 12:52:28.007278  8226 raft_consensus.cc:606] T 7323893535884a3b8fa7bc4d3fa9c1c4 P 525e2b35de7f450593aa004fae4699f7 [term 3 LEADER]: Received request to transfer leadership to TS edd5d6f950b44d259e62a88d571afc36
W20260608 12:52:28.293789  8192 outbound_call.cc:321] RPC callback for RPC call kudu.consensus.ConsensusService.UpdateConsensus -> {remote=127.4.248.130:32827, user_credentials={real_user=slave}} blocked reactor thread for 56224us
I20260608 12:52:28.451622  8601 raft_consensus.cc:993] T 7323893535884a3b8fa7bc4d3fa9c1c4 P 525e2b35de7f450593aa004fae4699f7: : Instructing follower edd5d6f950b44d259e62a88d571afc36 to start an election
I20260608 12:52:28.454828  8601 raft_consensus.cc:1081] T 7323893535884a3b8fa7bc4d3fa9c1c4 P 525e2b35de7f450593aa004fae4699f7 [term 3 LEADER]: Signalling peer edd5d6f950b44d259e62a88d571afc36 to start an election
I20260608 12:52:29.070501  8374 tablet_service.cc:2044] Received Run Leader Election RPC: tablet_id: "7323893535884a3b8fa7bc4d3fa9c1c4"
dest_uuid: "edd5d6f950b44d259e62a88d571afc36"
 from {username='slave'} at 127.0.0.1:35660
I20260608 12:52:29.071167  8374 raft_consensus.cc:493] T 7323893535884a3b8fa7bc4d3fa9c1c4 P edd5d6f950b44d259e62a88d571afc36 [term 3 FOLLOWER]: Starting forced leader election (received explicit request)
I20260608 12:52:29.071700  8374 raft_consensus.cc:3060] T 7323893535884a3b8fa7bc4d3fa9c1c4 P edd5d6f950b44d259e62a88d571afc36 [term 3 FOLLOWER]: Advancing to term 4
I20260608 12:52:29.079564  8374 raft_consensus.cc:515] T 7323893535884a3b8fa7bc4d3fa9c1c4 P edd5d6f950b44d259e62a88d571afc36 [term 4 FOLLOWER]: Starting forced leader election with config: opid_index: 5 OBSOLETE_local: false peers { permanent_uuid: "149a812463094978b73a977ecd690a36" member_type: VOTER last_known_addr { host: "127.4.248.129" port: 39359 } attrs { replace: true } } peers { permanent_uuid: "680a38e9803e4ab7ba58199527d49433" member_type: VOTER last_known_addr { host: "127.4.248.130" port: 32827 } } peers { permanent_uuid: "525e2b35de7f450593aa004fae4699f7" member_type: VOTER last_known_addr { host: "127.4.248.131" port: 46157 } } peers { permanent_uuid: "edd5d6f950b44d259e62a88d571afc36" member_type: VOTER last_known_addr { host: "127.4.248.132" port: 35775 } attrs { promote: false } }
I20260608 12:52:29.087040  8372 raft_consensus.cc:1240] T 7323893535884a3b8fa7bc4d3fa9c1c4 P edd5d6f950b44d259e62a88d571afc36 [term 4 FOLLOWER]: Rejecting Update request from peer 525e2b35de7f450593aa004fae4699f7 for earlier term 3. Current term is 4. Ops: []
I20260608 12:52:29.089543  8374 leader_election.cc:290] T 7323893535884a3b8fa7bc4d3fa9c1c4 P edd5d6f950b44d259e62a88d571afc36 [CANDIDATE]: Term 4 election: Requested vote from peers 149a812463094978b73a977ecd690a36 (127.4.248.129:39359), 680a38e9803e4ab7ba58199527d49433 (127.4.248.130:32827), 525e2b35de7f450593aa004fae4699f7 (127.4.248.131:46157)
I20260608 12:52:29.091454  8150 tablet_service.cc:1917] Received RequestConsensusVote() RPC: tablet_id: "7323893535884a3b8fa7bc4d3fa9c1c4" candidate_uuid: "edd5d6f950b44d259e62a88d571afc36" candidate_term: 4 candidate_status { last_received { term: 3 index: 5 } } ignore_live_leader: true dest_uuid: "680a38e9803e4ab7ba58199527d49433"
I20260608 12:52:29.091454  8076 tablet_service.cc:1917] Received RequestConsensusVote() RPC: tablet_id: "7323893535884a3b8fa7bc4d3fa9c1c4" candidate_uuid: "edd5d6f950b44d259e62a88d571afc36" candidate_term: 4 candidate_status { last_received { term: 3 index: 5 } } ignore_live_leader: true dest_uuid: "149a812463094978b73a977ecd690a36"
I20260608 12:52:29.092808  8076 raft_consensus.cc:3060] T 7323893535884a3b8fa7bc4d3fa9c1c4 P 149a812463094978b73a977ecd690a36 [term 3 FOLLOWER]: Advancing to term 4
I20260608 12:52:29.098747  8150 raft_consensus.cc:3060] T 7323893535884a3b8fa7bc4d3fa9c1c4 P 680a38e9803e4ab7ba58199527d49433 [term 3 FOLLOWER]: Advancing to term 4
I20260608 12:52:29.104841  8076 raft_consensus.cc:2468] T 7323893535884a3b8fa7bc4d3fa9c1c4 P 149a812463094978b73a977ecd690a36 [term 4 FOLLOWER]: Leader election vote request: Granting yes vote for candidate edd5d6f950b44d259e62a88d571afc36 in term 4.
W20260608 12:52:29.153937  8192 outbound_call.cc:321] RPC callback for RPC call kudu.consensus.ConsensusService.UpdateConsensus -> {remote=127.4.248.130:32827, user_credentials={real_user=slave}} blocked reactor thread for 66039.7us
I20260608 12:52:29.155406  8152 tablet_service.cc:2072] Received LeaderStepDown RPC: tablet_id: "acab437bc17647539673449ec3cf6e17"
dest_uuid: "680a38e9803e4ab7ba58199527d49433"
mode: GRACEFUL
new_leader_uuid: "edd5d6f950b44d259e62a88d571afc36"
 from {username='slave'} at 127.0.0.1:38524
I20260608 12:52:29.160012  8222 tablet_service.cc:1917] Received RequestConsensusVote() RPC: tablet_id: "7323893535884a3b8fa7bc4d3fa9c1c4" candidate_uuid: "edd5d6f950b44d259e62a88d571afc36" candidate_term: 4 candidate_status { last_received { term: 3 index: 5 } } ignore_live_leader: true dest_uuid: "525e2b35de7f450593aa004fae4699f7"
I20260608 12:52:29.161782  8151 consensus_queue.cc:237] T f98d20e63d1d48dd9afee486246b7c55 P 680a38e9803e4ab7ba58199527d49433 [LEADER]: Queue going to LEADER mode. State: All replicated index: 0, Majority replicated index: 1, Committed index: 1, Last appended: 1.1, Last appended by leader: 0, Current term: 1, Majority size: 2, State: 0, Mode: LEADER, active raft config: opid_index: 2 OBSOLETE_local: false peers { permanent_uuid: "edd5d6f950b44d259e62a88d571afc36" member_type: VOTER last_known_addr { host: "127.4.248.132" port: 35775 } attrs { replace: true } } peers { permanent_uuid: "149a812463094978b73a977ecd690a36" member_type: VOTER last_known_addr { host: "127.4.248.129" port: 39359 } } peers { permanent_uuid: "680a38e9803e4ab7ba58199527d49433" member_type: VOTER last_known_addr { host: "127.4.248.130" port: 32827 } } peers { permanent_uuid: "525e2b35de7f450593aa004fae4699f7" member_type: NON_VOTER last_known_addr { host: "127.4.248.131" port: 46157 } attrs { promote: true } }
I20260608 12:52:29.178076  8152 raft_consensus.cc:606] T acab437bc17647539673449ec3cf6e17 P 680a38e9803e4ab7ba58199527d49433 [term 1 LEADER]: Received request to transfer leadership to TS edd5d6f950b44d259e62a88d571afc36
I20260608 12:52:29.169339  8618 consensus_queue.cc:1059] T 7323893535884a3b8fa7bc4d3fa9c1c4 P 525e2b35de7f450593aa004fae4699f7 [LEADER]: Peer responded invalid term: Peer: permanent_uuid: "edd5d6f950b44d259e62a88d571afc36" member_type: VOTER last_known_addr { host: "127.4.248.132" port: 35775 } attrs { promote: false }, Status: INVALID_TERM, Last received: 3.5, Next index: 6, Last known committed idx: 5, Time since last communication: 0.000s
I20260608 12:52:29.181586  8222 raft_consensus.cc:3055] T 7323893535884a3b8fa7bc4d3fa9c1c4 P 525e2b35de7f450593aa004fae4699f7 [term 3 LEADER]: Stepping down as leader of term 3
I20260608 12:52:29.182016  8222 raft_consensus.cc:740] T 7323893535884a3b8fa7bc4d3fa9c1c4 P 525e2b35de7f450593aa004fae4699f7 [term 3 LEADER]: Becoming Follower/Learner. State: Replica: 525e2b35de7f450593aa004fae4699f7, State: Running, Role: LEADER
I20260608 12:52:29.184159  8150 raft_consensus.cc:2468] T 7323893535884a3b8fa7bc4d3fa9c1c4 P 680a38e9803e4ab7ba58199527d49433 [term 4 FOLLOWER]: Leader election vote request: Granting yes vote for candidate edd5d6f950b44d259e62a88d571afc36 in term 4.
I20260608 12:52:29.184266  8222 consensus_queue.cc:260] T 7323893535884a3b8fa7bc4d3fa9c1c4 P 525e2b35de7f450593aa004fae4699f7 [NON_LEADER]: Queue going to NON_LEADER mode. State: All replicated index: 0, Majority replicated index: 5, Committed index: 5, Last appended: 3.5, Last appended by leader: 5, Current term: 3, Majority size: -1, State: 0, Mode: NON_LEADER, active raft config: opid_index: 5 OBSOLETE_local: false peers { permanent_uuid: "149a812463094978b73a977ecd690a36" member_type: VOTER last_known_addr { host: "127.4.248.129" port: 39359 } attrs { replace: true } } peers { permanent_uuid: "680a38e9803e4ab7ba58199527d49433" member_type: VOTER last_known_addr { host: "127.4.248.130" port: 32827 } } peers { permanent_uuid: "525e2b35de7f450593aa004fae4699f7" member_type: VOTER last_known_addr { host: "127.4.248.131" port: 46157 } } peers { permanent_uuid: "edd5d6f950b44d259e62a88d571afc36" member_type: VOTER last_known_addr { host: "127.4.248.132" port: 35775 } attrs { promote: false } }
I20260608 12:52:29.185653  8342 leader_election.cc:304] T 7323893535884a3b8fa7bc4d3fa9c1c4 P edd5d6f950b44d259e62a88d571afc36 [CANDIDATE]: Term 4 election: Election decided. Result: candidate won. Election summary: received 3 responses out of 4 voters: 3 yes votes; 0 no votes. yes voters: 149a812463094978b73a977ecd690a36, 680a38e9803e4ab7ba58199527d49433, edd5d6f950b44d259e62a88d571afc36; no voters: 
I20260608 12:52:29.186558  8222 raft_consensus.cc:3060] T 7323893535884a3b8fa7bc4d3fa9c1c4 P 525e2b35de7f450593aa004fae4699f7 [term 3 FOLLOWER]: Advancing to term 4
I20260608 12:52:29.187068  8619 raft_consensus.cc:2804] T 7323893535884a3b8fa7bc4d3fa9c1c4 P edd5d6f950b44d259e62a88d571afc36 [term 4 FOLLOWER]: Leader election won for term 4
I20260608 12:52:29.187704  8619 raft_consensus.cc:697] T 7323893535884a3b8fa7bc4d3fa9c1c4 P edd5d6f950b44d259e62a88d571afc36 [term 4 LEADER]: Becoming Leader. State: Replica: edd5d6f950b44d259e62a88d571afc36, State: Running, Role: LEADER
I20260608 12:52:29.188762  8619 consensus_queue.cc:237] T 7323893535884a3b8fa7bc4d3fa9c1c4 P edd5d6f950b44d259e62a88d571afc36 [LEADER]: Queue going to LEADER mode. State: All replicated index: 0, Majority replicated index: 5, Committed index: 5, Last appended: 3.5, Last appended by leader: 5, Current term: 4, Majority size: 3, State: 0, Mode: LEADER, active raft config: opid_index: 5 OBSOLETE_local: false peers { permanent_uuid: "149a812463094978b73a977ecd690a36" member_type: VOTER last_known_addr { host: "127.4.248.129" port: 39359 } attrs { replace: true } } peers { permanent_uuid: "680a38e9803e4ab7ba58199527d49433" member_type: VOTER last_known_addr { host: "127.4.248.130" port: 32827 } } peers { permanent_uuid: "525e2b35de7f450593aa004fae4699f7" member_type: VOTER last_known_addr { host: "127.4.248.131" port: 46157 } } peers { permanent_uuid: "edd5d6f950b44d259e62a88d571afc36" member_type: VOTER last_known_addr { host: "127.4.248.132" port: 35775 } attrs { promote: false } }
I20260608 12:52:29.190721  8226 tablet_service.cc:2072] Received LeaderStepDown RPC: tablet_id: "e4d2ff0925ec48798c2eb526f4108acc"
dest_uuid: "525e2b35de7f450593aa004fae4699f7"
mode: GRACEFUL
new_leader_uuid: "edd5d6f950b44d259e62a88d571afc36"
 from {username='slave'} at 127.0.0.1:40574
I20260608 12:52:29.191764  8226 raft_consensus.cc:606] T e4d2ff0925ec48798c2eb526f4108acc P 525e2b35de7f450593aa004fae4699f7 [term 1 LEADER]: Received request to transfer leadership to TS edd5d6f950b44d259e62a88d571afc36
I20260608 12:52:29.194603  8028 auto_leader_rebalancer.cc:388] table: range_aware_rebalance_new_range, leader rebalance finish, leader transfer count: 3
I20260608 12:52:29.195668  8028 auto_leader_rebalancer.cc:451] All tables' leader rebalancing finished this round
I20260608 12:52:29.196620  8222 raft_consensus.cc:2468] T 7323893535884a3b8fa7bc4d3fa9c1c4 P 525e2b35de7f450593aa004fae4699f7 [term 4 FOLLOWER]: Leader election vote request: Granting yes vote for candidate edd5d6f950b44d259e62a88d571afc36 in term 4.
W20260608 12:52:29.203238  7961 catalog_manager.cc:5226] ChangeConfig:REMOVE_PEER RPC for tablet 7323893535884a3b8fa7bc4d3fa9c1c4 with cas_config_opid_index 5: ChangeConfig:REMOVE_PEER failed with leader 525e2b35de7f450593aa004fae4699f7 (127.4.248.131:46157) due to error UNKNOWN_ERROR; will retry: Illegal state: Replica 525e2b35de7f450593aa004fae4699f7 is not leader of this config. Role: FOLLOWER. Consensus state: current_term: 4 committed_config { opid_index: 5 OBSOLETE_local: false peers { permanent_uuid: "149a812463094978b73a977ecd690a36" member_type: VOTER last_known_addr { host: "127.4.248.129" port: 39359 } attrs { replace: true } } peers { permanent_uuid: "680a38e9803e4ab7ba58199527d49433" member_type: VOTER last_known_addr { host: "127.4.248.130" port: 32827 } } peers { permanent_uuid: "525e2b35de7f450593aa004fae4699f7" member_type: VOTER last_known_addr { host: "127.4.248.131" port: 46157 } } peers { permanent_uuid: "edd5d6f950b44d259e62a88d571afc36" member_type: VOTER last_known_addr { host: "127.4.248.132" port: 35775 } attrs { promote: false } } }
I20260608 12:52:29.208365  8076 raft_consensus.cc:1275] T f98d20e63d1d48dd9afee486246b7c55 P 149a812463094978b73a977ecd690a36 [term 1 FOLLOWER]: Refusing update from remote peer 680a38e9803e4ab7ba58199527d49433: Log matching property violated. Preceding OpId in replica: term: 1 index: 1. Preceding OpId from leader: term: 1 index: 2. (index mismatch)
W20260608 12:52:29.209898  8117 consensus_peers.cc:597] T f98d20e63d1d48dd9afee486246b7c55 P 680a38e9803e4ab7ba58199527d49433 -> Peer 525e2b35de7f450593aa004fae4699f7 (127.4.248.131:46157): Couldn't send request to peer 525e2b35de7f450593aa004fae4699f7. Error code: TABLET_NOT_FOUND (6). Status: Not found: Tablet not found: f98d20e63d1d48dd9afee486246b7c55. This is attempt 1: this message will repeat every 5th retry.
I20260608 12:52:29.210033  8616 consensus_queue.cc:1048] T f98d20e63d1d48dd9afee486246b7c55 P 680a38e9803e4ab7ba58199527d49433 [LEADER]: Connected to new peer: Peer: permanent_uuid: "149a812463094978b73a977ecd690a36" member_type: VOTER last_known_addr { host: "127.4.248.129" port: 39359 }, Status: LMP_MISMATCH, Last received: 0.0, Next index: 2, Last known committed idx: 1, Time since last communication: 0.000s
I20260608 12:52:29.211604  8371 raft_consensus.cc:1275] T f98d20e63d1d48dd9afee486246b7c55 P edd5d6f950b44d259e62a88d571afc36 [term 1 FOLLOWER]: Refusing update from remote peer 680a38e9803e4ab7ba58199527d49433: Log matching property violated. Preceding OpId in replica: term: 1 index: 1. Preceding OpId from leader: term: 1 index: 2. (index mismatch)
I20260608 12:52:29.211200  7972 catalog_manager.cc:5696] T 7323893535884a3b8fa7bc4d3fa9c1c4 P edd5d6f950b44d259e62a88d571afc36 reported cstate change: term changed from 3 to 4, leader changed from 525e2b35de7f450593aa004fae4699f7 (127.4.248.131) to edd5d6f950b44d259e62a88d571afc36 (127.4.248.132). New cstate: current_term: 4 leader_uuid: "edd5d6f950b44d259e62a88d571afc36" committed_config { opid_index: 5 OBSOLETE_local: false peers { permanent_uuid: "149a812463094978b73a977ecd690a36" member_type: VOTER last_known_addr { host: "127.4.248.129" port: 39359 } attrs { replace: true } health_report { overall_health: UNKNOWN } } peers { permanent_uuid: "680a38e9803e4ab7ba58199527d49433" member_type: VOTER last_known_addr { host: "127.4.248.130" port: 32827 } health_report { overall_health: UNKNOWN } } peers { permanent_uuid: "525e2b35de7f450593aa004fae4699f7" member_type: VOTER last_known_addr { host: "127.4.248.131" port: 46157 } health_report { overall_health: UNKNOWN } } peers { permanent_uuid: "edd5d6f950b44d259e62a88d571afc36" member_type: VOTER last_known_addr { host: "127.4.248.132" port: 35775 } attrs { promote: false } health_report { overall_health: HEALTHY } } }
I20260608 12:52:29.213328  8616 consensus_queue.cc:1048] T f98d20e63d1d48dd9afee486246b7c55 P 680a38e9803e4ab7ba58199527d49433 [LEADER]: Connected to new peer: Peer: permanent_uuid: "edd5d6f950b44d259e62a88d571afc36" member_type: VOTER last_known_addr { host: "127.4.248.132" port: 35775 } attrs { replace: true }, Status: LMP_MISMATCH, Last received: 0.0, Next index: 2, Last known committed idx: 1, Time since last communication: 0.000s
I20260608 12:52:29.222997  8614 raft_consensus.cc:2955] T f98d20e63d1d48dd9afee486246b7c55 P 680a38e9803e4ab7ba58199527d49433 [term 1 LEADER]: Committing config change with OpId 1.2: config changed from index -1 to 2, NON_VOTER 525e2b35de7f450593aa004fae4699f7 (127.4.248.131) added. New config: { opid_index: 2 OBSOLETE_local: false peers { permanent_uuid: "edd5d6f950b44d259e62a88d571afc36" member_type: VOTER last_known_addr { host: "127.4.248.132" port: 35775 } attrs { replace: true } } peers { permanent_uuid: "149a812463094978b73a977ecd690a36" member_type: VOTER last_known_addr { host: "127.4.248.129" port: 39359 } } peers { permanent_uuid: "680a38e9803e4ab7ba58199527d49433" member_type: VOTER last_known_addr { host: "127.4.248.130" port: 32827 } } peers { permanent_uuid: "525e2b35de7f450593aa004fae4699f7" member_type: NON_VOTER last_known_addr { host: "127.4.248.131" port: 46157 } attrs { promote: true } } }
I20260608 12:52:29.224926  8076 raft_consensus.cc:2955] T f98d20e63d1d48dd9afee486246b7c55 P 149a812463094978b73a977ecd690a36 [term 1 FOLLOWER]: Committing config change with OpId 1.2: config changed from index -1 to 2, NON_VOTER 525e2b35de7f450593aa004fae4699f7 (127.4.248.131) added. New config: { opid_index: 2 OBSOLETE_local: false peers { permanent_uuid: "edd5d6f950b44d259e62a88d571afc36" member_type: VOTER last_known_addr { host: "127.4.248.132" port: 35775 } attrs { replace: true } } peers { permanent_uuid: "149a812463094978b73a977ecd690a36" member_type: VOTER last_known_addr { host: "127.4.248.129" port: 39359 } } peers { permanent_uuid: "680a38e9803e4ab7ba58199527d49433" member_type: VOTER last_known_addr { host: "127.4.248.130" port: 32827 } } peers { permanent_uuid: "525e2b35de7f450593aa004fae4699f7" member_type: NON_VOTER last_known_addr { host: "127.4.248.131" port: 46157 } attrs { promote: true } } }
I20260608 12:52:29.236049  8372 raft_consensus.cc:2955] T f98d20e63d1d48dd9afee486246b7c55 P edd5d6f950b44d259e62a88d571afc36 [term 1 FOLLOWER]: Committing config change with OpId 1.2: config changed from index -1 to 2, NON_VOTER 525e2b35de7f450593aa004fae4699f7 (127.4.248.131) added. New config: { opid_index: 2 OBSOLETE_local: false peers { permanent_uuid: "edd5d6f950b44d259e62a88d571afc36" member_type: VOTER last_known_addr { host: "127.4.248.132" port: 35775 } attrs { replace: true } } peers { permanent_uuid: "149a812463094978b73a977ecd690a36" member_type: VOTER last_known_addr { host: "127.4.248.129" port: 39359 } } peers { permanent_uuid: "680a38e9803e4ab7ba58199527d49433" member_type: VOTER last_known_addr { host: "127.4.248.130" port: 32827 } } peers { permanent_uuid: "525e2b35de7f450593aa004fae4699f7" member_type: NON_VOTER last_known_addr { host: "127.4.248.131" port: 46157 } attrs { promote: true } } }
I20260608 12:52:29.251191  7973 catalog_manager.cc:5696] T f98d20e63d1d48dd9afee486246b7c55 P 680a38e9803e4ab7ba58199527d49433 reported cstate change: config changed from index -1 to 2, NON_VOTER 525e2b35de7f450593aa004fae4699f7 (127.4.248.131) added. New cstate: current_term: 1 leader_uuid: "680a38e9803e4ab7ba58199527d49433" committed_config { opid_index: 2 OBSOLETE_local: false peers { permanent_uuid: "edd5d6f950b44d259e62a88d571afc36" member_type: VOTER last_known_addr { host: "127.4.248.132" port: 35775 } attrs { replace: true } health_report { overall_health: HEALTHY } } peers { permanent_uuid: "149a812463094978b73a977ecd690a36" member_type: VOTER last_known_addr { host: "127.4.248.129" port: 39359 } health_report { overall_health: HEALTHY } } peers { permanent_uuid: "680a38e9803e4ab7ba58199527d49433" member_type: VOTER last_known_addr { host: "127.4.248.130" port: 32827 } health_report { overall_health: HEALTHY } } peers { permanent_uuid: "525e2b35de7f450593aa004fae4699f7" member_type: NON_VOTER last_known_addr { host: "127.4.248.131" port: 46157 } attrs { promote: true } health_report { overall_health: UNKNOWN } } }
I20260608 12:52:29.252954  8076 consensus_queue.cc:237] T bd3ac7a40d7341bea632112a63248588 P 149a812463094978b73a977ecd690a36 [LEADER]: Queue going to LEADER mode. State: All replicated index: 0, Majority replicated index: 1, Committed index: 1, Last appended: 1.1, Last appended by leader: 0, Current term: 1, Majority size: 2, State: 0, Mode: LEADER, active raft config: opid_index: 2 OBSOLETE_local: false peers { permanent_uuid: "149a812463094978b73a977ecd690a36" member_type: VOTER last_known_addr { host: "127.4.248.129" port: 39359 } } peers { permanent_uuid: "680a38e9803e4ab7ba58199527d49433" member_type: VOTER last_known_addr { host: "127.4.248.130" port: 32827 } } peers { permanent_uuid: "525e2b35de7f450593aa004fae4699f7" member_type: VOTER last_known_addr { host: "127.4.248.131" port: 46157 } attrs { replace: true } } peers { permanent_uuid: "edd5d6f950b44d259e62a88d571afc36" member_type: NON_VOTER last_known_addr { host: "127.4.248.132" port: 35775 } attrs { promote: true } }
I20260608 12:52:29.260941  8222 raft_consensus.cc:1275] T bd3ac7a40d7341bea632112a63248588 P 525e2b35de7f450593aa004fae4699f7 [term 1 FOLLOWER]: Refusing update from remote peer 149a812463094978b73a977ecd690a36: Log matching property violated. Preceding OpId in replica: term: 1 index: 1. Preceding OpId from leader: term: 1 index: 2. (index mismatch)
W20260608 12:52:29.261540  8040 consensus_peers.cc:597] T bd3ac7a40d7341bea632112a63248588 P 149a812463094978b73a977ecd690a36 -> Peer edd5d6f950b44d259e62a88d571afc36 (127.4.248.132:35775): Couldn't send request to peer edd5d6f950b44d259e62a88d571afc36. Error code: TABLET_NOT_FOUND (6). Status: Not found: Tablet not found: bd3ac7a40d7341bea632112a63248588. This is attempt 1: this message will repeat every 5th retry.
I20260608 12:52:29.262751  8612 consensus_queue.cc:1048] T bd3ac7a40d7341bea632112a63248588 P 149a812463094978b73a977ecd690a36 [LEADER]: Connected to new peer: Peer: permanent_uuid: "525e2b35de7f450593aa004fae4699f7" member_type: VOTER last_known_addr { host: "127.4.248.131" port: 46157 } attrs { replace: true }, Status: LMP_MISMATCH, Last received: 0.0, Next index: 2, Last known committed idx: 1, Time since last communication: 0.000s
I20260608 12:52:29.266355  8151 raft_consensus.cc:1275] T bd3ac7a40d7341bea632112a63248588 P 680a38e9803e4ab7ba58199527d49433 [term 1 FOLLOWER]: Refusing update from remote peer 149a812463094978b73a977ecd690a36: Log matching property violated. Preceding OpId in replica: term: 1 index: 1. Preceding OpId from leader: term: 1 index: 2. (index mismatch)
I20260608 12:52:29.268312  8612 consensus_queue.cc:1048] T bd3ac7a40d7341bea632112a63248588 P 149a812463094978b73a977ecd690a36 [LEADER]: Connected to new peer: Peer: permanent_uuid: "680a38e9803e4ab7ba58199527d49433" member_type: VOTER last_known_addr { host: "127.4.248.130" port: 32827 }, Status: LMP_MISMATCH, Last received: 0.0, Next index: 2, Last known committed idx: 1, Time since last communication: 0.000s
I20260608 12:52:29.274953  8585 raft_consensus.cc:2955] T bd3ac7a40d7341bea632112a63248588 P 149a812463094978b73a977ecd690a36 [term 1 LEADER]: Committing config change with OpId 1.2: config changed from index -1 to 2, NON_VOTER edd5d6f950b44d259e62a88d571afc36 (127.4.248.132) added. New config: { opid_index: 2 OBSOLETE_local: false peers { permanent_uuid: "149a812463094978b73a977ecd690a36" member_type: VOTER last_known_addr { host: "127.4.248.129" port: 39359 } } peers { permanent_uuid: "680a38e9803e4ab7ba58199527d49433" member_type: VOTER last_known_addr { host: "127.4.248.130" port: 32827 } } peers { permanent_uuid: "525e2b35de7f450593aa004fae4699f7" member_type: VOTER last_known_addr { host: "127.4.248.131" port: 46157 } attrs { replace: true } } peers { permanent_uuid: "edd5d6f950b44d259e62a88d571afc36" member_type: NON_VOTER last_known_addr { host: "127.4.248.132" port: 35775 } attrs { promote: true } } }
I20260608 12:52:29.277225  8222 raft_consensus.cc:2955] T bd3ac7a40d7341bea632112a63248588 P 525e2b35de7f450593aa004fae4699f7 [term 1 FOLLOWER]: Committing config change with OpId 1.2: config changed from index -1 to 2, NON_VOTER edd5d6f950b44d259e62a88d571afc36 (127.4.248.132) added. New config: { opid_index: 2 OBSOLETE_local: false peers { permanent_uuid: "149a812463094978b73a977ecd690a36" member_type: VOTER last_known_addr { host: "127.4.248.129" port: 39359 } } peers { permanent_uuid: "680a38e9803e4ab7ba58199527d49433" member_type: VOTER last_known_addr { host: "127.4.248.130" port: 32827 } } peers { permanent_uuid: "525e2b35de7f450593aa004fae4699f7" member_type: VOTER last_known_addr { host: "127.4.248.131" port: 46157 } attrs { replace: true } } peers { permanent_uuid: "edd5d6f950b44d259e62a88d571afc36" member_type: NON_VOTER last_known_addr { host: "127.4.248.132" port: 35775 } attrs { promote: true } } }
I20260608 12:52:29.279909  8151 raft_consensus.cc:2955] T bd3ac7a40d7341bea632112a63248588 P 680a38e9803e4ab7ba58199527d49433 [term 1 FOLLOWER]: Committing config change with OpId 1.2: config changed from index -1 to 2, NON_VOTER edd5d6f950b44d259e62a88d571afc36 (127.4.248.132) added. New config: { opid_index: 2 OBSOLETE_local: false peers { permanent_uuid: "149a812463094978b73a977ecd690a36" member_type: VOTER last_known_addr { host: "127.4.248.129" port: 39359 } } peers { permanent_uuid: "680a38e9803e4ab7ba58199527d49433" member_type: VOTER last_known_addr { host: "127.4.248.130" port: 32827 } } peers { permanent_uuid: "525e2b35de7f450593aa004fae4699f7" member_type: VOTER last_known_addr { host: "127.4.248.131" port: 46157 } attrs { replace: true } } peers { permanent_uuid: "edd5d6f950b44d259e62a88d571afc36" member_type: NON_VOTER last_known_addr { host: "127.4.248.132" port: 35775 } attrs { promote: true } } }
I20260608 12:52:29.291011  7975 catalog_manager.cc:5696] T bd3ac7a40d7341bea632112a63248588 P 149a812463094978b73a977ecd690a36 reported cstate change: config changed from index -1 to 2, NON_VOTER edd5d6f950b44d259e62a88d571afc36 (127.4.248.132) added. New cstate: current_term: 1 leader_uuid: "149a812463094978b73a977ecd690a36" committed_config { opid_index: 2 OBSOLETE_local: false peers { permanent_uuid: "149a812463094978b73a977ecd690a36" member_type: VOTER last_known_addr { host: "127.4.248.129" port: 39359 } health_report { overall_health: HEALTHY } } peers { permanent_uuid: "680a38e9803e4ab7ba58199527d49433" member_type: VOTER last_known_addr { host: "127.4.248.130" port: 32827 } health_report { overall_health: HEALTHY } } peers { permanent_uuid: "525e2b35de7f450593aa004fae4699f7" member_type: VOTER last_known_addr { host: "127.4.248.131" port: 46157 } attrs { replace: true } health_report { overall_health: HEALTHY } } peers { permanent_uuid: "edd5d6f950b44d259e62a88d571afc36" member_type: NON_VOTER last_known_addr { host: "127.4.248.132" port: 35775 } attrs { promote: true } health_report { overall_health: UNKNOWN } } }
I20260608 12:52:29.292294  8076 consensus_queue.cc:237] T 597e3bbf99f6482786964dad18b0dc5c P 149a812463094978b73a977ecd690a36 [LEADER]: Queue going to LEADER mode. State: All replicated index: 0, Majority replicated index: 1, Committed index: 1, Last appended: 1.1, Last appended by leader: 0, Current term: 1, Majority size: 2, State: 0, Mode: LEADER, active raft config: opid_index: 2 OBSOLETE_local: false peers { permanent_uuid: "525e2b35de7f450593aa004fae4699f7" member_type: VOTER last_known_addr { host: "127.4.248.131" port: 46157 } } peers { permanent_uuid: "149a812463094978b73a977ecd690a36" member_type: VOTER last_known_addr { host: "127.4.248.129" port: 39359 } } peers { permanent_uuid: "edd5d6f950b44d259e62a88d571afc36" member_type: VOTER last_known_addr { host: "127.4.248.132" port: 35775 } attrs { replace: true } } peers { permanent_uuid: "680a38e9803e4ab7ba58199527d49433" member_type: NON_VOTER last_known_addr { host: "127.4.248.130" port: 32827 } attrs { promote: true } }
I20260608 12:52:29.302038  8372 raft_consensus.cc:1275] T 597e3bbf99f6482786964dad18b0dc5c P edd5d6f950b44d259e62a88d571afc36 [term 1 FOLLOWER]: Refusing update from remote peer 149a812463094978b73a977ecd690a36: Log matching property violated. Preceding OpId in replica: term: 1 index: 1. Preceding OpId from leader: term: 1 index: 2. (index mismatch)
I20260608 12:52:29.302466  8222 raft_consensus.cc:1275] T 597e3bbf99f6482786964dad18b0dc5c P 525e2b35de7f450593aa004fae4699f7 [term 1 FOLLOWER]: Refusing update from remote peer 149a812463094978b73a977ecd690a36: Log matching property violated. Preceding OpId in replica: term: 1 index: 1. Preceding OpId from leader: term: 1 index: 2. (index mismatch)
I20260608 12:52:29.303954  8612 consensus_queue.cc:1048] T 597e3bbf99f6482786964dad18b0dc5c P 149a812463094978b73a977ecd690a36 [LEADER]: Connected to new peer: Peer: permanent_uuid: "edd5d6f950b44d259e62a88d571afc36" member_type: VOTER last_known_addr { host: "127.4.248.132" port: 35775 } attrs { replace: true }, Status: LMP_MISMATCH, Last received: 0.0, Next index: 2, Last known committed idx: 1, Time since last communication: 0.000s
I20260608 12:52:29.304837  8585 consensus_queue.cc:1048] T 597e3bbf99f6482786964dad18b0dc5c P 149a812463094978b73a977ecd690a36 [LEADER]: Connected to new peer: Peer: permanent_uuid: "525e2b35de7f450593aa004fae4699f7" member_type: VOTER last_known_addr { host: "127.4.248.131" port: 46157 }, Status: LMP_MISMATCH, Last received: 0.0, Next index: 2, Last known committed idx: 1, Time since last communication: 0.000s
W20260608 12:52:29.308099  8043 consensus_peers.cc:597] T 597e3bbf99f6482786964dad18b0dc5c P 149a812463094978b73a977ecd690a36 -> Peer 680a38e9803e4ab7ba58199527d49433 (127.4.248.130:32827): Couldn't send request to peer 680a38e9803e4ab7ba58199527d49433. Error code: TABLET_NOT_FOUND (6). Status: Not found: Tablet not found: 597e3bbf99f6482786964dad18b0dc5c. This is attempt 1: this message will repeat every 5th retry.
I20260608 12:52:29.315047  8612 raft_consensus.cc:2955] T 597e3bbf99f6482786964dad18b0dc5c P 149a812463094978b73a977ecd690a36 [term 1 LEADER]: Committing config change with OpId 1.2: config changed from index -1 to 2, NON_VOTER 680a38e9803e4ab7ba58199527d49433 (127.4.248.130) added. New config: { opid_index: 2 OBSOLETE_local: false peers { permanent_uuid: "525e2b35de7f450593aa004fae4699f7" member_type: VOTER last_known_addr { host: "127.4.248.131" port: 46157 } } peers { permanent_uuid: "149a812463094978b73a977ecd690a36" member_type: VOTER last_known_addr { host: "127.4.248.129" port: 39359 } } peers { permanent_uuid: "edd5d6f950b44d259e62a88d571afc36" member_type: VOTER last_known_addr { host: "127.4.248.132" port: 35775 } attrs { replace: true } } peers { permanent_uuid: "680a38e9803e4ab7ba58199527d49433" member_type: NON_VOTER last_known_addr { host: "127.4.248.130" port: 32827 } attrs { promote: true } } }
I20260608 12:52:29.317190  8372 raft_consensus.cc:2955] T 597e3bbf99f6482786964dad18b0dc5c P edd5d6f950b44d259e62a88d571afc36 [term 1 FOLLOWER]: Committing config change with OpId 1.2: config changed from index -1 to 2, NON_VOTER 680a38e9803e4ab7ba58199527d49433 (127.4.248.130) added. New config: { opid_index: 2 OBSOLETE_local: false peers { permanent_uuid: "525e2b35de7f450593aa004fae4699f7" member_type: VOTER last_known_addr { host: "127.4.248.131" port: 46157 } } peers { permanent_uuid: "149a812463094978b73a977ecd690a36" member_type: VOTER last_known_addr { host: "127.4.248.129" port: 39359 } } peers { permanent_uuid: "edd5d6f950b44d259e62a88d571afc36" member_type: VOTER last_known_addr { host: "127.4.248.132" port: 35775 } attrs { replace: true } } peers { permanent_uuid: "680a38e9803e4ab7ba58199527d49433" member_type: NON_VOTER last_known_addr { host: "127.4.248.130" port: 32827 } attrs { promote: true } } }
I20260608 12:52:29.322732  8222 raft_consensus.cc:2955] T 597e3bbf99f6482786964dad18b0dc5c P 525e2b35de7f450593aa004fae4699f7 [term 1 FOLLOWER]: Committing config change with OpId 1.2: config changed from index -1 to 2, NON_VOTER 680a38e9803e4ab7ba58199527d49433 (127.4.248.130) added. New config: { opid_index: 2 OBSOLETE_local: false peers { permanent_uuid: "525e2b35de7f450593aa004fae4699f7" member_type: VOTER last_known_addr { host: "127.4.248.131" port: 46157 } } peers { permanent_uuid: "149a812463094978b73a977ecd690a36" member_type: VOTER last_known_addr { host: "127.4.248.129" port: 39359 } } peers { permanent_uuid: "edd5d6f950b44d259e62a88d571afc36" member_type: VOTER last_known_addr { host: "127.4.248.132" port: 35775 } attrs { replace: true } } peers { permanent_uuid: "680a38e9803e4ab7ba58199527d49433" member_type: NON_VOTER last_known_addr { host: "127.4.248.130" port: 32827 } attrs { promote: true } } }
I20260608 12:52:29.332563  7975 catalog_manager.cc:5696] T 597e3bbf99f6482786964dad18b0dc5c P edd5d6f950b44d259e62a88d571afc36 reported cstate change: config changed from index -1 to 2, NON_VOTER 680a38e9803e4ab7ba58199527d49433 (127.4.248.130) added. New cstate: current_term: 1 leader_uuid: "149a812463094978b73a977ecd690a36" committed_config { opid_index: 2 OBSOLETE_local: false peers { permanent_uuid: "525e2b35de7f450593aa004fae4699f7" member_type: VOTER last_known_addr { host: "127.4.248.131" port: 46157 } } peers { permanent_uuid: "149a812463094978b73a977ecd690a36" member_type: VOTER last_known_addr { host: "127.4.248.129" port: 39359 } } peers { permanent_uuid: "edd5d6f950b44d259e62a88d571afc36" member_type: VOTER last_known_addr { host: "127.4.248.132" port: 35775 } attrs { replace: true } } peers { permanent_uuid: "680a38e9803e4ab7ba58199527d49433" member_type: NON_VOTER last_known_addr { host: "127.4.248.130" port: 32827 } attrs { promote: true } } }
I20260608 12:52:29.333308  8076 consensus_queue.cc:237] T ebe1bbcaad6e46309cdc43f84b7cdd42 P 149a812463094978b73a977ecd690a36 [LEADER]: Queue going to LEADER mode. State: All replicated index: 0, Majority replicated index: 1, Committed index: 1, Last appended: 1.1, Last appended by leader: 0, Current term: 1, Majority size: 2, State: 0, Mode: LEADER, active raft config: opid_index: 2 OBSOLETE_local: false peers { permanent_uuid: "680a38e9803e4ab7ba58199527d49433" member_type: VOTER last_known_addr { host: "127.4.248.130" port: 32827 } attrs { replace: true } } peers { permanent_uuid: "149a812463094978b73a977ecd690a36" member_type: VOTER last_known_addr { host: "127.4.248.129" port: 39359 } } peers { permanent_uuid: "525e2b35de7f450593aa004fae4699f7" member_type: VOTER last_known_addr { host: "127.4.248.131" port: 46157 } } peers { permanent_uuid: "edd5d6f950b44d259e62a88d571afc36" member_type: NON_VOTER last_known_addr { host: "127.4.248.132" port: 35775 } attrs { promote: true } }
I20260608 12:52:29.341375  8222 raft_consensus.cc:1275] T ebe1bbcaad6e46309cdc43f84b7cdd42 P 525e2b35de7f450593aa004fae4699f7 [term 1 FOLLOWER]: Refusing update from remote peer 149a812463094978b73a977ecd690a36: Log matching property violated. Preceding OpId in replica: term: 1 index: 1. Preceding OpId from leader: term: 1 index: 2. (index mismatch)
W20260608 12:52:29.342741  8040 consensus_peers.cc:597] T ebe1bbcaad6e46309cdc43f84b7cdd42 P 149a812463094978b73a977ecd690a36 -> Peer edd5d6f950b44d259e62a88d571afc36 (127.4.248.132:35775): Couldn't send request to peer edd5d6f950b44d259e62a88d571afc36. Error code: TABLET_NOT_FOUND (6). Status: Not found: Tablet not found: ebe1bbcaad6e46309cdc43f84b7cdd42. This is attempt 1: this message will repeat every 5th retry.
I20260608 12:52:29.342993  8151 raft_consensus.cc:1275] T ebe1bbcaad6e46309cdc43f84b7cdd42 P 680a38e9803e4ab7ba58199527d49433 [term 1 FOLLOWER]: Refusing update from remote peer 149a812463094978b73a977ecd690a36: Log matching property violated. Preceding OpId in replica: term: 1 index: 1. Preceding OpId from leader: term: 1 index: 2. (index mismatch)
I20260608 12:52:29.344025  8612 consensus_queue.cc:1048] T ebe1bbcaad6e46309cdc43f84b7cdd42 P 149a812463094978b73a977ecd690a36 [LEADER]: Connected to new peer: Peer: permanent_uuid: "525e2b35de7f450593aa004fae4699f7" member_type: VOTER last_known_addr { host: "127.4.248.131" port: 46157 }, Status: LMP_MISMATCH, Last received: 0.0, Next index: 2, Last known committed idx: 1, Time since last communication: 0.000s
I20260608 12:52:29.346562  8585 consensus_queue.cc:1048] T ebe1bbcaad6e46309cdc43f84b7cdd42 P 149a812463094978b73a977ecd690a36 [LEADER]: Connected to new peer: Peer: permanent_uuid: "680a38e9803e4ab7ba58199527d49433" member_type: VOTER last_known_addr { host: "127.4.248.130" port: 32827 } attrs { replace: true }, Status: LMP_MISMATCH, Last received: 0.0, Next index: 2, Last known committed idx: 1, Time since last communication: 0.000s
I20260608 12:52:29.357318  8612 raft_consensus.cc:2955] T ebe1bbcaad6e46309cdc43f84b7cdd42 P 149a812463094978b73a977ecd690a36 [term 1 LEADER]: Committing config change with OpId 1.2: config changed from index -1 to 2, NON_VOTER edd5d6f950b44d259e62a88d571afc36 (127.4.248.132) added. New config: { opid_index: 2 OBSOLETE_local: false peers { permanent_uuid: "680a38e9803e4ab7ba58199527d49433" member_type: VOTER last_known_addr { host: "127.4.248.130" port: 32827 } attrs { replace: true } } peers { permanent_uuid: "149a812463094978b73a977ecd690a36" member_type: VOTER last_known_addr { host: "127.4.248.129" port: 39359 } } peers { permanent_uuid: "525e2b35de7f450593aa004fae4699f7" member_type: VOTER last_known_addr { host: "127.4.248.131" port: 46157 } } peers { permanent_uuid: "edd5d6f950b44d259e62a88d571afc36" member_type: NON_VOTER last_known_addr { host: "127.4.248.132" port: 35775 } attrs { promote: true } } }
I20260608 12:52:29.359104  8151 raft_consensus.cc:2955] T ebe1bbcaad6e46309cdc43f84b7cdd42 P 680a38e9803e4ab7ba58199527d49433 [term 1 FOLLOWER]: Committing config change with OpId 1.2: config changed from index -1 to 2, NON_VOTER edd5d6f950b44d259e62a88d571afc36 (127.4.248.132) added. New config: { opid_index: 2 OBSOLETE_local: false peers { permanent_uuid: "680a38e9803e4ab7ba58199527d49433" member_type: VOTER last_known_addr { host: "127.4.248.130" port: 32827 } attrs { replace: true } } peers { permanent_uuid: "149a812463094978b73a977ecd690a36" member_type: VOTER last_known_addr { host: "127.4.248.129" port: 39359 } } peers { permanent_uuid: "525e2b35de7f450593aa004fae4699f7" member_type: VOTER last_known_addr { host: "127.4.248.131" port: 46157 } } peers { permanent_uuid: "edd5d6f950b44d259e62a88d571afc36" member_type: NON_VOTER last_known_addr { host: "127.4.248.132" port: 35775 } attrs { promote: true } } }
I20260608 12:52:29.360720  8222 raft_consensus.cc:2955] T ebe1bbcaad6e46309cdc43f84b7cdd42 P 525e2b35de7f450593aa004fae4699f7 [term 1 FOLLOWER]: Committing config change with OpId 1.2: config changed from index -1 to 2, NON_VOTER edd5d6f950b44d259e62a88d571afc36 (127.4.248.132) added. New config: { opid_index: 2 OBSOLETE_local: false peers { permanent_uuid: "680a38e9803e4ab7ba58199527d49433" member_type: VOTER last_known_addr { host: "127.4.248.130" port: 32827 } attrs { replace: true } } peers { permanent_uuid: "149a812463094978b73a977ecd690a36" member_type: VOTER last_known_addr { host: "127.4.248.129" port: 39359 } } peers { permanent_uuid: "525e2b35de7f450593aa004fae4699f7" member_type: VOTER last_known_addr { host: "127.4.248.131" port: 46157 } } peers { permanent_uuid: "edd5d6f950b44d259e62a88d571afc36" member_type: NON_VOTER last_known_addr { host: "127.4.248.132" port: 35775 } attrs { promote: true } } }
I20260608 12:52:29.372478  7972 catalog_manager.cc:5696] T ebe1bbcaad6e46309cdc43f84b7cdd42 P 680a38e9803e4ab7ba58199527d49433 reported cstate change: config changed from index -1 to 2, NON_VOTER edd5d6f950b44d259e62a88d571afc36 (127.4.248.132) added. New cstate: current_term: 1 leader_uuid: "149a812463094978b73a977ecd690a36" committed_config { opid_index: 2 OBSOLETE_local: false peers { permanent_uuid: "680a38e9803e4ab7ba58199527d49433" member_type: VOTER last_known_addr { host: "127.4.248.130" port: 32827 } attrs { replace: true } } peers { permanent_uuid: "149a812463094978b73a977ecd690a36" member_type: VOTER last_known_addr { host: "127.4.248.129" port: 39359 } } peers { permanent_uuid: "525e2b35de7f450593aa004fae4699f7" member_type: VOTER last_known_addr { host: "127.4.248.131" port: 46157 } } peers { permanent_uuid: "edd5d6f950b44d259e62a88d571afc36" member_type: NON_VOTER last_known_addr { host: "127.4.248.132" port: 35775 } attrs { promote: true } } }
