I20260608 12:52:50.256515  9106 sys_catalog.cc:458] T 00000000000000000000000000000000 P 42cdefb0cbf64c1e8221bc81594bc2c6 [sys.catalog]: This master's current role is: LEADER
I20260608 12:52:50.255702  9107 sys_catalog.cc:455] T 00000000000000000000000000000000 P 42cdefb0cbf64c1e8221bc81594bc2c6 [sys.catalog]: SysCatalogTable state changed. Reason: New leader 42cdefb0cbf64c1e8221bc81594bc2c6. Latest consensus state: current_term: 1 leader_uuid: "42cdefb0cbf64c1e8221bc81594bc2c6" committed_config { opid_index: -1 OBSOLETE_local: true peers { permanent_uuid: "42cdefb0cbf64c1e8221bc81594bc2c6" member_type: VOTER } }
I20260608 12:52:50.257189  9107 sys_catalog.cc:458] T 00000000000000000000000000000000 P 42cdefb0cbf64c1e8221bc81594bc2c6 [sys.catalog]: This master's current role is: LEADER
I20260608 12:52:50.261336  9110 catalog_manager.cc:1510] Loading table and tablet metadata into memory...
I20260608 12:52:50.266561  9110 catalog_manager.cc:1519] Initializing Kudu cluster ID...
I20260608 12:52:50.271023  4706 internal_mini_cluster.cc:184] Waiting to initialize catalog manager on master 0
I20260608 12:52:50.277021  9110 catalog_manager.cc:1382] Generated new cluster ID: a45ff1507f39406cadf1f5fbb894a368
I20260608 12:52:50.277339  9110 catalog_manager.cc:1530] Initializing Kudu internal certificate authority...
I20260608 12:52:50.318948  9110 catalog_manager.cc:1405] Generated new certificate authority record
I20260608 12:52:50.320683  9110 catalog_manager.cc:1539] Loading token signing keys...
I20260608 12:52:50.341398  9110 catalog_manager.cc:6069] T 00000000000000000000000000000000 P 42cdefb0cbf64c1e8221bc81594bc2c6: Generated new TSK 0
I20260608 12:52:50.342083  9110 catalog_manager.cc:1549] Initializing in-progress tserver states...
I20260608 12:52:50.403805  4706 file_cache.cc:492] Constructed file cache file cache with capacity 419430
W20260608 12:52:50.411190  9123 instance_detector.cc:116] could not retrieve AWS instance metadata: Network error: curl error: HTTP response code said error: The requested URL returned error: 404
W20260608 12:52:50.412145  9124 instance_detector.cc:116] could not retrieve Azure instance metadata: Network error: curl error: HTTP response code said error: The requested URL returned error: 404
W20260608 12:52:50.413321  9126 instance_detector.cc:116] could not retrieve OpenStack instance metadata: Network error: curl error: HTTP response code said error: The requested URL returned error: 404
I20260608 12:52:50.413790  4706 server_base.cc:1061] running on GCE node
I20260608 12:52:50.414659  4706 hybrid_clock.cc:584] initializing the hybrid clock with 'system_unsync' time source
W20260608 12:52:50.414840  4706 system_unsync_time.cc:38] NTP support is disabled. Clock error bounds will not be accurate. This configuration is not suitable for distributed clusters.
I20260608 12:52:50.414965  4706 hybrid_clock.cc:648] HybridClock initialized: now 1780923170414953 us; error 0 us; skew 500 ppm
I20260608 12:52:50.415490  4706 server_base.cc:861] Flag tcmalloc_max_total_thread_cache_bytes is not working since tcmalloc is not enabled.
I20260608 12:52:50.417973  4706 webserver.cc:533] Webserver started at http://127.4.152.129:44513/ using document root <none> and password file <none>
I20260608 12:52:50.418470  4706 fs_manager.cc:362] Metadata directory not provided
I20260608 12:52:50.418630  4706 fs_manager.cc:368] Using write-ahead log directory (fs_wal_dir) as metadata directory
I20260608 12:52:50.418851  4706 server_base.cc:909] This appears to be a new deployment of Kudu; creating new FS layout
I20260608 12:52:50.419926  4706 fs_manager.cc:1068] Generated new instance metadata in path /tmp/dist-test-taskQpq91a/test-tmp/auto_rebalancer-test.0.AutoRebalancerTest.TestMaxMovesPerServer.1780923051495764-4706-0/minicluster-data/ts-0-root/instance:
uuid: "676d73c6d5a44ba98a44e27e2c5e7e64"
format_stamp: "Formatted at 2026-06-08 12:52:50 on dist-test-slave-31p4"
I20260608 12:52:50.424794  4706 fs_manager.cc:696] Time spent creating directory manager: real 0.004s	user 0.004s	sys 0.000s
I20260608 12:52:50.428269  9131 log_block_manager.cc:4031] Time spent loading block containers with low live blocks: real 0.000s	user 0.000s	sys 0.000s
I20260608 12:52:50.429055  4706 fs_manager.cc:730] Time spent opening block manager: real 0.002s	user 0.003s	sys 0.000s
I20260608 12:52:50.429318  4706 fs_manager.cc:647] Opened local filesystem: /tmp/dist-test-taskQpq91a/test-tmp/auto_rebalancer-test.0.AutoRebalancerTest.TestMaxMovesPerServer.1780923051495764-4706-0/minicluster-data/ts-0-root
uuid: "676d73c6d5a44ba98a44e27e2c5e7e64"
format_stamp: "Formatted at 2026-06-08 12:52:50 on dist-test-slave-31p4"
I20260608 12:52:50.429558  4706 fs_report.cc:389] FS layout report
--------------------
wal directory: /tmp/dist-test-taskQpq91a/test-tmp/auto_rebalancer-test.0.AutoRebalancerTest.TestMaxMovesPerServer.1780923051495764-4706-0/minicluster-data/ts-0-root
metadata directory: /tmp/dist-test-taskQpq91a/test-tmp/auto_rebalancer-test.0.AutoRebalancerTest.TestMaxMovesPerServer.1780923051495764-4706-0/minicluster-data/ts-0-root
1 data directories: /tmp/dist-test-taskQpq91a/test-tmp/auto_rebalancer-test.0.AutoRebalancerTest.TestMaxMovesPerServer.1780923051495764-4706-0/minicluster-data/ts-0-root/data
Total live blocks: 0
Total live bytes: 0
Total live bytes (after alignment): 0
Total number of LBM containers: 0 (0 full)
Did not check for missing blocks
Did not check for orphaned blocks
Total full LBM containers with extra space: 0 (0 repaired)
Total full LBM container extra space in bytes: 0 (0 repaired)
Total incomplete LBM containers: 0 (0 repaired)
Total LBM partial records: 0 (0 repaired)
Total corrupted LBM metadata records in RocksDB: 0 (0 repaired)
I20260608 12:52:50.452874  4706 rpc_server.cc:225] running with OpenSSL 1.1.1  11 Sep 2018
I20260608 12:52:50.455663  4706 kserver.cc:163] Server-wide thread pool size limit: 3276
I20260608 12:52:50.457315  4706 txn_system_client.cc:432] TxnSystemClient initialization is disabled...
I20260608 12:52:50.459950  4706 ts_tablet_manager.cc:585] Loaded tablet metadata (0 total tablets, 0 live tablets)
I20260608 12:52:50.460165  4706 ts_tablet_manager.cc:531] Time spent load tablet metadata: real 0.000s	user 0.000s	sys 0.000s
I20260608 12:52:50.460480  4706 ts_tablet_manager.cc:616] Registered 0 tablets
I20260608 12:52:50.460628  4706 ts_tablet_manager.cc:595] Time spent register tablets: real 0.000s	user 0.000s	sys 0.000s
I20260608 12:52:50.506165  4706 rpc_server.cc:307] RPC server started. Bound to: 127.4.152.129:42007
I20260608 12:52:50.506245  9193 acceptor_pool.cc:272] collecting diagnostics on the listening RPC socket 127.4.152.129:42007 every 8 connection(s)
I20260608 12:52:50.511741  4706 file_cache.cc:492] Constructed file cache file cache with capacity 419430
W20260608 12:52:50.520642  9198 instance_detector.cc:116] could not retrieve AWS instance metadata: Network error: curl error: HTTP response code said error: The requested URL returned error: 404
W20260608 12:52:50.523877  9199 instance_detector.cc:116] could not retrieve Azure instance metadata: Network error: curl error: HTTP response code said error: The requested URL returned error: 404
W20260608 12:52:50.526731  9201 instance_detector.cc:116] could not retrieve OpenStack instance metadata: Network error: curl error: HTTP response code said error: The requested URL returned error: 404
I20260608 12:52:50.527266  4706 server_base.cc:1061] running on GCE node
I20260608 12:52:50.528621  4706 hybrid_clock.cc:584] initializing the hybrid clock with 'system_unsync' time source
W20260608 12:52:50.528924  4706 system_unsync_time.cc:38] NTP support is disabled. Clock error bounds will not be accurate. This configuration is not suitable for distributed clusters.
I20260608 12:52:50.529115  4706 hybrid_clock.cc:648] HybridClock initialized: now 1780923170529100 us; error 0 us; skew 500 ppm
I20260608 12:52:50.529774  9194 heartbeater.cc:344] Connected to a master server at 127.4.152.190:41969
I20260608 12:52:50.529919  4706 server_base.cc:861] Flag tcmalloc_max_total_thread_cache_bytes is not working since tcmalloc is not enabled.
I20260608 12:52:50.530223  9194 heartbeater.cc:461] Registering TS with master...
I20260608 12:52:50.531139  9194 heartbeater.cc:507] Master 127.4.152.190:41969 requested a full tablet report, sending...
I20260608 12:52:50.533138  4706 webserver.cc:533] Webserver started at http://127.4.152.130:38283/ using document root <none> and password file <none>
I20260608 12:52:50.533931  4706 fs_manager.cc:362] Metadata directory not provided
I20260608 12:52:50.533813  9067 ts_manager.cc:194] Registered new tserver with Master: 676d73c6d5a44ba98a44e27e2c5e7e64 (127.4.152.129:42007)
I20260608 12:52:50.534260  4706 fs_manager.cc:368] Using write-ahead log directory (fs_wal_dir) as metadata directory
I20260608 12:52:50.534638  4706 server_base.cc:909] This appears to be a new deployment of Kudu; creating new FS layout
I20260608 12:52:50.536362  4706 fs_manager.cc:1068] Generated new instance metadata in path /tmp/dist-test-taskQpq91a/test-tmp/auto_rebalancer-test.0.AutoRebalancerTest.TestMaxMovesPerServer.1780923051495764-4706-0/minicluster-data/ts-1-root/instance:
uuid: "0b8e5dc97ba4407a8e7f7324b49a3294"
format_stamp: "Formatted at 2026-06-08 12:52:50 on dist-test-slave-31p4"
I20260608 12:52:50.536710  9067 master_service.cc:502] Signed X509 certificate for tserver {username='slave'} at 127.0.0.1:37328
I20260608 12:52:50.542542  4706 fs_manager.cc:696] Time spent creating directory manager: real 0.006s	user 0.006s	sys 0.000s
I20260608 12:52:50.546595  9206 log_block_manager.cc:4031] Time spent loading block containers with low live blocks: real 0.000s	user 0.000s	sys 0.000s
I20260608 12:52:50.547737  4706 fs_manager.cc:730] Time spent opening block manager: real 0.003s	user 0.002s	sys 0.000s
I20260608 12:52:50.548065  4706 fs_manager.cc:647] Opened local filesystem: /tmp/dist-test-taskQpq91a/test-tmp/auto_rebalancer-test.0.AutoRebalancerTest.TestMaxMovesPerServer.1780923051495764-4706-0/minicluster-data/ts-1-root
uuid: "0b8e5dc97ba4407a8e7f7324b49a3294"
format_stamp: "Formatted at 2026-06-08 12:52:50 on dist-test-slave-31p4"
I20260608 12:52:50.548363  4706 fs_report.cc:389] FS layout report
--------------------
wal directory: /tmp/dist-test-taskQpq91a/test-tmp/auto_rebalancer-test.0.AutoRebalancerTest.TestMaxMovesPerServer.1780923051495764-4706-0/minicluster-data/ts-1-root
metadata directory: /tmp/dist-test-taskQpq91a/test-tmp/auto_rebalancer-test.0.AutoRebalancerTest.TestMaxMovesPerServer.1780923051495764-4706-0/minicluster-data/ts-1-root
1 data directories: /tmp/dist-test-taskQpq91a/test-tmp/auto_rebalancer-test.0.AutoRebalancerTest.TestMaxMovesPerServer.1780923051495764-4706-0/minicluster-data/ts-1-root/data
Total live blocks: 0
Total live bytes: 0
Total live bytes (after alignment): 0
Total number of LBM containers: 0 (0 full)
Did not check for missing blocks
Did not check for orphaned blocks
Total full LBM containers with extra space: 0 (0 repaired)
Total full LBM container extra space in bytes: 0 (0 repaired)
Total incomplete LBM containers: 0 (0 repaired)
Total LBM partial records: 0 (0 repaired)
Total corrupted LBM metadata records in RocksDB: 0 (0 repaired)
I20260608 12:52:50.568830  4706 rpc_server.cc:225] running with OpenSSL 1.1.1  11 Sep 2018
I20260608 12:52:50.570021  4706 kserver.cc:163] Server-wide thread pool size limit: 3276
I20260608 12:52:50.571456  4706 txn_system_client.cc:432] TxnSystemClient initialization is disabled...
I20260608 12:52:50.573793  4706 ts_tablet_manager.cc:585] Loaded tablet metadata (0 total tablets, 0 live tablets)
I20260608 12:52:50.574007  4706 ts_tablet_manager.cc:531] Time spent load tablet metadata: real 0.000s	user 0.000s	sys 0.000s
I20260608 12:52:50.574344  4706 ts_tablet_manager.cc:616] Registered 0 tablets
I20260608 12:52:50.574510  4706 ts_tablet_manager.cc:595] Time spent register tablets: real 0.000s	user 0.000s	sys 0.000s
I20260608 12:52:50.618290  4706 rpc_server.cc:307] RPC server started. Bound to: 127.4.152.130:34823
I20260608 12:52:50.618451  9268 acceptor_pool.cc:272] collecting diagnostics on the listening RPC socket 127.4.152.130:34823 every 8 connection(s)
I20260608 12:52:50.625159  4706 file_cache.cc:492] Constructed file cache file cache with capacity 419430
W20260608 12:52:50.636888  9272 instance_detector.cc:116] could not retrieve AWS instance metadata: Network error: curl error: HTTP response code said error: The requested URL returned error: 404
W20260608 12:52:50.637389  9273 instance_detector.cc:116] could not retrieve Azure instance metadata: Network error: curl error: HTTP response code said error: The requested URL returned error: 404
W20260608 12:52:50.641139  9275 instance_detector.cc:116] could not retrieve OpenStack instance metadata: Network error: curl error: HTTP response code said error: The requested URL returned error: 404
I20260608 12:52:50.642004  4706 server_base.cc:1061] running on GCE node
I20260608 12:52:50.643424  4706 hybrid_clock.cc:584] initializing the hybrid clock with 'system_unsync' time source
W20260608 12:52:50.643725  4706 system_unsync_time.cc:38] NTP support is disabled. Clock error bounds will not be accurate. This configuration is not suitable for distributed clusters.
I20260608 12:52:50.643934  4706 hybrid_clock.cc:648] HybridClock initialized: now 1780923170643893 us; error 0 us; skew 500 ppm
I20260608 12:52:50.644680  4706 server_base.cc:861] Flag tcmalloc_max_total_thread_cache_bytes is not working since tcmalloc is not enabled.
I20260608 12:52:50.645433  9269 heartbeater.cc:344] Connected to a master server at 127.4.152.190:41969
I20260608 12:52:50.645891  9269 heartbeater.cc:461] Registering TS with master...
I20260608 12:52:50.646991  9269 heartbeater.cc:507] Master 127.4.152.190:41969 requested a full tablet report, sending...
I20260608 12:52:50.650779  9067 ts_manager.cc:194] Registered new tserver with Master: 0b8e5dc97ba4407a8e7f7324b49a3294 (127.4.152.130:34823)
I20260608 12:52:50.652036  4706 webserver.cc:533] Webserver started at http://127.4.152.131:42735/ using document root <none> and password file <none>
I20260608 12:52:50.652987  9067 master_service.cc:502] Signed X509 certificate for tserver {username='slave'} at 127.0.0.1:37330
I20260608 12:52:50.653832  4706 fs_manager.cc:362] Metadata directory not provided
I20260608 12:52:50.654223  4706 fs_manager.cc:368] Using write-ahead log directory (fs_wal_dir) as metadata directory
I20260608 12:52:50.654839  4706 server_base.cc:909] This appears to be a new deployment of Kudu; creating new FS layout
I20260608 12:52:50.656528  4706 fs_manager.cc:1068] Generated new instance metadata in path /tmp/dist-test-taskQpq91a/test-tmp/auto_rebalancer-test.0.AutoRebalancerTest.TestMaxMovesPerServer.1780923051495764-4706-0/minicluster-data/ts-2-root/instance:
uuid: "31baccc4f8404ce6b67a55e2066616af"
format_stamp: "Formatted at 2026-06-08 12:52:50 on dist-test-slave-31p4"
I20260608 12:52:50.661713  4706 fs_manager.cc:696] Time spent creating directory manager: real 0.005s	user 0.004s	sys 0.000s
I20260608 12:52:50.665673  9280 log_block_manager.cc:4031] Time spent loading block containers with low live blocks: real 0.000s	user 0.000s	sys 0.000s
I20260608 12:52:50.666536  4706 fs_manager.cc:730] Time spent opening block manager: real 0.003s	user 0.002s	sys 0.001s
I20260608 12:52:50.666880  4706 fs_manager.cc:647] Opened local filesystem: /tmp/dist-test-taskQpq91a/test-tmp/auto_rebalancer-test.0.AutoRebalancerTest.TestMaxMovesPerServer.1780923051495764-4706-0/minicluster-data/ts-2-root
uuid: "31baccc4f8404ce6b67a55e2066616af"
format_stamp: "Formatted at 2026-06-08 12:52:50 on dist-test-slave-31p4"
I20260608 12:52:50.667169  4706 fs_report.cc:389] FS layout report
--------------------
wal directory: /tmp/dist-test-taskQpq91a/test-tmp/auto_rebalancer-test.0.AutoRebalancerTest.TestMaxMovesPerServer.1780923051495764-4706-0/minicluster-data/ts-2-root
metadata directory: /tmp/dist-test-taskQpq91a/test-tmp/auto_rebalancer-test.0.AutoRebalancerTest.TestMaxMovesPerServer.1780923051495764-4706-0/minicluster-data/ts-2-root
1 data directories: /tmp/dist-test-taskQpq91a/test-tmp/auto_rebalancer-test.0.AutoRebalancerTest.TestMaxMovesPerServer.1780923051495764-4706-0/minicluster-data/ts-2-root/data
Total live blocks: 0
Total live bytes: 0
Total live bytes (after alignment): 0
Total number of LBM containers: 0 (0 full)
Did not check for missing blocks
Did not check for orphaned blocks
Total full LBM containers with extra space: 0 (0 repaired)
Total full LBM container extra space in bytes: 0 (0 repaired)
Total incomplete LBM containers: 0 (0 repaired)
Total LBM partial records: 0 (0 repaired)
Total corrupted LBM metadata records in RocksDB: 0 (0 repaired)
I20260608 12:52:50.717123  4706 rpc_server.cc:225] running with OpenSSL 1.1.1  11 Sep 2018
I20260608 12:52:50.718474  4706 kserver.cc:163] Server-wide thread pool size limit: 3276
I20260608 12:52:50.720049  4706 txn_system_client.cc:432] TxnSystemClient initialization is disabled...
I20260608 12:52:50.722476  4706 ts_tablet_manager.cc:585] Loaded tablet metadata (0 total tablets, 0 live tablets)
I20260608 12:52:50.722723  4706 ts_tablet_manager.cc:531] Time spent load tablet metadata: real 0.000s	user 0.000s	sys 0.000s
I20260608 12:52:50.722968  4706 ts_tablet_manager.cc:616] Registered 0 tablets
I20260608 12:52:50.723156  4706 ts_tablet_manager.cc:595] Time spent register tablets: real 0.000s	user 0.000s	sys 0.000s
I20260608 12:52:50.767928  4706 rpc_server.cc:307] RPC server started. Bound to: 127.4.152.131:33113
I20260608 12:52:50.768078  9342 acceptor_pool.cc:272] collecting diagnostics on the listening RPC socket 127.4.152.131:33113 every 8 connection(s)
I20260608 12:52:50.783321  9343 heartbeater.cc:344] Connected to a master server at 127.4.152.190:41969
I20260608 12:52:50.783802  9343 heartbeater.cc:461] Registering TS with master...
I20260608 12:52:50.784662  9343 heartbeater.cc:507] Master 127.4.152.190:41969 requested a full tablet report, sending...
I20260608 12:52:50.787214  9067 ts_manager.cc:194] Registered new tserver with Master: 31baccc4f8404ce6b67a55e2066616af (127.4.152.131:33113)
I20260608 12:52:50.788051  4706 internal_mini_cluster.cc:371] 3 TS(s) registered with all masters after 0.016436024s
I20260608 12:52:50.788805  9067 master_service.cc:502] Signed X509 certificate for tserver {username='slave'} at 127.0.0.1:37332
I20260608 12:52:51.337170  9067 catalog_manager.cc:2282] Servicing CreateTable request from {username='slave'} at 127.0.0.1:37344:
name: "test-workload"
schema {
  columns {
    name: "key"
    type: INT32
    is_key: true
    is_nullable: false
    encoding: AUTO_ENCODING
    compression: DEFAULT_COMPRESSION
    cfile_block_size: 0
    immutable: false
  }
  columns {
    name: "int_val"
    type: INT32
    is_key: false
    is_nullable: false
    encoding: AUTO_ENCODING
    compression: DEFAULT_COMPRESSION
    cfile_block_size: 0
    immutable: false
  }
  columns {
    name: "string_val"
    type: STRING
    is_key: false
    is_nullable: true
    encoding: AUTO_ENCODING
    compression: DEFAULT_COMPRESSION
    cfile_block_size: 0
    immutable: false
  }
}
num_replicas: 3
split_rows_range_bounds {
  rows: "\004\001\000\252\252\252\n\004\001\000TUU\025\004\001\000\376\377\377\037\004\001\000\250\252\252*\004\001\000RUU5\004\001\000\374\377\377?\004\001\000\246\252\252J\004\001\000PUUU\004\001\000\372\377\377_\004\001\000\244\252\252j\004\001\000NUUu""\004\001\000\252\252\252\n\004\001\000TUU\025\004\001\000\376\377\377\037\004\001\000\250\252\252*\004\001\000RUU5\004\001\000\374\377\377?\004\001\000\246\252\252J\004\001\000PUUU\004\001\000\372\377\377_\004\001\000\244\252\252j\004\001\000NUUu"
  indirect_data: """"
}
partition_schema {
  range_schema {
    columns {
      name: "key"
    }
  }
}
W20260608 12:52:51.341131  9067 catalog_manager.cc:7076] The number of live tablet servers is not enough to re-replicate a tablet replica of the newly created table test-workload in case of a server failure: 4 tablet servers would be needed, 3 are available. Consider bringing up more tablet servers.
I20260608 12:52:51.427881  9308 tablet_service.cc:1511] Processing CreateTablet for tablet b05bbbdcd8b04b969520bbb686e2d456 (DEFAULT_TABLE table=test-workload [id=9bd1f2f02e25427ea2dc6ea2fae7cf48]), partition=RANGE (key) PARTITION VALUES < 178956970
I20260608 12:52:51.429558  9308 data_dirs.cc:400] Could only allocate 1 dirs of requested 3 for tablet b05bbbdcd8b04b969520bbb686e2d456. 1 dirs total, 0 dirs full, 0 dirs failed
I20260608 12:52:51.434021  9307 tablet_service.cc:1511] Processing CreateTablet for tablet 3432bbaa832643ebb12e7837e9b7b1e0 (DEFAULT_TABLE table=test-workload [id=9bd1f2f02e25427ea2dc6ea2fae7cf48]), partition=RANGE (key) PARTITION 178956970 <= VALUES < 357913940
I20260608 12:52:51.435937  9307 data_dirs.cc:400] Could only allocate 1 dirs of requested 3 for tablet 3432bbaa832643ebb12e7837e9b7b1e0. 1 dirs total, 0 dirs full, 0 dirs failed
I20260608 12:52:51.440029  9306 tablet_service.cc:1511] Processing CreateTablet for tablet 22195fa9f0184b1fb5cb448c292b6ba4 (DEFAULT_TABLE table=test-workload [id=9bd1f2f02e25427ea2dc6ea2fae7cf48]), partition=RANGE (key) PARTITION 357913940 <= VALUES < 536870910
I20260608 12:52:51.441705  9306 data_dirs.cc:400] Could only allocate 1 dirs of requested 3 for tablet 22195fa9f0184b1fb5cb448c292b6ba4. 1 dirs total, 0 dirs full, 0 dirs failed
I20260608 12:52:51.446324  9305 tablet_service.cc:1511] Processing CreateTablet for tablet c7d9585fb6424c9e9d83f04380b8060d (DEFAULT_TABLE table=test-workload [id=9bd1f2f02e25427ea2dc6ea2fae7cf48]), partition=RANGE (key) PARTITION 536870910 <= VALUES < 715827880
I20260608 12:52:51.447901  9305 data_dirs.cc:400] Could only allocate 1 dirs of requested 3 for tablet c7d9585fb6424c9e9d83f04380b8060d. 1 dirs total, 0 dirs full, 0 dirs failed
I20260608 12:52:51.457428  9304 tablet_service.cc:1511] Processing CreateTablet for tablet 1d99b1fb560449109dc6a7dfe67101c1 (DEFAULT_TABLE table=test-workload [id=9bd1f2f02e25427ea2dc6ea2fae7cf48]), partition=RANGE (key) PARTITION 715827880 <= VALUES < 894784850
I20260608 12:52:51.459513  9304 data_dirs.cc:400] Could only allocate 1 dirs of requested 3 for tablet 1d99b1fb560449109dc6a7dfe67101c1. 1 dirs total, 0 dirs full, 0 dirs failed
I20260608 12:52:51.461681  9302 tablet_service.cc:1511] Processing CreateTablet for tablet c1a6a7667eea478a9889bd4398f74b24 (DEFAULT_TABLE table=test-workload [id=9bd1f2f02e25427ea2dc6ea2fae7cf48]), partition=RANGE (key) PARTITION 1073741820 <= VALUES < 1252698790
I20260608 12:52:51.463781  9302 data_dirs.cc:400] Could only allocate 1 dirs of requested 3 for tablet c1a6a7667eea478a9889bd4398f74b24. 1 dirs total, 0 dirs full, 0 dirs failed
I20260608 12:52:51.465811  9303 tablet_service.cc:1511] Processing CreateTablet for tablet 69d4c223be134974a20454dce1f0df7b (DEFAULT_TABLE table=test-workload [id=9bd1f2f02e25427ea2dc6ea2fae7cf48]), partition=RANGE (key) PARTITION 894784850 <= VALUES < 1073741820
I20260608 12:52:51.469035  9301 tablet_service.cc:1511] Processing CreateTablet for tablet 84f8a13906734fb8b9ec2b837585d091 (DEFAULT_TABLE table=test-workload [id=9bd1f2f02e25427ea2dc6ea2fae7cf48]), partition=RANGE (key) PARTITION 1252698790 <= VALUES < 1431655760
I20260608 12:52:51.475224  9301 data_dirs.cc:400] Could only allocate 1 dirs of requested 3 for tablet 84f8a13906734fb8b9ec2b837585d091. 1 dirs total, 0 dirs full, 0 dirs failed
I20260608 12:52:51.480938  9300 tablet_service.cc:1511] Processing CreateTablet for tablet d2da3aa57829446d9b0daebfe6efe6db (DEFAULT_TABLE table=test-workload [id=9bd1f2f02e25427ea2dc6ea2fae7cf48]), partition=RANGE (key) PARTITION 1431655760 <= VALUES < 1610612730
I20260608 12:52:51.482481  9300 data_dirs.cc:400] Could only allocate 1 dirs of requested 3 for tablet d2da3aa57829446d9b0daebfe6efe6db. 1 dirs total, 0 dirs full, 0 dirs failed
I20260608 12:52:51.485383  9303 data_dirs.cc:400] Could only allocate 1 dirs of requested 3 for tablet 69d4c223be134974a20454dce1f0df7b. 1 dirs total, 0 dirs full, 0 dirs failed
I20260608 12:52:51.486817  9299 tablet_service.cc:1511] Processing CreateTablet for tablet 49c1152db3f7464c97f631125f10b407 (DEFAULT_TABLE table=test-workload [id=9bd1f2f02e25427ea2dc6ea2fae7cf48]), partition=RANGE (key) PARTITION 1610612730 <= VALUES < 1789569700
I20260608 12:52:51.488554  9299 data_dirs.cc:400] Could only allocate 1 dirs of requested 3 for tablet 49c1152db3f7464c97f631125f10b407. 1 dirs total, 0 dirs full, 0 dirs failed
I20260608 12:52:51.496495  9308 tablet_service.cc:1511] Processing CreateTablet for tablet f152f0c745544d06afaa5ce0861fb0ba (DEFAULT_TABLE table=test-workload [id=9bd1f2f02e25427ea2dc6ea2fae7cf48]), partition=RANGE (key) PARTITION 1789569700 <= VALUES < 1968526670
I20260608 12:52:51.498523  9308 data_dirs.cc:400] Could only allocate 1 dirs of requested 3 for tablet f152f0c745544d06afaa5ce0861fb0ba. 1 dirs total, 0 dirs full, 0 dirs failed
I20260608 12:52:51.513753  9299 tablet_service.cc:1511] Processing CreateTablet for tablet 84726fcb4e2e42a4bb4eb8ab78dd0ea5 (DEFAULT_TABLE table=test-workload [id=9bd1f2f02e25427ea2dc6ea2fae7cf48]), partition=RANGE (key) PARTITION 1968526670 <= VALUES
I20260608 12:52:51.515789  9299 data_dirs.cc:400] Could only allocate 1 dirs of requested 3 for tablet 84726fcb4e2e42a4bb4eb8ab78dd0ea5. 1 dirs total, 0 dirs full, 0 dirs failed
I20260608 12:52:51.524736  9361 tablet_bootstrap.cc:492] T 3432bbaa832643ebb12e7837e9b7b1e0 P 31baccc4f8404ce6b67a55e2066616af: Bootstrap starting.
I20260608 12:52:51.537073  9361 tablet_bootstrap.cc:654] T 3432bbaa832643ebb12e7837e9b7b1e0 P 31baccc4f8404ce6b67a55e2066616af: Neither blocks nor log segments found. Creating new log.
I20260608 12:52:51.540223  9194 heartbeater.cc:499] Master 127.4.152.190:41969 was elected leader, sending a full tablet report...
I20260608 12:52:51.590220  9361 tablet_bootstrap.cc:492] T 3432bbaa832643ebb12e7837e9b7b1e0 P 31baccc4f8404ce6b67a55e2066616af: No bootstrap required, opened a new log
I20260608 12:52:51.590886  9361 ts_tablet_manager.cc:1403] T 3432bbaa832643ebb12e7837e9b7b1e0 P 31baccc4f8404ce6b67a55e2066616af: Time spent bootstrapping tablet: real 0.067s	user 0.030s	sys 0.025s
I20260608 12:52:51.594067  9361 raft_consensus.cc:359] T 3432bbaa832643ebb12e7837e9b7b1e0 P 31baccc4f8404ce6b67a55e2066616af [term 0 FOLLOWER]: Replica starting. Triggering 0 pending ops. Active config: opid_index: -1 OBSOLETE_local: false peers { permanent_uuid: "676d73c6d5a44ba98a44e27e2c5e7e64" member_type: VOTER last_known_addr { host: "127.4.152.129" port: 42007 } } peers { permanent_uuid: "0b8e5dc97ba4407a8e7f7324b49a3294" member_type: VOTER last_known_addr { host: "127.4.152.130" port: 34823 } } peers { permanent_uuid: "31baccc4f8404ce6b67a55e2066616af" member_type: VOTER last_known_addr { host: "127.4.152.131" port: 33113 } }
I20260608 12:52:51.594885  9361 raft_consensus.cc:385] T 3432bbaa832643ebb12e7837e9b7b1e0 P 31baccc4f8404ce6b67a55e2066616af [term 0 FOLLOWER]: Consensus starting up: Expiring failure detector timer to make a prompt election more likely
I20260608 12:52:51.595196  9361 raft_consensus.cc:740] T 3432bbaa832643ebb12e7837e9b7b1e0 P 31baccc4f8404ce6b67a55e2066616af [term 0 FOLLOWER]: Becoming Follower/Learner. State: Replica: 31baccc4f8404ce6b67a55e2066616af, State: Initialized, Role: FOLLOWER
I20260608 12:52:51.596062  9361 consensus_queue.cc:260] T 3432bbaa832643ebb12e7837e9b7b1e0 P 31baccc4f8404ce6b67a55e2066616af [NON_LEADER]: Queue going to NON_LEADER mode. State: All replicated index: 0, Majority replicated index: 0, Committed index: 0, Last appended: 0.0, Last appended by leader: 0, Current term: 0, Majority size: -1, State: 0, Mode: NON_LEADER, active raft config: opid_index: -1 OBSOLETE_local: false peers { permanent_uuid: "676d73c6d5a44ba98a44e27e2c5e7e64" member_type: VOTER last_known_addr { host: "127.4.152.129" port: 42007 } } peers { permanent_uuid: "0b8e5dc97ba4407a8e7f7324b49a3294" member_type: VOTER last_known_addr { host: "127.4.152.130" port: 34823 } } peers { permanent_uuid: "31baccc4f8404ce6b67a55e2066616af" member_type: VOTER last_known_addr { host: "127.4.152.131" port: 33113 } }
I20260608 12:52:51.598512  9234 tablet_service.cc:1511] Processing CreateTablet for tablet b05bbbdcd8b04b969520bbb686e2d456 (DEFAULT_TABLE table=test-workload [id=9bd1f2f02e25427ea2dc6ea2fae7cf48]), partition=RANGE (key) PARTITION VALUES < 178956970
I20260608 12:52:51.598800  9233 tablet_service.cc:1511] Processing CreateTablet for tablet 3432bbaa832643ebb12e7837e9b7b1e0 (DEFAULT_TABLE table=test-workload [id=9bd1f2f02e25427ea2dc6ea2fae7cf48]), partition=RANGE (key) PARTITION 178956970 <= VALUES < 357913940
I20260608 12:52:51.601142  9232 tablet_service.cc:1511] Processing CreateTablet for tablet 22195fa9f0184b1fb5cb448c292b6ba4 (DEFAULT_TABLE table=test-workload [id=9bd1f2f02e25427ea2dc6ea2fae7cf48]), partition=RANGE (key) PARTITION 357913940 <= VALUES < 536870910
I20260608 12:52:51.602514  9227 tablet_service.cc:1511] Processing CreateTablet for tablet 84f8a13906734fb8b9ec2b837585d091 (DEFAULT_TABLE table=test-workload [id=9bd1f2f02e25427ea2dc6ea2fae7cf48]), partition=RANGE (key) PARTITION 1252698790 <= VALUES < 1431655760
I20260608 12:52:51.603768  9231 tablet_service.cc:1511] Processing CreateTablet for tablet c7d9585fb6424c9e9d83f04380b8060d (DEFAULT_TABLE table=test-workload [id=9bd1f2f02e25427ea2dc6ea2fae7cf48]), partition=RANGE (key) PARTITION 536870910 <= VALUES < 715827880
I20260608 12:52:51.600574  9234 data_dirs.cc:400] Could only allocate 1 dirs of requested 3 for tablet b05bbbdcd8b04b969520bbb686e2d456. 1 dirs total, 0 dirs full, 0 dirs failed
I20260608 12:52:51.604805  9225 tablet_service.cc:1511] Processing CreateTablet for tablet 49c1152db3f7464c97f631125f10b407 (DEFAULT_TABLE table=test-workload [id=9bd1f2f02e25427ea2dc6ea2fae7cf48]), partition=RANGE (key) PARTITION 1610612730 <= VALUES < 1789569700
I20260608 12:52:51.605278  9231 data_dirs.cc:400] Could only allocate 1 dirs of requested 3 for tablet c7d9585fb6424c9e9d83f04380b8060d. 1 dirs total, 0 dirs full, 0 dirs failed
I20260608 12:52:51.606184  9225 data_dirs.cc:400] Could only allocate 1 dirs of requested 3 for tablet 49c1152db3f7464c97f631125f10b407. 1 dirs total, 0 dirs full, 0 dirs failed
I20260608 12:52:51.608647  9233 data_dirs.cc:400] Could only allocate 1 dirs of requested 3 for tablet 3432bbaa832643ebb12e7837e9b7b1e0. 1 dirs total, 0 dirs full, 0 dirs failed
I20260608 12:52:51.609603  9226 tablet_service.cc:1511] Processing CreateTablet for tablet d2da3aa57829446d9b0daebfe6efe6db (DEFAULT_TABLE table=test-workload [id=9bd1f2f02e25427ea2dc6ea2fae7cf48]), partition=RANGE (key) PARTITION 1431655760 <= VALUES < 1610612730
I20260608 12:52:51.610978  9226 data_dirs.cc:400] Could only allocate 1 dirs of requested 3 for tablet d2da3aa57829446d9b0daebfe6efe6db. 1 dirs total, 0 dirs full, 0 dirs failed
I20260608 12:52:51.613629  9228 tablet_service.cc:1511] Processing CreateTablet for tablet c1a6a7667eea478a9889bd4398f74b24 (DEFAULT_TABLE table=test-workload [id=9bd1f2f02e25427ea2dc6ea2fae7cf48]), partition=RANGE (key) PARTITION 1073741820 <= VALUES < 1252698790
I20260608 12:52:51.615005  9228 data_dirs.cc:400] Could only allocate 1 dirs of requested 3 for tablet c1a6a7667eea478a9889bd4398f74b24. 1 dirs total, 0 dirs full, 0 dirs failed
I20260608 12:52:51.616724  9227 data_dirs.cc:400] Could only allocate 1 dirs of requested 3 for tablet 84f8a13906734fb8b9ec2b837585d091. 1 dirs total, 0 dirs full, 0 dirs failed
I20260608 12:52:51.617640  9229 tablet_service.cc:1511] Processing CreateTablet for tablet 69d4c223be134974a20454dce1f0df7b (DEFAULT_TABLE table=test-workload [id=9bd1f2f02e25427ea2dc6ea2fae7cf48]), partition=RANGE (key) PARTITION 894784850 <= VALUES < 1073741820
I20260608 12:52:51.619042  9229 data_dirs.cc:400] Could only allocate 1 dirs of requested 3 for tablet 69d4c223be134974a20454dce1f0df7b. 1 dirs total, 0 dirs full, 0 dirs failed
I20260608 12:52:51.620939  9230 tablet_service.cc:1511] Processing CreateTablet for tablet 1d99b1fb560449109dc6a7dfe67101c1 (DEFAULT_TABLE table=test-workload [id=9bd1f2f02e25427ea2dc6ea2fae7cf48]), partition=RANGE (key) PARTITION 715827880 <= VALUES < 894784850
I20260608 12:52:51.623376  9230 data_dirs.cc:400] Could only allocate 1 dirs of requested 3 for tablet 1d99b1fb560449109dc6a7dfe67101c1. 1 dirs total, 0 dirs full, 0 dirs failed
I20260608 12:52:51.636515  9232 data_dirs.cc:400] Could only allocate 1 dirs of requested 3 for tablet 22195fa9f0184b1fb5cb448c292b6ba4. 1 dirs total, 0 dirs full, 0 dirs failed
I20260608 12:52:51.654893  9230 tablet_service.cc:1511] Processing CreateTablet for tablet f152f0c745544d06afaa5ce0861fb0ba (DEFAULT_TABLE table=test-workload [id=9bd1f2f02e25427ea2dc6ea2fae7cf48]), partition=RANGE (key) PARTITION 1789569700 <= VALUES < 1968526670
I20260608 12:52:51.656454  9230 data_dirs.cc:400] Could only allocate 1 dirs of requested 3 for tablet f152f0c745544d06afaa5ce0861fb0ba. 1 dirs total, 0 dirs full, 0 dirs failed
I20260608 12:52:51.658015  9269 heartbeater.cc:499] Master 127.4.152.190:41969 was elected leader, sending a full tablet report...
I20260608 12:52:51.670315  9159 tablet_service.cc:1511] Processing CreateTablet for tablet b05bbbdcd8b04b969520bbb686e2d456 (DEFAULT_TABLE table=test-workload [id=9bd1f2f02e25427ea2dc6ea2fae7cf48]), partition=RANGE (key) PARTITION VALUES < 178956970
I20260608 12:52:51.674125  9155 tablet_service.cc:1511] Processing CreateTablet for tablet 1d99b1fb560449109dc6a7dfe67101c1 (DEFAULT_TABLE table=test-workload [id=9bd1f2f02e25427ea2dc6ea2fae7cf48]), partition=RANGE (key) PARTITION 715827880 <= VALUES < 894784850
I20260608 12:52:51.674562  9230 tablet_service.cc:1511] Processing CreateTablet for tablet 84726fcb4e2e42a4bb4eb8ab78dd0ea5 (DEFAULT_TABLE table=test-workload [id=9bd1f2f02e25427ea2dc6ea2fae7cf48]), partition=RANGE (key) PARTITION 1968526670 <= VALUES
I20260608 12:52:51.676272  9230 data_dirs.cc:400] Could only allocate 1 dirs of requested 3 for tablet 84726fcb4e2e42a4bb4eb8ab78dd0ea5. 1 dirs total, 0 dirs full, 0 dirs failed
I20260608 12:52:51.677857  9154 tablet_service.cc:1511] Processing CreateTablet for tablet 69d4c223be134974a20454dce1f0df7b (DEFAULT_TABLE table=test-workload [id=9bd1f2f02e25427ea2dc6ea2fae7cf48]), partition=RANGE (key) PARTITION 894784850 <= VALUES < 1073741820
I20260608 12:52:51.683440  9157 tablet_service.cc:1511] Processing CreateTablet for tablet 22195fa9f0184b1fb5cb448c292b6ba4 (DEFAULT_TABLE table=test-workload [id=9bd1f2f02e25427ea2dc6ea2fae7cf48]), partition=RANGE (key) PARTITION 357913940 <= VALUES < 536870910
I20260608 12:52:51.687211  9156 tablet_service.cc:1511] Processing CreateTablet for tablet c7d9585fb6424c9e9d83f04380b8060d (DEFAULT_TABLE table=test-workload [id=9bd1f2f02e25427ea2dc6ea2fae7cf48]), partition=RANGE (key) PARTITION 536870910 <= VALUES < 715827880
I20260608 12:52:51.687211  9158 tablet_service.cc:1511] Processing CreateTablet for tablet 3432bbaa832643ebb12e7837e9b7b1e0 (DEFAULT_TABLE table=test-workload [id=9bd1f2f02e25427ea2dc6ea2fae7cf48]), partition=RANGE (key) PARTITION 178956970 <= VALUES < 357913940
I20260608 12:52:51.687865  9159 data_dirs.cc:400] Could only allocate 1 dirs of requested 3 for tablet b05bbbdcd8b04b969520bbb686e2d456. 1 dirs total, 0 dirs full, 0 dirs failed
I20260608 12:52:51.689566  9153 tablet_service.cc:1511] Processing CreateTablet for tablet c1a6a7667eea478a9889bd4398f74b24 (DEFAULT_TABLE table=test-workload [id=9bd1f2f02e25427ea2dc6ea2fae7cf48]), partition=RANGE (key) PARTITION 1073741820 <= VALUES < 1252698790
I20260608 12:52:51.692942  9155 data_dirs.cc:400] Could only allocate 1 dirs of requested 3 for tablet 1d99b1fb560449109dc6a7dfe67101c1. 1 dirs total, 0 dirs full, 0 dirs failed
I20260608 12:52:51.693650  9154 data_dirs.cc:400] Could only allocate 1 dirs of requested 3 for tablet 69d4c223be134974a20454dce1f0df7b. 1 dirs total, 0 dirs full, 0 dirs failed
I20260608 12:52:51.694121  9151 tablet_service.cc:1511] Processing CreateTablet for tablet d2da3aa57829446d9b0daebfe6efe6db (DEFAULT_TABLE table=test-workload [id=9bd1f2f02e25427ea2dc6ea2fae7cf48]), partition=RANGE (key) PARTITION 1431655760 <= VALUES < 1610612730
I20260608 12:52:51.696981  9156 data_dirs.cc:400] Could only allocate 1 dirs of requested 3 for tablet c7d9585fb6424c9e9d83f04380b8060d. 1 dirs total, 0 dirs full, 0 dirs failed
I20260608 12:52:51.698977  9157 data_dirs.cc:400] Could only allocate 1 dirs of requested 3 for tablet 22195fa9f0184b1fb5cb448c292b6ba4. 1 dirs total, 0 dirs full, 0 dirs failed
I20260608 12:52:51.704654  9152 tablet_service.cc:1511] Processing CreateTablet for tablet 84f8a13906734fb8b9ec2b837585d091 (DEFAULT_TABLE table=test-workload [id=9bd1f2f02e25427ea2dc6ea2fae7cf48]), partition=RANGE (key) PARTITION 1252698790 <= VALUES < 1431655760
I20260608 12:52:51.706279  9152 data_dirs.cc:400] Could only allocate 1 dirs of requested 3 for tablet 84f8a13906734fb8b9ec2b837585d091. 1 dirs total, 0 dirs full, 0 dirs failed
I20260608 12:52:51.707636  9150 tablet_service.cc:1511] Processing CreateTablet for tablet 49c1152db3f7464c97f631125f10b407 (DEFAULT_TABLE table=test-workload [id=9bd1f2f02e25427ea2dc6ea2fae7cf48]), partition=RANGE (key) PARTITION 1610612730 <= VALUES < 1789569700
I20260608 12:52:51.709518  9150 data_dirs.cc:400] Could only allocate 1 dirs of requested 3 for tablet 49c1152db3f7464c97f631125f10b407. 1 dirs total, 0 dirs full, 0 dirs failed
I20260608 12:52:51.717067  9158 data_dirs.cc:400] Could only allocate 1 dirs of requested 3 for tablet 3432bbaa832643ebb12e7837e9b7b1e0. 1 dirs total, 0 dirs full, 0 dirs failed
I20260608 12:52:51.721211  9153 data_dirs.cc:400] Could only allocate 1 dirs of requested 3 for tablet c1a6a7667eea478a9889bd4398f74b24. 1 dirs total, 0 dirs full, 0 dirs failed
I20260608 12:52:51.741436  9364 raft_consensus.cc:493] T 3432bbaa832643ebb12e7837e9b7b1e0 P 31baccc4f8404ce6b67a55e2066616af [term 0 FOLLOWER]: Starting pre-election (no leader contacted us within the election timeout)
I20260608 12:52:51.742231  9364 raft_consensus.cc:515] T 3432bbaa832643ebb12e7837e9b7b1e0 P 31baccc4f8404ce6b67a55e2066616af [term 0 FOLLOWER]: Starting pre-election with config: opid_index: -1 OBSOLETE_local: false peers { permanent_uuid: "676d73c6d5a44ba98a44e27e2c5e7e64" member_type: VOTER last_known_addr { host: "127.4.152.129" port: 42007 } } peers { permanent_uuid: "0b8e5dc97ba4407a8e7f7324b49a3294" member_type: VOTER last_known_addr { host: "127.4.152.130" port: 34823 } } peers { permanent_uuid: "31baccc4f8404ce6b67a55e2066616af" member_type: VOTER last_known_addr { host: "127.4.152.131" port: 33113 } }
I20260608 12:52:51.744597  9343 heartbeater.cc:499] Master 127.4.152.190:41969 was elected leader, sending a full tablet report...
I20260608 12:52:51.748561  9151 data_dirs.cc:400] Could only allocate 1 dirs of requested 3 for tablet d2da3aa57829446d9b0daebfe6efe6db. 1 dirs total, 0 dirs full, 0 dirs failed
I20260608 12:52:51.779666  9361 ts_tablet_manager.cc:1434] T 3432bbaa832643ebb12e7837e9b7b1e0 P 31baccc4f8404ce6b67a55e2066616af: Time spent starting tablet: real 0.188s	user 0.049s	sys 0.055s
I20260608 12:52:51.780887  9361 tablet_bootstrap.cc:492] T b05bbbdcd8b04b969520bbb686e2d456 P 31baccc4f8404ce6b67a55e2066616af: Bootstrap starting.
I20260608 12:52:51.792943  9364 leader_election.cc:290] T 3432bbaa832643ebb12e7837e9b7b1e0 P 31baccc4f8404ce6b67a55e2066616af [CANDIDATE]: Term 1 pre-election: Requested pre-vote from peers 676d73c6d5a44ba98a44e27e2c5e7e64 (127.4.152.129:42007), 0b8e5dc97ba4407a8e7f7324b49a3294 (127.4.152.130:34823)
I20260608 12:52:51.798645  9365 tablet_bootstrap.cc:492] T c7d9585fb6424c9e9d83f04380b8060d P 0b8e5dc97ba4407a8e7f7324b49a3294: Bootstrap starting.
I20260608 12:52:51.809537  9157 tablet_service.cc:1511] Processing CreateTablet for tablet f152f0c745544d06afaa5ce0861fb0ba (DEFAULT_TABLE table=test-workload [id=9bd1f2f02e25427ea2dc6ea2fae7cf48]), partition=RANGE (key) PARTITION 1789569700 <= VALUES < 1968526670
I20260608 12:52:51.812196  9159 tablet_service.cc:1511] Processing CreateTablet for tablet 84726fcb4e2e42a4bb4eb8ab78dd0ea5 (DEFAULT_TABLE table=test-workload [id=9bd1f2f02e25427ea2dc6ea2fae7cf48]), partition=RANGE (key) PARTITION 1968526670 <= VALUES
I20260608 12:52:51.814946  9157 data_dirs.cc:400] Could only allocate 1 dirs of requested 3 for tablet f152f0c745544d06afaa5ce0861fb0ba. 1 dirs total, 0 dirs full, 0 dirs failed
I20260608 12:52:51.815759  9159 data_dirs.cc:400] Could only allocate 1 dirs of requested 3 for tablet 84726fcb4e2e42a4bb4eb8ab78dd0ea5. 1 dirs total, 0 dirs full, 0 dirs failed
I20260608 12:52:51.817997  9365 tablet_bootstrap.cc:654] T c7d9585fb6424c9e9d83f04380b8060d P 0b8e5dc97ba4407a8e7f7324b49a3294: Neither blocks nor log segments found. Creating new log.
I20260608 12:52:51.823319  9361 tablet_bootstrap.cc:654] T b05bbbdcd8b04b969520bbb686e2d456 P 31baccc4f8404ce6b67a55e2066616af: Neither blocks nor log segments found. Creating new log.
I20260608 12:52:51.837805  9367 tablet_bootstrap.cc:492] T b05bbbdcd8b04b969520bbb686e2d456 P 676d73c6d5a44ba98a44e27e2c5e7e64: Bootstrap starting.
I20260608 12:52:51.871793  9365 tablet_bootstrap.cc:492] T c7d9585fb6424c9e9d83f04380b8060d P 0b8e5dc97ba4407a8e7f7324b49a3294: No bootstrap required, opened a new log
I20260608 12:52:51.874181  9365 ts_tablet_manager.cc:1403] T c7d9585fb6424c9e9d83f04380b8060d P 0b8e5dc97ba4407a8e7f7324b49a3294: Time spent bootstrapping tablet: real 0.076s	user 0.022s	sys 0.012s
I20260608 12:52:51.877820  9367 tablet_bootstrap.cc:654] T b05bbbdcd8b04b969520bbb686e2d456 P 676d73c6d5a44ba98a44e27e2c5e7e64: Neither blocks nor log segments found. Creating new log.
I20260608 12:52:51.877576  9365 raft_consensus.cc:359] T c7d9585fb6424c9e9d83f04380b8060d P 0b8e5dc97ba4407a8e7f7324b49a3294 [term 0 FOLLOWER]: Replica starting. Triggering 0 pending ops. Active config: opid_index: -1 OBSOLETE_local: false peers { permanent_uuid: "676d73c6d5a44ba98a44e27e2c5e7e64" member_type: VOTER last_known_addr { host: "127.4.152.129" port: 42007 } } peers { permanent_uuid: "0b8e5dc97ba4407a8e7f7324b49a3294" member_type: VOTER last_known_addr { host: "127.4.152.130" port: 34823 } } peers { permanent_uuid: "31baccc4f8404ce6b67a55e2066616af" member_type: VOTER last_known_addr { host: "127.4.152.131" port: 33113 } }
I20260608 12:52:51.878494  9365 raft_consensus.cc:385] T c7d9585fb6424c9e9d83f04380b8060d P 0b8e5dc97ba4407a8e7f7324b49a3294 [term 0 FOLLOWER]: Consensus starting up: Expiring failure detector timer to make a prompt election more likely
I20260608 12:52:51.878922  9365 raft_consensus.cc:740] T c7d9585fb6424c9e9d83f04380b8060d P 0b8e5dc97ba4407a8e7f7324b49a3294 [term 0 FOLLOWER]: Becoming Follower/Learner. State: Replica: 0b8e5dc97ba4407a8e7f7324b49a3294, State: Initialized, Role: FOLLOWER
I20260608 12:52:51.879863  9365 consensus_queue.cc:260] T c7d9585fb6424c9e9d83f04380b8060d P 0b8e5dc97ba4407a8e7f7324b49a3294 [NON_LEADER]: Queue going to NON_LEADER mode. State: All replicated index: 0, Majority replicated index: 0, Committed index: 0, Last appended: 0.0, Last appended by leader: 0, Current term: 0, Majority size: -1, State: 0, Mode: NON_LEADER, active raft config: opid_index: -1 OBSOLETE_local: false peers { permanent_uuid: "676d73c6d5a44ba98a44e27e2c5e7e64" member_type: VOTER last_known_addr { host: "127.4.152.129" port: 42007 } } peers { permanent_uuid: "0b8e5dc97ba4407a8e7f7324b49a3294" member_type: VOTER last_known_addr { host: "127.4.152.130" port: 34823 } } peers { permanent_uuid: "31baccc4f8404ce6b67a55e2066616af" member_type: VOTER last_known_addr { host: "127.4.152.131" port: 33113 } }
I20260608 12:52:51.884744  9169 tablet_service.cc:1917] Received RequestConsensusVote() RPC: tablet_id: "3432bbaa832643ebb12e7837e9b7b1e0" candidate_uuid: "31baccc4f8404ce6b67a55e2066616af" candidate_term: 1 candidate_status { last_received { term: 0 index: 0 } } ignore_live_leader: false dest_uuid: "676d73c6d5a44ba98a44e27e2c5e7e64" is_pre_election: true
I20260608 12:52:51.885291  9361 tablet_bootstrap.cc:492] T b05bbbdcd8b04b969520bbb686e2d456 P 31baccc4f8404ce6b67a55e2066616af: No bootstrap required, opened a new log
I20260608 12:52:51.885897  9361 ts_tablet_manager.cc:1403] T b05bbbdcd8b04b969520bbb686e2d456 P 31baccc4f8404ce6b67a55e2066616af: Time spent bootstrapping tablet: real 0.105s	user 0.009s	sys 0.009s
W20260608 12:52:51.887244  9284 leader_election.cc:343] T 3432bbaa832643ebb12e7837e9b7b1e0 P 31baccc4f8404ce6b67a55e2066616af [CANDIDATE]: Term 1 pre-election: Tablet error from VoteRequest() call to peer 676d73c6d5a44ba98a44e27e2c5e7e64 (127.4.152.129:42007): Illegal state: must be running to vote when last-logged opid is not known
I20260608 12:52:51.889256  9361 raft_consensus.cc:359] T b05bbbdcd8b04b969520bbb686e2d456 P 31baccc4f8404ce6b67a55e2066616af [term 0 FOLLOWER]: Replica starting. Triggering 0 pending ops. Active config: opid_index: -1 OBSOLETE_local: false peers { permanent_uuid: "31baccc4f8404ce6b67a55e2066616af" member_type: VOTER last_known_addr { host: "127.4.152.131" port: 33113 } } peers { permanent_uuid: "0b8e5dc97ba4407a8e7f7324b49a3294" member_type: VOTER last_known_addr { host: "127.4.152.130" port: 34823 } } peers { permanent_uuid: "676d73c6d5a44ba98a44e27e2c5e7e64" member_type: VOTER last_known_addr { host: "127.4.152.129" port: 42007 } }
I20260608 12:52:51.890057  9361 raft_consensus.cc:385] T b05bbbdcd8b04b969520bbb686e2d456 P 31baccc4f8404ce6b67a55e2066616af [term 0 FOLLOWER]: Consensus starting up: Expiring failure detector timer to make a prompt election more likely
I20260608 12:52:51.890357  9361 raft_consensus.cc:740] T b05bbbdcd8b04b969520bbb686e2d456 P 31baccc4f8404ce6b67a55e2066616af [term 0 FOLLOWER]: Becoming Follower/Learner. State: Replica: 31baccc4f8404ce6b67a55e2066616af, State: Initialized, Role: FOLLOWER
I20260608 12:52:51.891582  9367 tablet_bootstrap.cc:492] T b05bbbdcd8b04b969520bbb686e2d456 P 676d73c6d5a44ba98a44e27e2c5e7e64: No bootstrap required, opened a new log
I20260608 12:52:51.892127  9367 ts_tablet_manager.cc:1403] T b05bbbdcd8b04b969520bbb686e2d456 P 676d73c6d5a44ba98a44e27e2c5e7e64: Time spent bootstrapping tablet: real 0.055s	user 0.007s	sys 0.005s
I20260608 12:52:51.892714  9365 ts_tablet_manager.cc:1434] T c7d9585fb6424c9e9d83f04380b8060d P 0b8e5dc97ba4407a8e7f7324b49a3294: Time spent starting tablet: real 0.018s	user 0.015s	sys 0.000s
I20260608 12:52:51.893971  9365 tablet_bootstrap.cc:492] T 1d99b1fb560449109dc6a7dfe67101c1 P 0b8e5dc97ba4407a8e7f7324b49a3294: Bootstrap starting.
I20260608 12:52:51.895473  9367 raft_consensus.cc:359] T b05bbbdcd8b04b969520bbb686e2d456 P 676d73c6d5a44ba98a44e27e2c5e7e64 [term 0 FOLLOWER]: Replica starting. Triggering 0 pending ops. Active config: opid_index: -1 OBSOLETE_local: false peers { permanent_uuid: "31baccc4f8404ce6b67a55e2066616af" member_type: VOTER last_known_addr { host: "127.4.152.131" port: 33113 } } peers { permanent_uuid: "0b8e5dc97ba4407a8e7f7324b49a3294" member_type: VOTER last_known_addr { host: "127.4.152.130" port: 34823 } } peers { permanent_uuid: "676d73c6d5a44ba98a44e27e2c5e7e64" member_type: VOTER last_known_addr { host: "127.4.152.129" port: 42007 } }
I20260608 12:52:51.896278  9367 raft_consensus.cc:385] T b05bbbdcd8b04b969520bbb686e2d456 P 676d73c6d5a44ba98a44e27e2c5e7e64 [term 0 FOLLOWER]: Consensus starting up: Expiring failure detector timer to make a prompt election more likely
I20260608 12:52:51.896600  9367 raft_consensus.cc:740] T b05bbbdcd8b04b969520bbb686e2d456 P 676d73c6d5a44ba98a44e27e2c5e7e64 [term 0 FOLLOWER]: Becoming Follower/Learner. State: Replica: 676d73c6d5a44ba98a44e27e2c5e7e64, State: Initialized, Role: FOLLOWER
I20260608 12:52:51.897480  9367 consensus_queue.cc:260] T b05bbbdcd8b04b969520bbb686e2d456 P 676d73c6d5a44ba98a44e27e2c5e7e64 [NON_LEADER]: Queue going to NON_LEADER mode. State: All replicated index: 0, Majority replicated index: 0, Committed index: 0, Last appended: 0.0, Last appended by leader: 0, Current term: 0, Majority size: -1, State: 0, Mode: NON_LEADER, active raft config: opid_index: -1 OBSOLETE_local: false peers { permanent_uuid: "31baccc4f8404ce6b67a55e2066616af" member_type: VOTER last_known_addr { host: "127.4.152.131" port: 33113 } } peers { permanent_uuid: "0b8e5dc97ba4407a8e7f7324b49a3294" member_type: VOTER last_known_addr { host: "127.4.152.130" port: 34823 } } peers { permanent_uuid: "676d73c6d5a44ba98a44e27e2c5e7e64" member_type: VOTER last_known_addr { host: "127.4.152.129" port: 42007 } }
I20260608 12:52:51.900339  9244 tablet_service.cc:1917] Received RequestConsensusVote() RPC: tablet_id: "3432bbaa832643ebb12e7837e9b7b1e0" candidate_uuid: "31baccc4f8404ce6b67a55e2066616af" candidate_term: 1 candidate_status { last_received { term: 0 index: 0 } } ignore_live_leader: false dest_uuid: "0b8e5dc97ba4407a8e7f7324b49a3294" is_pre_election: true
W20260608 12:52:51.902120  9284 leader_election.cc:343] T 3432bbaa832643ebb12e7837e9b7b1e0 P 31baccc4f8404ce6b67a55e2066616af [CANDIDATE]: Term 1 pre-election: Tablet error from VoteRequest() call to peer 0b8e5dc97ba4407a8e7f7324b49a3294 (127.4.152.130:34823): Illegal state: must be running to vote when last-logged opid is not known
I20260608 12:52:51.902603  9284 leader_election.cc:304] T 3432bbaa832643ebb12e7837e9b7b1e0 P 31baccc4f8404ce6b67a55e2066616af [CANDIDATE]: Term 1 pre-election: Election decided. Result: candidate lost. Election summary: received 3 responses out of 3 voters: 1 yes votes; 2 no votes. yes voters: 31baccc4f8404ce6b67a55e2066616af; no voters: 0b8e5dc97ba4407a8e7f7324b49a3294, 676d73c6d5a44ba98a44e27e2c5e7e64
I20260608 12:52:51.903213  9365 tablet_bootstrap.cc:654] T 1d99b1fb560449109dc6a7dfe67101c1 P 0b8e5dc97ba4407a8e7f7324b49a3294: Neither blocks nor log segments found. Creating new log.
