W20260608 12:38:19.606920  9236 outbound_call.cc:321] RPC callback for RPC call kudu.consensus.ConsensusService.UpdateConsensus -> {remote=127.5.247.193:39541, user_credentials={real_user=slave}} blocked reactor thread for 65182.1us
I20260608 12:38:19.613305  9412 data_dirs.cc:400] Could only allocate 1 dirs of requested 3 for tablet 318542f4f6c2426ba03c3c219492a8b8. 1 dirs total, 0 dirs full, 0 dirs failed
I20260608 12:38:19.665141  9414 data_dirs.cc:400] Could only allocate 1 dirs of requested 3 for tablet 79423d1cc4c14983b86379c2ef66a4b9. 1 dirs total, 0 dirs full, 0 dirs failed
I20260608 12:38:19.666429  9463 tablet_bootstrap.cc:654] T 81639e393b3442558ae1eeb44f625007 P 7d7c1c45cac94621b37390ab34935d57: Neither blocks nor log segments found. Creating new log.
I20260608 12:38:19.701130  9466 tablet_bootstrap.cc:492] T 7384e29a559344dbaf89da99f1c17e1c P 2c70d1899ad34b4f90870201939b951c: Bootstrap starting.
I20260608 12:38:19.713369  9461 tablet_bootstrap.cc:654] T 81639e393b3442558ae1eeb44f625007 P b6b1ba6e3ca84e7cacd9631a484ec68d: Neither blocks nor log segments found. Creating new log.
I20260608 12:38:19.734650  9466 tablet_bootstrap.cc:654] T 7384e29a559344dbaf89da99f1c17e1c P 2c70d1899ad34b4f90870201939b951c: Neither blocks nor log segments found. Creating new log.
I20260608 12:38:19.730782  9471 tablet_bootstrap.cc:492] T 30cc58a7b58e44ebaaf4c9338fa7a292 P 04f9b72827af42c9a9620c98db8faad6: Bootstrap starting.
I20260608 12:38:19.753731  9463 tablet_bootstrap.cc:492] T 81639e393b3442558ae1eeb44f625007 P 7d7c1c45cac94621b37390ab34935d57: No bootstrap required, opened a new log
I20260608 12:38:19.754360  9463 ts_tablet_manager.cc:1403] T 81639e393b3442558ae1eeb44f625007 P 7d7c1c45cac94621b37390ab34935d57: Time spent bootstrapping tablet: real 0.251s	user 0.013s	sys 0.016s
I20260608 12:38:19.754556  9461 tablet_bootstrap.cc:492] T 81639e393b3442558ae1eeb44f625007 P b6b1ba6e3ca84e7cacd9631a484ec68d: No bootstrap required, opened a new log
I20260608 12:38:19.755249  9461 ts_tablet_manager.cc:1403] T 81639e393b3442558ae1eeb44f625007 P b6b1ba6e3ca84e7cacd9631a484ec68d: Time spent bootstrapping tablet: real 0.253s	user 0.018s	sys 0.010s
I20260608 12:38:19.754655  9466 tablet_bootstrap.cc:492] T 7384e29a559344dbaf89da99f1c17e1c P 2c70d1899ad34b4f90870201939b951c: No bootstrap required, opened a new log
I20260608 12:38:19.762370  9463 raft_consensus.cc:359] T 81639e393b3442558ae1eeb44f625007 P 7d7c1c45cac94621b37390ab34935d57 [term 0 FOLLOWER]: Replica starting. Triggering 0 pending ops. Active config: opid_index: -1 OBSOLETE_local: false peers { permanent_uuid: "7d7c1c45cac94621b37390ab34935d57" member_type: VOTER last_known_addr { host: "127.5.247.193" port: 39541 } } peers { permanent_uuid: "b6b1ba6e3ca84e7cacd9631a484ec68d" member_type: VOTER last_known_addr { host: "127.5.247.194" port: 44035 } } peers { permanent_uuid: "04f9b72827af42c9a9620c98db8faad6" member_type: VOTER last_known_addr { host: "127.5.247.196" port: 34869 } }
I20260608 12:38:19.763053  9463 raft_consensus.cc:385] T 81639e393b3442558ae1eeb44f625007 P 7d7c1c45cac94621b37390ab34935d57 [term 0 FOLLOWER]: Consensus starting up: Expiring failure detector timer to make a prompt election more likely
I20260608 12:38:19.763378  9463 raft_consensus.cc:740] T 81639e393b3442558ae1eeb44f625007 P 7d7c1c45cac94621b37390ab34935d57 [term 0 FOLLOWER]: Becoming Follower/Learner. State: Replica: 7d7c1c45cac94621b37390ab34935d57, State: Initialized, Role: FOLLOWER
I20260608 12:38:19.764150  9463 consensus_queue.cc:260] T 81639e393b3442558ae1eeb44f625007 P 7d7c1c45cac94621b37390ab34935d57 [NON_LEADER]: Queue going to NON_LEADER mode. State: All replicated index: 0, Majority replicated index: 0, Committed index: 0, Last appended: 0.0, Last appended by leader: 0, Current term: 0, Majority size: -1, State: 0, Mode: NON_LEADER, active raft config: opid_index: -1 OBSOLETE_local: false peers { permanent_uuid: "7d7c1c45cac94621b37390ab34935d57" member_type: VOTER last_known_addr { host: "127.5.247.193" port: 39541 } } peers { permanent_uuid: "b6b1ba6e3ca84e7cacd9631a484ec68d" member_type: VOTER last_known_addr { host: "127.5.247.194" port: 44035 } } peers { permanent_uuid: "04f9b72827af42c9a9620c98db8faad6" member_type: VOTER last_known_addr { host: "127.5.247.196" port: 34869 } }
I20260608 12:38:19.766928  9463 ts_tablet_manager.cc:1434] T 81639e393b3442558ae1eeb44f625007 P 7d7c1c45cac94621b37390ab34935d57: Time spent starting tablet: real 0.012s	user 0.009s	sys 0.000s
I20260608 12:38:19.759023  9466 ts_tablet_manager.cc:1403] T 7384e29a559344dbaf89da99f1c17e1c P 2c70d1899ad34b4f90870201939b951c: Time spent bootstrapping tablet: real 0.090s	user 0.006s	sys 0.012s
I20260608 12:38:19.768929  9463 tablet_bootstrap.cc:492] T 30cc58a7b58e44ebaaf4c9338fa7a292 P 7d7c1c45cac94621b37390ab34935d57: Bootstrap starting.
I20260608 12:38:19.769922  9471 tablet_bootstrap.cc:654] T 30cc58a7b58e44ebaaf4c9338fa7a292 P 04f9b72827af42c9a9620c98db8faad6: Neither blocks nor log segments found. Creating new log.
I20260608 12:38:19.772471  9466 raft_consensus.cc:359] T 7384e29a559344dbaf89da99f1c17e1c P 2c70d1899ad34b4f90870201939b951c [term 0 FOLLOWER]: Replica starting. Triggering 0 pending ops. Active config: opid_index: -1 OBSOLETE_local: false peers { permanent_uuid: "b6b1ba6e3ca84e7cacd9631a484ec68d" member_type: VOTER last_known_addr { host: "127.5.247.194" port: 44035 } } peers { permanent_uuid: "04f9b72827af42c9a9620c98db8faad6" member_type: VOTER last_known_addr { host: "127.5.247.196" port: 34869 } } peers { permanent_uuid: "2c70d1899ad34b4f90870201939b951c" member_type: VOTER last_known_addr { host: "127.5.247.195" port: 39501 } }
I20260608 12:38:19.773341  9466 raft_consensus.cc:385] T 7384e29a559344dbaf89da99f1c17e1c P 2c70d1899ad34b4f90870201939b951c [term 0 FOLLOWER]: Consensus starting up: Expiring failure detector timer to make a prompt election more likely
I20260608 12:38:19.773664  9466 raft_consensus.cc:740] T 7384e29a559344dbaf89da99f1c17e1c P 2c70d1899ad34b4f90870201939b951c [term 0 FOLLOWER]: Becoming Follower/Learner. State: Replica: 2c70d1899ad34b4f90870201939b951c, State: Initialized, Role: FOLLOWER
I20260608 12:38:19.770654  9461 raft_consensus.cc:359] T 81639e393b3442558ae1eeb44f625007 P b6b1ba6e3ca84e7cacd9631a484ec68d [term 0 FOLLOWER]: Replica starting. Triggering 0 pending ops. Active config: opid_index: -1 OBSOLETE_local: false peers { permanent_uuid: "7d7c1c45cac94621b37390ab34935d57" member_type: VOTER last_known_addr { host: "127.5.247.193" port: 39541 } } peers { permanent_uuid: "b6b1ba6e3ca84e7cacd9631a484ec68d" member_type: VOTER last_known_addr { host: "127.5.247.194" port: 44035 } } peers { permanent_uuid: "04f9b72827af42c9a9620c98db8faad6" member_type: VOTER last_known_addr { host: "127.5.247.196" port: 34869 } }
I20260608 12:38:19.775300  9461 raft_consensus.cc:385] T 81639e393b3442558ae1eeb44f625007 P b6b1ba6e3ca84e7cacd9631a484ec68d [term 0 FOLLOWER]: Consensus starting up: Expiring failure detector timer to make a prompt election more likely
I20260608 12:38:19.774581  9466 consensus_queue.cc:260] T 7384e29a559344dbaf89da99f1c17e1c P 2c70d1899ad34b4f90870201939b951c [NON_LEADER]: Queue going to NON_LEADER mode. State: All replicated index: 0, Majority replicated index: 0, Committed index: 0, Last appended: 0.0, Last appended by leader: 0, Current term: 0, Majority size: -1, State: 0, Mode: NON_LEADER, active raft config: opid_index: -1 OBSOLETE_local: false peers { permanent_uuid: "b6b1ba6e3ca84e7cacd9631a484ec68d" member_type: VOTER last_known_addr { host: "127.5.247.194" port: 44035 } } peers { permanent_uuid: "04f9b72827af42c9a9620c98db8faad6" member_type: VOTER last_known_addr { host: "127.5.247.196" port: 34869 } } peers { permanent_uuid: "2c70d1899ad34b4f90870201939b951c" member_type: VOTER last_known_addr { host: "127.5.247.195" port: 39501 } }
I20260608 12:38:19.775686  9461 raft_consensus.cc:740] T 81639e393b3442558ae1eeb44f625007 P b6b1ba6e3ca84e7cacd9631a484ec68d [term 0 FOLLOWER]: Becoming Follower/Learner. State: Replica: b6b1ba6e3ca84e7cacd9631a484ec68d, State: Initialized, Role: FOLLOWER
I20260608 12:38:19.776960  9461 consensus_queue.cc:260] T 81639e393b3442558ae1eeb44f625007 P b6b1ba6e3ca84e7cacd9631a484ec68d [NON_LEADER]: Queue going to NON_LEADER mode. State: All replicated index: 0, Majority replicated index: 0, Committed index: 0, Last appended: 0.0, Last appended by leader: 0, Current term: 0, Majority size: -1, State: 0, Mode: NON_LEADER, active raft config: opid_index: -1 OBSOLETE_local: false peers { permanent_uuid: "7d7c1c45cac94621b37390ab34935d57" member_type: VOTER last_known_addr { host: "127.5.247.193" port: 39541 } } peers { permanent_uuid: "b6b1ba6e3ca84e7cacd9631a484ec68d" member_type: VOTER last_known_addr { host: "127.5.247.194" port: 44035 } } peers { permanent_uuid: "04f9b72827af42c9a9620c98db8faad6" member_type: VOTER last_known_addr { host: "127.5.247.196" port: 34869 } }
I20260608 12:38:19.787904  9463 tablet_bootstrap.cc:654] T 30cc58a7b58e44ebaaf4c9338fa7a292 P 7d7c1c45cac94621b37390ab34935d57: Neither blocks nor log segments found. Creating new log.
I20260608 12:38:19.790899  9466 ts_tablet_manager.cc:1434] T 7384e29a559344dbaf89da99f1c17e1c P 2c70d1899ad34b4f90870201939b951c: Time spent starting tablet: real 0.023s	user 0.008s	sys 0.000s
I20260608 12:38:19.792987  9466 tablet_bootstrap.cc:492] T 318542f4f6c2426ba03c3c219492a8b8 P 2c70d1899ad34b4f90870201939b951c: Bootstrap starting.
I20260608 12:38:19.797817  9461 ts_tablet_manager.cc:1434] T 81639e393b3442558ae1eeb44f625007 P b6b1ba6e3ca84e7cacd9631a484ec68d: Time spent starting tablet: real 0.042s	user 0.007s	sys 0.001s
I20260608 12:38:19.800359  9463 tablet_bootstrap.cc:492] T 30cc58a7b58e44ebaaf4c9338fa7a292 P 7d7c1c45cac94621b37390ab34935d57: No bootstrap required, opened a new log
I20260608 12:38:19.800985  9463 ts_tablet_manager.cc:1403] T 30cc58a7b58e44ebaaf4c9338fa7a292 P 7d7c1c45cac94621b37390ab34935d57: Time spent bootstrapping tablet: real 0.032s	user 0.015s	sys 0.004s
I20260608 12:38:19.804821  9463 raft_consensus.cc:359] T 30cc58a7b58e44ebaaf4c9338fa7a292 P 7d7c1c45cac94621b37390ab34935d57 [term 0 FOLLOWER]: Replica starting. Triggering 0 pending ops. Active config: opid_index: -1 OBSOLETE_local: false peers { permanent_uuid: "04f9b72827af42c9a9620c98db8faad6" member_type: VOTER last_known_addr { host: "127.5.247.196" port: 34869 } } peers { permanent_uuid: "7d7c1c45cac94621b37390ab34935d57" member_type: VOTER last_known_addr { host: "127.5.247.193" port: 39541 } } peers { permanent_uuid: "2c70d1899ad34b4f90870201939b951c" member_type: VOTER last_known_addr { host: "127.5.247.195" port: 39501 } }
I20260608 12:38:19.805737  9463 raft_consensus.cc:385] T 30cc58a7b58e44ebaaf4c9338fa7a292 P 7d7c1c45cac94621b37390ab34935d57 [term 0 FOLLOWER]: Consensus starting up: Expiring failure detector timer to make a prompt election more likely
I20260608 12:38:19.806138  9463 raft_consensus.cc:740] T 30cc58a7b58e44ebaaf4c9338fa7a292 P 7d7c1c45cac94621b37390ab34935d57 [term 0 FOLLOWER]: Becoming Follower/Learner. State: Replica: 7d7c1c45cac94621b37390ab34935d57, State: Initialized, Role: FOLLOWER
I20260608 12:38:19.807338  9463 consensus_queue.cc:260] T 30cc58a7b58e44ebaaf4c9338fa7a292 P 7d7c1c45cac94621b37390ab34935d57 [NON_LEADER]: Queue going to NON_LEADER mode. State: All replicated index: 0, Majority replicated index: 0, Committed index: 0, Last appended: 0.0, Last appended by leader: 0, Current term: 0, Majority size: -1, State: 0, Mode: NON_LEADER, active raft config: opid_index: -1 OBSOLETE_local: false peers { permanent_uuid: "04f9b72827af42c9a9620c98db8faad6" member_type: VOTER last_known_addr { host: "127.5.247.196" port: 34869 } } peers { permanent_uuid: "7d7c1c45cac94621b37390ab34935d57" member_type: VOTER last_known_addr { host: "127.5.247.193" port: 39541 } } peers { permanent_uuid: "2c70d1899ad34b4f90870201939b951c" member_type: VOTER last_known_addr { host: "127.5.247.195" port: 39501 } }
I20260608 12:38:19.809084  9471 tablet_bootstrap.cc:492] T 30cc58a7b58e44ebaaf4c9338fa7a292 P 04f9b72827af42c9a9620c98db8faad6: No bootstrap required, opened a new log
I20260608 12:38:19.809852  9471 ts_tablet_manager.cc:1403] T 30cc58a7b58e44ebaaf4c9338fa7a292 P 04f9b72827af42c9a9620c98db8faad6: Time spent bootstrapping tablet: real 0.080s	user 0.021s	sys 0.022s
I20260608 12:38:19.810650  9463 ts_tablet_manager.cc:1434] T 30cc58a7b58e44ebaaf4c9338fa7a292 P 7d7c1c45cac94621b37390ab34935d57: Time spent starting tablet: real 0.009s	user 0.007s	sys 0.001s
I20260608 12:38:19.811836  9463 tablet_bootstrap.cc:492] T 760666c5bb5447b9b1b7f987c86c4098 P 7d7c1c45cac94621b37390ab34935d57: Bootstrap starting.
I20260608 12:38:19.812553  9466 tablet_bootstrap.cc:654] T 318542f4f6c2426ba03c3c219492a8b8 P 2c70d1899ad34b4f90870201939b951c: Neither blocks nor log segments found. Creating new log.
I20260608 12:38:19.813931  9471 raft_consensus.cc:359] T 30cc58a7b58e44ebaaf4c9338fa7a292 P 04f9b72827af42c9a9620c98db8faad6 [term 0 FOLLOWER]: Replica starting. Triggering 0 pending ops. Active config: opid_index: -1 OBSOLETE_local: false peers { permanent_uuid: "04f9b72827af42c9a9620c98db8faad6" member_type: VOTER last_known_addr { host: "127.5.247.196" port: 34869 } } peers { permanent_uuid: "7d7c1c45cac94621b37390ab34935d57" member_type: VOTER last_known_addr { host: "127.5.247.193" port: 39541 } } peers { permanent_uuid: "2c70d1899ad34b4f90870201939b951c" member_type: VOTER last_known_addr { host: "127.5.247.195" port: 39501 } }
I20260608 12:38:19.814965  9471 raft_consensus.cc:385] T 30cc58a7b58e44ebaaf4c9338fa7a292 P 04f9b72827af42c9a9620c98db8faad6 [term 0 FOLLOWER]: Consensus starting up: Expiring failure detector timer to make a prompt election more likely
I20260608 12:38:19.815409  9471 raft_consensus.cc:740] T 30cc58a7b58e44ebaaf4c9338fa7a292 P 04f9b72827af42c9a9620c98db8faad6 [term 0 FOLLOWER]: Becoming Follower/Learner. State: Replica: 04f9b72827af42c9a9620c98db8faad6, State: Initialized, Role: FOLLOWER
I20260608 12:38:19.816553  9471 consensus_queue.cc:260] T 30cc58a7b58e44ebaaf4c9338fa7a292 P 04f9b72827af42c9a9620c98db8faad6 [NON_LEADER]: Queue going to NON_LEADER mode. State: All replicated index: 0, Majority replicated index: 0, Committed index: 0, Last appended: 0.0, Last appended by leader: 0, Current term: 0, Majority size: -1, State: 0, Mode: NON_LEADER, active raft config: opid_index: -1 OBSOLETE_local: false peers { permanent_uuid: "04f9b72827af42c9a9620c98db8faad6" member_type: VOTER last_known_addr { host: "127.5.247.196" port: 34869 } } peers { permanent_uuid: "7d7c1c45cac94621b37390ab34935d57" member_type: VOTER last_known_addr { host: "127.5.247.193" port: 39541 } } peers { permanent_uuid: "2c70d1899ad34b4f90870201939b951c" member_type: VOTER last_known_addr { host: "127.5.247.195" port: 39501 } }
I20260608 12:38:19.819595  9463 tablet_bootstrap.cc:654] T 760666c5bb5447b9b1b7f987c86c4098 P 7d7c1c45cac94621b37390ab34935d57: Neither blocks nor log segments found. Creating new log.
I20260608 12:38:19.821003  9461 tablet_bootstrap.cc:492] T 79423d1cc4c14983b86379c2ef66a4b9 P b6b1ba6e3ca84e7cacd9631a484ec68d: Bootstrap starting.
I20260608 12:38:19.825574  9359 raft_consensus.cc:493] T 81639e393b3442558ae1eeb44f625007 P 7d7c1c45cac94621b37390ab34935d57 [term 0 FOLLOWER]: Starting pre-election (no leader contacted us within the election timeout)
I20260608 12:38:19.826277  9359 raft_consensus.cc:515] T 81639e393b3442558ae1eeb44f625007 P 7d7c1c45cac94621b37390ab34935d57 [term 0 FOLLOWER]: Starting pre-election with config: opid_index: -1 OBSOLETE_local: false peers { permanent_uuid: "7d7c1c45cac94621b37390ab34935d57" member_type: VOTER last_known_addr { host: "127.5.247.193" port: 39541 } } peers { permanent_uuid: "b6b1ba6e3ca84e7cacd9631a484ec68d" member_type: VOTER last_known_addr { host: "127.5.247.194" port: 44035 } } peers { permanent_uuid: "04f9b72827af42c9a9620c98db8faad6" member_type: VOTER last_known_addr { host: "127.5.247.196" port: 34869 } }
I20260608 12:38:19.830752  9198 tablet_service.cc:1917] Received RequestConsensusVote() RPC: tablet_id: "81639e393b3442558ae1eeb44f625007" candidate_uuid: "7d7c1c45cac94621b37390ab34935d57" candidate_term: 1 candidate_status { last_received { term: 0 index: 0 } } ignore_live_leader: false dest_uuid: "b6b1ba6e3ca84e7cacd9631a484ec68d" is_pre_election: true
I20260608 12:38:19.831543  9198 raft_consensus.cc:2468] T 81639e393b3442558ae1eeb44f625007 P b6b1ba6e3ca84e7cacd9631a484ec68d [term 0 FOLLOWER]: Leader pre-election vote request: Granting yes vote for candidate 7d7c1c45cac94621b37390ab34935d57 in term 0.
I20260608 12:38:19.832232  9461 tablet_bootstrap.cc:654] T 79423d1cc4c14983b86379c2ef66a4b9 P b6b1ba6e3ca84e7cacd9631a484ec68d: Neither blocks nor log segments found. Creating new log.
I20260608 12:38:19.832355  9453 heartbeater.cc:499] Master 127.5.247.254:44547 was elected leader, sending a full tablet report...
I20260608 12:38:19.832796  9471 ts_tablet_manager.cc:1434] T 30cc58a7b58e44ebaaf4c9338fa7a292 P 04f9b72827af42c9a9620c98db8faad6: Time spent starting tablet: real 0.023s	user 0.014s	sys 0.007s
I20260608 12:38:19.834095  9471 tablet_bootstrap.cc:492] T 81639e393b3442558ae1eeb44f625007 P 04f9b72827af42c9a9620c98db8faad6: Bootstrap starting.
I20260608 12:38:19.834867  9463 tablet_bootstrap.cc:492] T 760666c5bb5447b9b1b7f987c86c4098 P 7d7c1c45cac94621b37390ab34935d57: No bootstrap required, opened a new log
I20260608 12:38:19.835757  9463 ts_tablet_manager.cc:1403] T 760666c5bb5447b9b1b7f987c86c4098 P 7d7c1c45cac94621b37390ab34935d57: Time spent bootstrapping tablet: real 0.024s	user 0.009s	sys 0.010s
I20260608 12:38:19.840487  9463 raft_consensus.cc:359] T 760666c5bb5447b9b1b7f987c86c4098 P 7d7c1c45cac94621b37390ab34935d57 [term 0 FOLLOWER]: Replica starting. Triggering 0 pending ops. Active config: opid_index: -1 OBSOLETE_local: false peers { permanent_uuid: "2c70d1899ad34b4f90870201939b951c" member_type: VOTER last_known_addr { host: "127.5.247.195" port: 39501 } } peers { permanent_uuid: "04f9b72827af42c9a9620c98db8faad6" member_type: VOTER last_known_addr { host: "127.5.247.196" port: 34869 } } peers { permanent_uuid: "7d7c1c45cac94621b37390ab34935d57" member_type: VOTER last_known_addr { host: "127.5.247.193" port: 39541 } }
I20260608 12:38:19.841413  9471 tablet_bootstrap.cc:654] T 81639e393b3442558ae1eeb44f625007 P 04f9b72827af42c9a9620c98db8faad6: Neither blocks nor log segments found. Creating new log.
I20260608 12:38:19.841598  9463 raft_consensus.cc:385] T 760666c5bb5447b9b1b7f987c86c4098 P 7d7c1c45cac94621b37390ab34935d57 [term 0 FOLLOWER]: Consensus starting up: Expiring failure detector timer to make a prompt election more likely
I20260608 12:38:19.842171  9463 raft_consensus.cc:740] T 760666c5bb5447b9b1b7f987c86c4098 P 7d7c1c45cac94621b37390ab34935d57 [term 0 FOLLOWER]: Becoming Follower/Learner. State: Replica: 7d7c1c45cac94621b37390ab34935d57, State: Initialized, Role: FOLLOWER
I20260608 12:38:19.843446  9463 consensus_queue.cc:260] T 760666c5bb5447b9b1b7f987c86c4098 P 7d7c1c45cac94621b37390ab34935d57 [NON_LEADER]: Queue going to NON_LEADER mode. State: All replicated index: 0, Majority replicated index: 0, Committed index: 0, Last appended: 0.0, Last appended by leader: 0, Current term: 0, Majority size: -1, State: 0, Mode: NON_LEADER, active raft config: opid_index: -1 OBSOLETE_local: false peers { permanent_uuid: "2c70d1899ad34b4f90870201939b951c" member_type: VOTER last_known_addr { host: "127.5.247.195" port: 39501 } } peers { permanent_uuid: "04f9b72827af42c9a9620c98db8faad6" member_type: VOTER last_known_addr { host: "127.5.247.196" port: 34869 } } peers { permanent_uuid: "7d7c1c45cac94621b37390ab34935d57" member_type: VOTER last_known_addr { host: "127.5.247.193" port: 39541 } }
I20260608 12:38:19.847213  9463 ts_tablet_manager.cc:1434] T 760666c5bb5447b9b1b7f987c86c4098 P 7d7c1c45cac94621b37390ab34935d57: Time spent starting tablet: real 0.011s	user 0.009s	sys 0.000s
I20260608 12:38:19.848238  9463 tablet_bootstrap.cc:492] T d517b6925c19477fa672447858aa1a69 P 7d7c1c45cac94621b37390ab34935d57: Bootstrap starting.
I20260608 12:38:19.848023  9359 leader_election.cc:290] T 81639e393b3442558ae1eeb44f625007 P 7d7c1c45cac94621b37390ab34935d57 [CANDIDATE]: Term 1 pre-election: Requested pre-vote from peers b6b1ba6e3ca84e7cacd9631a484ec68d (127.5.247.194:44035), 04f9b72827af42c9a9620c98db8faad6 (127.5.247.196:34869)
I20260608 12:38:19.854990  9471 tablet_bootstrap.cc:492] T 81639e393b3442558ae1eeb44f625007 P 04f9b72827af42c9a9620c98db8faad6: No bootstrap required, opened a new log
I20260608 12:38:19.856791  9463 tablet_bootstrap.cc:654] T d517b6925c19477fa672447858aa1a69 P 7d7c1c45cac94621b37390ab34935d57: Neither blocks nor log segments found. Creating new log.
I20260608 12:38:19.857023  9471 ts_tablet_manager.cc:1403] T 81639e393b3442558ae1eeb44f625007 P 04f9b72827af42c9a9620c98db8faad6: Time spent bootstrapping tablet: real 0.023s	user 0.014s	sys 0.006s
I20260608 12:38:19.858084  9466 tablet_bootstrap.cc:492] T 318542f4f6c2426ba03c3c219492a8b8 P 2c70d1899ad34b4f90870201939b951c: No bootstrap required, opened a new log
I20260608 12:38:19.858623  9466 ts_tablet_manager.cc:1403] T 318542f4f6c2426ba03c3c219492a8b8 P 2c70d1899ad34b4f90870201939b951c: Time spent bootstrapping tablet: real 0.066s	user 0.010s	sys 0.006s
I20260608 12:38:19.860807  9471 raft_consensus.cc:359] T 81639e393b3442558ae1eeb44f625007 P 04f9b72827af42c9a9620c98db8faad6 [term 0 FOLLOWER]: Replica starting. Triggering 0 pending ops. Active config: opid_index: -1 OBSOLETE_local: false peers { permanent_uuid: "7d7c1c45cac94621b37390ab34935d57" member_type: VOTER last_known_addr { host: "127.5.247.193" port: 39541 } } peers { permanent_uuid: "b6b1ba6e3ca84e7cacd9631a484ec68d" member_type: VOTER last_known_addr { host: "127.5.247.194" port: 44035 } } peers { permanent_uuid: "04f9b72827af42c9a9620c98db8faad6" member_type: VOTER last_known_addr { host: "127.5.247.196" port: 34869 } }
I20260608 12:38:19.861873  9471 raft_consensus.cc:385] T 81639e393b3442558ae1eeb44f625007 P 04f9b72827af42c9a9620c98db8faad6 [term 0 FOLLOWER]: Consensus starting up: Expiring failure detector timer to make a prompt election more likely
I20260608 12:38:19.862358  9471 raft_consensus.cc:740] T 81639e393b3442558ae1eeb44f625007 P 04f9b72827af42c9a9620c98db8faad6 [term 0 FOLLOWER]: Becoming Follower/Learner. State: Replica: 04f9b72827af42c9a9620c98db8faad6, State: Initialized, Role: FOLLOWER
I20260608 12:38:19.863511  9471 consensus_queue.cc:260] T 81639e393b3442558ae1eeb44f625007 P 04f9b72827af42c9a9620c98db8faad6 [NON_LEADER]: Queue going to NON_LEADER mode. State: All replicated index: 0, Majority replicated index: 0, Committed index: 0, Last appended: 0.0, Last appended by leader: 0, Current term: 0, Majority size: -1, State: 0, Mode: NON_LEADER, active raft config: opid_index: -1 OBSOLETE_local: false peers { permanent_uuid: "7d7c1c45cac94621b37390ab34935d57" member_type: VOTER last_known_addr { host: "127.5.247.193" port: 39541 } } peers { permanent_uuid: "b6b1ba6e3ca84e7cacd9631a484ec68d" member_type: VOTER last_known_addr { host: "127.5.247.194" port: 44035 } } peers { permanent_uuid: "04f9b72827af42c9a9620c98db8faad6" member_type: VOTER last_known_addr { host: "127.5.247.196" port: 34869 } }
I20260608 12:38:19.865329  9088 leader_election.cc:304] T 81639e393b3442558ae1eeb44f625007 P 7d7c1c45cac94621b37390ab34935d57 [CANDIDATE]: Term 1 pre-election: Election decided. Result: candidate won. Election summary: received 2 responses out of 3 voters: 2 yes votes; 0 no votes. yes voters: 7d7c1c45cac94621b37390ab34935d57, b6b1ba6e3ca84e7cacd9631a484ec68d; no voters: 
I20260608 12:38:19.866288  9471 ts_tablet_manager.cc:1434] T 81639e393b3442558ae1eeb44f625007 P 04f9b72827af42c9a9620c98db8faad6: Time spent starting tablet: real 0.009s	user 0.007s	sys 0.001s
I20260608 12:38:19.866226  9359 raft_consensus.cc:2804] T 81639e393b3442558ae1eeb44f625007 P 7d7c1c45cac94621b37390ab34935d57 [term 0 FOLLOWER]: Leader pre-election won for term 1
I20260608 12:38:19.866839  9359 raft_consensus.cc:493] T 81639e393b3442558ae1eeb44f625007 P 7d7c1c45cac94621b37390ab34935d57 [term 0 FOLLOWER]: Starting leader election (no leader contacted us within the election timeout)
I20260608 12:38:19.867229  9359 raft_consensus.cc:3060] T 81639e393b3442558ae1eeb44f625007 P 7d7c1c45cac94621b37390ab34935d57 [term 0 FOLLOWER]: Advancing to term 1
I20260608 12:38:19.869801  9461 tablet_bootstrap.cc:492] T 79423d1cc4c14983b86379c2ef66a4b9 P b6b1ba6e3ca84e7cacd9631a484ec68d: No bootstrap required, opened a new log
I20260608 12:38:19.870549  9461 ts_tablet_manager.cc:1403] T 79423d1cc4c14983b86379c2ef66a4b9 P b6b1ba6e3ca84e7cacd9631a484ec68d: Time spent bootstrapping tablet: real 0.066s	user 0.019s	sys 0.007s
I20260608 12:38:19.870899  9466 raft_consensus.cc:359] T 318542f4f6c2426ba03c3c219492a8b8 P 2c70d1899ad34b4f90870201939b951c [term 0 FOLLOWER]: Replica starting. Triggering 0 pending ops. Active config: opid_index: -1 OBSOLETE_local: false peers { permanent_uuid: "b6b1ba6e3ca84e7cacd9631a484ec68d" member_type: VOTER last_known_addr { host: "127.5.247.194" port: 44035 } } peers { permanent_uuid: "2c70d1899ad34b4f90870201939b951c" member_type: VOTER last_known_addr { host: "127.5.247.195" port: 39501 } } peers { permanent_uuid: "04f9b72827af42c9a9620c98db8faad6" member_type: VOTER last_known_addr { host: "127.5.247.196" port: 34869 } }
I20260608 12:38:19.875679  9466 raft_consensus.cc:385] T 318542f4f6c2426ba03c3c219492a8b8 P 2c70d1899ad34b4f90870201939b951c [term 0 FOLLOWER]: Consensus starting up: Expiring failure detector timer to make a prompt election more likely
I20260608 12:38:19.874913  9359 raft_consensus.cc:515] T 81639e393b3442558ae1eeb44f625007 P 7d7c1c45cac94621b37390ab34935d57 [term 1 FOLLOWER]: Starting leader election with config: opid_index: -1 OBSOLETE_local: false peers { permanent_uuid: "7d7c1c45cac94621b37390ab34935d57" member_type: VOTER last_known_addr { host: "127.5.247.193" port: 39541 } } peers { permanent_uuid: "b6b1ba6e3ca84e7cacd9631a484ec68d" member_type: VOTER last_known_addr { host: "127.5.247.194" port: 44035 } } peers { permanent_uuid: "04f9b72827af42c9a9620c98db8faad6" member_type: VOTER last_known_addr { host: "127.5.247.196" port: 34869 } }
I20260608 12:38:19.876116  9466 raft_consensus.cc:740] T 318542f4f6c2426ba03c3c219492a8b8 P 2c70d1899ad34b4f90870201939b951c [term 0 FOLLOWER]: Becoming Follower/Learner. State: Replica: 2c70d1899ad34b4f90870201939b951c, State: Initialized, Role: FOLLOWER
I20260608 12:38:19.874933  9461 raft_consensus.cc:359] T 79423d1cc4c14983b86379c2ef66a4b9 P b6b1ba6e3ca84e7cacd9631a484ec68d [term 0 FOLLOWER]: Replica starting. Triggering 0 pending ops. Active config: opid_index: -1 OBSOLETE_local: false peers { permanent_uuid: "7d7c1c45cac94621b37390ab34935d57" member_type: VOTER last_known_addr { host: "127.5.247.193" port: 39541 } } peers { permanent_uuid: "04f9b72827af42c9a9620c98db8faad6" member_type: VOTER last_known_addr { host: "127.5.247.196" port: 34869 } } peers { permanent_uuid: "b6b1ba6e3ca84e7cacd9631a484ec68d" member_type: VOTER last_known_addr { host: "127.5.247.194" port: 44035 } }
I20260608 12:38:19.879791  9359 leader_election.cc:290] T 81639e393b3442558ae1eeb44f625007 P 7d7c1c45cac94621b37390ab34935d57 [CANDIDATE]: Term 1 election: Requested vote from peers b6b1ba6e3ca84e7cacd9631a484ec68d (127.5.247.194:44035), 04f9b72827af42c9a9620c98db8faad6 (127.5.247.196:34869)
I20260608 12:38:19.883594  9461 raft_consensus.cc:385] T 79423d1cc4c14983b86379c2ef66a4b9 P b6b1ba6e3ca84e7cacd9631a484ec68d [term 0 FOLLOWER]: Consensus starting up: Expiring failure detector timer to make a prompt election more likely
I20260608 12:38:19.883980  9461 raft_consensus.cc:740] T 79423d1cc4c14983b86379c2ef66a4b9 P b6b1ba6e3ca84e7cacd9631a484ec68d [term 0 FOLLOWER]: Becoming Follower/Learner. State: Replica: b6b1ba6e3ca84e7cacd9631a484ec68d, State: Initialized, Role: FOLLOWER
I20260608 12:38:19.884269  9463 tablet_bootstrap.cc:492] T d517b6925c19477fa672447858aa1a69 P 7d7c1c45cac94621b37390ab34935d57: No bootstrap required, opened a new log
I20260608 12:38:19.879976  9198 tablet_service.cc:1917] Received RequestConsensusVote() RPC: tablet_id: "81639e393b3442558ae1eeb44f625007" candidate_uuid: "7d7c1c45cac94621b37390ab34935d57" candidate_term: 1 candidate_status { last_received { term: 0 index: 0 } } ignore_live_leader: false dest_uuid: "b6b1ba6e3ca84e7cacd9631a484ec68d"
I20260608 12:38:19.877071  9471 tablet_bootstrap.cc:492] T 760666c5bb5447b9b1b7f987c86c4098 P 04f9b72827af42c9a9620c98db8faad6: Bootstrap starting.
I20260608 12:38:19.885311  9198 raft_consensus.cc:3060] T 81639e393b3442558ae1eeb44f625007 P b6b1ba6e3ca84e7cacd9631a484ec68d [term 0 FOLLOWER]: Advancing to term 1
I20260608 12:38:19.885293  9426 tablet_service.cc:1917] Received RequestConsensusVote() RPC: tablet_id: "81639e393b3442558ae1eeb44f625007" candidate_uuid: "7d7c1c45cac94621b37390ab34935d57" candidate_term: 1 candidate_status { last_received { term: 0 index: 0 } } ignore_live_leader: false dest_uuid: "04f9b72827af42c9a9620c98db8faad6"
I20260608 12:38:19.884802  9461 consensus_queue.cc:260] T 79423d1cc4c14983b86379c2ef66a4b9 P b6b1ba6e3ca84e7cacd9631a484ec68d [NON_LEADER]: Queue going to NON_LEADER mode. State: All replicated index: 0, Majority replicated index: 0, Committed index: 0, Last appended: 0.0, Last appended by leader: 0, Current term: 0, Majority size: -1, State: 0, Mode: NON_LEADER, active raft config: opid_index: -1 OBSOLETE_local: false peers { permanent_uuid: "7d7c1c45cac94621b37390ab34935d57" member_type: VOTER last_known_addr { host: "127.5.247.193" port: 39541 } } peers { permanent_uuid: "04f9b72827af42c9a9620c98db8faad6" member_type: VOTER last_known_addr { host: "127.5.247.196" port: 34869 } } peers { permanent_uuid: "b6b1ba6e3ca84e7cacd9631a484ec68d" member_type: VOTER last_known_addr { host: "127.5.247.194" port: 44035 } }
I20260608 12:38:19.886195  9426 raft_consensus.cc:3060] T 81639e393b3442558ae1eeb44f625007 P 04f9b72827af42c9a9620c98db8faad6 [term 0 FOLLOWER]: Advancing to term 1
I20260608 12:38:19.885308  9427 tablet_service.cc:1917] Received RequestConsensusVote() RPC: tablet_id: "81639e393b3442558ae1eeb44f625007" candidate_uuid: "7d7c1c45cac94621b37390ab34935d57" candidate_term: 1 candidate_status { last_received { term: 0 index: 0 } } ignore_live_leader: false dest_uuid: "04f9b72827af42c9a9620c98db8faad6" is_pre_election: true
I20260608 12:38:19.884837  9463 ts_tablet_manager.cc:1403] T d517b6925c19477fa672447858aa1a69 P 7d7c1c45cac94621b37390ab34935d57: Time spent bootstrapping tablet: real 0.037s	user 0.013s	sys 0.017s
I20260608 12:38:19.893277  9471 tablet_bootstrap.cc:654] T 760666c5bb5447b9b1b7f987c86c4098 P 04f9b72827af42c9a9620c98db8faad6: Neither blocks nor log segments found. Creating new log.
I20260608 12:38:19.893812  9198 raft_consensus.cc:2468] T 81639e393b3442558ae1eeb44f625007 P b6b1ba6e3ca84e7cacd9631a484ec68d [term 1 FOLLOWER]: Leader election vote request: Granting yes vote for candidate 7d7c1c45cac94621b37390ab34935d57 in term 1.
I20260608 12:38:19.895313  9088 leader_election.cc:304] T 81639e393b3442558ae1eeb44f625007 P 7d7c1c45cac94621b37390ab34935d57 [CANDIDATE]: Term 1 election: Election decided. Result: candidate won. Election summary: received 2 responses out of 3 voters: 2 yes votes; 0 no votes. yes voters: 7d7c1c45cac94621b37390ab34935d57, b6b1ba6e3ca84e7cacd9631a484ec68d; no voters: 
I20260608 12:38:19.896322  9359 raft_consensus.cc:2804] T 81639e393b3442558ae1eeb44f625007 P 7d7c1c45cac94621b37390ab34935d57 [term 1 FOLLOWER]: Leader election won for term 1
I20260608 12:38:19.898200  9359 raft_consensus.cc:697] T 81639e393b3442558ae1eeb44f625007 P 7d7c1c45cac94621b37390ab34935d57 [term 1 LEADER]: Becoming Leader. State: Replica: 7d7c1c45cac94621b37390ab34935d57, State: Running, Role: LEADER
I20260608 12:38:19.900175  9463 raft_consensus.cc:359] T d517b6925c19477fa672447858aa1a69 P 7d7c1c45cac94621b37390ab34935d57 [term 0 FOLLOWER]: Replica starting. Triggering 0 pending ops. Active config: opid_index: -1 OBSOLETE_local: false peers { permanent_uuid: "2c70d1899ad34b4f90870201939b951c" member_type: VOTER last_known_addr { host: "127.5.247.195" port: 39501 } } peers { permanent_uuid: "04f9b72827af42c9a9620c98db8faad6" member_type: VOTER last_known_addr { host: "127.5.247.196" port: 34869 } } peers { permanent_uuid: "7d7c1c45cac94621b37390ab34935d57" member_type: VOTER last_known_addr { host: "127.5.247.193" port: 39541 } }
I20260608 12:38:19.903462  9463 raft_consensus.cc:385] T d517b6925c19477fa672447858aa1a69 P 7d7c1c45cac94621b37390ab34935d57 [term 0 FOLLOWER]: Consensus starting up: Expiring failure detector timer to make a prompt election more likely
I20260608 12:38:19.881064  9466 consensus_queue.cc:260] T 318542f4f6c2426ba03c3c219492a8b8 P 2c70d1899ad34b4f90870201939b951c [NON_LEADER]: Queue going to NON_LEADER mode. State: All replicated index: 0, Majority replicated index: 0, Committed index: 0, Last appended: 0.0, Last appended by leader: 0, Current term: 0, Majority size: -1, State: 0, Mode: NON_LEADER, active raft config: opid_index: -1 OBSOLETE_local: false peers { permanent_uuid: "b6b1ba6e3ca84e7cacd9631a484ec68d" member_type: VOTER last_known_addr { host: "127.5.247.194" port: 44035 } } peers { permanent_uuid: "2c70d1899ad34b4f90870201939b951c" member_type: VOTER last_known_addr { host: "127.5.247.195" port: 39501 } } peers { permanent_uuid: "04f9b72827af42c9a9620c98db8faad6" member_type: VOTER last_known_addr { host: "127.5.247.196" port: 34869 } }
I20260608 12:38:19.903900  9463 raft_consensus.cc:740] T d517b6925c19477fa672447858aa1a69 P 7d7c1c45cac94621b37390ab34935d57 [term 0 FOLLOWER]: Becoming Follower/Learner. State: Replica: 7d7c1c45cac94621b37390ab34935d57, State: Initialized, Role: FOLLOWER
I20260608 12:38:19.900831  9461 ts_tablet_manager.cc:1434] T 79423d1cc4c14983b86379c2ef66a4b9 P b6b1ba6e3ca84e7cacd9631a484ec68d: Time spent starting tablet: real 0.030s	user 0.009s	sys 0.000s
I20260608 12:38:19.905149  9359 consensus_queue.cc:237] T 81639e393b3442558ae1eeb44f625007 P 7d7c1c45cac94621b37390ab34935d57 [LEADER]: Queue going to LEADER mode. State: All replicated index: 0, Majority replicated index: 0, Committed index: 0, Last appended: 0.0, Last appended by leader: 0, Current term: 1, Majority size: 2, State: 0, Mode: LEADER, active raft config: opid_index: -1 OBSOLETE_local: false peers { permanent_uuid: "7d7c1c45cac94621b37390ab34935d57" member_type: VOTER last_known_addr { host: "127.5.247.193" port: 39541 } } peers { permanent_uuid: "b6b1ba6e3ca84e7cacd9631a484ec68d" member_type: VOTER last_known_addr { host: "127.5.247.194" port: 44035 } } peers { permanent_uuid: "04f9b72827af42c9a9620c98db8faad6" member_type: VOTER last_known_addr { host: "127.5.247.196" port: 34869 } }
I20260608 12:38:19.906355  9461 tablet_bootstrap.cc:492] T 7384e29a559344dbaf89da99f1c17e1c P b6b1ba6e3ca84e7cacd9631a484ec68d: Bootstrap starting.
I20260608 12:38:19.907166  9471 tablet_bootstrap.cc:492] T 760666c5bb5447b9b1b7f987c86c4098 P 04f9b72827af42c9a9620c98db8faad6: No bootstrap required, opened a new log
I20260608 12:38:19.905166  9463 consensus_queue.cc:260] T d517b6925c19477fa672447858aa1a69 P 7d7c1c45cac94621b37390ab34935d57 [NON_LEADER]: Queue going to NON_LEADER mode. State: All replicated index: 0, Majority replicated index: 0, Committed index: 0, Last appended: 0.0, Last appended by leader: 0, Current term: 0, Majority size: -1, State: 0, Mode: NON_LEADER, active raft config: opid_index: -1 OBSOLETE_local: false peers { permanent_uuid: "2c70d1899ad34b4f90870201939b951c" member_type: VOTER last_known_addr { host: "127.5.247.195" port: 39501 } } peers { permanent_uuid: "04f9b72827af42c9a9620c98db8faad6" member_type: VOTER last_known_addr { host: "127.5.247.196" port: 34869 } } peers { permanent_uuid: "7d7c1c45cac94621b37390ab34935d57" member_type: VOTER last_known_addr { host: "127.5.247.193" port: 39541 } }
I20260608 12:38:19.907759  9471 ts_tablet_manager.cc:1403] T 760666c5bb5447b9b1b7f987c86c4098 P 04f9b72827af42c9a9620c98db8faad6: Time spent bootstrapping tablet: real 0.031s	user 0.013s	sys 0.006s
I20260608 12:38:19.910285  9463 ts_tablet_manager.cc:1434] T d517b6925c19477fa672447858aa1a69 P 7d7c1c45cac94621b37390ab34935d57: Time spent starting tablet: real 0.018s	user 0.009s	sys 0.000s
I20260608 12:38:19.902956  9426 raft_consensus.cc:2468] T 81639e393b3442558ae1eeb44f625007 P 04f9b72827af42c9a9620c98db8faad6 [term 1 FOLLOWER]: Leader election vote request: Granting yes vote for candidate 7d7c1c45cac94621b37390ab34935d57 in term 1.
I20260608 12:38:19.911466  9463 tablet_bootstrap.cc:492] T 79423d1cc4c14983b86379c2ef66a4b9 P 7d7c1c45cac94621b37390ab34935d57: Bootstrap starting.
I20260608 12:38:19.911350  9471 raft_consensus.cc:359] T 760666c5bb5447b9b1b7f987c86c4098 P 04f9b72827af42c9a9620c98db8faad6 [term 0 FOLLOWER]: Replica starting. Triggering 0 pending ops. Active config: opid_index: -1 OBSOLETE_local: false peers { permanent_uuid: "2c70d1899ad34b4f90870201939b951c" member_type: VOTER last_known_addr { host: "127.5.247.195" port: 39501 } } peers { permanent_uuid: "04f9b72827af42c9a9620c98db8faad6" member_type: VOTER last_known_addr { host: "127.5.247.196" port: 34869 } } peers { permanent_uuid: "7d7c1c45cac94621b37390ab34935d57" member_type: VOTER last_known_addr { host: "127.5.247.193" port: 39541 } }
I20260608 12:38:19.912199  9471 raft_consensus.cc:385] T 760666c5bb5447b9b1b7f987c86c4098 P 04f9b72827af42c9a9620c98db8faad6 [term 0 FOLLOWER]: Consensus starting up: Expiring failure detector timer to make a prompt election more likely
I20260608 12:38:19.912528  9471 raft_consensus.cc:740] T 760666c5bb5447b9b1b7f987c86c4098 P 04f9b72827af42c9a9620c98db8faad6 [term 0 FOLLOWER]: Becoming Follower/Learner. State: Replica: 04f9b72827af42c9a9620c98db8faad6, State: Initialized, Role: FOLLOWER
I20260608 12:38:19.912730  9466 ts_tablet_manager.cc:1434] T 318542f4f6c2426ba03c3c219492a8b8 P 2c70d1899ad34b4f90870201939b951c: Time spent starting tablet: real 0.054s	user 0.008s	sys 0.003s
I20260608 12:38:19.913389  9471 consensus_queue.cc:260] T 760666c5bb5447b9b1b7f987c86c4098 P 04f9b72827af42c9a9620c98db8faad6 [NON_LEADER]: Queue going to NON_LEADER mode. State: All replicated index: 0, Majority replicated index: 0, Committed index: 0, Last appended: 0.0, Last appended by leader: 0, Current term: 0, Majority size: -1, State: 0, Mode: NON_LEADER, active raft config: opid_index: -1 OBSOLETE_local: false peers { permanent_uuid: "2c70d1899ad34b4f90870201939b951c" member_type: VOTER last_known_addr { host: "127.5.247.195" port: 39501 } } peers { permanent_uuid: "04f9b72827af42c9a9620c98db8faad6" member_type: VOTER last_known_addr { host: "127.5.247.196" port: 34869 } } peers { permanent_uuid: "7d7c1c45cac94621b37390ab34935d57" member_type: VOTER last_known_addr { host: "127.5.247.193" port: 39541 } }
I20260608 12:38:19.916232  9466 tablet_bootstrap.cc:492] T 30cc58a7b58e44ebaaf4c9338fa7a292 P 2c70d1899ad34b4f90870201939b951c: Bootstrap starting.
I20260608 12:38:19.917430  9461 tablet_bootstrap.cc:654] T 7384e29a559344dbaf89da99f1c17e1c P b6b1ba6e3ca84e7cacd9631a484ec68d: Neither blocks nor log segments found. Creating new log.
I20260608 12:38:19.922145  9351 raft_consensus.cc:493] T d517b6925c19477fa672447858aa1a69 P 7d7c1c45cac94621b37390ab34935d57 [term 0 FOLLOWER]: Starting pre-election (no leader contacted us within the election timeout)
I20260608 12:38:19.922782  9351 raft_consensus.cc:515] T d517b6925c19477fa672447858aa1a69 P 7d7c1c45cac94621b37390ab34935d57 [term 0 FOLLOWER]: Starting pre-election with config: opid_index: -1 OBSOLETE_local: false peers { permanent_uuid: "2c70d1899ad34b4f90870201939b951c" member_type: VOTER last_known_addr { host: "127.5.247.195" port: 39501 } } peers { permanent_uuid: "04f9b72827af42c9a9620c98db8faad6" member_type: VOTER last_known_addr { host: "127.5.247.196" port: 34869 } } peers { permanent_uuid: "7d7c1c45cac94621b37390ab34935d57" member_type: VOTER last_known_addr { host: "127.5.247.193" port: 39541 } }
I20260608 12:38:19.926702  9272 tablet_service.cc:1917] Received RequestConsensusVote() RPC: tablet_id: "d517b6925c19477fa672447858aa1a69" candidate_uuid: "7d7c1c45cac94621b37390ab34935d57" candidate_term: 1 candidate_status { last_received { term: 0 index: 0 } } ignore_live_leader: false dest_uuid: "2c70d1899ad34b4f90870201939b951c" is_pre_election: true
I20260608 12:38:19.927619  9471 ts_tablet_manager.cc:1434] T 760666c5bb5447b9b1b7f987c86c4098 P 04f9b72827af42c9a9620c98db8faad6: Time spent starting tablet: real 0.019s	user 0.010s	sys 0.001s
I20260608 12:38:19.927927  9426 tablet_service.cc:1917] Received RequestConsensusVote() RPC: tablet_id: "d517b6925c19477fa672447858aa1a69" candidate_uuid: "7d7c1c45cac94621b37390ab34935d57" candidate_term: 1 candidate_status { last_received { term: 0 index: 0 } } ignore_live_leader: false dest_uuid: "04f9b72827af42c9a9620c98db8faad6" is_pre_election: true
W20260608 12:38:19.928578  9087 leader_election.cc:343] T d517b6925c19477fa672447858aa1a69 P 7d7c1c45cac94621b37390ab34935d57 [CANDIDATE]: Term 1 pre-election: Tablet error from VoteRequest() call to peer 2c70d1899ad34b4f90870201939b951c (127.5.247.195:39501): Illegal state: must be running to vote when last-logged opid is not known
W20260608 12:38:19.929515  9088 leader_election.cc:343] T d517b6925c19477fa672447858aa1a69 P 7d7c1c45cac94621b37390ab34935d57 [CANDIDATE]: Term 1 pre-election: Tablet error from VoteRequest() call to peer 04f9b72827af42c9a9620c98db8faad6 (127.5.247.196:34869): Illegal state: must be running to vote when last-logged opid is not known
I20260608 12:38:19.930025  9088 leader_election.cc:304] T d517b6925c19477fa672447858aa1a69 P 7d7c1c45cac94621b37390ab34935d57 [CANDIDATE]: Term 1 pre-election: Election decided. Result: candidate lost. Election summary: received 3 responses out of 3 voters: 1 yes votes; 2 no votes. yes voters: 7d7c1c45cac94621b37390ab34935d57; no voters: 04f9b72827af42c9a9620c98db8faad6, 2c70d1899ad34b4f90870201939b951c
I20260608 12:38:19.929678  9471 tablet_bootstrap.cc:492] T 7384e29a559344dbaf89da99f1c17e1c P 04f9b72827af42c9a9620c98db8faad6: Bootstrap starting.
I20260608 12:38:19.931190  9351 leader_election.cc:290] T d517b6925c19477fa672447858aa1a69 P 7d7c1c45cac94621b37390ab34935d57 [CANDIDATE]: Term 1 pre-election: Requested pre-vote from peers 2c70d1899ad34b4f90870201939b951c (127.5.247.195:39501), 04f9b72827af42c9a9620c98db8faad6 (127.5.247.196:34869)
I20260608 12:38:19.931049  9326 raft_consensus.cc:2749] T d517b6925c19477fa672447858aa1a69 P 7d7c1c45cac94621b37390ab34935d57 [term 0 FOLLOWER]: Leader pre-election lost for term 1. Reason: could not achieve majority
I20260608 12:38:19.936111  9463 tablet_bootstrap.cc:654] T 79423d1cc4c14983b86379c2ef66a4b9 P 7d7c1c45cac94621b37390ab34935d57: Neither blocks nor log segments found. Creating new log.
I20260608 12:38:19.947206  9461 tablet_bootstrap.cc:492] T 7384e29a559344dbaf89da99f1c17e1c P b6b1ba6e3ca84e7cacd9631a484ec68d: No bootstrap required, opened a new log
I20260608 12:38:19.948037  9461 ts_tablet_manager.cc:1403] T 7384e29a559344dbaf89da99f1c17e1c P b6b1ba6e3ca84e7cacd9631a484ec68d: Time spent bootstrapping tablet: real 0.042s	user 0.015s	sys 0.002s
I20260608 12:38:19.947142  9471 tablet_bootstrap.cc:654] T 7384e29a559344dbaf89da99f1c17e1c P 04f9b72827af42c9a9620c98db8faad6: Neither blocks nor log segments found. Creating new log.
I20260608 12:38:19.949688  9020 catalog_manager.cc:6241] T 00000000000000000000000000000000 P e8ee7875d38243d09b379e654491bbb7: range_aware_rebalance_new_range [id=20dcef4c5607452c80d4a11b0e18ace3] alter complete (version 0)
I20260608 12:38:19.990207  9470 raft_consensus.cc:493] T 318542f4f6c2426ba03c3c219492a8b8 P 2c70d1899ad34b4f90870201939b951c [term 0 FOLLOWER]: Starting pre-election (no leader contacted us within the election timeout)
I20260608 12:38:19.991086  9470 raft_consensus.cc:515] T 318542f4f6c2426ba03c3c219492a8b8 P 2c70d1899ad34b4f90870201939b951c [term 0 FOLLOWER]: Starting pre-election with config: opid_index: -1 OBSOLETE_local: false peers { permanent_uuid: "b6b1ba6e3ca84e7cacd9631a484ec68d" member_type: VOTER last_known_addr { host: "127.5.247.194" port: 44035 } } peers { permanent_uuid: "2c70d1899ad34b4f90870201939b951c" member_type: VOTER last_known_addr { host: "127.5.247.195" port: 39501 } } peers { permanent_uuid: "04f9b72827af42c9a9620c98db8faad6" member_type: VOTER last_known_addr { host: "127.5.247.196" port: 34869 } }
I20260608 12:38:19.998373  9478 raft_consensus.cc:493] T 30cc58a7b58e44ebaaf4c9338fa7a292 P 04f9b72827af42c9a9620c98db8faad6 [term 0 FOLLOWER]: Starting pre-election (no leader contacted us within the election timeout)
I20260608 12:38:19.999112  9478 raft_consensus.cc:515] T 30cc58a7b58e44ebaaf4c9338fa7a292 P 04f9b72827af42c9a9620c98db8faad6 [term 0 FOLLOWER]: Starting pre-election with config: opid_index: -1 OBSOLETE_local: false peers { permanent_uuid: "04f9b72827af42c9a9620c98db8faad6" member_type: VOTER last_known_addr { host: "127.5.247.196" port: 34869 } } peers { permanent_uuid: "7d7c1c45cac94621b37390ab34935d57" member_type: VOTER last_known_addr { host: "127.5.247.193" port: 39541 } } peers { permanent_uuid: "2c70d1899ad34b4f90870201939b951c" member_type: VOTER last_known_addr { host: "127.5.247.195" port: 39501 } }
I20260608 12:38:20.007915  9478 leader_election.cc:290] T 30cc58a7b58e44ebaaf4c9338fa7a292 P 04f9b72827af42c9a9620c98db8faad6 [CANDIDATE]: Term 1 pre-election: Requested pre-vote from peers 7d7c1c45cac94621b37390ab34935d57 (127.5.247.193:39541), 2c70d1899ad34b4f90870201939b951c (127.5.247.195:39501)
I20260608 12:38:20.017390  9461 raft_consensus.cc:359] T 7384e29a559344dbaf89da99f1c17e1c P b6b1ba6e3ca84e7cacd9631a484ec68d [term 0 FOLLOWER]: Replica starting. Triggering 0 pending ops. Active config: opid_index: -1 OBSOLETE_local: false peers { permanent_uuid: "b6b1ba6e3ca84e7cacd9631a484ec68d" member_type: VOTER last_known_addr { host: "127.5.247.194" port: 44035 } } peers { permanent_uuid: "04f9b72827af42c9a9620c98db8faad6" member_type: VOTER last_known_addr { host: "127.5.247.196" port: 34869 } } peers { permanent_uuid: "2c70d1899ad34b4f90870201939b951c" member_type: VOTER last_known_addr { host: "127.5.247.195" port: 39501 } }
I20260608 12:38:20.018215  9461 raft_consensus.cc:385] T 7384e29a559344dbaf89da99f1c17e1c P b6b1ba6e3ca84e7cacd9631a484ec68d [term 0 FOLLOWER]: Consensus starting up: Expiring failure detector timer to make a prompt election more likely
I20260608 12:38:20.018544  9461 raft_consensus.cc:740] T 7384e29a559344dbaf89da99f1c17e1c P b6b1ba6e3ca84e7cacd9631a484ec68d [term 0 FOLLOWER]: Becoming Follower/Learner. State: Replica: b6b1ba6e3ca84e7cacd9631a484ec68d, State: Initialized, Role: FOLLOWER
I20260608 12:38:20.019373  9461 consensus_queue.cc:260] T 7384e29a559344dbaf89da99f1c17e1c P b6b1ba6e3ca84e7cacd9631a484ec68d [NON_LEADER]: Queue going to NON_LEADER mode. State: All replicated index: 0, Majority replicated index: 0, Committed index: 0, Last appended: 0.0, Last appended by leader: 0, Current term: 0, Majority size: -1, State: 0, Mode: NON_LEADER, active raft config: opid_index: -1 OBSOLETE_local: false peers { permanent_uuid: "b6b1ba6e3ca84e7cacd9631a484ec68d" member_type: VOTER last_known_addr { host: "127.5.247.194" port: 44035 } } peers { permanent_uuid: "04f9b72827af42c9a9620c98db8faad6" member_type: VOTER last_known_addr { host: "127.5.247.196" port: 34869 } } peers { permanent_uuid: "2c70d1899ad34b4f90870201939b951c" member_type: VOTER last_known_addr { host: "127.5.247.195" port: 39501 } }
I20260608 12:38:20.022030  9461 ts_tablet_manager.cc:1434] T 7384e29a559344dbaf89da99f1c17e1c P b6b1ba6e3ca84e7cacd9631a484ec68d: Time spent starting tablet: real 0.074s	user 0.047s	sys 0.024s
I20260608 12:38:20.023113  9461 tablet_bootstrap.cc:492] T 318542f4f6c2426ba03c3c219492a8b8 P b6b1ba6e3ca84e7cacd9631a484ec68d: Bootstrap starting.
I20260608 12:38:20.025761  9198 tablet_service.cc:1917] Received RequestConsensusVote() RPC: tablet_id: "318542f4f6c2426ba03c3c219492a8b8" candidate_uuid: "2c70d1899ad34b4f90870201939b951c" candidate_term: 1 candidate_status { last_received { term: 0 index: 0 } } ignore_live_leader: false dest_uuid: "b6b1ba6e3ca84e7cacd9631a484ec68d" is_pre_election: true
W20260608 12:38:20.027566  9237 leader_election.cc:343] T 318542f4f6c2426ba03c3c219492a8b8 P 2c70d1899ad34b4f90870201939b951c [CANDIDATE]: Term 1 pre-election: Tablet error from VoteRequest() call to peer b6b1ba6e3ca84e7cacd9631a484ec68d (127.5.247.194:44035): Illegal state: must be running to vote when last-logged opid is not known
I20260608 12:38:20.027734  9021 catalog_manager.cc:5696] T 81639e393b3442558ae1eeb44f625007 P 7d7c1c45cac94621b37390ab34935d57 reported cstate change: term changed from 0 to 1, leader changed from <none> to 7d7c1c45cac94621b37390ab34935d57 (127.5.247.193). New cstate: current_term: 1 leader_uuid: "7d7c1c45cac94621b37390ab34935d57" committed_config { opid_index: -1 OBSOLETE_local: false peers { permanent_uuid: "7d7c1c45cac94621b37390ab34935d57" member_type: VOTER last_known_addr { host: "127.5.247.193" port: 39541 } health_report { overall_health: HEALTHY } } peers { permanent_uuid: "b6b1ba6e3ca84e7cacd9631a484ec68d" member_type: VOTER last_known_addr { host: "127.5.247.194" port: 44035 } health_report { overall_health: UNKNOWN } } peers { permanent_uuid: "04f9b72827af42c9a9620c98db8faad6" member_type: VOTER last_known_addr { host: "127.5.247.196" port: 34869 } health_report { overall_health: UNKNOWN } } }
I20260608 12:38:20.029561  9466 tablet_bootstrap.cc:654] T 30cc58a7b58e44ebaaf4c9338fa7a292 P 2c70d1899ad34b4f90870201939b951c: Neither blocks nor log segments found. Creating new log.
