I20260608 12:50:55.276439  5815 tablet_bootstrap.cc:654] T daa49aebbfe9427f8839369c34c6af85 P c6a3894d768749f7b534605730323021: Neither blocks nor log segments found. Creating new log.
I20260608 12:50:55.280390  5814 raft_consensus.cc:359] T daa49aebbfe9427f8839369c34c6af85 P 21ebf747b85c49c89ab2dc903571eaaa [term 0 FOLLOWER]: Replica starting. Triggering 0 pending ops. Active config: opid_index: -1 OBSOLETE_local: false peers { permanent_uuid: "c6a3894d768749f7b534605730323021" member_type: VOTER last_known_addr { host: "127.4.214.1" port: 36113 } } peers { permanent_uuid: "21ebf747b85c49c89ab2dc903571eaaa" member_type: VOTER last_known_addr { host: "127.4.214.2" port: 33911 } } peers { permanent_uuid: "f47f604c297149d983e43cd7da2c1e3a" member_type: VOTER last_known_addr { host: "127.4.214.3" port: 45771 } }
I20260608 12:50:55.281397  5814 raft_consensus.cc:385] T daa49aebbfe9427f8839369c34c6af85 P 21ebf747b85c49c89ab2dc903571eaaa [term 0 FOLLOWER]: Consensus starting up: Expiring failure detector timer to make a prompt election more likely
I20260608 12:50:55.281785  5814 raft_consensus.cc:740] T daa49aebbfe9427f8839369c34c6af85 P 21ebf747b85c49c89ab2dc903571eaaa [term 0 FOLLOWER]: Becoming Follower/Learner. State: Replica: 21ebf747b85c49c89ab2dc903571eaaa, State: Initialized, Role: FOLLOWER
I20260608 12:50:55.282799  5814 consensus_queue.cc:260] T daa49aebbfe9427f8839369c34c6af85 P 21ebf747b85c49c89ab2dc903571eaaa [NON_LEADER]: Queue going to NON_LEADER mode. State: All replicated index: 0, Majority replicated index: 0, Committed index: 0, Last appended: 0.0, Last appended by leader: 0, Current term: 0, Majority size: -1, State: 0, Mode: NON_LEADER, active raft config: opid_index: -1 OBSOLETE_local: false peers { permanent_uuid: "c6a3894d768749f7b534605730323021" member_type: VOTER last_known_addr { host: "127.4.214.1" port: 36113 } } peers { permanent_uuid: "21ebf747b85c49c89ab2dc903571eaaa" member_type: VOTER last_known_addr { host: "127.4.214.2" port: 33911 } } peers { permanent_uuid: "f47f604c297149d983e43cd7da2c1e3a" member_type: VOTER last_known_addr { host: "127.4.214.3" port: 45771 } }
I20260608 12:50:55.285180  5814 ts_tablet_manager.cc:1434] T daa49aebbfe9427f8839369c34c6af85 P 21ebf747b85c49c89ab2dc903571eaaa: Time spent starting tablet: real 0.013s	user 0.008s	sys 0.000s
I20260608 12:50:55.286271  5814 tablet_bootstrap.cc:492] T 96f78749cba846d18f0066add257787b P 21ebf747b85c49c89ab2dc903571eaaa: Bootstrap starting.
I20260608 12:50:55.287681  5816 tablet_bootstrap.cc:492] T daa49aebbfe9427f8839369c34c6af85 P f47f604c297149d983e43cd7da2c1e3a: No bootstrap required, opened a new log
I20260608 12:50:55.288261  5816 ts_tablet_manager.cc:1403] T daa49aebbfe9427f8839369c34c6af85 P f47f604c297149d983e43cd7da2c1e3a: Time spent bootstrapping tablet: real 0.021s	user 0.009s	sys 0.009s
I20260608 12:50:55.291462  5816 raft_consensus.cc:359] T daa49aebbfe9427f8839369c34c6af85 P f47f604c297149d983e43cd7da2c1e3a [term 0 FOLLOWER]: Replica starting. Triggering 0 pending ops. Active config: opid_index: -1 OBSOLETE_local: false peers { permanent_uuid: "c6a3894d768749f7b534605730323021" member_type: VOTER last_known_addr { host: "127.4.214.1" port: 36113 } } peers { permanent_uuid: "21ebf747b85c49c89ab2dc903571eaaa" member_type: VOTER last_known_addr { host: "127.4.214.2" port: 33911 } } peers { permanent_uuid: "f47f604c297149d983e43cd7da2c1e3a" member_type: VOTER last_known_addr { host: "127.4.214.3" port: 45771 } }
I20260608 12:50:55.292348  5816 raft_consensus.cc:385] T daa49aebbfe9427f8839369c34c6af85 P f47f604c297149d983e43cd7da2c1e3a [term 0 FOLLOWER]: Consensus starting up: Expiring failure detector timer to make a prompt election more likely
I20260608 12:50:55.292711  5816 raft_consensus.cc:740] T daa49aebbfe9427f8839369c34c6af85 P f47f604c297149d983e43cd7da2c1e3a [term 0 FOLLOWER]: Becoming Follower/Learner. State: Replica: f47f604c297149d983e43cd7da2c1e3a, State: Initialized, Role: FOLLOWER
I20260608 12:50:55.293512  5816 consensus_queue.cc:260] T daa49aebbfe9427f8839369c34c6af85 P f47f604c297149d983e43cd7da2c1e3a [NON_LEADER]: Queue going to NON_LEADER mode. State: All replicated index: 0, Majority replicated index: 0, Committed index: 0, Last appended: 0.0, Last appended by leader: 0, Current term: 0, Majority size: -1, State: 0, Mode: NON_LEADER, active raft config: opid_index: -1 OBSOLETE_local: false peers { permanent_uuid: "c6a3894d768749f7b534605730323021" member_type: VOTER last_known_addr { host: "127.4.214.1" port: 36113 } } peers { permanent_uuid: "21ebf747b85c49c89ab2dc903571eaaa" member_type: VOTER last_known_addr { host: "127.4.214.2" port: 33911 } } peers { permanent_uuid: "f47f604c297149d983e43cd7da2c1e3a" member_type: VOTER last_known_addr { host: "127.4.214.3" port: 45771 } }
I20260608 12:50:55.296029  5816 ts_tablet_manager.cc:1434] T daa49aebbfe9427f8839369c34c6af85 P f47f604c297149d983e43cd7da2c1e3a: Time spent starting tablet: real 0.007s	user 0.002s	sys 0.004s
I20260608 12:50:55.297034  5816 tablet_bootstrap.cc:492] T 352b56ac08894351abd898e07f9f8fbe P f47f604c297149d983e43cd7da2c1e3a: Bootstrap starting.
I20260608 12:50:55.298017  5814 tablet_bootstrap.cc:654] T 96f78749cba846d18f0066add257787b P 21ebf747b85c49c89ab2dc903571eaaa: Neither blocks nor log segments found. Creating new log.
I20260608 12:50:55.300891  5768 tablet_service.cc:1917] Received RequestConsensusVote() RPC: tablet_id: "352b56ac08894351abd898e07f9f8fbe" candidate_uuid: "c6a3894d768749f7b534605730323021" candidate_term: 1 candidate_status { last_received { term: 0 index: 0 } } ignore_live_leader: false dest_uuid: "f47f604c297149d983e43cd7da2c1e3a" is_pre_election: true
I20260608 12:50:55.303941  5816 tablet_bootstrap.cc:654] T 352b56ac08894351abd898e07f9f8fbe P f47f604c297149d983e43cd7da2c1e3a: Neither blocks nor log segments found. Creating new log.
W20260608 12:50:55.304301  5583 leader_election.cc:343] T 352b56ac08894351abd898e07f9f8fbe P c6a3894d768749f7b534605730323021 [CANDIDATE]: Term 1 pre-election: Tablet error from VoteRequest() call to peer f47f604c297149d983e43cd7da2c1e3a (127.4.214.3:45771): Illegal state: must be running to vote when last-logged opid is not known
I20260608 12:50:55.310482  5816 tablet_bootstrap.cc:492] T 352b56ac08894351abd898e07f9f8fbe P f47f604c297149d983e43cd7da2c1e3a: No bootstrap required, opened a new log
I20260608 12:50:55.310559  5814 tablet_bootstrap.cc:492] T 96f78749cba846d18f0066add257787b P 21ebf747b85c49c89ab2dc903571eaaa: No bootstrap required, opened a new log
I20260608 12:50:55.310796  5815 tablet_bootstrap.cc:492] T daa49aebbfe9427f8839369c34c6af85 P c6a3894d768749f7b534605730323021: No bootstrap required, opened a new log
I20260608 12:50:55.311327  5816 ts_tablet_manager.cc:1403] T 352b56ac08894351abd898e07f9f8fbe P f47f604c297149d983e43cd7da2c1e3a: Time spent bootstrapping tablet: real 0.015s	user 0.013s	sys 0.000s
I20260608 12:50:55.311403  5814 ts_tablet_manager.cc:1403] T 96f78749cba846d18f0066add257787b P 21ebf747b85c49c89ab2dc903571eaaa: Time spent bootstrapping tablet: real 0.025s	user 0.013s	sys 0.000s
I20260608 12:50:55.311492  5815 ts_tablet_manager.cc:1403] T daa49aebbfe9427f8839369c34c6af85 P c6a3894d768749f7b534605730323021: Time spent bootstrapping tablet: real 0.054s	user 0.018s	sys 0.005s
I20260608 12:50:55.313817  5694 tablet_service.cc:1917] Received RequestConsensusVote() RPC: tablet_id: "352b56ac08894351abd898e07f9f8fbe" candidate_uuid: "c6a3894d768749f7b534605730323021" candidate_term: 1 candidate_status { last_received { term: 0 index: 0 } } ignore_live_leader: false dest_uuid: "21ebf747b85c49c89ab2dc903571eaaa" is_pre_election: true
I20260608 12:50:55.315006  5814 raft_consensus.cc:359] T 96f78749cba846d18f0066add257787b P 21ebf747b85c49c89ab2dc903571eaaa [term 0 FOLLOWER]: Replica starting. Triggering 0 pending ops. Active config: opid_index: -1 OBSOLETE_local: false peers { permanent_uuid: "c6a3894d768749f7b534605730323021" member_type: VOTER last_known_addr { host: "127.4.214.1" port: 36113 } } peers { permanent_uuid: "21ebf747b85c49c89ab2dc903571eaaa" member_type: VOTER last_known_addr { host: "127.4.214.2" port: 33911 } } peers { permanent_uuid: "f47f604c297149d983e43cd7da2c1e3a" member_type: VOTER last_known_addr { host: "127.4.214.3" port: 45771 } }
I20260608 12:50:55.315267  5815 raft_consensus.cc:359] T daa49aebbfe9427f8839369c34c6af85 P c6a3894d768749f7b534605730323021 [term 0 FOLLOWER]: Replica starting. Triggering 0 pending ops. Active config: opid_index: -1 OBSOLETE_local: false peers { permanent_uuid: "c6a3894d768749f7b534605730323021" member_type: VOTER last_known_addr { host: "127.4.214.1" port: 36113 } } peers { permanent_uuid: "21ebf747b85c49c89ab2dc903571eaaa" member_type: VOTER last_known_addr { host: "127.4.214.2" port: 33911 } } peers { permanent_uuid: "f47f604c297149d983e43cd7da2c1e3a" member_type: VOTER last_known_addr { host: "127.4.214.3" port: 45771 } }
I20260608 12:50:55.315802  5814 raft_consensus.cc:385] T 96f78749cba846d18f0066add257787b P 21ebf747b85c49c89ab2dc903571eaaa [term 0 FOLLOWER]: Consensus starting up: Expiring failure detector timer to make a prompt election more likely
I20260608 12:50:55.316052  5815 raft_consensus.cc:385] T daa49aebbfe9427f8839369c34c6af85 P c6a3894d768749f7b534605730323021 [term 0 FOLLOWER]: Consensus starting up: Expiring failure detector timer to make a prompt election more likely
W20260608 12:50:55.315860  5585 leader_election.cc:343] T 352b56ac08894351abd898e07f9f8fbe P c6a3894d768749f7b534605730323021 [CANDIDATE]: Term 1 pre-election: Tablet error from VoteRequest() call to peer 21ebf747b85c49c89ab2dc903571eaaa (127.4.214.2:33911): Illegal state: must be running to vote when last-logged opid is not known
I20260608 12:50:55.315824  5816 raft_consensus.cc:359] T 352b56ac08894351abd898e07f9f8fbe P f47f604c297149d983e43cd7da2c1e3a [term 0 FOLLOWER]: Replica starting. Triggering 0 pending ops. Active config: opid_index: -1 OBSOLETE_local: false peers { permanent_uuid: "c6a3894d768749f7b534605730323021" member_type: VOTER last_known_addr { host: "127.4.214.1" port: 36113 } } peers { permanent_uuid: "21ebf747b85c49c89ab2dc903571eaaa" member_type: VOTER last_known_addr { host: "127.4.214.2" port: 33911 } } peers { permanent_uuid: "f47f604c297149d983e43cd7da2c1e3a" member_type: VOTER last_known_addr { host: "127.4.214.3" port: 45771 } }
I20260608 12:50:55.316532  5814 raft_consensus.cc:740] T 96f78749cba846d18f0066add257787b P 21ebf747b85c49c89ab2dc903571eaaa [term 0 FOLLOWER]: Becoming Follower/Learner. State: Replica: 21ebf747b85c49c89ab2dc903571eaaa, State: Initialized, Role: FOLLOWER
I20260608 12:50:55.316706  5815 raft_consensus.cc:740] T daa49aebbfe9427f8839369c34c6af85 P c6a3894d768749f7b534605730323021 [term 0 FOLLOWER]: Becoming Follower/Learner. State: Replica: c6a3894d768749f7b534605730323021, State: Initialized, Role: FOLLOWER
I20260608 12:50:55.316947  5816 raft_consensus.cc:385] T 352b56ac08894351abd898e07f9f8fbe P f47f604c297149d983e43cd7da2c1e3a [term 0 FOLLOWER]: Consensus starting up: Expiring failure detector timer to make a prompt election more likely
I20260608 12:50:55.316831  5585 leader_election.cc:304] T 352b56ac08894351abd898e07f9f8fbe P c6a3894d768749f7b534605730323021 [CANDIDATE]: Term 1 pre-election: Election decided. Result: candidate lost. Election summary: received 3 responses out of 3 voters: 1 yes votes; 2 no votes. yes voters: c6a3894d768749f7b534605730323021; no voters: 21ebf747b85c49c89ab2dc903571eaaa, f47f604c297149d983e43cd7da2c1e3a
I20260608 12:50:55.317489  5816 raft_consensus.cc:740] T 352b56ac08894351abd898e07f9f8fbe P f47f604c297149d983e43cd7da2c1e3a [term 0 FOLLOWER]: Becoming Follower/Learner. State: Replica: f47f604c297149d983e43cd7da2c1e3a, State: Initialized, Role: FOLLOWER
I20260608 12:50:55.317482  5814 consensus_queue.cc:260] T 96f78749cba846d18f0066add257787b P 21ebf747b85c49c89ab2dc903571eaaa [NON_LEADER]: Queue going to NON_LEADER mode. State: All replicated index: 0, Majority replicated index: 0, Committed index: 0, Last appended: 0.0, Last appended by leader: 0, Current term: 0, Majority size: -1, State: 0, Mode: NON_LEADER, active raft config: opid_index: -1 OBSOLETE_local: false peers { permanent_uuid: "c6a3894d768749f7b534605730323021" member_type: VOTER last_known_addr { host: "127.4.214.1" port: 36113 } } peers { permanent_uuid: "21ebf747b85c49c89ab2dc903571eaaa" member_type: VOTER last_known_addr { host: "127.4.214.2" port: 33911 } } peers { permanent_uuid: "f47f604c297149d983e43cd7da2c1e3a" member_type: VOTER last_known_addr { host: "127.4.214.3" port: 45771 } }
I20260608 12:50:55.317798  5815 consensus_queue.cc:260] T daa49aebbfe9427f8839369c34c6af85 P c6a3894d768749f7b534605730323021 [NON_LEADER]: Queue going to NON_LEADER mode. State: All replicated index: 0, Majority replicated index: 0, Committed index: 0, Last appended: 0.0, Last appended by leader: 0, Current term: 0, Majority size: -1, State: 0, Mode: NON_LEADER, active raft config: opid_index: -1 OBSOLETE_local: false peers { permanent_uuid: "c6a3894d768749f7b534605730323021" member_type: VOTER last_known_addr { host: "127.4.214.1" port: 36113 } } peers { permanent_uuid: "21ebf747b85c49c89ab2dc903571eaaa" member_type: VOTER last_known_addr { host: "127.4.214.2" port: 33911 } } peers { permanent_uuid: "f47f604c297149d983e43cd7da2c1e3a" member_type: VOTER last_known_addr { host: "127.4.214.3" port: 45771 } }
I20260608 12:50:55.318559  5821 raft_consensus.cc:2749] T 352b56ac08894351abd898e07f9f8fbe P c6a3894d768749f7b534605730323021 [term 0 FOLLOWER]: Leader pre-election lost for term 1. Reason: could not achieve majority
I20260608 12:50:55.318629  5816 consensus_queue.cc:260] T 352b56ac08894351abd898e07f9f8fbe P f47f604c297149d983e43cd7da2c1e3a [NON_LEADER]: Queue going to NON_LEADER mode. State: All replicated index: 0, Majority replicated index: 0, Committed index: 0, Last appended: 0.0, Last appended by leader: 0, Current term: 0, Majority size: -1, State: 0, Mode: NON_LEADER, active raft config: opid_index: -1 OBSOLETE_local: false peers { permanent_uuid: "c6a3894d768749f7b534605730323021" member_type: VOTER last_known_addr { host: "127.4.214.1" port: 36113 } } peers { permanent_uuid: "21ebf747b85c49c89ab2dc903571eaaa" member_type: VOTER last_known_addr { host: "127.4.214.2" port: 33911 } } peers { permanent_uuid: "f47f604c297149d983e43cd7da2c1e3a" member_type: VOTER last_known_addr { host: "127.4.214.3" port: 45771 } }
I20260608 12:50:55.320361  5814 ts_tablet_manager.cc:1434] T 96f78749cba846d18f0066add257787b P 21ebf747b85c49c89ab2dc903571eaaa: Time spent starting tablet: real 0.008s	user 0.007s	sys 0.000s
I20260608 12:50:55.321027  5816 ts_tablet_manager.cc:1434] T 352b56ac08894351abd898e07f9f8fbe P f47f604c297149d983e43cd7da2c1e3a: Time spent starting tablet: real 0.009s	user 0.006s	sys 0.000s
I20260608 12:50:55.321476  5814 tablet_bootstrap.cc:492] T 352b56ac08894351abd898e07f9f8fbe P 21ebf747b85c49c89ab2dc903571eaaa: Bootstrap starting.
I20260608 12:50:55.322389  5816 tablet_bootstrap.cc:492] T 0d0727b91000434385e7e41b3fad7665 P f47f604c297149d983e43cd7da2c1e3a: Bootstrap starting.
I20260608 12:50:55.325644  5815 ts_tablet_manager.cc:1434] T daa49aebbfe9427f8839369c34c6af85 P c6a3894d768749f7b534605730323021: Time spent starting tablet: real 0.013s	user 0.004s	sys 0.002s
I20260608 12:50:55.326658  5815 tablet_bootstrap.cc:492] T 0d0727b91000434385e7e41b3fad7665 P c6a3894d768749f7b534605730323021: Bootstrap starting.
I20260608 12:50:55.329181  5814 tablet_bootstrap.cc:654] T 352b56ac08894351abd898e07f9f8fbe P 21ebf747b85c49c89ab2dc903571eaaa: Neither blocks nor log segments found. Creating new log.
I20260608 12:50:55.329450  5816 tablet_bootstrap.cc:654] T 0d0727b91000434385e7e41b3fad7665 P f47f604c297149d983e43cd7da2c1e3a: Neither blocks nor log segments found. Creating new log.
I20260608 12:50:55.333444  5815 tablet_bootstrap.cc:654] T 0d0727b91000434385e7e41b3fad7665 P c6a3894d768749f7b534605730323021: Neither blocks nor log segments found. Creating new log.
I20260608 12:50:55.345582  5815 tablet_bootstrap.cc:492] T 0d0727b91000434385e7e41b3fad7665 P c6a3894d768749f7b534605730323021: No bootstrap required, opened a new log
I20260608 12:50:55.346187  5815 ts_tablet_manager.cc:1403] T 0d0727b91000434385e7e41b3fad7665 P c6a3894d768749f7b534605730323021: Time spent bootstrapping tablet: real 0.020s	user 0.011s	sys 0.007s
I20260608 12:50:55.349274  5815 raft_consensus.cc:359] T 0d0727b91000434385e7e41b3fad7665 P c6a3894d768749f7b534605730323021 [term 0 FOLLOWER]: Replica starting. Triggering 0 pending ops. Active config: opid_index: -1 OBSOLETE_local: false peers { permanent_uuid: "c6a3894d768749f7b534605730323021" member_type: VOTER last_known_addr { host: "127.4.214.1" port: 36113 } } peers { permanent_uuid: "21ebf747b85c49c89ab2dc903571eaaa" member_type: VOTER last_known_addr { host: "127.4.214.2" port: 33911 } } peers { permanent_uuid: "f47f604c297149d983e43cd7da2c1e3a" member_type: VOTER last_known_addr { host: "127.4.214.3" port: 45771 } }
I20260608 12:50:55.350180  5815 raft_consensus.cc:385] T 0d0727b91000434385e7e41b3fad7665 P c6a3894d768749f7b534605730323021 [term 0 FOLLOWER]: Consensus starting up: Expiring failure detector timer to make a prompt election more likely
I20260608 12:50:55.350530  5815 raft_consensus.cc:740] T 0d0727b91000434385e7e41b3fad7665 P c6a3894d768749f7b534605730323021 [term 0 FOLLOWER]: Becoming Follower/Learner. State: Replica: c6a3894d768749f7b534605730323021, State: Initialized, Role: FOLLOWER
I20260608 12:50:55.351481  5815 consensus_queue.cc:260] T 0d0727b91000434385e7e41b3fad7665 P c6a3894d768749f7b534605730323021 [NON_LEADER]: Queue going to NON_LEADER mode. State: All replicated index: 0, Majority replicated index: 0, Committed index: 0, Last appended: 0.0, Last appended by leader: 0, Current term: 0, Majority size: -1, State: 0, Mode: NON_LEADER, active raft config: opid_index: -1 OBSOLETE_local: false peers { permanent_uuid: "c6a3894d768749f7b534605730323021" member_type: VOTER last_known_addr { host: "127.4.214.1" port: 36113 } } peers { permanent_uuid: "21ebf747b85c49c89ab2dc903571eaaa" member_type: VOTER last_known_addr { host: "127.4.214.2" port: 33911 } } peers { permanent_uuid: "f47f604c297149d983e43cd7da2c1e3a" member_type: VOTER last_known_addr { host: "127.4.214.3" port: 45771 } }
I20260608 12:50:55.354139  5815 ts_tablet_manager.cc:1434] T 0d0727b91000434385e7e41b3fad7665 P c6a3894d768749f7b534605730323021: Time spent starting tablet: real 0.008s	user 0.005s	sys 0.000s
I20260608 12:50:55.355227  5815 tablet_bootstrap.cc:492] T d7e6f05148754b30b59fd4c257f7d883 P c6a3894d768749f7b534605730323021: Bootstrap starting.
I20260608 12:50:55.362119  5815 tablet_bootstrap.cc:654] T d7e6f05148754b30b59fd4c257f7d883 P c6a3894d768749f7b534605730323021: Neither blocks nor log segments found. Creating new log.
I20260608 12:50:55.369855  5816 tablet_bootstrap.cc:492] T 0d0727b91000434385e7e41b3fad7665 P f47f604c297149d983e43cd7da2c1e3a: No bootstrap required, opened a new log
I20260608 12:50:55.370494  5816 ts_tablet_manager.cc:1403] T 0d0727b91000434385e7e41b3fad7665 P f47f604c297149d983e43cd7da2c1e3a: Time spent bootstrapping tablet: real 0.048s	user 0.017s	sys 0.030s
I20260608 12:50:55.371433  5814 tablet_bootstrap.cc:492] T 352b56ac08894351abd898e07f9f8fbe P 21ebf747b85c49c89ab2dc903571eaaa: No bootstrap required, opened a new log
I20260608 12:50:55.372033  5814 ts_tablet_manager.cc:1403] T 352b56ac08894351abd898e07f9f8fbe P 21ebf747b85c49c89ab2dc903571eaaa: Time spent bootstrapping tablet: real 0.051s	user 0.028s	sys 0.019s
I20260608 12:50:55.373373  5815 tablet_bootstrap.cc:492] T d7e6f05148754b30b59fd4c257f7d883 P c6a3894d768749f7b534605730323021: No bootstrap required, opened a new log
I20260608 12:50:55.373798  5815 ts_tablet_manager.cc:1403] T d7e6f05148754b30b59fd4c257f7d883 P c6a3894d768749f7b534605730323021: Time spent bootstrapping tablet: real 0.019s	user 0.009s	sys 0.007s
I20260608 12:50:55.373648  5816 raft_consensus.cc:359] T 0d0727b91000434385e7e41b3fad7665 P f47f604c297149d983e43cd7da2c1e3a [term 0 FOLLOWER]: Replica starting. Triggering 0 pending ops. Active config: opid_index: -1 OBSOLETE_local: false peers { permanent_uuid: "c6a3894d768749f7b534605730323021" member_type: VOTER last_known_addr { host: "127.4.214.1" port: 36113 } } peers { permanent_uuid: "21ebf747b85c49c89ab2dc903571eaaa" member_type: VOTER last_known_addr { host: "127.4.214.2" port: 33911 } } peers { permanent_uuid: "f47f604c297149d983e43cd7da2c1e3a" member_type: VOTER last_known_addr { host: "127.4.214.3" port: 45771 } }
I20260608 12:50:55.374495  5816 raft_consensus.cc:385] T 0d0727b91000434385e7e41b3fad7665 P f47f604c297149d983e43cd7da2c1e3a [term 0 FOLLOWER]: Consensus starting up: Expiring failure detector timer to make a prompt election more likely
I20260608 12:50:55.374840  5816 raft_consensus.cc:740] T 0d0727b91000434385e7e41b3fad7665 P f47f604c297149d983e43cd7da2c1e3a [term 0 FOLLOWER]: Becoming Follower/Learner. State: Replica: f47f604c297149d983e43cd7da2c1e3a, State: Initialized, Role: FOLLOWER
I20260608 12:50:55.375129  5814 raft_consensus.cc:359] T 352b56ac08894351abd898e07f9f8fbe P 21ebf747b85c49c89ab2dc903571eaaa [term 0 FOLLOWER]: Replica starting. Triggering 0 pending ops. Active config: opid_index: -1 OBSOLETE_local: false peers { permanent_uuid: "c6a3894d768749f7b534605730323021" member_type: VOTER last_known_addr { host: "127.4.214.1" port: 36113 } } peers { permanent_uuid: "21ebf747b85c49c89ab2dc903571eaaa" member_type: VOTER last_known_addr { host: "127.4.214.2" port: 33911 } } peers { permanent_uuid: "f47f604c297149d983e43cd7da2c1e3a" member_type: VOTER last_known_addr { host: "127.4.214.3" port: 45771 } }
I20260608 12:50:55.375875  5814 raft_consensus.cc:385] T 352b56ac08894351abd898e07f9f8fbe P 21ebf747b85c49c89ab2dc903571eaaa [term 0 FOLLOWER]: Consensus starting up: Expiring failure detector timer to make a prompt election more likely
I20260608 12:50:55.375675  5816 consensus_queue.cc:260] T 0d0727b91000434385e7e41b3fad7665 P f47f604c297149d983e43cd7da2c1e3a [NON_LEADER]: Queue going to NON_LEADER mode. State: All replicated index: 0, Majority replicated index: 0, Committed index: 0, Last appended: 0.0, Last appended by leader: 0, Current term: 0, Majority size: -1, State: 0, Mode: NON_LEADER, active raft config: opid_index: -1 OBSOLETE_local: false peers { permanent_uuid: "c6a3894d768749f7b534605730323021" member_type: VOTER last_known_addr { host: "127.4.214.1" port: 36113 } } peers { permanent_uuid: "21ebf747b85c49c89ab2dc903571eaaa" member_type: VOTER last_known_addr { host: "127.4.214.2" port: 33911 } } peers { permanent_uuid: "f47f604c297149d983e43cd7da2c1e3a" member_type: VOTER last_known_addr { host: "127.4.214.3" port: 45771 } }
I20260608 12:50:55.376255  5814 raft_consensus.cc:740] T 352b56ac08894351abd898e07f9f8fbe P 21ebf747b85c49c89ab2dc903571eaaa [term 0 FOLLOWER]: Becoming Follower/Learner. State: Replica: 21ebf747b85c49c89ab2dc903571eaaa, State: Initialized, Role: FOLLOWER
I20260608 12:50:55.376482  5815 raft_consensus.cc:359] T d7e6f05148754b30b59fd4c257f7d883 P c6a3894d768749f7b534605730323021 [term 0 FOLLOWER]: Replica starting. Triggering 0 pending ops. Active config: opid_index: -1 OBSOLETE_local: false peers { permanent_uuid: "c6a3894d768749f7b534605730323021" member_type: VOTER last_known_addr { host: "127.4.214.1" port: 36113 } } peers { permanent_uuid: "21ebf747b85c49c89ab2dc903571eaaa" member_type: VOTER last_known_addr { host: "127.4.214.2" port: 33911 } } peers { permanent_uuid: "f47f604c297149d983e43cd7da2c1e3a" member_type: VOTER last_known_addr { host: "127.4.214.3" port: 45771 } }
I20260608 12:50:55.377243  5815 raft_consensus.cc:385] T d7e6f05148754b30b59fd4c257f7d883 P c6a3894d768749f7b534605730323021 [term 0 FOLLOWER]: Consensus starting up: Expiring failure detector timer to make a prompt election more likely
I20260608 12:50:55.377785  5815 raft_consensus.cc:740] T d7e6f05148754b30b59fd4c257f7d883 P c6a3894d768749f7b534605730323021 [term 0 FOLLOWER]: Becoming Follower/Learner. State: Replica: c6a3894d768749f7b534605730323021, State: Initialized, Role: FOLLOWER
I20260608 12:50:55.377231  5814 consensus_queue.cc:260] T 352b56ac08894351abd898e07f9f8fbe P 21ebf747b85c49c89ab2dc903571eaaa [NON_LEADER]: Queue going to NON_LEADER mode. State: All replicated index: 0, Majority replicated index: 0, Committed index: 0, Last appended: 0.0, Last appended by leader: 0, Current term: 0, Majority size: -1, State: 0, Mode: NON_LEADER, active raft config: opid_index: -1 OBSOLETE_local: false peers { permanent_uuid: "c6a3894d768749f7b534605730323021" member_type: VOTER last_known_addr { host: "127.4.214.1" port: 36113 } } peers { permanent_uuid: "21ebf747b85c49c89ab2dc903571eaaa" member_type: VOTER last_known_addr { host: "127.4.214.2" port: 33911 } } peers { permanent_uuid: "f47f604c297149d983e43cd7da2c1e3a" member_type: VOTER last_known_addr { host: "127.4.214.3" port: 45771 } }
I20260608 12:50:55.378727  5815 consensus_queue.cc:260] T d7e6f05148754b30b59fd4c257f7d883 P c6a3894d768749f7b534605730323021 [NON_LEADER]: Queue going to NON_LEADER mode. State: All replicated index: 0, Majority replicated index: 0, Committed index: 0, Last appended: 0.0, Last appended by leader: 0, Current term: 0, Majority size: -1, State: 0, Mode: NON_LEADER, active raft config: opid_index: -1 OBSOLETE_local: false peers { permanent_uuid: "c6a3894d768749f7b534605730323021" member_type: VOTER last_known_addr { host: "127.4.214.1" port: 36113 } } peers { permanent_uuid: "21ebf747b85c49c89ab2dc903571eaaa" member_type: VOTER last_known_addr { host: "127.4.214.2" port: 33911 } } peers { permanent_uuid: "f47f604c297149d983e43cd7da2c1e3a" member_type: VOTER last_known_addr { host: "127.4.214.3" port: 45771 } }
I20260608 12:50:55.379235  5816 ts_tablet_manager.cc:1434] T 0d0727b91000434385e7e41b3fad7665 P f47f604c297149d983e43cd7da2c1e3a: Time spent starting tablet: real 0.008s	user 0.005s	sys 0.001s
I20260608 12:50:55.380179  5814 ts_tablet_manager.cc:1434] T 352b56ac08894351abd898e07f9f8fbe P 21ebf747b85c49c89ab2dc903571eaaa: Time spent starting tablet: real 0.008s	user 0.005s	sys 0.002s
I20260608 12:50:55.380350  5816 tablet_bootstrap.cc:492] T d7e6f05148754b30b59fd4c257f7d883 P f47f604c297149d983e43cd7da2c1e3a: Bootstrap starting.
I20260608 12:50:55.381254  5814 tablet_bootstrap.cc:492] T 5a8dab7bc62a4cc395a0fd7e31093c8f P 21ebf747b85c49c89ab2dc903571eaaa: Bootstrap starting.
I20260608 12:50:55.381337  5815 ts_tablet_manager.cc:1434] T d7e6f05148754b30b59fd4c257f7d883 P c6a3894d768749f7b534605730323021: Time spent starting tablet: real 0.007s	user 0.005s	sys 0.000s
I20260608 12:50:55.386797  5815 tablet_bootstrap.cc:492] T 5a8dab7bc62a4cc395a0fd7e31093c8f P c6a3894d768749f7b534605730323021: Bootstrap starting.
I20260608 12:50:55.387859  5816 tablet_bootstrap.cc:654] T d7e6f05148754b30b59fd4c257f7d883 P f47f604c297149d983e43cd7da2c1e3a: Neither blocks nor log segments found. Creating new log.
I20260608 12:50:55.388650  5814 tablet_bootstrap.cc:654] T 5a8dab7bc62a4cc395a0fd7e31093c8f P 21ebf747b85c49c89ab2dc903571eaaa: Neither blocks nor log segments found. Creating new log.
I20260608 12:50:55.391222  5822 raft_consensus.cc:493] T 0d0727b91000434385e7e41b3fad7665 P f47f604c297149d983e43cd7da2c1e3a [term 0 FOLLOWER]: Starting pre-election (no leader contacted us within the election timeout)
I20260608 12:50:55.391770  5822 raft_consensus.cc:515] T 0d0727b91000434385e7e41b3fad7665 P f47f604c297149d983e43cd7da2c1e3a [term 0 FOLLOWER]: Starting pre-election with config: opid_index: -1 OBSOLETE_local: false peers { permanent_uuid: "c6a3894d768749f7b534605730323021" member_type: VOTER last_known_addr { host: "127.4.214.1" port: 36113 } } peers { permanent_uuid: "21ebf747b85c49c89ab2dc903571eaaa" member_type: VOTER last_known_addr { host: "127.4.214.2" port: 33911 } } peers { permanent_uuid: "f47f604c297149d983e43cd7da2c1e3a" member_type: VOTER last_known_addr { host: "127.4.214.3" port: 45771 } }
I20260608 12:50:55.398689  5815 tablet_bootstrap.cc:654] T 5a8dab7bc62a4cc395a0fd7e31093c8f P c6a3894d768749f7b534605730323021: Neither blocks nor log segments found. Creating new log.
I20260608 12:50:55.399683  5822 leader_election.cc:290] T 0d0727b91000434385e7e41b3fad7665 P f47f604c297149d983e43cd7da2c1e3a [CANDIDATE]: Term 1 pre-election: Requested pre-vote from peers c6a3894d768749f7b534605730323021 (127.4.214.1:36113), 21ebf747b85c49c89ab2dc903571eaaa (127.4.214.2:33911)
I20260608 12:50:55.446206  5822 raft_consensus.cc:493] T 5a8dab7bc62a4cc395a0fd7e31093c8f P f47f604c297149d983e43cd7da2c1e3a [term 0 FOLLOWER]: Starting pre-election (no leader contacted us within the election timeout)
I20260608 12:50:55.446409  5619 tablet_service.cc:1917] Received RequestConsensusVote() RPC: tablet_id: "0d0727b91000434385e7e41b3fad7665" candidate_uuid: "f47f604c297149d983e43cd7da2c1e3a" candidate_term: 1 candidate_status { last_received { term: 0 index: 0 } } ignore_live_leader: false dest_uuid: "c6a3894d768749f7b534605730323021" is_pre_election: true
I20260608 12:50:55.446815  5822 raft_consensus.cc:515] T 5a8dab7bc62a4cc395a0fd7e31093c8f P f47f604c297149d983e43cd7da2c1e3a [term 0 FOLLOWER]: Starting pre-election with config: opid_index: -1 OBSOLETE_local: false peers { permanent_uuid: "c6a3894d768749f7b534605730323021" member_type: VOTER last_known_addr { host: "127.4.214.1" port: 36113 } } peers { permanent_uuid: "21ebf747b85c49c89ab2dc903571eaaa" member_type: VOTER last_known_addr { host: "127.4.214.2" port: 33911 } } peers { permanent_uuid: "f47f604c297149d983e43cd7da2c1e3a" member_type: VOTER last_known_addr { host: "127.4.214.3" port: 45771 } }
I20260608 12:50:55.447062  5619 raft_consensus.cc:2468] T 0d0727b91000434385e7e41b3fad7665 P c6a3894d768749f7b534605730323021 [term 0 FOLLOWER]: Leader pre-election vote request: Granting yes vote for candidate f47f604c297149d983e43cd7da2c1e3a in term 0.
I20260608 12:50:55.448668  5814 tablet_bootstrap.cc:492] T 5a8dab7bc62a4cc395a0fd7e31093c8f P 21ebf747b85c49c89ab2dc903571eaaa: No bootstrap required, opened a new log
I20260608 12:50:55.448872  5822 leader_election.cc:290] T 5a8dab7bc62a4cc395a0fd7e31093c8f P f47f604c297149d983e43cd7da2c1e3a [CANDIDATE]: Term 1 pre-election: Requested pre-vote from peers c6a3894d768749f7b534605730323021 (127.4.214.1:36113), 21ebf747b85c49c89ab2dc903571eaaa (127.4.214.2:33911)
I20260608 12:50:55.448802  5731 leader_election.cc:304] T 0d0727b91000434385e7e41b3fad7665 P f47f604c297149d983e43cd7da2c1e3a [CANDIDATE]: Term 1 pre-election: Election decided. Result: candidate won. Election summary: received 2 responses out of 3 voters: 2 yes votes; 0 no votes. yes voters: c6a3894d768749f7b534605730323021, f47f604c297149d983e43cd7da2c1e3a; no voters: 
I20260608 12:50:55.449224  5814 ts_tablet_manager.cc:1403] T 5a8dab7bc62a4cc395a0fd7e31093c8f P 21ebf747b85c49c89ab2dc903571eaaa: Time spent bootstrapping tablet: real 0.068s	user 0.019s	sys 0.039s
I20260608 12:50:55.449695  5815 tablet_bootstrap.cc:492] T 5a8dab7bc62a4cc395a0fd7e31093c8f P c6a3894d768749f7b534605730323021: No bootstrap required, opened a new log
I20260608 12:50:55.450248  5815 ts_tablet_manager.cc:1403] T 5a8dab7bc62a4cc395a0fd7e31093c8f P c6a3894d768749f7b534605730323021: Time spent bootstrapping tablet: real 0.064s	user 0.027s	sys 0.029s
I20260608 12:50:55.450738  5822 raft_consensus.cc:2804] T 0d0727b91000434385e7e41b3fad7665 P f47f604c297149d983e43cd7da2c1e3a [term 0 FOLLOWER]: Leader pre-election won for term 1
I20260608 12:50:55.450906  5619 tablet_service.cc:1917] Received RequestConsensusVote() RPC: tablet_id: "5a8dab7bc62a4cc395a0fd7e31093c8f" candidate_uuid: "f47f604c297149d983e43cd7da2c1e3a" candidate_term: 1 candidate_status { last_received { term: 0 index: 0 } } ignore_live_leader: false dest_uuid: "c6a3894d768749f7b534605730323021" is_pre_election: true
I20260608 12:50:55.451150  5822 raft_consensus.cc:493] T 0d0727b91000434385e7e41b3fad7665 P f47f604c297149d983e43cd7da2c1e3a [term 0 FOLLOWER]: Starting leader election (no leader contacted us within the election timeout)
I20260608 12:50:55.450990  5694 tablet_service.cc:1917] Received RequestConsensusVote() RPC: tablet_id: "0d0727b91000434385e7e41b3fad7665" candidate_uuid: "f47f604c297149d983e43cd7da2c1e3a" candidate_term: 1 candidate_status { last_received { term: 0 index: 0 } } ignore_live_leader: false dest_uuid: "21ebf747b85c49c89ab2dc903571eaaa" is_pre_election: true
I20260608 12:50:55.451665  5822 raft_consensus.cc:3060] T 0d0727b91000434385e7e41b3fad7665 P f47f604c297149d983e43cd7da2c1e3a [term 0 FOLLOWER]: Advancing to term 1
I20260608 12:50:55.451869  5694 raft_consensus.cc:2468] T 0d0727b91000434385e7e41b3fad7665 P 21ebf747b85c49c89ab2dc903571eaaa [term 0 FOLLOWER]: Leader pre-election vote request: Granting yes vote for candidate f47f604c297149d983e43cd7da2c1e3a in term 0.
W20260608 12:50:55.452450  5731 leader_election.cc:343] T 5a8dab7bc62a4cc395a0fd7e31093c8f P f47f604c297149d983e43cd7da2c1e3a [CANDIDATE]: Term 1 pre-election: Tablet error from VoteRequest() call to peer c6a3894d768749f7b534605730323021 (127.4.214.1:36113): Illegal state: must be running to vote when last-logged opid is not known
I20260608 12:50:55.452561  5814 raft_consensus.cc:359] T 5a8dab7bc62a4cc395a0fd7e31093c8f P 21ebf747b85c49c89ab2dc903571eaaa [term 0 FOLLOWER]: Replica starting. Triggering 0 pending ops. Active config: opid_index: -1 OBSOLETE_local: false peers { permanent_uuid: "c6a3894d768749f7b534605730323021" member_type: VOTER last_known_addr { host: "127.4.214.1" port: 36113 } } peers { permanent_uuid: "21ebf747b85c49c89ab2dc903571eaaa" member_type: VOTER last_known_addr { host: "127.4.214.2" port: 33911 } } peers { permanent_uuid: "f47f604c297149d983e43cd7da2c1e3a" member_type: VOTER last_known_addr { host: "127.4.214.3" port: 45771 } }
I20260608 12:50:55.453359  5814 raft_consensus.cc:385] T 5a8dab7bc62a4cc395a0fd7e31093c8f P 21ebf747b85c49c89ab2dc903571eaaa [term 0 FOLLOWER]: Consensus starting up: Expiring failure detector timer to make a prompt election more likely
I20260608 12:50:55.453660  5814 raft_consensus.cc:740] T 5a8dab7bc62a4cc395a0fd7e31093c8f P 21ebf747b85c49c89ab2dc903571eaaa [term 0 FOLLOWER]: Becoming Follower/Learner. State: Replica: 21ebf747b85c49c89ab2dc903571eaaa, State: Initialized, Role: FOLLOWER
I20260608 12:50:55.454028  5694 tablet_service.cc:1917] Received RequestConsensusVote() RPC: tablet_id: "5a8dab7bc62a4cc395a0fd7e31093c8f" candidate_uuid: "f47f604c297149d983e43cd7da2c1e3a" candidate_term: 1 candidate_status { last_received { term: 0 index: 0 } } ignore_live_leader: false dest_uuid: "21ebf747b85c49c89ab2dc903571eaaa" is_pre_election: true
I20260608 12:50:55.454566  5814 consensus_queue.cc:260] T 5a8dab7bc62a4cc395a0fd7e31093c8f P 21ebf747b85c49c89ab2dc903571eaaa [NON_LEADER]: Queue going to NON_LEADER mode. State: All replicated index: 0, Majority replicated index: 0, Committed index: 0, Last appended: 0.0, Last appended by leader: 0, Current term: 0, Majority size: -1, State: 0, Mode: NON_LEADER, active raft config: opid_index: -1 OBSOLETE_local: false peers { permanent_uuid: "c6a3894d768749f7b534605730323021" member_type: VOTER last_known_addr { host: "127.4.214.1" port: 36113 } } peers { permanent_uuid: "21ebf747b85c49c89ab2dc903571eaaa" member_type: VOTER last_known_addr { host: "127.4.214.2" port: 33911 } } peers { permanent_uuid: "f47f604c297149d983e43cd7da2c1e3a" member_type: VOTER last_known_addr { host: "127.4.214.3" port: 45771 } }
I20260608 12:50:55.455574  5694 raft_consensus.cc:2468] T 5a8dab7bc62a4cc395a0fd7e31093c8f P 21ebf747b85c49c89ab2dc903571eaaa [term 0 FOLLOWER]: Leader pre-election vote request: Granting yes vote for candidate f47f604c297149d983e43cd7da2c1e3a in term 0.
I20260608 12:50:55.456442  5815 raft_consensus.cc:359] T 5a8dab7bc62a4cc395a0fd7e31093c8f P c6a3894d768749f7b534605730323021 [term 0 FOLLOWER]: Replica starting. Triggering 0 pending ops. Active config: opid_index: -1 OBSOLETE_local: false peers { permanent_uuid: "c6a3894d768749f7b534605730323021" member_type: VOTER last_known_addr { host: "127.4.214.1" port: 36113 } } peers { permanent_uuid: "21ebf747b85c49c89ab2dc903571eaaa" member_type: VOTER last_known_addr { host: "127.4.214.2" port: 33911 } } peers { permanent_uuid: "f47f604c297149d983e43cd7da2c1e3a" member_type: VOTER last_known_addr { host: "127.4.214.3" port: 45771 } }
I20260608 12:50:55.457309  5815 raft_consensus.cc:385] T 5a8dab7bc62a4cc395a0fd7e31093c8f P c6a3894d768749f7b534605730323021 [term 0 FOLLOWER]: Consensus starting up: Expiring failure detector timer to make a prompt election more likely
I20260608 12:50:55.457628  5815 raft_consensus.cc:740] T 5a8dab7bc62a4cc395a0fd7e31093c8f P c6a3894d768749f7b534605730323021 [term 0 FOLLOWER]: Becoming Follower/Learner. State: Replica: c6a3894d768749f7b534605730323021, State: Initialized, Role: FOLLOWER
I20260608 12:50:55.458768  5816 tablet_bootstrap.cc:492] T d7e6f05148754b30b59fd4c257f7d883 P f47f604c297149d983e43cd7da2c1e3a: No bootstrap required, opened a new log
I20260608 12:50:55.459370  5816 ts_tablet_manager.cc:1403] T d7e6f05148754b30b59fd4c257f7d883 P f47f604c297149d983e43cd7da2c1e3a: Time spent bootstrapping tablet: real 0.079s	user 0.021s	sys 0.009s
I20260608 12:50:55.459129  5822 raft_consensus.cc:515] T 0d0727b91000434385e7e41b3fad7665 P f47f604c297149d983e43cd7da2c1e3a [term 1 FOLLOWER]: Starting leader election with config: opid_index: -1 OBSOLETE_local: false peers { permanent_uuid: "c6a3894d768749f7b534605730323021" member_type: VOTER last_known_addr { host: "127.4.214.1" port: 36113 } } peers { permanent_uuid: "21ebf747b85c49c89ab2dc903571eaaa" member_type: VOTER last_known_addr { host: "127.4.214.2" port: 33911 } } peers { permanent_uuid: "f47f604c297149d983e43cd7da2c1e3a" member_type: VOTER last_known_addr { host: "127.4.214.3" port: 45771 } }
I20260608 12:50:55.461128  5814 ts_tablet_manager.cc:1434] T 5a8dab7bc62a4cc395a0fd7e31093c8f P 21ebf747b85c49c89ab2dc903571eaaa: Time spent starting tablet: real 0.012s	user 0.003s	sys 0.003s
I20260608 12:50:55.459033  5815 consensus_queue.cc:260] T 5a8dab7bc62a4cc395a0fd7e31093c8f P c6a3894d768749f7b534605730323021 [NON_LEADER]: Queue going to NON_LEADER mode. State: All replicated index: 0, Majority replicated index: 0, Committed index: 0, Last appended: 0.0, Last appended by leader: 0, Current term: 0, Majority size: -1, State: 0, Mode: NON_LEADER, active raft config: opid_index: -1 OBSOLETE_local: false peers { permanent_uuid: "c6a3894d768749f7b534605730323021" member_type: VOTER last_known_addr { host: "127.4.214.1" port: 36113 } } peers { permanent_uuid: "21ebf747b85c49c89ab2dc903571eaaa" member_type: VOTER last_known_addr { host: "127.4.214.2" port: 33911 } } peers { permanent_uuid: "f47f604c297149d983e43cd7da2c1e3a" member_type: VOTER last_known_addr { host: "127.4.214.3" port: 45771 } }
I20260608 12:50:55.462199  5814 tablet_bootstrap.cc:492] T d7e6f05148754b30b59fd4c257f7d883 P 21ebf747b85c49c89ab2dc903571eaaa: Bootstrap starting.
I20260608 12:50:55.460458  5734 leader_election.cc:304] T 5a8dab7bc62a4cc395a0fd7e31093c8f P f47f604c297149d983e43cd7da2c1e3a [CANDIDATE]: Term 1 pre-election: Election decided. Result: candidate won. Election summary: received 3 responses out of 3 voters: 2 yes votes; 1 no votes. yes voters: 21ebf747b85c49c89ab2dc903571eaaa, f47f604c297149d983e43cd7da2c1e3a; no voters: c6a3894d768749f7b534605730323021
I20260608 12:50:55.465268  5815 ts_tablet_manager.cc:1434] T 5a8dab7bc62a4cc395a0fd7e31093c8f P c6a3894d768749f7b534605730323021: Time spent starting tablet: real 0.015s	user 0.005s	sys 0.003s
I20260608 12:50:55.465340  5619 tablet_service.cc:1917] Received RequestConsensusVote() RPC: tablet_id: "0d0727b91000434385e7e41b3fad7665" candidate_uuid: "f47f604c297149d983e43cd7da2c1e3a" candidate_term: 1 candidate_status { last_received { term: 0 index: 0 } } ignore_live_leader: false dest_uuid: "c6a3894d768749f7b534605730323021"
I20260608 12:50:55.466163  5619 raft_consensus.cc:3060] T 0d0727b91000434385e7e41b3fad7665 P c6a3894d768749f7b534605730323021 [term 0 FOLLOWER]: Advancing to term 1
I20260608 12:50:55.466589  5815 tablet_bootstrap.cc:492] T d275c46d146f40c1bd1dc6a38584e807 P c6a3894d768749f7b534605730323021: Bootstrap starting.
I20260608 12:50:55.464640  5822 leader_election.cc:290] T 0d0727b91000434385e7e41b3fad7665 P f47f604c297149d983e43cd7da2c1e3a [CANDIDATE]: Term 1 election: Requested vote from peers c6a3894d768749f7b534605730323021 (127.4.214.1:36113), 21ebf747b85c49c89ab2dc903571eaaa (127.4.214.2:33911)
I20260608 12:50:55.469074  5822 raft_consensus.cc:2804] T 5a8dab7bc62a4cc395a0fd7e31093c8f P f47f604c297149d983e43cd7da2c1e3a [term 0 FOLLOWER]: Leader pre-election won for term 1
I20260608 12:50:55.470088  5822 raft_consensus.cc:493] T 5a8dab7bc62a4cc395a0fd7e31093c8f P f47f604c297149d983e43cd7da2c1e3a [term 0 FOLLOWER]: Starting leader election (no leader contacted us within the election timeout)
I20260608 12:50:55.470942  5822 raft_consensus.cc:3060] T 5a8dab7bc62a4cc395a0fd7e31093c8f P f47f604c297149d983e43cd7da2c1e3a [term 0 FOLLOWER]: Advancing to term 1
I20260608 12:50:55.471966  5814 tablet_bootstrap.cc:654] T d7e6f05148754b30b59fd4c257f7d883 P 21ebf747b85c49c89ab2dc903571eaaa: Neither blocks nor log segments found. Creating new log.
W20260608 12:50:55.472561  5565 auto_rebalancer.cc:259] Could not retrieve cluster info: Service unavailable: Tablet not running
I20260608 12:50:55.474067  5815 tablet_bootstrap.cc:654] T d275c46d146f40c1bd1dc6a38584e807 P c6a3894d768749f7b534605730323021: Neither blocks nor log segments found. Creating new log.
I20260608 12:50:55.472766  5816 raft_consensus.cc:359] T d7e6f05148754b30b59fd4c257f7d883 P f47f604c297149d983e43cd7da2c1e3a [term 0 FOLLOWER]: Replica starting. Triggering 0 pending ops. Active config: opid_index: -1 OBSOLETE_local: false peers { permanent_uuid: "c6a3894d768749f7b534605730323021" member_type: VOTER last_known_addr { host: "127.4.214.1" port: 36113 } } peers { permanent_uuid: "21ebf747b85c49c89ab2dc903571eaaa" member_type: VOTER last_known_addr { host: "127.4.214.2" port: 33911 } } peers { permanent_uuid: "f47f604c297149d983e43cd7da2c1e3a" member_type: VOTER last_known_addr { host: "127.4.214.3" port: 45771 } }
I20260608 12:50:55.475111  5570 auto_leader_rebalancer.cc:140] leader rebalance for table test-workload
I20260608 12:50:55.475593  5816 raft_consensus.cc:385] T d7e6f05148754b30b59fd4c257f7d883 P f47f604c297149d983e43cd7da2c1e3a [term 0 FOLLOWER]: Consensus starting up: Expiring failure detector timer to make a prompt election more likely
I20260608 12:50:55.475975  5816 raft_consensus.cc:740] T d7e6f05148754b30b59fd4c257f7d883 P f47f604c297149d983e43cd7da2c1e3a [term 0 FOLLOWER]: Becoming Follower/Learner. State: Replica: f47f604c297149d983e43cd7da2c1e3a, State: Initialized, Role: FOLLOWER
W20260608 12:50:55.476437  5570 auto_leader_rebalancer.cc:460] the master instance isn't leader: Service unavailable: Tablet not running
I20260608 12:50:55.478921  5816 consensus_queue.cc:260] T d7e6f05148754b30b59fd4c257f7d883 P f47f604c297149d983e43cd7da2c1e3a [NON_LEADER]: Queue going to NON_LEADER mode. State: All replicated index: 0, Majority replicated index: 0, Committed index: 0, Last appended: 0.0, Last appended by leader: 0, Current term: 0, Majority size: -1, State: 0, Mode: NON_LEADER, active raft config: opid_index: -1 OBSOLETE_local: false peers { permanent_uuid: "c6a3894d768749f7b534605730323021" member_type: VOTER last_known_addr { host: "127.4.214.1" port: 36113 } } peers { permanent_uuid: "21ebf747b85c49c89ab2dc903571eaaa" member_type: VOTER last_known_addr { host: "127.4.214.2" port: 33911 } } peers { permanent_uuid: "f47f604c297149d983e43cd7da2c1e3a" member_type: VOTER last_known_addr { host: "127.4.214.3" port: 45771 } }
I20260608 12:50:55.481348  5816 ts_tablet_manager.cc:1434] T d7e6f05148754b30b59fd4c257f7d883 P f47f604c297149d983e43cd7da2c1e3a: Time spent starting tablet: real 0.020s	user 0.005s	sys 0.000s
I20260608 12:50:55.481611  5814 tablet_bootstrap.cc:492] T d7e6f05148754b30b59fd4c257f7d883 P 21ebf747b85c49c89ab2dc903571eaaa: No bootstrap required, opened a new log
I20260608 12:50:55.482263  5814 ts_tablet_manager.cc:1403] T d7e6f05148754b30b59fd4c257f7d883 P 21ebf747b85c49c89ab2dc903571eaaa: Time spent bootstrapping tablet: real 0.020s	user 0.007s	sys 0.006s
I20260608 12:50:55.483050  5822 raft_consensus.cc:515] T 5a8dab7bc62a4cc395a0fd7e31093c8f P f47f604c297149d983e43cd7da2c1e3a [term 1 FOLLOWER]: Starting leader election with config: opid_index: -1 OBSOLETE_local: false peers { permanent_uuid: "c6a3894d768749f7b534605730323021" member_type: VOTER last_known_addr { host: "127.4.214.1" port: 36113 } } peers { permanent_uuid: "21ebf747b85c49c89ab2dc903571eaaa" member_type: VOTER last_known_addr { host: "127.4.214.2" port: 33911 } } peers { permanent_uuid: "f47f604c297149d983e43cd7da2c1e3a" member_type: VOTER last_known_addr { host: "127.4.214.3" port: 45771 } }
I20260608 12:50:55.485579  5814 raft_consensus.cc:359] T d7e6f05148754b30b59fd4c257f7d883 P 21ebf747b85c49c89ab2dc903571eaaa [term 0 FOLLOWER]: Replica starting. Triggering 0 pending ops. Active config: opid_index: -1 OBSOLETE_local: false peers { permanent_uuid: "c6a3894d768749f7b534605730323021" member_type: VOTER last_known_addr { host: "127.4.214.1" port: 36113 } } peers { permanent_uuid: "21ebf747b85c49c89ab2dc903571eaaa" member_type: VOTER last_known_addr { host: "127.4.214.2" port: 33911 } } peers { permanent_uuid: "f47f604c297149d983e43cd7da2c1e3a" member_type: VOTER last_known_addr { host: "127.4.214.3" port: 45771 } }
I20260608 12:50:55.489182  5814 raft_consensus.cc:385] T d7e6f05148754b30b59fd4c257f7d883 P 21ebf747b85c49c89ab2dc903571eaaa [term 0 FOLLOWER]: Consensus starting up: Expiring failure detector timer to make a prompt election more likely
I20260608 12:50:55.489555  5814 raft_consensus.cc:740] T d7e6f05148754b30b59fd4c257f7d883 P 21ebf747b85c49c89ab2dc903571eaaa [term 0 FOLLOWER]: Becoming Follower/Learner. State: Replica: 21ebf747b85c49c89ab2dc903571eaaa, State: Initialized, Role: FOLLOWER
I20260608 12:50:55.489820  5694 tablet_service.cc:1917] Received RequestConsensusVote() RPC: tablet_id: "0d0727b91000434385e7e41b3fad7665" candidate_uuid: "f47f604c297149d983e43cd7da2c1e3a" candidate_term: 1 candidate_status { last_received { term: 0 index: 0 } } ignore_live_leader: false dest_uuid: "21ebf747b85c49c89ab2dc903571eaaa"
I20260608 12:50:55.490510  5694 raft_consensus.cc:3060] T 0d0727b91000434385e7e41b3fad7665 P 21ebf747b85c49c89ab2dc903571eaaa [term 0 FOLLOWER]: Advancing to term 1
I20260608 12:50:55.490721  5814 consensus_queue.cc:260] T d7e6f05148754b30b59fd4c257f7d883 P 21ebf747b85c49c89ab2dc903571eaaa [NON_LEADER]: Queue going to NON_LEADER mode. State: All replicated index: 0, Majority replicated index: 0, Committed index: 0, Last appended: 0.0, Last appended by leader: 0, Current term: 0, Majority size: -1, State: 0, Mode: NON_LEADER, active raft config: opid_index: -1 OBSOLETE_local: false peers { permanent_uuid: "c6a3894d768749f7b534605730323021" member_type: VOTER last_known_addr { host: "127.4.214.1" port: 36113 } } peers { permanent_uuid: "21ebf747b85c49c89ab2dc903571eaaa" member_type: VOTER last_known_addr { host: "127.4.214.2" port: 33911 } } peers { permanent_uuid: "f47f604c297149d983e43cd7da2c1e3a" member_type: VOTER last_known_addr { host: "127.4.214.3" port: 45771 } }
I20260608 12:50:55.491937  5693 tablet_service.cc:1917] Received RequestConsensusVote() RPC: tablet_id: "5a8dab7bc62a4cc395a0fd7e31093c8f" candidate_uuid: "f47f604c297149d983e43cd7da2c1e3a" candidate_term: 1 candidate_status { last_received { term: 0 index: 0 } } ignore_live_leader: false dest_uuid: "21ebf747b85c49c89ab2dc903571eaaa"
I20260608 12:50:55.492583  5693 raft_consensus.cc:3060] T 5a8dab7bc62a4cc395a0fd7e31093c8f P 21ebf747b85c49c89ab2dc903571eaaa [term 0 FOLLOWER]: Advancing to term 1
I20260608 12:50:55.492727  5816 tablet_bootstrap.cc:492] T 96f78749cba846d18f0066add257787b P f47f604c297149d983e43cd7da2c1e3a: Bootstrap starting.
I20260608 12:50:55.493659  5822 leader_election.cc:290] T 5a8dab7bc62a4cc395a0fd7e31093c8f P f47f604c297149d983e43cd7da2c1e3a [CANDIDATE]: Term 1 election: Requested vote from peers c6a3894d768749f7b534605730323021 (127.4.214.1:36113), 21ebf747b85c49c89ab2dc903571eaaa (127.4.214.2:33911)
I20260608 12:50:55.496426  5618 tablet_service.cc:1917] Received RequestConsensusVote() RPC: tablet_id: "5a8dab7bc62a4cc395a0fd7e31093c8f" candidate_uuid: "f47f604c297149d983e43cd7da2c1e3a" candidate_term: 1 candidate_status { last_received { term: 0 index: 0 } } ignore_live_leader: false dest_uuid: "c6a3894d768749f7b534605730323021"
I20260608 12:50:55.497146  5618 raft_consensus.cc:3060] T 5a8dab7bc62a4cc395a0fd7e31093c8f P c6a3894d768749f7b534605730323021 [term 0 FOLLOWER]: Advancing to term 1
I20260608 12:50:55.499257  5814 ts_tablet_manager.cc:1434] T d7e6f05148754b30b59fd4c257f7d883 P 21ebf747b85c49c89ab2dc903571eaaa: Time spent starting tablet: real 0.017s	user 0.007s	sys 0.000s
I20260608 12:50:55.489820  5619 raft_consensus.cc:2468] T 0d0727b91000434385e7e41b3fad7665 P c6a3894d768749f7b534605730323021 [term 1 FOLLOWER]: Leader election vote request: Granting yes vote for candidate f47f604c297149d983e43cd7da2c1e3a in term 1.
I20260608 12:50:55.501070  5814 tablet_bootstrap.cc:492] T d275c46d146f40c1bd1dc6a38584e807 P 21ebf747b85c49c89ab2dc903571eaaa: Bootstrap starting.
I20260608 12:50:55.508783  5731 leader_election.cc:304] T 0d0727b91000434385e7e41b3fad7665 P f47f604c297149d983e43cd7da2c1e3a [CANDIDATE]: Term 1 election: Election decided. Result: candidate won. Election summary: received 2 responses out of 3 voters: 2 yes votes; 0 no votes. yes voters: c6a3894d768749f7b534605730323021, f47f604c297149d983e43cd7da2c1e3a; no voters: 
