I20260608 12:52:06.682610  7976 consensus_queue.cc:237] T d528c637326d49cfafc37188922445ae P 3d4e39baf38f44d2bc70d9bf67542ffa [LEADER]: Queue going to LEADER mode. State: All replicated index: 0, Majority replicated index: 5, Committed index: 5, Last appended: 2.5, Last appended by leader: 5, Current term: 3, Majority size: 2, State: 0, Mode: LEADER, active raft config: opid_index: 5 OBSOLETE_local: false peers { permanent_uuid: "996f2f5b191846a383955b15d86063d3" member_type: VOTER last_known_addr { host: "127.4.92.65" port: 37341 } } peers { permanent_uuid: "d437b98c88d94324adcd42b0f1855cb5" member_type: VOTER last_known_addr { host: "127.4.92.66" port: 35633 } } peers { permanent_uuid: "3d4e39baf38f44d2bc70d9bf67542ffa" member_type: VOTER last_known_addr { host: "127.4.92.68" port: 35269 } attrs { promote: false } }
I20260608 12:52:06.690752  7335 catalog_manager.cc:5696] T d528c637326d49cfafc37188922445ae P 3d4e39baf38f44d2bc70d9bf67542ffa reported cstate change: term changed from 2 to 3, leader changed from d437b98c88d94324adcd42b0f1855cb5 (127.4.92.66) to 3d4e39baf38f44d2bc70d9bf67542ffa (127.4.92.68). New cstate: current_term: 3 leader_uuid: "3d4e39baf38f44d2bc70d9bf67542ffa" committed_config { opid_index: 5 OBSOLETE_local: false peers { permanent_uuid: "996f2f5b191846a383955b15d86063d3" member_type: VOTER last_known_addr { host: "127.4.92.65" port: 37341 } health_report { overall_health: UNKNOWN } } peers { permanent_uuid: "d437b98c88d94324adcd42b0f1855cb5" member_type: VOTER last_known_addr { host: "127.4.92.66" port: 35633 } health_report { overall_health: UNKNOWN } } peers { permanent_uuid: "3d4e39baf38f44d2bc70d9bf67542ffa" member_type: VOTER last_known_addr { host: "127.4.92.68" port: 35269 } attrs { promote: false } health_report { overall_health: HEALTHY } } }
I20260608 12:52:06.734476  8032 ts_tablet_manager.cc:933] T f48ccb282ccc4c6e898039818a34e4fa P 926ef6b2124844b4a4c4f85059dea2fe: Initiating tablet copy from peer d437b98c88d94324adcd42b0f1855cb5 (127.4.92.66:35633)
I20260608 12:52:06.736641  8032 tablet_copy_client.cc:323] T f48ccb282ccc4c6e898039818a34e4fa P 926ef6b2124844b4a4c4f85059dea2fe: tablet copy: Beginning tablet copy session from remote peer at address 127.4.92.66:35633
I20260608 12:52:06.738379  7524 tablet_copy_service.cc:140] P d437b98c88d94324adcd42b0f1855cb5: Received BeginTabletCopySession request for tablet f48ccb282ccc4c6e898039818a34e4fa from peer 926ef6b2124844b4a4c4f85059dea2fe ({username='slave'} at 127.0.0.1:37588)
I20260608 12:52:06.738930  7524 tablet_copy_service.cc:161] P d437b98c88d94324adcd42b0f1855cb5: Beginning new tablet copy session on tablet f48ccb282ccc4c6e898039818a34e4fa from peer 926ef6b2124844b4a4c4f85059dea2fe at {username='slave'} at 127.0.0.1:37588: session id = 926ef6b2124844b4a4c4f85059dea2fe-f48ccb282ccc4c6e898039818a34e4fa
I20260608 12:52:06.746057  7524 tablet_copy_source_session.cc:215] T f48ccb282ccc4c6e898039818a34e4fa P d437b98c88d94324adcd42b0f1855cb5: Tablet Copy: opened 0 blocks and 1 log segments
I20260608 12:52:06.750768  8032 data_dirs.cc:400] Could only allocate 1 dirs of requested 3 for tablet f48ccb282ccc4c6e898039818a34e4fa. 1 dirs total, 0 dirs full, 0 dirs failed
I20260608 12:52:06.770445  8032 tablet_copy_client.cc:806] T f48ccb282ccc4c6e898039818a34e4fa P 926ef6b2124844b4a4c4f85059dea2fe: tablet copy: Starting download of 0 data blocks...
I20260608 12:52:06.771101  8032 tablet_copy_client.cc:670] T f48ccb282ccc4c6e898039818a34e4fa P 926ef6b2124844b4a4c4f85059dea2fe: tablet copy: Starting download of 1 WAL segments...
I20260608 12:52:06.775156  8032 tablet_copy_client.cc:538] T f48ccb282ccc4c6e898039818a34e4fa P 926ef6b2124844b4a4c4f85059dea2fe: tablet copy: Tablet Copy complete. Replacing tablet superblock.
I20260608 12:52:06.783746  8032 tablet_bootstrap.cc:492] T f48ccb282ccc4c6e898039818a34e4fa P 926ef6b2124844b4a4c4f85059dea2fe: Bootstrap starting.
I20260608 12:52:06.806890  8032 tablet_bootstrap.cc:492] T f48ccb282ccc4c6e898039818a34e4fa P 926ef6b2124844b4a4c4f85059dea2fe: Bootstrap replayed 1/1 log segments. Stats: ops{read=2 overwritten=0 applied=2 ignored=0} inserts{seen=0 ignored=0} mutations{seen=0 ignored=0} orphaned_commits=0. Pending: 0 replicates
I20260608 12:52:06.807840  8032 tablet_bootstrap.cc:492] T f48ccb282ccc4c6e898039818a34e4fa P 926ef6b2124844b4a4c4f85059dea2fe: Bootstrap complete.
I20260608 12:52:06.808559  8032 ts_tablet_manager.cc:1403] T f48ccb282ccc4c6e898039818a34e4fa P 926ef6b2124844b4a4c4f85059dea2fe: Time spent bootstrapping tablet: real 0.025s	user 0.011s	sys 0.010s
I20260608 12:52:06.811616  8032 raft_consensus.cc:359] T f48ccb282ccc4c6e898039818a34e4fa P 926ef6b2124844b4a4c4f85059dea2fe [term 1 LEARNER]: Replica starting. Triggering 0 pending ops. Active config: opid_index: 2 OBSOLETE_local: false peers { permanent_uuid: "3d4e39baf38f44d2bc70d9bf67542ffa" member_type: VOTER last_known_addr { host: "127.4.92.68" port: 35269 } attrs { replace: true } } peers { permanent_uuid: "996f2f5b191846a383955b15d86063d3" member_type: VOTER last_known_addr { host: "127.4.92.65" port: 37341 } } peers { permanent_uuid: "d437b98c88d94324adcd42b0f1855cb5" member_type: VOTER last_known_addr { host: "127.4.92.66" port: 35633 } } peers { permanent_uuid: "926ef6b2124844b4a4c4f85059dea2fe" member_type: NON_VOTER last_known_addr { host: "127.4.92.67" port: 37629 } attrs { promote: true } }
I20260608 12:52:06.812414  8032 raft_consensus.cc:740] T f48ccb282ccc4c6e898039818a34e4fa P 926ef6b2124844b4a4c4f85059dea2fe [term 1 LEARNER]: Becoming Follower/Learner. State: Replica: 926ef6b2124844b4a4c4f85059dea2fe, State: Initialized, Role: LEARNER
I20260608 12:52:06.813082  8032 consensus_queue.cc:260] T f48ccb282ccc4c6e898039818a34e4fa P 926ef6b2124844b4a4c4f85059dea2fe [NON_LEADER]: Queue going to NON_LEADER mode. State: All replicated index: 0, Majority replicated index: 0, Committed index: 2, Last appended: 1.2, Last appended by leader: 2, Current term: 0, Majority size: -1, State: 0, Mode: NON_LEADER, active raft config: opid_index: 2 OBSOLETE_local: false peers { permanent_uuid: "3d4e39baf38f44d2bc70d9bf67542ffa" member_type: VOTER last_known_addr { host: "127.4.92.68" port: 35269 } attrs { replace: true } } peers { permanent_uuid: "996f2f5b191846a383955b15d86063d3" member_type: VOTER last_known_addr { host: "127.4.92.65" port: 37341 } } peers { permanent_uuid: "d437b98c88d94324adcd42b0f1855cb5" member_type: VOTER last_known_addr { host: "127.4.92.66" port: 35633 } } peers { permanent_uuid: "926ef6b2124844b4a4c4f85059dea2fe" member_type: NON_VOTER last_known_addr { host: "127.4.92.67" port: 37629 } attrs { promote: true } }
I20260608 12:52:06.815492  8032 ts_tablet_manager.cc:1434] T f48ccb282ccc4c6e898039818a34e4fa P 926ef6b2124844b4a4c4f85059dea2fe: Time spent starting tablet: real 0.007s	user 0.007s	sys 0.000s
I20260608 12:52:06.817312  7524 tablet_copy_service.cc:342] P d437b98c88d94324adcd42b0f1855cb5: Request end of tablet copy session 926ef6b2124844b4a4c4f85059dea2fe-f48ccb282ccc4c6e898039818a34e4fa received from {username='slave'} at 127.0.0.1:37588
I20260608 12:52:06.817731  7524 tablet_copy_service.cc:434] P d437b98c88d94324adcd42b0f1855cb5: ending tablet copy session 926ef6b2124844b4a4c4f85059dea2fe-f48ccb282ccc4c6e898039818a34e4fa on tablet f48ccb282ccc4c6e898039818a34e4fa with peer 926ef6b2124844b4a4c4f85059dea2fe
I20260608 12:52:06.834534  8035 ts_tablet_manager.cc:933] T 068c517e0c954820a347845243fd29c1 P 3d4e39baf38f44d2bc70d9bf67542ffa: Initiating tablet copy from peer d437b98c88d94324adcd42b0f1855cb5 (127.4.92.66:35633)
I20260608 12:52:06.836153  8035 tablet_copy_client.cc:323] T 068c517e0c954820a347845243fd29c1 P 3d4e39baf38f44d2bc70d9bf67542ffa: tablet copy: Beginning tablet copy session from remote peer at address 127.4.92.66:35633
I20260608 12:52:06.837538  7524 tablet_copy_service.cc:140] P d437b98c88d94324adcd42b0f1855cb5: Received BeginTabletCopySession request for tablet 068c517e0c954820a347845243fd29c1 from peer 3d4e39baf38f44d2bc70d9bf67542ffa ({username='slave'} at 127.0.0.1:37602)
I20260608 12:52:06.838017  7524 tablet_copy_service.cc:161] P d437b98c88d94324adcd42b0f1855cb5: Beginning new tablet copy session on tablet 068c517e0c954820a347845243fd29c1 from peer 3d4e39baf38f44d2bc70d9bf67542ffa at {username='slave'} at 127.0.0.1:37602: session id = 3d4e39baf38f44d2bc70d9bf67542ffa-068c517e0c954820a347845243fd29c1
I20260608 12:52:06.842754  7524 tablet_copy_source_session.cc:215] T 068c517e0c954820a347845243fd29c1 P d437b98c88d94324adcd42b0f1855cb5: Tablet Copy: opened 0 blocks and 1 log segments
I20260608 12:52:06.845256  8035 data_dirs.cc:400] Could only allocate 1 dirs of requested 3 for tablet 068c517e0c954820a347845243fd29c1. 1 dirs total, 0 dirs full, 0 dirs failed
I20260608 12:52:06.856577  8035 tablet_copy_client.cc:806] T 068c517e0c954820a347845243fd29c1 P 3d4e39baf38f44d2bc70d9bf67542ffa: tablet copy: Starting download of 0 data blocks...
I20260608 12:52:06.857151  8035 tablet_copy_client.cc:670] T 068c517e0c954820a347845243fd29c1 P 3d4e39baf38f44d2bc70d9bf67542ffa: tablet copy: Starting download of 1 WAL segments...
I20260608 12:52:06.860249  8035 tablet_copy_client.cc:538] T 068c517e0c954820a347845243fd29c1 P 3d4e39baf38f44d2bc70d9bf67542ffa: tablet copy: Tablet Copy complete. Replacing tablet superblock.
I20260608 12:52:06.865698  8035 tablet_bootstrap.cc:492] T 068c517e0c954820a347845243fd29c1 P 3d4e39baf38f44d2bc70d9bf67542ffa: Bootstrap starting.
I20260608 12:52:06.884809  8035 tablet_bootstrap.cc:492] T 068c517e0c954820a347845243fd29c1 P 3d4e39baf38f44d2bc70d9bf67542ffa: Bootstrap replayed 1/1 log segments. Stats: ops{read=5 overwritten=0 applied=5 ignored=0} inserts{seen=0 ignored=0} mutations{seen=0 ignored=0} orphaned_commits=0. Pending: 0 replicates
I20260608 12:52:06.885490  8035 tablet_bootstrap.cc:492] T 068c517e0c954820a347845243fd29c1 P 3d4e39baf38f44d2bc70d9bf67542ffa: Bootstrap complete.
I20260608 12:52:06.886008  8035 ts_tablet_manager.cc:1403] T 068c517e0c954820a347845243fd29c1 P 3d4e39baf38f44d2bc70d9bf67542ffa: Time spent bootstrapping tablet: real 0.020s	user 0.019s	sys 0.000s
I20260608 12:52:06.888355  8035 raft_consensus.cc:359] T 068c517e0c954820a347845243fd29c1 P 3d4e39baf38f44d2bc70d9bf67542ffa [term 4 LEARNER]: Replica starting. Triggering 0 pending ops. Active config: opid_index: 5 OBSOLETE_local: false peers { permanent_uuid: "996f2f5b191846a383955b15d86063d3" member_type: VOTER last_known_addr { host: "127.4.92.65" port: 37341 } } peers { permanent_uuid: "d437b98c88d94324adcd42b0f1855cb5" member_type: VOTER last_known_addr { host: "127.4.92.66" port: 35633 } } peers { permanent_uuid: "926ef6b2124844b4a4c4f85059dea2fe" member_type: VOTER last_known_addr { host: "127.4.92.67" port: 37629 } attrs { replace: true } } peers { permanent_uuid: "3d4e39baf38f44d2bc70d9bf67542ffa" member_type: NON_VOTER last_known_addr { host: "127.4.92.68" port: 35269 } attrs { promote: true } }
I20260608 12:52:06.888929  8035 raft_consensus.cc:740] T 068c517e0c954820a347845243fd29c1 P 3d4e39baf38f44d2bc70d9bf67542ffa [term 4 LEARNER]: Becoming Follower/Learner. State: Replica: 3d4e39baf38f44d2bc70d9bf67542ffa, State: Initialized, Role: LEARNER
I20260608 12:52:06.889415  8035 consensus_queue.cc:260] T 068c517e0c954820a347845243fd29c1 P 3d4e39baf38f44d2bc70d9bf67542ffa [NON_LEADER]: Queue going to NON_LEADER mode. State: All replicated index: 0, Majority replicated index: 0, Committed index: 5, Last appended: 4.5, Last appended by leader: 5, Current term: 0, Majority size: -1, State: 0, Mode: NON_LEADER, active raft config: opid_index: 5 OBSOLETE_local: false peers { permanent_uuid: "996f2f5b191846a383955b15d86063d3" member_type: VOTER last_known_addr { host: "127.4.92.65" port: 37341 } } peers { permanent_uuid: "d437b98c88d94324adcd42b0f1855cb5" member_type: VOTER last_known_addr { host: "127.4.92.66" port: 35633 } } peers { permanent_uuid: "926ef6b2124844b4a4c4f85059dea2fe" member_type: VOTER last_known_addr { host: "127.4.92.67" port: 37629 } attrs { replace: true } } peers { permanent_uuid: "3d4e39baf38f44d2bc70d9bf67542ffa" member_type: NON_VOTER last_known_addr { host: "127.4.92.68" port: 35269 } attrs { promote: true } }
I20260608 12:52:06.891475  8035 ts_tablet_manager.cc:1434] T 068c517e0c954820a347845243fd29c1 P 3d4e39baf38f44d2bc70d9bf67542ffa: Time spent starting tablet: real 0.005s	user 0.008s	sys 0.000s
I20260608 12:52:06.893209  7524 tablet_copy_service.cc:342] P d437b98c88d94324adcd42b0f1855cb5: Request end of tablet copy session 3d4e39baf38f44d2bc70d9bf67542ffa-068c517e0c954820a347845243fd29c1 received from {username='slave'} at 127.0.0.1:37602
I20260608 12:52:06.893602  7524 tablet_copy_service.cc:434] P d437b98c88d94324adcd42b0f1855cb5: ending tablet copy session 3d4e39baf38f44d2bc70d9bf67542ffa-068c517e0c954820a347845243fd29c1 on tablet 068c517e0c954820a347845243fd29c1 with peer 3d4e39baf38f44d2bc70d9bf67542ffa
I20260608 12:52:07.173108  7438 raft_consensus.cc:1275] T d528c637326d49cfafc37188922445ae P 996f2f5b191846a383955b15d86063d3 [term 3 FOLLOWER]: Refusing update from remote peer 3d4e39baf38f44d2bc70d9bf67542ffa: Log matching property violated. Preceding OpId in replica: term: 2 index: 5. Preceding OpId from leader: term: 3 index: 6. (index mismatch)
I20260608 12:52:07.174979  7976 consensus_queue.cc:1048] T d528c637326d49cfafc37188922445ae P 3d4e39baf38f44d2bc70d9bf67542ffa [LEADER]: Connected to new peer: Peer: permanent_uuid: "996f2f5b191846a383955b15d86063d3" member_type: VOTER last_known_addr { host: "127.4.92.65" port: 37341 }, Status: LMP_MISMATCH, Last received: 0.0, Next index: 6, Last known committed idx: 5, Time since last communication: 0.001s
I20260608 12:52:07.208323  7586 raft_consensus.cc:1217] T f48ccb282ccc4c6e898039818a34e4fa P 926ef6b2124844b4a4c4f85059dea2fe [term 1 LEARNER]: Deduplicated request from leader. Original: 1.1->[1.2-1.2]   Dedup: 1.2->[]
I20260608 12:52:07.210618  7510 raft_consensus.cc:1275] T d528c637326d49cfafc37188922445ae P d437b98c88d94324adcd42b0f1855cb5 [term 3 FOLLOWER]: Refusing update from remote peer 3d4e39baf38f44d2bc70d9bf67542ffa: Log matching property violated. Preceding OpId in replica: term: 2 index: 5. Preceding OpId from leader: term: 3 index: 6. (index mismatch)
I20260608 12:52:07.221174  8030 consensus_queue.cc:1048] T d528c637326d49cfafc37188922445ae P 3d4e39baf38f44d2bc70d9bf67542ffa [LEADER]: Connected to new peer: Peer: permanent_uuid: "d437b98c88d94324adcd42b0f1855cb5" member_type: VOTER last_known_addr { host: "127.4.92.66" port: 35633 }, Status: LMP_MISMATCH, Last received: 0.0, Next index: 6, Last known committed idx: 5, Time since last communication: 0.001s
I20260608 12:52:07.330819  7732 raft_consensus.cc:1217] T 068c517e0c954820a347845243fd29c1 P 3d4e39baf38f44d2bc70d9bf67542ffa [term 4 LEARNER]: Deduplicated request from leader. Original: 4.4->[4.5-4.5]   Dedup: 4.5->[]
I20260608 12:52:07.596520  8021 raft_consensus.cc:1064] T f48ccb282ccc4c6e898039818a34e4fa P d437b98c88d94324adcd42b0f1855cb5: attempting to promote NON_VOTER 926ef6b2124844b4a4c4f85059dea2fe to VOTER
I20260608 12:52:07.599440  8021 consensus_queue.cc:237] T f48ccb282ccc4c6e898039818a34e4fa P d437b98c88d94324adcd42b0f1855cb5 [LEADER]: Queue going to LEADER mode. State: All replicated index: 0, Majority replicated index: 2, Committed index: 2, Last appended: 1.2, Last appended by leader: 0, Current term: 1, Majority size: 3, State: 0, Mode: LEADER, active raft config: opid_index: 3 OBSOLETE_local: false peers { permanent_uuid: "3d4e39baf38f44d2bc70d9bf67542ffa" member_type: VOTER last_known_addr { host: "127.4.92.68" port: 35269 } attrs { replace: true } } peers { permanent_uuid: "996f2f5b191846a383955b15d86063d3" member_type: VOTER last_known_addr { host: "127.4.92.65" port: 37341 } } peers { permanent_uuid: "d437b98c88d94324adcd42b0f1855cb5" member_type: VOTER last_known_addr { host: "127.4.92.66" port: 35633 } } peers { permanent_uuid: "926ef6b2124844b4a4c4f85059dea2fe" member_type: VOTER last_known_addr { host: "127.4.92.67" port: 37629 } attrs { promote: false } }
I20260608 12:52:07.610576  7586 raft_consensus.cc:1275] T f48ccb282ccc4c6e898039818a34e4fa P 926ef6b2124844b4a4c4f85059dea2fe [term 1 LEARNER]: Refusing update from remote peer d437b98c88d94324adcd42b0f1855cb5: Log matching property violated. Preceding OpId in replica: term: 1 index: 2. Preceding OpId from leader: term: 1 index: 3. (index mismatch)
I20260608 12:52:07.610577  7438 raft_consensus.cc:1275] T f48ccb282ccc4c6e898039818a34e4fa P 996f2f5b191846a383955b15d86063d3 [term 1 FOLLOWER]: Refusing update from remote peer d437b98c88d94324adcd42b0f1855cb5: Log matching property violated. Preceding OpId in replica: term: 1 index: 2. Preceding OpId from leader: term: 1 index: 3. (index mismatch)
I20260608 12:52:07.611737  7732 raft_consensus.cc:1275] T f48ccb282ccc4c6e898039818a34e4fa P 3d4e39baf38f44d2bc70d9bf67542ffa [term 1 FOLLOWER]: Refusing update from remote peer d437b98c88d94324adcd42b0f1855cb5: Log matching property violated. Preceding OpId in replica: term: 1 index: 2. Preceding OpId from leader: term: 1 index: 3. (index mismatch)
I20260608 12:52:07.613561  8046 consensus_queue.cc:1048] T f48ccb282ccc4c6e898039818a34e4fa P d437b98c88d94324adcd42b0f1855cb5 [LEADER]: Connected to new peer: Peer: permanent_uuid: "926ef6b2124844b4a4c4f85059dea2fe" member_type: VOTER last_known_addr { host: "127.4.92.67" port: 37629 } attrs { promote: false }, Status: LMP_MISMATCH, Last received: 0.0, Next index: 3, Last known committed idx: 2, Time since last communication: 0.000s
I20260608 12:52:07.614738  8017 consensus_queue.cc:1048] T f48ccb282ccc4c6e898039818a34e4fa P d437b98c88d94324adcd42b0f1855cb5 [LEADER]: Connected to new peer: Peer: permanent_uuid: "996f2f5b191846a383955b15d86063d3" member_type: VOTER last_known_addr { host: "127.4.92.65" port: 37341 }, Status: LMP_MISMATCH, Last received: 0.0, Next index: 3, Last known committed idx: 2, Time since last communication: 0.000s
I20260608 12:52:07.615607  8021 consensus_queue.cc:1048] T f48ccb282ccc4c6e898039818a34e4fa P d437b98c88d94324adcd42b0f1855cb5 [LEADER]: Connected to new peer: Peer: permanent_uuid: "3d4e39baf38f44d2bc70d9bf67542ffa" member_type: VOTER last_known_addr { host: "127.4.92.68" port: 35269 } attrs { replace: true }, Status: LMP_MISMATCH, Last received: 0.0, Next index: 3, Last known committed idx: 2, Time since last communication: 0.000s
I20260608 12:52:07.645012  8017 raft_consensus.cc:2955] T f48ccb282ccc4c6e898039818a34e4fa P d437b98c88d94324adcd42b0f1855cb5 [term 1 LEADER]: Committing config change with OpId 1.3: config changed from index 2 to 3, 926ef6b2124844b4a4c4f85059dea2fe (127.4.92.67) changed from NON_VOTER to VOTER. New config: { opid_index: 3 OBSOLETE_local: false peers { permanent_uuid: "3d4e39baf38f44d2bc70d9bf67542ffa" member_type: VOTER last_known_addr { host: "127.4.92.68" port: 35269 } attrs { replace: true } } peers { permanent_uuid: "996f2f5b191846a383955b15d86063d3" member_type: VOTER last_known_addr { host: "127.4.92.65" port: 37341 } } peers { permanent_uuid: "d437b98c88d94324adcd42b0f1855cb5" member_type: VOTER last_known_addr { host: "127.4.92.66" port: 35633 } } peers { permanent_uuid: "926ef6b2124844b4a4c4f85059dea2fe" member_type: VOTER last_known_addr { host: "127.4.92.67" port: 37629 } attrs { promote: false } } }
I20260608 12:52:07.648883  7732 raft_consensus.cc:2955] T f48ccb282ccc4c6e898039818a34e4fa P 3d4e39baf38f44d2bc70d9bf67542ffa [term 1 FOLLOWER]: Committing config change with OpId 1.3: config changed from index 2 to 3, 926ef6b2124844b4a4c4f85059dea2fe (127.4.92.67) changed from NON_VOTER to VOTER. New config: { opid_index: 3 OBSOLETE_local: false peers { permanent_uuid: "3d4e39baf38f44d2bc70d9bf67542ffa" member_type: VOTER last_known_addr { host: "127.4.92.68" port: 35269 } attrs { replace: true } } peers { permanent_uuid: "996f2f5b191846a383955b15d86063d3" member_type: VOTER last_known_addr { host: "127.4.92.65" port: 37341 } } peers { permanent_uuid: "d437b98c88d94324adcd42b0f1855cb5" member_type: VOTER last_known_addr { host: "127.4.92.66" port: 35633 } } peers { permanent_uuid: "926ef6b2124844b4a4c4f85059dea2fe" member_type: VOTER last_known_addr { host: "127.4.92.67" port: 37629 } attrs { promote: false } } }
I20260608 12:52:07.663767  7333 catalog_manager.cc:5696] T f48ccb282ccc4c6e898039818a34e4fa P 3d4e39baf38f44d2bc70d9bf67542ffa reported cstate change: config changed from index 2 to 3, 926ef6b2124844b4a4c4f85059dea2fe (127.4.92.67) changed from NON_VOTER to VOTER. New cstate: current_term: 1 leader_uuid: "d437b98c88d94324adcd42b0f1855cb5" committed_config { opid_index: 3 OBSOLETE_local: false peers { permanent_uuid: "3d4e39baf38f44d2bc70d9bf67542ffa" member_type: VOTER last_known_addr { host: "127.4.92.68" port: 35269 } attrs { replace: true } } peers { permanent_uuid: "996f2f5b191846a383955b15d86063d3" member_type: VOTER last_known_addr { host: "127.4.92.65" port: 37341 } } peers { permanent_uuid: "d437b98c88d94324adcd42b0f1855cb5" member_type: VOTER last_known_addr { host: "127.4.92.66" port: 35633 } } peers { permanent_uuid: "926ef6b2124844b4a4c4f85059dea2fe" member_type: VOTER last_known_addr { host: "127.4.92.67" port: 37629 } attrs { promote: false } } }
I20260608 12:52:07.664445  7586 raft_consensus.cc:2955] T f48ccb282ccc4c6e898039818a34e4fa P 926ef6b2124844b4a4c4f85059dea2fe [term 1 FOLLOWER]: Committing config change with OpId 1.3: config changed from index 2 to 3, 926ef6b2124844b4a4c4f85059dea2fe (127.4.92.67) changed from NON_VOTER to VOTER. New config: { opid_index: 3 OBSOLETE_local: false peers { permanent_uuid: "3d4e39baf38f44d2bc70d9bf67542ffa" member_type: VOTER last_known_addr { host: "127.4.92.68" port: 35269 } attrs { replace: true } } peers { permanent_uuid: "996f2f5b191846a383955b15d86063d3" member_type: VOTER last_known_addr { host: "127.4.92.65" port: 37341 } } peers { permanent_uuid: "d437b98c88d94324adcd42b0f1855cb5" member_type: VOTER last_known_addr { host: "127.4.92.66" port: 35633 } } peers { permanent_uuid: "926ef6b2124844b4a4c4f85059dea2fe" member_type: VOTER last_known_addr { host: "127.4.92.67" port: 37629 } attrs { promote: false } } }
I20260608 12:52:07.669356  7438 raft_consensus.cc:2955] T f48ccb282ccc4c6e898039818a34e4fa P 996f2f5b191846a383955b15d86063d3 [term 1 FOLLOWER]: Committing config change with OpId 1.3: config changed from index 2 to 3, 926ef6b2124844b4a4c4f85059dea2fe (127.4.92.67) changed from NON_VOTER to VOTER. New config: { opid_index: 3 OBSOLETE_local: false peers { permanent_uuid: "3d4e39baf38f44d2bc70d9bf67542ffa" member_type: VOTER last_known_addr { host: "127.4.92.68" port: 35269 } attrs { replace: true } } peers { permanent_uuid: "996f2f5b191846a383955b15d86063d3" member_type: VOTER last_known_addr { host: "127.4.92.65" port: 37341 } } peers { permanent_uuid: "d437b98c88d94324adcd42b0f1855cb5" member_type: VOTER last_known_addr { host: "127.4.92.66" port: 35633 } } peers { permanent_uuid: "926ef6b2124844b4a4c4f85059dea2fe" member_type: VOTER last_known_addr { host: "127.4.92.67" port: 37629 } attrs { promote: false } } }
I20260608 12:52:07.704811  7510 consensus_queue.cc:237] T f48ccb282ccc4c6e898039818a34e4fa P d437b98c88d94324adcd42b0f1855cb5 [LEADER]: Queue going to LEADER mode. State: All replicated index: 0, Majority replicated index: 3, Committed index: 3, Last appended: 1.3, Last appended by leader: 0, Current term: 1, Majority size: 2, State: 0, Mode: LEADER, active raft config: opid_index: 4 OBSOLETE_local: false peers { permanent_uuid: "996f2f5b191846a383955b15d86063d3" member_type: VOTER last_known_addr { host: "127.4.92.65" port: 37341 } } peers { permanent_uuid: "d437b98c88d94324adcd42b0f1855cb5" member_type: VOTER last_known_addr { host: "127.4.92.66" port: 35633 } } peers { permanent_uuid: "926ef6b2124844b4a4c4f85059dea2fe" member_type: VOTER last_known_addr { host: "127.4.92.67" port: 37629 } attrs { promote: false } }
I20260608 12:52:07.719003  7586 raft_consensus.cc:1275] T f48ccb282ccc4c6e898039818a34e4fa P 926ef6b2124844b4a4c4f85059dea2fe [term 1 FOLLOWER]: Refusing update from remote peer d437b98c88d94324adcd42b0f1855cb5: Log matching property violated. Preceding OpId in replica: term: 1 index: 3. Preceding OpId from leader: term: 1 index: 4. (index mismatch)
I20260608 12:52:07.720718  7438 raft_consensus.cc:1275] T f48ccb282ccc4c6e898039818a34e4fa P 996f2f5b191846a383955b15d86063d3 [term 1 FOLLOWER]: Refusing update from remote peer d437b98c88d94324adcd42b0f1855cb5: Log matching property violated. Preceding OpId in replica: term: 1 index: 3. Preceding OpId from leader: term: 1 index: 4. (index mismatch)
I20260608 12:52:07.722563  8017 consensus_queue.cc:1048] T f48ccb282ccc4c6e898039818a34e4fa P d437b98c88d94324adcd42b0f1855cb5 [LEADER]: Connected to new peer: Peer: permanent_uuid: "926ef6b2124844b4a4c4f85059dea2fe" member_type: VOTER last_known_addr { host: "127.4.92.67" port: 37629 } attrs { promote: false }, Status: LMP_MISMATCH, Last received: 0.0, Next index: 4, Last known committed idx: 3, Time since last communication: 0.000s
I20260608 12:52:07.723600  8046 consensus_queue.cc:1048] T f48ccb282ccc4c6e898039818a34e4fa P d437b98c88d94324adcd42b0f1855cb5 [LEADER]: Connected to new peer: Peer: permanent_uuid: "996f2f5b191846a383955b15d86063d3" member_type: VOTER last_known_addr { host: "127.4.92.65" port: 37341 }, Status: LMP_MISMATCH, Last received: 0.0, Next index: 4, Last known committed idx: 3, Time since last communication: 0.000s
I20260608 12:52:07.731496  8017 raft_consensus.cc:2955] T f48ccb282ccc4c6e898039818a34e4fa P d437b98c88d94324adcd42b0f1855cb5 [term 1 LEADER]: Committing config change with OpId 1.4: config changed from index 3 to 4, VOTER 3d4e39baf38f44d2bc70d9bf67542ffa (127.4.92.68) evicted. New config: { opid_index: 4 OBSOLETE_local: false peers { permanent_uuid: "996f2f5b191846a383955b15d86063d3" member_type: VOTER last_known_addr { host: "127.4.92.65" port: 37341 } } peers { permanent_uuid: "d437b98c88d94324adcd42b0f1855cb5" member_type: VOTER last_known_addr { host: "127.4.92.66" port: 35633 } } peers { permanent_uuid: "926ef6b2124844b4a4c4f85059dea2fe" member_type: VOTER last_known_addr { host: "127.4.92.67" port: 37629 } attrs { promote: false } } }
I20260608 12:52:07.733247  7438 raft_consensus.cc:2955] T f48ccb282ccc4c6e898039818a34e4fa P 996f2f5b191846a383955b15d86063d3 [term 1 FOLLOWER]: Committing config change with OpId 1.4: config changed from index 3 to 4, VOTER 3d4e39baf38f44d2bc70d9bf67542ffa (127.4.92.68) evicted. New config: { opid_index: 4 OBSOLETE_local: false peers { permanent_uuid: "996f2f5b191846a383955b15d86063d3" member_type: VOTER last_known_addr { host: "127.4.92.65" port: 37341 } } peers { permanent_uuid: "d437b98c88d94324adcd42b0f1855cb5" member_type: VOTER last_known_addr { host: "127.4.92.66" port: 35633 } } peers { permanent_uuid: "926ef6b2124844b4a4c4f85059dea2fe" member_type: VOTER last_known_addr { host: "127.4.92.67" port: 37629 } attrs { promote: false } } }
I20260608 12:52:07.736814  7586 raft_consensus.cc:2955] T f48ccb282ccc4c6e898039818a34e4fa P 926ef6b2124844b4a4c4f85059dea2fe [term 1 FOLLOWER]: Committing config change with OpId 1.4: config changed from index 3 to 4, VOTER 3d4e39baf38f44d2bc70d9bf67542ffa (127.4.92.68) evicted. New config: { opid_index: 4 OBSOLETE_local: false peers { permanent_uuid: "996f2f5b191846a383955b15d86063d3" member_type: VOTER last_known_addr { host: "127.4.92.65" port: 37341 } } peers { permanent_uuid: "d437b98c88d94324adcd42b0f1855cb5" member_type: VOTER last_known_addr { host: "127.4.92.66" port: 35633 } } peers { permanent_uuid: "926ef6b2124844b4a4c4f85059dea2fe" member_type: VOTER last_known_addr { host: "127.4.92.67" port: 37629 } attrs { promote: false } } }
I20260608 12:52:07.748885  7337 catalog_manager.cc:5696] T f48ccb282ccc4c6e898039818a34e4fa P 996f2f5b191846a383955b15d86063d3 reported cstate change: config changed from index 3 to 4, VOTER 3d4e39baf38f44d2bc70d9bf67542ffa (127.4.92.68) evicted. New cstate: current_term: 1 leader_uuid: "d437b98c88d94324adcd42b0f1855cb5" committed_config { opid_index: 4 OBSOLETE_local: false peers { permanent_uuid: "996f2f5b191846a383955b15d86063d3" member_type: VOTER last_known_addr { host: "127.4.92.65" port: 37341 } } peers { permanent_uuid: "d437b98c88d94324adcd42b0f1855cb5" member_type: VOTER last_known_addr { host: "127.4.92.66" port: 35633 } } peers { permanent_uuid: "926ef6b2124844b4a4c4f85059dea2fe" member_type: VOTER last_known_addr { host: "127.4.92.67" port: 37629 } attrs { promote: false } } }
I20260608 12:52:07.751425  7323 catalog_manager.cc:5209] ChangeConfig:REMOVE_PEER RPC for tablet f48ccb282ccc4c6e898039818a34e4fa with cas_config_opid_index 3: ChangeConfig:REMOVE_PEER succeeded (attempt 1)
I20260608 12:52:07.773882  7718 tablet_service.cc:1558] Processing DeleteTablet for tablet f48ccb282ccc4c6e898039818a34e4fa with delete_type TABLET_DATA_TOMBSTONED (TS 3d4e39baf38f44d2bc70d9bf67542ffa not found in new config with opid_index 4) from {username='slave'} at 127.0.0.1:54610
I20260608 12:52:07.778491  8055 tablet_replica.cc:333] T f48ccb282ccc4c6e898039818a34e4fa P 3d4e39baf38f44d2bc70d9bf67542ffa: stopping tablet replica
I20260608 12:52:07.779201  8055 raft_consensus.cc:2243] T f48ccb282ccc4c6e898039818a34e4fa P 3d4e39baf38f44d2bc70d9bf67542ffa [term 1 FOLLOWER]: Raft consensus shutting down.
I20260608 12:52:07.780088  8055 raft_consensus.cc:2272] T f48ccb282ccc4c6e898039818a34e4fa P 3d4e39baf38f44d2bc70d9bf67542ffa [term 1 FOLLOWER]: Raft consensus is shut down!
I20260608 12:52:07.783631  8055 ts_tablet_manager.cc:1916] T f48ccb282ccc4c6e898039818a34e4fa P 3d4e39baf38f44d2bc70d9bf67542ffa: Deleting tablet data with delete state TABLET_DATA_TOMBSTONED
I20260608 12:52:07.796391  8055 ts_tablet_manager.cc:1929] T f48ccb282ccc4c6e898039818a34e4fa P 3d4e39baf38f44d2bc70d9bf67542ffa: tablet deleted with delete type TABLET_DATA_TOMBSTONED: last-logged OpId 1.3
I20260608 12:52:07.796866  8055 log.cc:1199] T f48ccb282ccc4c6e898039818a34e4fa P 3d4e39baf38f44d2bc70d9bf67542ffa: Deleting WAL directory at /tmp/dist-test-taskJBL6t2/test-tmp/auto_rebalancer-test.0.AutoRebalancerTest.RangeAwareRebalancesNewRangeReplicas.1780923039929386-4465-0/minicluster-data/ts-3-root/wals/f48ccb282ccc4c6e898039818a34e4fa
I20260608 12:52:07.798566  7324 catalog_manager.cc:5027] TS 3d4e39baf38f44d2bc70d9bf67542ffa (127.4.92.68:35269): tablet f48ccb282ccc4c6e898039818a34e4fa (table range_aware_rebalance_new_range [id=75ef50051a1441baa88567ae18ffdc6d]) successfully deleted
I20260608 12:52:07.819799  8046 raft_consensus.cc:1064] T 068c517e0c954820a347845243fd29c1 P d437b98c88d94324adcd42b0f1855cb5: attempting to promote NON_VOTER 3d4e39baf38f44d2bc70d9bf67542ffa to VOTER
I20260608 12:52:07.822352  8046 consensus_queue.cc:237] T 068c517e0c954820a347845243fd29c1 P d437b98c88d94324adcd42b0f1855cb5 [LEADER]: Queue going to LEADER mode. State: All replicated index: 0, Majority replicated index: 5, Committed index: 5, Last appended: 4.5, Last appended by leader: 3, Current term: 4, Majority size: 3, State: 0, Mode: LEADER, active raft config: opid_index: 6 OBSOLETE_local: false peers { permanent_uuid: "996f2f5b191846a383955b15d86063d3" member_type: VOTER last_known_addr { host: "127.4.92.65" port: 37341 } } peers { permanent_uuid: "d437b98c88d94324adcd42b0f1855cb5" member_type: VOTER last_known_addr { host: "127.4.92.66" port: 35633 } } peers { permanent_uuid: "926ef6b2124844b4a4c4f85059dea2fe" member_type: VOTER last_known_addr { host: "127.4.92.67" port: 37629 } attrs { replace: true } } peers { permanent_uuid: "3d4e39baf38f44d2bc70d9bf67542ffa" member_type: VOTER last_known_addr { host: "127.4.92.68" port: 35269 } attrs { promote: false } }
I20260608 12:52:07.829767  7732 raft_consensus.cc:1275] T 068c517e0c954820a347845243fd29c1 P 3d4e39baf38f44d2bc70d9bf67542ffa [term 4 LEARNER]: Refusing update from remote peer d437b98c88d94324adcd42b0f1855cb5: Log matching property violated. Preceding OpId in replica: term: 4 index: 5. Preceding OpId from leader: term: 4 index: 6. (index mismatch)
I20260608 12:52:07.831840  7586 raft_consensus.cc:1275] T 068c517e0c954820a347845243fd29c1 P 926ef6b2124844b4a4c4f85059dea2fe [term 4 FOLLOWER]: Refusing update from remote peer d437b98c88d94324adcd42b0f1855cb5: Log matching property violated. Preceding OpId in replica: term: 4 index: 5. Preceding OpId from leader: term: 4 index: 6. (index mismatch)
I20260608 12:52:07.832073  7438 raft_consensus.cc:1275] T 068c517e0c954820a347845243fd29c1 P 996f2f5b191846a383955b15d86063d3 [term 4 FOLLOWER]: Refusing update from remote peer d437b98c88d94324adcd42b0f1855cb5: Log matching property violated. Preceding OpId in replica: term: 4 index: 5. Preceding OpId from leader: term: 4 index: 6. (index mismatch)
I20260608 12:52:07.833559  8017 consensus_queue.cc:1048] T 068c517e0c954820a347845243fd29c1 P d437b98c88d94324adcd42b0f1855cb5 [LEADER]: Connected to new peer: Peer: permanent_uuid: "926ef6b2124844b4a4c4f85059dea2fe" member_type: VOTER last_known_addr { host: "127.4.92.67" port: 37629 } attrs { replace: true }, Status: LMP_MISMATCH, Last received: 0.0, Next index: 6, Last known committed idx: 5, Time since last communication: 0.000s
I20260608 12:52:07.834707  8046 consensus_queue.cc:1048] T 068c517e0c954820a347845243fd29c1 P d437b98c88d94324adcd42b0f1855cb5 [LEADER]: Connected to new peer: Peer: permanent_uuid: "3d4e39baf38f44d2bc70d9bf67542ffa" member_type: VOTER last_known_addr { host: "127.4.92.68" port: 35269 } attrs { promote: false }, Status: LMP_MISMATCH, Last received: 0.0, Next index: 6, Last known committed idx: 5, Time since last communication: 0.000s
I20260608 12:52:07.835681  8021 consensus_queue.cc:1048] T 068c517e0c954820a347845243fd29c1 P d437b98c88d94324adcd42b0f1855cb5 [LEADER]: Connected to new peer: Peer: permanent_uuid: "996f2f5b191846a383955b15d86063d3" member_type: VOTER last_known_addr { host: "127.4.92.65" port: 37341 }, Status: LMP_MISMATCH, Last received: 0.0, Next index: 6, Last known committed idx: 5, Time since last communication: 0.000s
I20260608 12:52:07.859364  8021 raft_consensus.cc:2955] T 068c517e0c954820a347845243fd29c1 P d437b98c88d94324adcd42b0f1855cb5 [term 4 LEADER]: Committing config change with OpId 4.6: config changed from index 5 to 6, 3d4e39baf38f44d2bc70d9bf67542ffa (127.4.92.68) changed from NON_VOTER to VOTER. New config: { opid_index: 6 OBSOLETE_local: false peers { permanent_uuid: "996f2f5b191846a383955b15d86063d3" member_type: VOTER last_known_addr { host: "127.4.92.65" port: 37341 } } peers { permanent_uuid: "d437b98c88d94324adcd42b0f1855cb5" member_type: VOTER last_known_addr { host: "127.4.92.66" port: 35633 } } peers { permanent_uuid: "926ef6b2124844b4a4c4f85059dea2fe" member_type: VOTER last_known_addr { host: "127.4.92.67" port: 37629 } attrs { replace: true } } peers { permanent_uuid: "3d4e39baf38f44d2bc70d9bf67542ffa" member_type: VOTER last_known_addr { host: "127.4.92.68" port: 35269 } attrs { promote: false } } }
I20260608 12:52:07.864121  7732 raft_consensus.cc:2955] T 068c517e0c954820a347845243fd29c1 P 3d4e39baf38f44d2bc70d9bf67542ffa [term 4 FOLLOWER]: Committing config change with OpId 4.6: config changed from index 5 to 6, 3d4e39baf38f44d2bc70d9bf67542ffa (127.4.92.68) changed from NON_VOTER to VOTER. New config: { opid_index: 6 OBSOLETE_local: false peers { permanent_uuid: "996f2f5b191846a383955b15d86063d3" member_type: VOTER last_known_addr { host: "127.4.92.65" port: 37341 } } peers { permanent_uuid: "d437b98c88d94324adcd42b0f1855cb5" member_type: VOTER last_known_addr { host: "127.4.92.66" port: 35633 } } peers { permanent_uuid: "926ef6b2124844b4a4c4f85059dea2fe" member_type: VOTER last_known_addr { host: "127.4.92.67" port: 37629 } attrs { replace: true } } peers { permanent_uuid: "3d4e39baf38f44d2bc70d9bf67542ffa" member_type: VOTER last_known_addr { host: "127.4.92.68" port: 35269 } attrs { promote: false } } }
I20260608 12:52:07.875267  7586 raft_consensus.cc:2955] T 068c517e0c954820a347845243fd29c1 P 926ef6b2124844b4a4c4f85059dea2fe [term 4 FOLLOWER]: Committing config change with OpId 4.6: config changed from index 5 to 6, 3d4e39baf38f44d2bc70d9bf67542ffa (127.4.92.68) changed from NON_VOTER to VOTER. New config: { opid_index: 6 OBSOLETE_local: false peers { permanent_uuid: "996f2f5b191846a383955b15d86063d3" member_type: VOTER last_known_addr { host: "127.4.92.65" port: 37341 } } peers { permanent_uuid: "d437b98c88d94324adcd42b0f1855cb5" member_type: VOTER last_known_addr { host: "127.4.92.66" port: 35633 } } peers { permanent_uuid: "926ef6b2124844b4a4c4f85059dea2fe" member_type: VOTER last_known_addr { host: "127.4.92.67" port: 37629 } attrs { replace: true } } peers { permanent_uuid: "3d4e39baf38f44d2bc70d9bf67542ffa" member_type: VOTER last_known_addr { host: "127.4.92.68" port: 35269 } attrs { promote: false } } }
I20260608 12:52:07.874094  7438 raft_consensus.cc:2955] T 068c517e0c954820a347845243fd29c1 P 996f2f5b191846a383955b15d86063d3 [term 4 FOLLOWER]: Committing config change with OpId 4.6: config changed from index 5 to 6, 3d4e39baf38f44d2bc70d9bf67542ffa (127.4.92.68) changed from NON_VOTER to VOTER. New config: { opid_index: 6 OBSOLETE_local: false peers { permanent_uuid: "996f2f5b191846a383955b15d86063d3" member_type: VOTER last_known_addr { host: "127.4.92.65" port: 37341 } } peers { permanent_uuid: "d437b98c88d94324adcd42b0f1855cb5" member_type: VOTER last_known_addr { host: "127.4.92.66" port: 35633 } } peers { permanent_uuid: "926ef6b2124844b4a4c4f85059dea2fe" member_type: VOTER last_known_addr { host: "127.4.92.67" port: 37629 } attrs { replace: true } } peers { permanent_uuid: "3d4e39baf38f44d2bc70d9bf67542ffa" member_type: VOTER last_known_addr { host: "127.4.92.68" port: 35269 } attrs { promote: false } } }
I20260608 12:52:07.880872  7337 catalog_manager.cc:5696] T 068c517e0c954820a347845243fd29c1 P 3d4e39baf38f44d2bc70d9bf67542ffa reported cstate change: config changed from index 5 to 6, 3d4e39baf38f44d2bc70d9bf67542ffa (127.4.92.68) changed from NON_VOTER to VOTER. New cstate: current_term: 4 leader_uuid: "d437b98c88d94324adcd42b0f1855cb5" committed_config { opid_index: 6 OBSOLETE_local: false peers { permanent_uuid: "996f2f5b191846a383955b15d86063d3" member_type: VOTER last_known_addr { host: "127.4.92.65" port: 37341 } } peers { permanent_uuid: "d437b98c88d94324adcd42b0f1855cb5" member_type: VOTER last_known_addr { host: "127.4.92.66" port: 35633 } } peers { permanent_uuid: "926ef6b2124844b4a4c4f85059dea2fe" member_type: VOTER last_known_addr { host: "127.4.92.67" port: 37629 } attrs { replace: true } } peers { permanent_uuid: "3d4e39baf38f44d2bc70d9bf67542ffa" member_type: VOTER last_known_addr { host: "127.4.92.68" port: 35269 } attrs { promote: false } } }
I20260608 12:52:07.905745  7511 consensus_queue.cc:237] T 068c517e0c954820a347845243fd29c1 P d437b98c88d94324adcd42b0f1855cb5 [LEADER]: Queue going to LEADER mode. State: All replicated index: 0, Majority replicated index: 6, Committed index: 6, Last appended: 4.6, Last appended by leader: 3, Current term: 4, Majority size: 2, State: 0, Mode: LEADER, active raft config: opid_index: 7 OBSOLETE_local: false peers { permanent_uuid: "996f2f5b191846a383955b15d86063d3" member_type: VOTER last_known_addr { host: "127.4.92.65" port: 37341 } } peers { permanent_uuid: "d437b98c88d94324adcd42b0f1855cb5" member_type: VOTER last_known_addr { host: "127.4.92.66" port: 35633 } } peers { permanent_uuid: "3d4e39baf38f44d2bc70d9bf67542ffa" member_type: VOTER last_known_addr { host: "127.4.92.68" port: 35269 } attrs { promote: false } }
I20260608 12:52:07.914186  7732 raft_consensus.cc:1275] T 068c517e0c954820a347845243fd29c1 P 3d4e39baf38f44d2bc70d9bf67542ffa [term 4 FOLLOWER]: Refusing update from remote peer d437b98c88d94324adcd42b0f1855cb5: Log matching property violated. Preceding OpId in replica: term: 4 index: 6. Preceding OpId from leader: term: 4 index: 7. (index mismatch)
I20260608 12:52:07.914784  7438 raft_consensus.cc:1275] T 068c517e0c954820a347845243fd29c1 P 996f2f5b191846a383955b15d86063d3 [term 4 FOLLOWER]: Refusing update from remote peer d437b98c88d94324adcd42b0f1855cb5: Log matching property violated. Preceding OpId in replica: term: 4 index: 6. Preceding OpId from leader: term: 4 index: 7. (index mismatch)
I20260608 12:52:07.915860  8021 consensus_queue.cc:1048] T 068c517e0c954820a347845243fd29c1 P d437b98c88d94324adcd42b0f1855cb5 [LEADER]: Connected to new peer: Peer: permanent_uuid: "3d4e39baf38f44d2bc70d9bf67542ffa" member_type: VOTER last_known_addr { host: "127.4.92.68" port: 35269 } attrs { promote: false }, Status: LMP_MISMATCH, Last received: 0.0, Next index: 7, Last known committed idx: 6, Time since last communication: 0.000s
I20260608 12:52:07.916772  8046 consensus_queue.cc:1048] T 068c517e0c954820a347845243fd29c1 P d437b98c88d94324adcd42b0f1855cb5 [LEADER]: Connected to new peer: Peer: permanent_uuid: "996f2f5b191846a383955b15d86063d3" member_type: VOTER last_known_addr { host: "127.4.92.65" port: 37341 }, Status: LMP_MISMATCH, Last received: 0.0, Next index: 7, Last known committed idx: 6, Time since last communication: 0.000s
I20260608 12:52:07.923415  8017 raft_consensus.cc:2955] T 068c517e0c954820a347845243fd29c1 P d437b98c88d94324adcd42b0f1855cb5 [term 4 LEADER]: Committing config change with OpId 4.7: config changed from index 6 to 7, VOTER 926ef6b2124844b4a4c4f85059dea2fe (127.4.92.67) evicted. New config: { opid_index: 7 OBSOLETE_local: false peers { permanent_uuid: "996f2f5b191846a383955b15d86063d3" member_type: VOTER last_known_addr { host: "127.4.92.65" port: 37341 } } peers { permanent_uuid: "d437b98c88d94324adcd42b0f1855cb5" member_type: VOTER last_known_addr { host: "127.4.92.66" port: 35633 } } peers { permanent_uuid: "3d4e39baf38f44d2bc70d9bf67542ffa" member_type: VOTER last_known_addr { host: "127.4.92.68" port: 35269 } attrs { promote: false } } }
I20260608 12:52:07.929976  7438 raft_consensus.cc:2955] T 068c517e0c954820a347845243fd29c1 P 996f2f5b191846a383955b15d86063d3 [term 4 FOLLOWER]: Committing config change with OpId 4.7: config changed from index 6 to 7, VOTER 926ef6b2124844b4a4c4f85059dea2fe (127.4.92.67) evicted. New config: { opid_index: 7 OBSOLETE_local: false peers { permanent_uuid: "996f2f5b191846a383955b15d86063d3" member_type: VOTER last_known_addr { host: "127.4.92.65" port: 37341 } } peers { permanent_uuid: "d437b98c88d94324adcd42b0f1855cb5" member_type: VOTER last_known_addr { host: "127.4.92.66" port: 35633 } } peers { permanent_uuid: "3d4e39baf38f44d2bc70d9bf67542ffa" member_type: VOTER last_known_addr { host: "127.4.92.68" port: 35269 } attrs { promote: false } } }
I20260608 12:52:07.942233  7323 catalog_manager.cc:5209] ChangeConfig:REMOVE_PEER RPC for tablet 068c517e0c954820a347845243fd29c1 with cas_config_opid_index 6: ChangeConfig:REMOVE_PEER succeeded (attempt 1)
I20260608 12:52:07.950060  7333 catalog_manager.cc:5696] T 068c517e0c954820a347845243fd29c1 P d437b98c88d94324adcd42b0f1855cb5 reported cstate change: config changed from index 6 to 7, VOTER 926ef6b2124844b4a4c4f85059dea2fe (127.4.92.67) evicted. New cstate: current_term: 4 leader_uuid: "d437b98c88d94324adcd42b0f1855cb5" committed_config { opid_index: 7 OBSOLETE_local: false peers { permanent_uuid: "996f2f5b191846a383955b15d86063d3" member_type: VOTER last_known_addr { host: "127.4.92.65" port: 37341 } health_report { overall_health: HEALTHY } } peers { permanent_uuid: "d437b98c88d94324adcd42b0f1855cb5" member_type: VOTER last_known_addr { host: "127.4.92.66" port: 35633 } health_report { overall_health: HEALTHY } } peers { permanent_uuid: "3d4e39baf38f44d2bc70d9bf67542ffa" member_type: VOTER last_known_addr { host: "127.4.92.68" port: 35269 } attrs { promote: false } health_report { overall_health: UNKNOWN } } }
I20260608 12:52:07.951061  7732 raft_consensus.cc:2955] T 068c517e0c954820a347845243fd29c1 P 3d4e39baf38f44d2bc70d9bf67542ffa [term 4 FOLLOWER]: Committing config change with OpId 4.7: config changed from index 6 to 7, VOTER 926ef6b2124844b4a4c4f85059dea2fe (127.4.92.67) evicted. New config: { opid_index: 7 OBSOLETE_local: false peers { permanent_uuid: "996f2f5b191846a383955b15d86063d3" member_type: VOTER last_known_addr { host: "127.4.92.65" port: 37341 } } peers { permanent_uuid: "d437b98c88d94324adcd42b0f1855cb5" member_type: VOTER last_known_addr { host: "127.4.92.66" port: 35633 } } peers { permanent_uuid: "3d4e39baf38f44d2bc70d9bf67542ffa" member_type: VOTER last_known_addr { host: "127.4.92.68" port: 35269 } attrs { promote: false } } }
I20260608 12:52:07.968000  7576 tablet_service.cc:1558] Processing DeleteTablet for tablet 068c517e0c954820a347845243fd29c1 with delete_type TABLET_DATA_TOMBSTONED (TS 926ef6b2124844b4a4c4f85059dea2fe not found in new config with opid_index 7) from {username='slave'} at 127.0.0.1:51586
I20260608 12:52:07.975436  8061 tablet_replica.cc:333] T 068c517e0c954820a347845243fd29c1 P 926ef6b2124844b4a4c4f85059dea2fe: stopping tablet replica
I20260608 12:52:07.976564  8061 raft_consensus.cc:2243] T 068c517e0c954820a347845243fd29c1 P 926ef6b2124844b4a4c4f85059dea2fe [term 4 FOLLOWER]: Raft consensus shutting down.
I20260608 12:52:07.977494  8061 raft_consensus.cc:2272] T 068c517e0c954820a347845243fd29c1 P 926ef6b2124844b4a4c4f85059dea2fe [term 4 FOLLOWER]: Raft consensus is shut down!
I20260608 12:52:07.981734  8061 ts_tablet_manager.cc:1916] T 068c517e0c954820a347845243fd29c1 P 926ef6b2124844b4a4c4f85059dea2fe: Deleting tablet data with delete state TABLET_DATA_TOMBSTONED
I20260608 12:52:07.996023  8061 ts_tablet_manager.cc:1929] T 068c517e0c954820a347845243fd29c1 P 926ef6b2124844b4a4c4f85059dea2fe: tablet deleted with delete type TABLET_DATA_TOMBSTONED: last-logged OpId 4.6
I20260608 12:52:07.996371  8061 log.cc:1199] T 068c517e0c954820a347845243fd29c1 P 926ef6b2124844b4a4c4f85059dea2fe: Deleting WAL directory at /tmp/dist-test-taskJBL6t2/test-tmp/auto_rebalancer-test.0.AutoRebalancerTest.RangeAwareRebalancesNewRangeReplicas.1780923039929386-4465-0/minicluster-data/ts-2-root/wals/068c517e0c954820a347845243fd29c1
I20260608 12:52:07.997753  7323 catalog_manager.cc:5027] TS 926ef6b2124844b4a4c4f85059dea2fe (127.4.92.67:37629): tablet 068c517e0c954820a347845243fd29c1 (table range_aware_rebalance_new_range [id=75ef50051a1441baa88567ae18ffdc6d]) successfully deleted
I20260608 12:52:08.508037  7390 auto_leader_rebalancer.cc:140] leader rebalance for table range_aware_rebalance_new_range
I20260608 12:52:08.520855  7390 auto_leader_rebalancer.cc:388] table: range_aware_rebalance_new_range, leader rebalance finish, leader transfer count: 0
I20260608 12:52:08.521354  7390 auto_leader_rebalancer.cc:451] All tables' leader rebalancing finished this round
I20260608 12:52:08.554523  4465 tablet_server.cc:179] TabletServer@127.4.92.65:0 shutting down...
I20260608 12:52:08.592271  4465 ts_tablet_manager.cc:1507] Shutting down tablet manager...
I20260608 12:52:08.593326  4465 tablet_replica.cc:333] T 5fb0a0f2caec4f099818e33607b8e11e P 996f2f5b191846a383955b15d86063d3: stopping tablet replica
I20260608 12:52:08.594128  4465 raft_consensus.cc:2243] T 5fb0a0f2caec4f099818e33607b8e11e P 996f2f5b191846a383955b15d86063d3 [term 1 LEADER]: Raft consensus shutting down.
I20260608 12:52:08.595009  4465 raft_consensus.cc:2272] T 5fb0a0f2caec4f099818e33607b8e11e P 996f2f5b191846a383955b15d86063d3 [term 1 FOLLOWER]: Raft consensus is shut down!
I20260608 12:52:08.597306  4465 tablet_replica.cc:333] T 230f0a2f63a947ffbb6189a48ca778c6 P 996f2f5b191846a383955b15d86063d3: stopping tablet replica
I20260608 12:52:08.597852  4465 raft_consensus.cc:2243] T 230f0a2f63a947ffbb6189a48ca778c6 P 996f2f5b191846a383955b15d86063d3 [term 2 FOLLOWER]: Raft consensus shutting down.
I20260608 12:52:08.598243  4465 raft_consensus.cc:2272] T 230f0a2f63a947ffbb6189a48ca778c6 P 996f2f5b191846a383955b15d86063d3 [term 2 FOLLOWER]: Raft consensus is shut down!
I20260608 12:52:08.600008  4465 tablet_replica.cc:333] T f48ccb282ccc4c6e898039818a34e4fa P 996f2f5b191846a383955b15d86063d3: stopping tablet replica
I20260608 12:52:08.600520  4465 raft_consensus.cc:2243] T f48ccb282ccc4c6e898039818a34e4fa P 996f2f5b191846a383955b15d86063d3 [term 1 FOLLOWER]: Raft consensus shutting down.
I20260608 12:52:08.600981  4465 raft_consensus.cc:2272] T f48ccb282ccc4c6e898039818a34e4fa P 996f2f5b191846a383955b15d86063d3 [term 1 FOLLOWER]: Raft consensus is shut down!
I20260608 12:52:08.603464  4465 tablet_replica.cc:333] T 068c517e0c954820a347845243fd29c1 P 996f2f5b191846a383955b15d86063d3: stopping tablet replica
I20260608 12:52:08.604255  4465 raft_consensus.cc:2243] T 068c517e0c954820a347845243fd29c1 P 996f2f5b191846a383955b15d86063d3 [term 4 FOLLOWER]: Raft consensus shutting down.
I20260608 12:52:08.604908  4465 raft_consensus.cc:2272] T 068c517e0c954820a347845243fd29c1 P 996f2f5b191846a383955b15d86063d3 [term 4 FOLLOWER]: Raft consensus is shut down!
I20260608 12:52:08.607735  4465 tablet_replica.cc:333] T fd8a9212fc444aee914907f5e6881425 P 996f2f5b191846a383955b15d86063d3: stopping tablet replica
I20260608 12:52:08.608321  4465 raft_consensus.cc:2243] T fd8a9212fc444aee914907f5e6881425 P 996f2f5b191846a383955b15d86063d3 [term 2 FOLLOWER]: Raft consensus shutting down.
I20260608 12:52:08.608698  4465 raft_consensus.cc:2272] T fd8a9212fc444aee914907f5e6881425 P 996f2f5b191846a383955b15d86063d3 [term 2 FOLLOWER]: Raft consensus is shut down!
I20260608 12:52:08.610527  4465 tablet_replica.cc:333] T de637a57a88247ae9b05789b37b38d93 P 996f2f5b191846a383955b15d86063d3: stopping tablet replica
I20260608 12:52:08.611104  4465 raft_consensus.cc:2243] T de637a57a88247ae9b05789b37b38d93 P 996f2f5b191846a383955b15d86063d3 [term 1 LEADER]: Raft consensus shutting down.
I20260608 12:52:08.611840  4465 raft_consensus.cc:2272] T de637a57a88247ae9b05789b37b38d93 P 996f2f5b191846a383955b15d86063d3 [term 1 FOLLOWER]: Raft consensus is shut down!
