I20260608 12:52:19.753726  8680 tablet_service.cc:1511] Processing CreateTablet for tablet 2d3823805210466cb57fcec66627c153 (DEFAULT_TABLE table=test-workload [id=3553eb47adc24ea59240945a47959452]), partition=RANGE (key) PARTITION UNBOUNDED
I20260608 12:52:19.755645  8680 data_dirs.cc:400] Could only allocate 1 dirs of requested 3 for tablet 2d3823805210466cb57fcec66627c153. 1 dirs total, 0 dirs full, 0 dirs failed
I20260608 12:52:19.758488  8531 tablet_service.cc:1511] Processing CreateTablet for tablet 2d3823805210466cb57fcec66627c153 (DEFAULT_TABLE table=test-workload [id=3553eb47adc24ea59240945a47959452]), partition=RANGE (key) PARTITION UNBOUNDED
I20260608 12:52:19.759953  8531 data_dirs.cc:400] Could only allocate 1 dirs of requested 3 for tablet 2d3823805210466cb57fcec66627c153. 1 dirs total, 0 dirs full, 0 dirs failed
I20260608 12:52:19.761586  8606 tablet_service.cc:1511] Processing CreateTablet for tablet 2d3823805210466cb57fcec66627c153 (DEFAULT_TABLE table=test-workload [id=3553eb47adc24ea59240945a47959452]), partition=RANGE (key) PARTITION UNBOUNDED
I20260608 12:52:19.762861  8606 data_dirs.cc:400] Could only allocate 1 dirs of requested 3 for tablet 2d3823805210466cb57fcec66627c153. 1 dirs total, 0 dirs full, 0 dirs failed
I20260608 12:52:19.774106  8736 tablet_bootstrap.cc:492] T 2d3823805210466cb57fcec66627c153 P ed6df3da98934655b257783656c586c4: Bootstrap starting.
I20260608 12:52:19.783978  8736 tablet_bootstrap.cc:654] T 2d3823805210466cb57fcec66627c153 P ed6df3da98934655b257783656c586c4: Neither blocks nor log segments found. Creating new log.
I20260608 12:52:19.784749  8738 tablet_bootstrap.cc:492] T 2d3823805210466cb57fcec66627c153 P 3e29ff3eb8e7419b8778a9bade2c2f90: Bootstrap starting.
I20260608 12:52:19.786598  8737 tablet_bootstrap.cc:492] T 2d3823805210466cb57fcec66627c153 P d5ebcdb407074874ab5f0abd41d5dae1: Bootstrap starting.
I20260608 12:52:19.790179  8736 tablet_bootstrap.cc:492] T 2d3823805210466cb57fcec66627c153 P ed6df3da98934655b257783656c586c4: No bootstrap required, opened a new log
I20260608 12:52:19.790643  8736 ts_tablet_manager.cc:1403] T 2d3823805210466cb57fcec66627c153 P ed6df3da98934655b257783656c586c4: Time spent bootstrapping tablet: real 0.017s	user 0.006s	sys 0.007s
I20260608 12:52:19.792857  8738 tablet_bootstrap.cc:654] T 2d3823805210466cb57fcec66627c153 P 3e29ff3eb8e7419b8778a9bade2c2f90: Neither blocks nor log segments found. Creating new log.
I20260608 12:52:19.793406  8736 raft_consensus.cc:359] T 2d3823805210466cb57fcec66627c153 P ed6df3da98934655b257783656c586c4 [term 0 FOLLOWER]: Replica starting. Triggering 0 pending ops. Active config: opid_index: -1 OBSOLETE_local: false peers { permanent_uuid: "ed6df3da98934655b257783656c586c4" member_type: VOTER last_known_addr { host: "127.4.87.131" port: 37759 } } peers { permanent_uuid: "d5ebcdb407074874ab5f0abd41d5dae1" member_type: VOTER last_known_addr { host: "127.4.87.129" port: 46331 } } peers { permanent_uuid: "3e29ff3eb8e7419b8778a9bade2c2f90" member_type: VOTER last_known_addr { host: "127.4.87.130" port: 34207 } }
I20260608 12:52:19.794381  8737 tablet_bootstrap.cc:654] T 2d3823805210466cb57fcec66627c153 P d5ebcdb407074874ab5f0abd41d5dae1: Neither blocks nor log segments found. Creating new log.
I20260608 12:52:19.794375  8736 raft_consensus.cc:385] T 2d3823805210466cb57fcec66627c153 P ed6df3da98934655b257783656c586c4 [term 0 FOLLOWER]: Consensus starting up: Expiring failure detector timer to make a prompt election more likely
I20260608 12:52:19.795162  8736 raft_consensus.cc:740] T 2d3823805210466cb57fcec66627c153 P ed6df3da98934655b257783656c586c4 [term 0 FOLLOWER]: Becoming Follower/Learner. State: Replica: ed6df3da98934655b257783656c586c4, State: Initialized, Role: FOLLOWER
I20260608 12:52:19.796082  8736 consensus_queue.cc:260] T 2d3823805210466cb57fcec66627c153 P ed6df3da98934655b257783656c586c4 [NON_LEADER]: Queue going to NON_LEADER mode. State: All replicated index: 0, Majority replicated index: 0, Committed index: 0, Last appended: 0.0, Last appended by leader: 0, Current term: 0, Majority size: -1, State: 0, Mode: NON_LEADER, active raft config: opid_index: -1 OBSOLETE_local: false peers { permanent_uuid: "ed6df3da98934655b257783656c586c4" member_type: VOTER last_known_addr { host: "127.4.87.131" port: 37759 } } peers { permanent_uuid: "d5ebcdb407074874ab5f0abd41d5dae1" member_type: VOTER last_known_addr { host: "127.4.87.129" port: 46331 } } peers { permanent_uuid: "3e29ff3eb8e7419b8778a9bade2c2f90" member_type: VOTER last_known_addr { host: "127.4.87.130" port: 34207 } }
I20260608 12:52:19.799367  8738 tablet_bootstrap.cc:492] T 2d3823805210466cb57fcec66627c153 P 3e29ff3eb8e7419b8778a9bade2c2f90: No bootstrap required, opened a new log
I20260608 12:52:19.799650  8736 ts_tablet_manager.cc:1434] T 2d3823805210466cb57fcec66627c153 P ed6df3da98934655b257783656c586c4: Time spent starting tablet: real 0.009s	user 0.002s	sys 0.008s
I20260608 12:52:19.799971  8738 ts_tablet_manager.cc:1403] T 2d3823805210466cb57fcec66627c153 P 3e29ff3eb8e7419b8778a9bade2c2f90: Time spent bootstrapping tablet: real 0.016s	user 0.015s	sys 0.000s
I20260608 12:52:19.801851  8737 tablet_bootstrap.cc:492] T 2d3823805210466cb57fcec66627c153 P d5ebcdb407074874ab5f0abd41d5dae1: No bootstrap required, opened a new log
I20260608 12:52:19.802295  8737 ts_tablet_manager.cc:1403] T 2d3823805210466cb57fcec66627c153 P d5ebcdb407074874ab5f0abd41d5dae1: Time spent bootstrapping tablet: real 0.016s	user 0.014s	sys 0.000s
I20260608 12:52:19.803457  8738 raft_consensus.cc:359] T 2d3823805210466cb57fcec66627c153 P 3e29ff3eb8e7419b8778a9bade2c2f90 [term 0 FOLLOWER]: Replica starting. Triggering 0 pending ops. Active config: opid_index: -1 OBSOLETE_local: false peers { permanent_uuid: "ed6df3da98934655b257783656c586c4" member_type: VOTER last_known_addr { host: "127.4.87.131" port: 37759 } } peers { permanent_uuid: "d5ebcdb407074874ab5f0abd41d5dae1" member_type: VOTER last_known_addr { host: "127.4.87.129" port: 46331 } } peers { permanent_uuid: "3e29ff3eb8e7419b8778a9bade2c2f90" member_type: VOTER last_known_addr { host: "127.4.87.130" port: 34207 } }
I20260608 12:52:19.804404  8738 raft_consensus.cc:385] T 2d3823805210466cb57fcec66627c153 P 3e29ff3eb8e7419b8778a9bade2c2f90 [term 0 FOLLOWER]: Consensus starting up: Expiring failure detector timer to make a prompt election more likely
I20260608 12:52:19.804746  8738 raft_consensus.cc:740] T 2d3823805210466cb57fcec66627c153 P 3e29ff3eb8e7419b8778a9bade2c2f90 [term 0 FOLLOWER]: Becoming Follower/Learner. State: Replica: 3e29ff3eb8e7419b8778a9bade2c2f90, State: Initialized, Role: FOLLOWER
I20260608 12:52:19.804888  8737 raft_consensus.cc:359] T 2d3823805210466cb57fcec66627c153 P d5ebcdb407074874ab5f0abd41d5dae1 [term 0 FOLLOWER]: Replica starting. Triggering 0 pending ops. Active config: opid_index: -1 OBSOLETE_local: false peers { permanent_uuid: "ed6df3da98934655b257783656c586c4" member_type: VOTER last_known_addr { host: "127.4.87.131" port: 37759 } } peers { permanent_uuid: "d5ebcdb407074874ab5f0abd41d5dae1" member_type: VOTER last_known_addr { host: "127.4.87.129" port: 46331 } } peers { permanent_uuid: "3e29ff3eb8e7419b8778a9bade2c2f90" member_type: VOTER last_known_addr { host: "127.4.87.130" port: 34207 } }
I20260608 12:52:19.805666  8737 raft_consensus.cc:385] T 2d3823805210466cb57fcec66627c153 P d5ebcdb407074874ab5f0abd41d5dae1 [term 0 FOLLOWER]: Consensus starting up: Expiring failure detector timer to make a prompt election more likely
I20260608 12:52:19.805971  8737 raft_consensus.cc:740] T 2d3823805210466cb57fcec66627c153 P d5ebcdb407074874ab5f0abd41d5dae1 [term 0 FOLLOWER]: Becoming Follower/Learner. State: Replica: d5ebcdb407074874ab5f0abd41d5dae1, State: Initialized, Role: FOLLOWER
I20260608 12:52:19.805743  8738 consensus_queue.cc:260] T 2d3823805210466cb57fcec66627c153 P 3e29ff3eb8e7419b8778a9bade2c2f90 [NON_LEADER]: Queue going to NON_LEADER mode. State: All replicated index: 0, Majority replicated index: 0, Committed index: 0, Last appended: 0.0, Last appended by leader: 0, Current term: 0, Majority size: -1, State: 0, Mode: NON_LEADER, active raft config: opid_index: -1 OBSOLETE_local: false peers { permanent_uuid: "ed6df3da98934655b257783656c586c4" member_type: VOTER last_known_addr { host: "127.4.87.131" port: 37759 } } peers { permanent_uuid: "d5ebcdb407074874ab5f0abd41d5dae1" member_type: VOTER last_known_addr { host: "127.4.87.129" port: 46331 } } peers { permanent_uuid: "3e29ff3eb8e7419b8778a9bade2c2f90" member_type: VOTER last_known_addr { host: "127.4.87.130" port: 34207 } }
I20260608 12:52:19.806691  8737 consensus_queue.cc:260] T 2d3823805210466cb57fcec66627c153 P d5ebcdb407074874ab5f0abd41d5dae1 [NON_LEADER]: Queue going to NON_LEADER mode. State: All replicated index: 0, Majority replicated index: 0, Committed index: 0, Last appended: 0.0, Last appended by leader: 0, Current term: 0, Majority size: -1, State: 0, Mode: NON_LEADER, active raft config: opid_index: -1 OBSOLETE_local: false peers { permanent_uuid: "ed6df3da98934655b257783656c586c4" member_type: VOTER last_known_addr { host: "127.4.87.131" port: 37759 } } peers { permanent_uuid: "d5ebcdb407074874ab5f0abd41d5dae1" member_type: VOTER last_known_addr { host: "127.4.87.129" port: 46331 } } peers { permanent_uuid: "3e29ff3eb8e7419b8778a9bade2c2f90" member_type: VOTER last_known_addr { host: "127.4.87.130" port: 34207 } }
I20260608 12:52:19.809366  8738 ts_tablet_manager.cc:1434] T 2d3823805210466cb57fcec66627c153 P 3e29ff3eb8e7419b8778a9bade2c2f90: Time spent starting tablet: real 0.009s	user 0.002s	sys 0.006s
I20260608 12:52:19.815001  8737 ts_tablet_manager.cc:1434] T 2d3823805210466cb57fcec66627c153 P d5ebcdb407074874ab5f0abd41d5dae1: Time spent starting tablet: real 0.012s	user 0.010s	sys 0.000s
I20260608 12:52:19.930723  8744 raft_consensus.cc:493] T 2d3823805210466cb57fcec66627c153 P d5ebcdb407074874ab5f0abd41d5dae1 [term 0 FOLLOWER]: Starting pre-election (no leader contacted us within the election timeout)
I20260608 12:52:19.931671  8744 raft_consensus.cc:515] T 2d3823805210466cb57fcec66627c153 P d5ebcdb407074874ab5f0abd41d5dae1 [term 0 FOLLOWER]: Starting pre-election with config: opid_index: -1 OBSOLETE_local: false peers { permanent_uuid: "ed6df3da98934655b257783656c586c4" member_type: VOTER last_known_addr { host: "127.4.87.131" port: 37759 } } peers { permanent_uuid: "d5ebcdb407074874ab5f0abd41d5dae1" member_type: VOTER last_known_addr { host: "127.4.87.129" port: 46331 } } peers { permanent_uuid: "3e29ff3eb8e7419b8778a9bade2c2f90" member_type: VOTER last_known_addr { host: "127.4.87.130" port: 34207 } }
I20260608 12:52:19.934053  8744 leader_election.cc:290] T 2d3823805210466cb57fcec66627c153 P d5ebcdb407074874ab5f0abd41d5dae1 [CANDIDATE]: Term 1 pre-election: Requested pre-vote from peers ed6df3da98934655b257783656c586c4 (127.4.87.131:37759), 3e29ff3eb8e7419b8778a9bade2c2f90 (127.4.87.130:34207)
I20260608 12:52:19.947304  8616 tablet_service.cc:1917] Received RequestConsensusVote() RPC: tablet_id: "2d3823805210466cb57fcec66627c153" candidate_uuid: "d5ebcdb407074874ab5f0abd41d5dae1" candidate_term: 1 candidate_status { last_received { term: 0 index: 0 } } ignore_live_leader: false dest_uuid: "3e29ff3eb8e7419b8778a9bade2c2f90" is_pre_election: true
I20260608 12:52:19.948491  8616 raft_consensus.cc:2468] T 2d3823805210466cb57fcec66627c153 P 3e29ff3eb8e7419b8778a9bade2c2f90 [term 0 FOLLOWER]: Leader pre-election vote request: Granting yes vote for candidate d5ebcdb407074874ab5f0abd41d5dae1 in term 0.
I20260608 12:52:19.948714  8690 tablet_service.cc:1917] Received RequestConsensusVote() RPC: tablet_id: "2d3823805210466cb57fcec66627c153" candidate_uuid: "d5ebcdb407074874ab5f0abd41d5dae1" candidate_term: 1 candidate_status { last_received { term: 0 index: 0 } } ignore_live_leader: false dest_uuid: "ed6df3da98934655b257783656c586c4" is_pre_election: true
I20260608 12:52:19.949380  8690 raft_consensus.cc:2468] T 2d3823805210466cb57fcec66627c153 P ed6df3da98934655b257783656c586c4 [term 0 FOLLOWER]: Leader pre-election vote request: Granting yes vote for candidate d5ebcdb407074874ab5f0abd41d5dae1 in term 0.
I20260608 12:52:19.950448  8506 leader_election.cc:304] T 2d3823805210466cb57fcec66627c153 P d5ebcdb407074874ab5f0abd41d5dae1 [CANDIDATE]: Term 1 pre-election: Election decided. Result: candidate won. Election summary: received 2 responses out of 3 voters: 2 yes votes; 0 no votes. yes voters: 3e29ff3eb8e7419b8778a9bade2c2f90, d5ebcdb407074874ab5f0abd41d5dae1; no voters: 
I20260608 12:52:19.951453  8744 raft_consensus.cc:2804] T 2d3823805210466cb57fcec66627c153 P d5ebcdb407074874ab5f0abd41d5dae1 [term 0 FOLLOWER]: Leader pre-election won for term 1
I20260608 12:52:19.951745  8744 raft_consensus.cc:493] T 2d3823805210466cb57fcec66627c153 P d5ebcdb407074874ab5f0abd41d5dae1 [term 0 FOLLOWER]: Starting leader election (no leader contacted us within the election timeout)
I20260608 12:52:19.952080  8744 raft_consensus.cc:3060] T 2d3823805210466cb57fcec66627c153 P d5ebcdb407074874ab5f0abd41d5dae1 [term 0 FOLLOWER]: Advancing to term 1
I20260608 12:52:19.957754  8744 raft_consensus.cc:515] T 2d3823805210466cb57fcec66627c153 P d5ebcdb407074874ab5f0abd41d5dae1 [term 1 FOLLOWER]: Starting leader election with config: opid_index: -1 OBSOLETE_local: false peers { permanent_uuid: "ed6df3da98934655b257783656c586c4" member_type: VOTER last_known_addr { host: "127.4.87.131" port: 37759 } } peers { permanent_uuid: "d5ebcdb407074874ab5f0abd41d5dae1" member_type: VOTER last_known_addr { host: "127.4.87.129" port: 46331 } } peers { permanent_uuid: "3e29ff3eb8e7419b8778a9bade2c2f90" member_type: VOTER last_known_addr { host: "127.4.87.130" port: 34207 } }
I20260608 12:52:19.960186  8744 leader_election.cc:290] T 2d3823805210466cb57fcec66627c153 P d5ebcdb407074874ab5f0abd41d5dae1 [CANDIDATE]: Term 1 election: Requested vote from peers ed6df3da98934655b257783656c586c4 (127.4.87.131:37759), 3e29ff3eb8e7419b8778a9bade2c2f90 (127.4.87.130:34207)
I20260608 12:52:19.961329  8690 tablet_service.cc:1917] Received RequestConsensusVote() RPC: tablet_id: "2d3823805210466cb57fcec66627c153" candidate_uuid: "d5ebcdb407074874ab5f0abd41d5dae1" candidate_term: 1 candidate_status { last_received { term: 0 index: 0 } } ignore_live_leader: false dest_uuid: "ed6df3da98934655b257783656c586c4"
I20260608 12:52:19.961437  8616 tablet_service.cc:1917] Received RequestConsensusVote() RPC: tablet_id: "2d3823805210466cb57fcec66627c153" candidate_uuid: "d5ebcdb407074874ab5f0abd41d5dae1" candidate_term: 1 candidate_status { last_received { term: 0 index: 0 } } ignore_live_leader: false dest_uuid: "3e29ff3eb8e7419b8778a9bade2c2f90"
I20260608 12:52:19.961938  8690 raft_consensus.cc:3060] T 2d3823805210466cb57fcec66627c153 P ed6df3da98934655b257783656c586c4 [term 0 FOLLOWER]: Advancing to term 1
I20260608 12:52:19.962023  8616 raft_consensus.cc:3060] T 2d3823805210466cb57fcec66627c153 P 3e29ff3eb8e7419b8778a9bade2c2f90 [term 0 FOLLOWER]: Advancing to term 1
I20260608 12:52:19.967551  8616 raft_consensus.cc:2468] T 2d3823805210466cb57fcec66627c153 P 3e29ff3eb8e7419b8778a9bade2c2f90 [term 1 FOLLOWER]: Leader election vote request: Granting yes vote for candidate d5ebcdb407074874ab5f0abd41d5dae1 in term 1.
I20260608 12:52:19.967777  8690 raft_consensus.cc:2468] T 2d3823805210466cb57fcec66627c153 P ed6df3da98934655b257783656c586c4 [term 1 FOLLOWER]: Leader election vote request: Granting yes vote for candidate d5ebcdb407074874ab5f0abd41d5dae1 in term 1.
I20260608 12:52:19.968729  8506 leader_election.cc:304] T 2d3823805210466cb57fcec66627c153 P d5ebcdb407074874ab5f0abd41d5dae1 [CANDIDATE]: Term 1 election: Election decided. Result: candidate won. Election summary: received 2 responses out of 3 voters: 2 yes votes; 0 no votes. yes voters: 3e29ff3eb8e7419b8778a9bade2c2f90, d5ebcdb407074874ab5f0abd41d5dae1; no voters: 
I20260608 12:52:19.969612  8744 raft_consensus.cc:2804] T 2d3823805210466cb57fcec66627c153 P d5ebcdb407074874ab5f0abd41d5dae1 [term 1 FOLLOWER]: Leader election won for term 1
I20260608 12:52:19.970789  8744 raft_consensus.cc:697] T 2d3823805210466cb57fcec66627c153 P d5ebcdb407074874ab5f0abd41d5dae1 [term 1 LEADER]: Becoming Leader. State: Replica: d5ebcdb407074874ab5f0abd41d5dae1, State: Running, Role: LEADER
I20260608 12:52:19.971727  8744 consensus_queue.cc:237] T 2d3823805210466cb57fcec66627c153 P d5ebcdb407074874ab5f0abd41d5dae1 [LEADER]: Queue going to LEADER mode. State: All replicated index: 0, Majority replicated index: 0, Committed index: 0, Last appended: 0.0, Last appended by leader: 0, Current term: 1, Majority size: 2, State: 0, Mode: LEADER, active raft config: opid_index: -1 OBSOLETE_local: false peers { permanent_uuid: "ed6df3da98934655b257783656c586c4" member_type: VOTER last_known_addr { host: "127.4.87.131" port: 37759 } } peers { permanent_uuid: "d5ebcdb407074874ab5f0abd41d5dae1" member_type: VOTER last_known_addr { host: "127.4.87.129" port: 46331 } } peers { permanent_uuid: "3e29ff3eb8e7419b8778a9bade2c2f90" member_type: VOTER last_known_addr { host: "127.4.87.130" port: 34207 } }
I20260608 12:52:19.980412  8438 catalog_manager.cc:5696] T 2d3823805210466cb57fcec66627c153 P d5ebcdb407074874ab5f0abd41d5dae1 reported cstate change: term changed from 0 to 1, leader changed from <none> to d5ebcdb407074874ab5f0abd41d5dae1 (127.4.87.129). New cstate: current_term: 1 leader_uuid: "d5ebcdb407074874ab5f0abd41d5dae1" committed_config { opid_index: -1 OBSOLETE_local: false peers { permanent_uuid: "ed6df3da98934655b257783656c586c4" member_type: VOTER last_known_addr { host: "127.4.87.131" port: 37759 } health_report { overall_health: UNKNOWN } } peers { permanent_uuid: "d5ebcdb407074874ab5f0abd41d5dae1" member_type: VOTER last_known_addr { host: "127.4.87.129" port: 46331 } health_report { overall_health: HEALTHY } } peers { permanent_uuid: "3e29ff3eb8e7419b8778a9bade2c2f90" member_type: VOTER last_known_addr { host: "127.4.87.130" port: 34207 } health_report { overall_health: UNKNOWN } } }
I20260608 12:52:20.186437  8486 placement_policy_util.cc:407] tablet 2d3823805210466cb57fcec66627c153: detected majority of replicas (2 of 3) at location L0
I20260608 12:52:20.189006  8492 auto_leader_rebalancer.cc:140] leader rebalance for table test-workload
I20260608 12:52:20.191155  8492 auto_leader_rebalancer.cc:388] table: test-workload, leader rebalance finish, leader transfer count: 0
I20260608 12:52:20.191578  8492 auto_leader_rebalancer.cc:451] All tables' leader rebalancing finished this round
I20260608 12:52:20.583132  8749 consensus_queue.cc:1048] T 2d3823805210466cb57fcec66627c153 P d5ebcdb407074874ab5f0abd41d5dae1 [LEADER]: Connected to new peer: Peer: permanent_uuid: "3e29ff3eb8e7419b8778a9bade2c2f90" member_type: VOTER last_known_addr { host: "127.4.87.130" port: 34207 }, Status: LMP_MISMATCH, Last received: 0.0, Next index: 1, Last known committed idx: 0, Time since last communication: 0.000s
I20260608 12:52:20.598563  8754 consensus_queue.cc:1048] T 2d3823805210466cb57fcec66627c153 P d5ebcdb407074874ab5f0abd41d5dae1 [LEADER]: Connected to new peer: Peer: permanent_uuid: "ed6df3da98934655b257783656c586c4" member_type: VOTER last_known_addr { host: "127.4.87.131" port: 37759 }, Status: LMP_MISMATCH, Last received: 0.0, Next index: 1, Last known committed idx: 0, Time since last communication: 0.000s
I20260608 12:52:21.197487  8486 placement_policy_util.cc:407] tablet 2d3823805210466cb57fcec66627c153: detected majority of replicas (2 of 3) at location L0
I20260608 12:52:22.192633  8492 auto_leader_rebalancer.cc:140] leader rebalance for table test-workload
I20260608 12:52:22.194013  8492 auto_leader_rebalancer.cc:388] table: test-workload, leader rebalance finish, leader transfer count: 0
I20260608 12:52:22.194317  8492 auto_leader_rebalancer.cc:451] All tables' leader rebalancing finished this round
I20260608 12:52:22.206278  8486 placement_policy_util.cc:407] tablet 2d3823805210466cb57fcec66627c153: detected majority of replicas (2 of 3) at location L0
I20260608 12:52:23.214980  8486 placement_policy_util.cc:407] tablet 2d3823805210466cb57fcec66627c153: detected majority of replicas (2 of 3) at location L0
I20260608 12:52:24.195327  8492 auto_leader_rebalancer.cc:140] leader rebalance for table test-workload
I20260608 12:52:24.196745  8492 auto_leader_rebalancer.cc:388] table: test-workload, leader rebalance finish, leader transfer count: 0
I20260608 12:52:24.197070  8492 auto_leader_rebalancer.cc:451] All tables' leader rebalancing finished this round
I20260608 12:52:24.224007  8486 placement_policy_util.cc:407] tablet 2d3823805210466cb57fcec66627c153: detected majority of replicas (2 of 3) at location L0
I20260608 12:52:25.232522  8486 placement_policy_util.cc:407] tablet 2d3823805210466cb57fcec66627c153: detected majority of replicas (2 of 3) at location L0
I20260608 12:52:26.198122  8492 auto_leader_rebalancer.cc:140] leader rebalance for table test-workload
I20260608 12:52:26.199584  8492 auto_leader_rebalancer.cc:388] table: test-workload, leader rebalance finish, leader transfer count: 0
I20260608 12:52:26.199900  8492 auto_leader_rebalancer.cc:451] All tables' leader rebalancing finished this round
I20260608 12:52:26.241430  8486 placement_policy_util.cc:407] tablet 2d3823805210466cb57fcec66627c153: detected majority of replicas (2 of 3) at location L0
I20260608 12:52:27.251819  8486 placement_policy_util.cc:407] tablet 2d3823805210466cb57fcec66627c153: detected majority of replicas (2 of 3) at location L0
I20260608 12:52:28.200891  8492 auto_leader_rebalancer.cc:140] leader rebalance for table test-workload
I20260608 12:52:28.202416  8492 auto_leader_rebalancer.cc:388] table: test-workload, leader rebalance finish, leader transfer count: 0
I20260608 12:52:28.202750  8492 auto_leader_rebalancer.cc:451] All tables' leader rebalancing finished this round
I20260608 12:52:28.262287  8486 placement_policy_util.cc:407] tablet 2d3823805210466cb57fcec66627c153: detected majority of replicas (2 of 3) at location L0
I20260608 12:52:29.270496  8486 placement_policy_util.cc:407] tablet 2d3823805210466cb57fcec66627c153: detected majority of replicas (2 of 3) at location L0
I20260608 12:52:30.203871  8492 auto_leader_rebalancer.cc:140] leader rebalance for table test-workload
I20260608 12:52:30.205354  8492 auto_leader_rebalancer.cc:388] table: test-workload, leader rebalance finish, leader transfer count: 0
I20260608 12:52:30.205693  8492 auto_leader_rebalancer.cc:451] All tables' leader rebalancing finished this round
I20260608 12:52:30.278770  8486 placement_policy_util.cc:407] tablet 2d3823805210466cb57fcec66627c153: detected majority of replicas (2 of 3) at location L0
I20260608 12:52:31.060370  4446 tablet_server.cc:179] TabletServer@127.4.87.129:0 shutting down...
I20260608 12:52:31.087675  4446 ts_tablet_manager.cc:1507] Shutting down tablet manager...
I20260608 12:52:31.088414  4446 tablet_replica.cc:333] T 2d3823805210466cb57fcec66627c153 P d5ebcdb407074874ab5f0abd41d5dae1: stopping tablet replica
I20260608 12:52:31.088963  4446 raft_consensus.cc:2243] T 2d3823805210466cb57fcec66627c153 P d5ebcdb407074874ab5f0abd41d5dae1 [term 1 LEADER]: Raft consensus shutting down.
I20260608 12:52:31.090035  4446 raft_consensus.cc:2272] T 2d3823805210466cb57fcec66627c153 P d5ebcdb407074874ab5f0abd41d5dae1 [term 1 FOLLOWER]: Raft consensus is shut down!
I20260608 12:52:31.111506  4446 tablet_server.cc:196] TabletServer@127.4.87.129:0 shutdown complete.
I20260608 12:52:31.124794  4446 tablet_server.cc:179] TabletServer@127.4.87.130:0 shutting down...
I20260608 12:52:31.148756  4446 ts_tablet_manager.cc:1507] Shutting down tablet manager...
I20260608 12:52:31.149422  4446 tablet_replica.cc:333] T 2d3823805210466cb57fcec66627c153 P 3e29ff3eb8e7419b8778a9bade2c2f90: stopping tablet replica
I20260608 12:52:31.149946  4446 raft_consensus.cc:2243] T 2d3823805210466cb57fcec66627c153 P 3e29ff3eb8e7419b8778a9bade2c2f90 [term 1 FOLLOWER]: Raft consensus shutting down.
I20260608 12:52:31.150399  4446 raft_consensus.cc:2272] T 2d3823805210466cb57fcec66627c153 P 3e29ff3eb8e7419b8778a9bade2c2f90 [term 1 FOLLOWER]: Raft consensus is shut down!
I20260608 12:52:31.170017  4446 tablet_server.cc:196] TabletServer@127.4.87.130:0 shutdown complete.
I20260608 12:52:31.181591  4446 tablet_server.cc:179] TabletServer@127.4.87.131:0 shutting down...
I20260608 12:52:31.202567  4446 ts_tablet_manager.cc:1507] Shutting down tablet manager...
I20260608 12:52:31.203382  4446 tablet_replica.cc:333] T 2d3823805210466cb57fcec66627c153 P ed6df3da98934655b257783656c586c4: stopping tablet replica
I20260608 12:52:31.203991  4446 raft_consensus.cc:2243] T 2d3823805210466cb57fcec66627c153 P ed6df3da98934655b257783656c586c4 [term 1 FOLLOWER]: Raft consensus shutting down.
I20260608 12:52:31.204524  4446 raft_consensus.cc:2272] T 2d3823805210466cb57fcec66627c153 P ed6df3da98934655b257783656c586c4 [term 1 FOLLOWER]: Raft consensus is shut down!
I20260608 12:52:31.224581  4446 tablet_server.cc:196] TabletServer@127.4.87.131:0 shutdown complete.
I20260608 12:52:31.236320  4446 master.cc:562] Master@127.4.87.190:36443 shutting down...
I20260608 12:52:31.256018  4446 raft_consensus.cc:2243] T 00000000000000000000000000000000 P 789554a37fd649ed9779c6b9a65f2191 [term 1 LEADER]: Raft consensus shutting down.
I20260608 12:52:31.256734  4446 raft_consensus.cc:2272] T 00000000000000000000000000000000 P 789554a37fd649ed9779c6b9a65f2191 [term 1 FOLLOWER]: Raft consensus is shut down!
I20260608 12:52:31.257105  4446 tablet_replica.cc:333] T 00000000000000000000000000000000 P 789554a37fd649ed9779c6b9a65f2191: stopping tablet replica
I20260608 12:52:31.276546  4446 master.cc:584] Master@127.4.87.190:36443 shutdown complete.
[       OK ] AutoRebalancerTest.NoReplicaMovesIfCannotFixPlacementPolicy (13301 ms)
[ RUN      ] AutoRebalancerTest.TestMaxMovesPerServer
I20260608 12:52:31.312870  4446 internal_mini_cluster.cc:156] Creating distributed mini masters. Addrs: 127.4.87.190:37897
I20260608 12:52:31.314116  4446 file_cache.cc:492] Constructed file cache file cache with capacity 419430
W20260608 12:52:31.320252  8762 instance_detector.cc:116] could not retrieve Azure instance metadata: Network error: curl error: HTTP response code said error: The requested URL returned error: 404
W20260608 12:52:31.320329  8761 instance_detector.cc:116] could not retrieve AWS instance metadata: Network error: curl error: HTTP response code said error: The requested URL returned error: 404
W20260608 12:52:31.321720  8764 instance_detector.cc:116] could not retrieve OpenStack instance metadata: Network error: curl error: HTTP response code said error: The requested URL returned error: 404
I20260608 12:52:31.323602  4446 server_base.cc:1061] running on GCE node
I20260608 12:52:31.324460  4446 hybrid_clock.cc:584] initializing the hybrid clock with 'system_unsync' time source
W20260608 12:52:31.324692  4446 system_unsync_time.cc:38] NTP support is disabled. Clock error bounds will not be accurate. This configuration is not suitable for distributed clusters.
I20260608 12:52:31.324864  4446 hybrid_clock.cc:648] HybridClock initialized: now 1780923151324849 us; error 0 us; skew 500 ppm
I20260608 12:52:31.325724  4446 server_base.cc:861] Flag tcmalloc_max_total_thread_cache_bytes is not working since tcmalloc is not enabled.
I20260608 12:52:31.328513  4446 webserver.cc:533] Webserver started at http://127.4.87.190:40175/ using document root <none> and password file <none>
I20260608 12:52:31.329056  4446 fs_manager.cc:362] Metadata directory not provided
I20260608 12:52:31.329248  4446 fs_manager.cc:368] Using write-ahead log directory (fs_wal_dir) as metadata directory
I20260608 12:52:31.329550  4446 server_base.cc:909] This appears to be a new deployment of Kudu; creating new FS layout
I20260608 12:52:31.330749  4446 fs_manager.cc:1068] Generated new instance metadata in path /tmp/dist-test-taskIkkaSP/test-tmp/auto_rebalancer-test.0.AutoRebalancerTest.TestMaxMovesPerServer.1780923037580315-4446-0/minicluster-data/master-0-root/instance:
uuid: "8e06d968341f465d84c6a3fa5668d853"
format_stamp: "Formatted at 2026-06-08 12:52:31 on dist-test-slave-tr1x"
I20260608 12:52:31.335803  4446 fs_manager.cc:696] Time spent creating directory manager: real 0.004s	user 0.003s	sys 0.001s
I20260608 12:52:31.339398  8769 log_block_manager.cc:4031] Time spent loading block containers with low live blocks: real 0.000s	user 0.000s	sys 0.000s
I20260608 12:52:31.340167  4446 fs_manager.cc:730] Time spent opening block manager: real 0.002s	user 0.002s	sys 0.001s
I20260608 12:52:31.340472  4446 fs_manager.cc:647] Opened local filesystem: /tmp/dist-test-taskIkkaSP/test-tmp/auto_rebalancer-test.0.AutoRebalancerTest.TestMaxMovesPerServer.1780923037580315-4446-0/minicluster-data/master-0-root
uuid: "8e06d968341f465d84c6a3fa5668d853"
format_stamp: "Formatted at 2026-06-08 12:52:31 on dist-test-slave-tr1x"
I20260608 12:52:31.340757  4446 fs_report.cc:389] FS layout report
--------------------
wal directory: /tmp/dist-test-taskIkkaSP/test-tmp/auto_rebalancer-test.0.AutoRebalancerTest.TestMaxMovesPerServer.1780923037580315-4446-0/minicluster-data/master-0-root
metadata directory: /tmp/dist-test-taskIkkaSP/test-tmp/auto_rebalancer-test.0.AutoRebalancerTest.TestMaxMovesPerServer.1780923037580315-4446-0/minicluster-data/master-0-root
1 data directories: /tmp/dist-test-taskIkkaSP/test-tmp/auto_rebalancer-test.0.AutoRebalancerTest.TestMaxMovesPerServer.1780923037580315-4446-0/minicluster-data/master-0-root/data
Total live blocks: 0
Total live bytes: 0
Total live bytes (after alignment): 0
Total number of LBM containers: 0 (0 full)
Did not check for missing blocks
Did not check for orphaned blocks
Total full LBM containers with extra space: 0 (0 repaired)
Total full LBM container extra space in bytes: 0 (0 repaired)
Total incomplete LBM containers: 0 (0 repaired)
Total LBM partial records: 0 (0 repaired)
Total corrupted LBM metadata records in RocksDB: 0 (0 repaired)
I20260608 12:52:31.355829  4446 rpc_server.cc:225] running with OpenSSL 1.1.1  11 Sep 2018
I20260608 12:52:31.357215  4446 kserver.cc:163] Server-wide thread pool size limit: 3276
I20260608 12:52:31.397272  4446 rpc_server.cc:307] RPC server started. Bound to: 127.4.87.190:37897
I20260608 12:52:31.397414  8820 acceptor_pool.cc:272] collecting diagnostics on the listening RPC socket 127.4.87.190:37897 every 8 connection(s)
I20260608 12:52:31.401700  8821 data_dirs.cc:400] Could only allocate 1 dirs of requested 3 for tablet 00000000000000000000000000000000. 1 dirs total, 0 dirs full, 0 dirs failed
I20260608 12:52:31.413427  8821 tablet_bootstrap.cc:492] T 00000000000000000000000000000000 P 8e06d968341f465d84c6a3fa5668d853: Bootstrap starting.
I20260608 12:52:31.418618  8821 tablet_bootstrap.cc:654] T 00000000000000000000000000000000 P 8e06d968341f465d84c6a3fa5668d853: Neither blocks nor log segments found. Creating new log.
I20260608 12:52:31.423359  8821 tablet_bootstrap.cc:492] T 00000000000000000000000000000000 P 8e06d968341f465d84c6a3fa5668d853: No bootstrap required, opened a new log
I20260608 12:52:31.425839  8821 raft_consensus.cc:359] T 00000000000000000000000000000000 P 8e06d968341f465d84c6a3fa5668d853 [term 0 FOLLOWER]: Replica starting. Triggering 0 pending ops. Active config: opid_index: -1 OBSOLETE_local: true peers { permanent_uuid: "8e06d968341f465d84c6a3fa5668d853" member_type: VOTER }
I20260608 12:52:31.426328  8821 raft_consensus.cc:385] T 00000000000000000000000000000000 P 8e06d968341f465d84c6a3fa5668d853 [term 0 FOLLOWER]: Consensus starting up: Expiring failure detector timer to make a prompt election more likely
I20260608 12:52:31.426533  8821 raft_consensus.cc:740] T 00000000000000000000000000000000 P 8e06d968341f465d84c6a3fa5668d853 [term 0 FOLLOWER]: Becoming Follower/Learner. State: Replica: 8e06d968341f465d84c6a3fa5668d853, State: Initialized, Role: FOLLOWER
I20260608 12:52:31.427260  8821 consensus_queue.cc:260] T 00000000000000000000000000000000 P 8e06d968341f465d84c6a3fa5668d853 [NON_LEADER]: Queue going to NON_LEADER mode. State: All replicated index: 0, Majority replicated index: 0, Committed index: 0, Last appended: 0.0, Last appended by leader: 0, Current term: 0, Majority size: -1, State: 0, Mode: NON_LEADER, active raft config: opid_index: -1 OBSOLETE_local: true peers { permanent_uuid: "8e06d968341f465d84c6a3fa5668d853" member_type: VOTER }
I20260608 12:52:31.427763  8821 raft_consensus.cc:399] T 00000000000000000000000000000000 P 8e06d968341f465d84c6a3fa5668d853 [term 0 FOLLOWER]: Only one voter in the Raft config. Triggering election immediately
I20260608 12:52:31.427976  8821 raft_consensus.cc:493] T 00000000000000000000000000000000 P 8e06d968341f465d84c6a3fa5668d853 [term 0 FOLLOWER]: Starting leader election (initial election of a single-replica configuration)
I20260608 12:52:31.428216  8821 raft_consensus.cc:3060] T 00000000000000000000000000000000 P 8e06d968341f465d84c6a3fa5668d853 [term 0 FOLLOWER]: Advancing to term 1
I20260608 12:52:31.433138  8821 raft_consensus.cc:515] T 00000000000000000000000000000000 P 8e06d968341f465d84c6a3fa5668d853 [term 1 FOLLOWER]: Starting leader election with config: opid_index: -1 OBSOLETE_local: true peers { permanent_uuid: "8e06d968341f465d84c6a3fa5668d853" member_type: VOTER }
I20260608 12:52:31.433658  8821 leader_election.cc:304] T 00000000000000000000000000000000 P 8e06d968341f465d84c6a3fa5668d853 [CANDIDATE]: Term 1 election: Election decided. Result: candidate won. Election summary: received 1 responses out of 1 voters: 1 yes votes; 0 no votes. yes voters: 8e06d968341f465d84c6a3fa5668d853; no voters: 
I20260608 12:52:31.434893  8821 leader_election.cc:290] T 00000000000000000000000000000000 P 8e06d968341f465d84c6a3fa5668d853 [CANDIDATE]: Term 1 election: Requested vote from peers 
I20260608 12:52:31.435390  8824 raft_consensus.cc:2804] T 00000000000000000000000000000000 P 8e06d968341f465d84c6a3fa5668d853 [term 1 FOLLOWER]: Leader election won for term 1
I20260608 12:52:31.436738  8824 raft_consensus.cc:697] T 00000000000000000000000000000000 P 8e06d968341f465d84c6a3fa5668d853 [term 1 LEADER]: Becoming Leader. State: Replica: 8e06d968341f465d84c6a3fa5668d853, State: Running, Role: LEADER
I20260608 12:52:31.437497  8824 consensus_queue.cc:237] T 00000000000000000000000000000000 P 8e06d968341f465d84c6a3fa5668d853 [LEADER]: Queue going to LEADER mode. State: All replicated index: 0, Majority replicated index: 0, Committed index: 0, Last appended: 0.0, Last appended by leader: 0, Current term: 1, Majority size: 1, State: 0, Mode: LEADER, active raft config: opid_index: -1 OBSOLETE_local: true peers { permanent_uuid: "8e06d968341f465d84c6a3fa5668d853" member_type: VOTER }
I20260608 12:52:31.438369  8821 sys_catalog.cc:565] T 00000000000000000000000000000000 P 8e06d968341f465d84c6a3fa5668d853 [sys.catalog]: configured and running, proceeding with master startup.
I20260608 12:52:31.440986  8826 sys_catalog.cc:455] T 00000000000000000000000000000000 P 8e06d968341f465d84c6a3fa5668d853 [sys.catalog]: SysCatalogTable state changed. Reason: New leader 8e06d968341f465d84c6a3fa5668d853. Latest consensus state: current_term: 1 leader_uuid: "8e06d968341f465d84c6a3fa5668d853" committed_config { opid_index: -1 OBSOLETE_local: true peers { permanent_uuid: "8e06d968341f465d84c6a3fa5668d853" member_type: VOTER } }
I20260608 12:52:31.440958  8825 sys_catalog.cc:455] T 00000000000000000000000000000000 P 8e06d968341f465d84c6a3fa5668d853 [sys.catalog]: SysCatalogTable state changed. Reason: RaftConsensus started. Latest consensus state: current_term: 1 leader_uuid: "8e06d968341f465d84c6a3fa5668d853" committed_config { opid_index: -1 OBSOLETE_local: true peers { permanent_uuid: "8e06d968341f465d84c6a3fa5668d853" member_type: VOTER } }
I20260608 12:52:31.441749  8826 sys_catalog.cc:458] T 00000000000000000000000000000000 P 8e06d968341f465d84c6a3fa5668d853 [sys.catalog]: This master's current role is: LEADER
I20260608 12:52:31.441825  8825 sys_catalog.cc:458] T 00000000000000000000000000000000 P 8e06d968341f465d84c6a3fa5668d853 [sys.catalog]: This master's current role is: LEADER
I20260608 12:52:31.445437  8830 catalog_manager.cc:1510] Loading table and tablet metadata into memory...
I20260608 12:52:31.455318  8830 catalog_manager.cc:1519] Initializing Kudu cluster ID...
I20260608 12:52:31.456425  4446 internal_mini_cluster.cc:184] Waiting to initialize catalog manager on master 0
I20260608 12:52:31.465832  8830 catalog_manager.cc:1382] Generated new cluster ID: 2100b716e3ed4901b2af86b8235daa68
I20260608 12:52:31.466077  8830 catalog_manager.cc:1530] Initializing Kudu internal certificate authority...
I20260608 12:52:31.486589  8830 catalog_manager.cc:1405] Generated new certificate authority record
I20260608 12:52:31.487979  8830 catalog_manager.cc:1539] Loading token signing keys...
I20260608 12:52:31.504884  8830 catalog_manager.cc:6069] T 00000000000000000000000000000000 P 8e06d968341f465d84c6a3fa5668d853: Generated new TSK 0
I20260608 12:52:31.505484  8830 catalog_manager.cc:1549] Initializing in-progress tserver states...
I20260608 12:52:31.522986  4446 file_cache.cc:492] Constructed file cache file cache with capacity 419430
W20260608 12:52:31.529428  8842 instance_detector.cc:116] could not retrieve AWS instance metadata: Network error: curl error: HTTP response code said error: The requested URL returned error: 404
W20260608 12:52:31.530577  8843 instance_detector.cc:116] could not retrieve Azure instance metadata: Network error: curl error: HTTP response code said error: The requested URL returned error: 404
I20260608 12:52:31.533296  4446 server_base.cc:1061] running on GCE node
W20260608 12:52:31.533255  8845 instance_detector.cc:116] could not retrieve OpenStack instance metadata: Network error: curl error: HTTP response code said error: The requested URL returned error: 404
I20260608 12:52:31.534356  4446 hybrid_clock.cc:584] initializing the hybrid clock with 'system_unsync' time source
W20260608 12:52:31.534538  4446 system_unsync_time.cc:38] NTP support is disabled. Clock error bounds will not be accurate. This configuration is not suitable for distributed clusters.
I20260608 12:52:31.534793  4446 hybrid_clock.cc:648] HybridClock initialized: now 1780923151534754 us; error 0 us; skew 500 ppm
I20260608 12:52:31.535468  4446 server_base.cc:861] Flag tcmalloc_max_total_thread_cache_bytes is not working since tcmalloc is not enabled.
I20260608 12:52:31.537951  4446 webserver.cc:533] Webserver started at http://127.4.87.129:43651/ using document root <none> and password file <none>
I20260608 12:52:31.538499  4446 fs_manager.cc:362] Metadata directory not provided
I20260608 12:52:31.538669  4446 fs_manager.cc:368] Using write-ahead log directory (fs_wal_dir) as metadata directory
I20260608 12:52:31.538926  4446 server_base.cc:909] This appears to be a new deployment of Kudu; creating new FS layout
I20260608 12:52:31.540190  4446 fs_manager.cc:1068] Generated new instance metadata in path /tmp/dist-test-taskIkkaSP/test-tmp/auto_rebalancer-test.0.AutoRebalancerTest.TestMaxMovesPerServer.1780923037580315-4446-0/minicluster-data/ts-0-root/instance:
uuid: "630fd949135f4273b7ffff9c58cc6ae5"
format_stamp: "Formatted at 2026-06-08 12:52:31 on dist-test-slave-tr1x"
I20260608 12:52:31.544977  4446 fs_manager.cc:696] Time spent creating directory manager: real 0.004s	user 0.005s	sys 0.000s
I20260608 12:52:31.548496  8850 log_block_manager.cc:4031] Time spent loading block containers with low live blocks: real 0.000s	user 0.000s	sys 0.000s
I20260608 12:52:31.549469  4446 fs_manager.cc:730] Time spent opening block manager: real 0.003s	user 0.003s	sys 0.000s
I20260608 12:52:31.549822  4446 fs_manager.cc:647] Opened local filesystem: /tmp/dist-test-taskIkkaSP/test-tmp/auto_rebalancer-test.0.AutoRebalancerTest.TestMaxMovesPerServer.1780923037580315-4446-0/minicluster-data/ts-0-root
uuid: "630fd949135f4273b7ffff9c58cc6ae5"
format_stamp: "Formatted at 2026-06-08 12:52:31 on dist-test-slave-tr1x"
I20260608 12:52:31.550104  4446 fs_report.cc:389] FS layout report
--------------------
wal directory: /tmp/dist-test-taskIkkaSP/test-tmp/auto_rebalancer-test.0.AutoRebalancerTest.TestMaxMovesPerServer.1780923037580315-4446-0/minicluster-data/ts-0-root
metadata directory: /tmp/dist-test-taskIkkaSP/test-tmp/auto_rebalancer-test.0.AutoRebalancerTest.TestMaxMovesPerServer.1780923037580315-4446-0/minicluster-data/ts-0-root
1 data directories: /tmp/dist-test-taskIkkaSP/test-tmp/auto_rebalancer-test.0.AutoRebalancerTest.TestMaxMovesPerServer.1780923037580315-4446-0/minicluster-data/ts-0-root/data
Total live blocks: 0
Total live bytes: 0
Total live bytes (after alignment): 0
Total number of LBM containers: 0 (0 full)
Did not check for missing blocks
Did not check for orphaned blocks
Total full LBM containers with extra space: 0 (0 repaired)
Total full LBM container extra space in bytes: 0 (0 repaired)
Total incomplete LBM containers: 0 (0 repaired)
Total LBM partial records: 0 (0 repaired)
Total corrupted LBM metadata records in RocksDB: 0 (0 repaired)
I20260608 12:52:31.561894  4446 rpc_server.cc:225] running with OpenSSL 1.1.1  11 Sep 2018
I20260608 12:52:31.563213  4446 kserver.cc:163] Server-wide thread pool size limit: 3276
I20260608 12:52:31.564718  4446 txn_system_client.cc:432] TxnSystemClient initialization is disabled...
I20260608 12:52:31.567162  4446 ts_tablet_manager.cc:585] Loaded tablet metadata (0 total tablets, 0 live tablets)
I20260608 12:52:31.567410  4446 ts_tablet_manager.cc:531] Time spent load tablet metadata: real 0.000s	user 0.000s	sys 0.000s
I20260608 12:52:31.567664  4446 ts_tablet_manager.cc:616] Registered 0 tablets
I20260608 12:52:31.567842  4446 ts_tablet_manager.cc:595] Time spent register tablets: real 0.000s	user 0.000s	sys 0.000s
I20260608 12:52:31.612818  4446 rpc_server.cc:307] RPC server started. Bound to: 127.4.87.129:35887
I20260608 12:52:31.612937  8912 acceptor_pool.cc:272] collecting diagnostics on the listening RPC socket 127.4.87.129:35887 every 8 connection(s)
I20260608 12:52:31.618923  4446 file_cache.cc:492] Constructed file cache file cache with capacity 419430
W20260608 12:52:31.628129  8917 instance_detector.cc:116] could not retrieve AWS instance metadata: Network error: curl error: HTTP response code said error: The requested URL returned error: 404
W20260608 12:52:31.630589  8918 instance_detector.cc:116] could not retrieve Azure instance metadata: Network error: curl error: HTTP response code said error: The requested URL returned error: 404
I20260608 12:52:31.631906  4446 server_base.cc:1061] running on GCE node
W20260608 12:52:31.632086  8920 instance_detector.cc:116] could not retrieve OpenStack instance metadata: Network error: curl error: HTTP response code said error: The requested URL returned error: 404
I20260608 12:52:31.633332  4446 hybrid_clock.cc:584] initializing the hybrid clock with 'system_unsync' time source
W20260608 12:52:31.633574  4446 system_unsync_time.cc:38] NTP support is disabled. Clock error bounds will not be accurate. This configuration is not suitable for distributed clusters.
I20260608 12:52:31.633761  4446 hybrid_clock.cc:648] HybridClock initialized: now 1780923151633746 us; error 0 us; skew 500 ppm
I20260608 12:52:31.634557  4446 server_base.cc:861] Flag tcmalloc_max_total_thread_cache_bytes is not working since tcmalloc is not enabled.
I20260608 12:52:31.636608  8913 heartbeater.cc:344] Connected to a master server at 127.4.87.190:37897
I20260608 12:52:31.636929  8913 heartbeater.cc:461] Registering TS with master...
I20260608 12:52:31.637648  4446 webserver.cc:533] Webserver started at http://127.4.87.130:43807/ using document root <none> and password file <none>
I20260608 12:52:31.637866  8913 heartbeater.cc:507] Master 127.4.87.190:37897 requested a full tablet report, sending...
I20260608 12:52:31.638319  4446 fs_manager.cc:362] Metadata directory not provided
I20260608 12:52:31.638582  4446 fs_manager.cc:368] Using write-ahead log directory (fs_wal_dir) as metadata directory
I20260608 12:52:31.638895  4446 server_base.cc:909] This appears to be a new deployment of Kudu; creating new FS layout
I20260608 12:52:31.640358  8786 ts_manager.cc:194] Registered new tserver with Master: 630fd949135f4273b7ffff9c58cc6ae5 (127.4.87.129:35887)
I20260608 12:52:31.640805  4446 fs_manager.cc:1068] Generated new instance metadata in path /tmp/dist-test-taskIkkaSP/test-tmp/auto_rebalancer-test.0.AutoRebalancerTest.TestMaxMovesPerServer.1780923037580315-4446-0/minicluster-data/ts-1-root/instance:
uuid: "6b68f3885fa84a489f42858bc1c71c27"
format_stamp: "Formatted at 2026-06-08 12:52:31 on dist-test-slave-tr1x"
I20260608 12:52:31.643043  8786 master_service.cc:502] Signed X509 certificate for tserver {username='slave'} at 127.0.0.1:60146
I20260608 12:52:31.646857  4446 fs_manager.cc:696] Time spent creating directory manager: real 0.005s	user 0.006s	sys 0.001s
I20260608 12:52:31.651130  8925 log_block_manager.cc:4031] Time spent loading block containers with low live blocks: real 0.000s	user 0.000s	sys 0.000s
I20260608 12:52:31.652177  4446 fs_manager.cc:730] Time spent opening block manager: real 0.003s	user 0.003s	sys 0.000s
I20260608 12:52:31.652566  4446 fs_manager.cc:647] Opened local filesystem: /tmp/dist-test-taskIkkaSP/test-tmp/auto_rebalancer-test.0.AutoRebalancerTest.TestMaxMovesPerServer.1780923037580315-4446-0/minicluster-data/ts-1-root
uuid: "6b68f3885fa84a489f42858bc1c71c27"
format_stamp: "Formatted at 2026-06-08 12:52:31 on dist-test-slave-tr1x"
I20260608 12:52:31.652869  4446 fs_report.cc:389] FS layout report
--------------------
wal directory: /tmp/dist-test-taskIkkaSP/test-tmp/auto_rebalancer-test.0.AutoRebalancerTest.TestMaxMovesPerServer.1780923037580315-4446-0/minicluster-data/ts-1-root
metadata directory: /tmp/dist-test-taskIkkaSP/test-tmp/auto_rebalancer-test.0.AutoRebalancerTest.TestMaxMovesPerServer.1780923037580315-4446-0/minicluster-data/ts-1-root
1 data directories: /tmp/dist-test-taskIkkaSP/test-tmp/auto_rebalancer-test.0.AutoRebalancerTest.TestMaxMovesPerServer.1780923037580315-4446-0/minicluster-data/ts-1-root/data
Total live blocks: 0
Total live bytes: 0
Total live bytes (after alignment): 0
Total number of LBM containers: 0 (0 full)
Did not check for missing blocks
Did not check for orphaned blocks
Total full LBM containers with extra space: 0 (0 repaired)
Total full LBM container extra space in bytes: 0 (0 repaired)
Total incomplete LBM containers: 0 (0 repaired)
Total LBM partial records: 0 (0 repaired)
Total corrupted LBM metadata records in RocksDB: 0 (0 repaired)
I20260608 12:52:31.667222  4446 rpc_server.cc:225] running with OpenSSL 1.1.1  11 Sep 2018
I20260608 12:52:31.668519  4446 kserver.cc:163] Server-wide thread pool size limit: 3276
I20260608 12:52:31.670085  4446 txn_system_client.cc:432] TxnSystemClient initialization is disabled...
I20260608 12:52:31.672509  4446 ts_tablet_manager.cc:585] Loaded tablet metadata (0 total tablets, 0 live tablets)
I20260608 12:52:31.672770  4446 ts_tablet_manager.cc:531] Time spent load tablet metadata: real 0.000s	user 0.000s	sys 0.000s
I20260608 12:52:31.673031  4446 ts_tablet_manager.cc:616] Registered 0 tablets
I20260608 12:52:31.673237  4446 ts_tablet_manager.cc:595] Time spent register tablets: real 0.000s	user 0.000s	sys 0.000s
I20260608 12:52:31.717219  4446 rpc_server.cc:307] RPC server started. Bound to: 127.4.87.130:43349
I20260608 12:52:31.717365  8987 acceptor_pool.cc:272] collecting diagnostics on the listening RPC socket 127.4.87.130:43349 every 8 connection(s)
I20260608 12:52:31.722734  4446 file_cache.cc:492] Constructed file cache file cache with capacity 419430
W20260608 12:52:31.731535  8991 instance_detector.cc:116] could not retrieve AWS instance metadata: Network error: curl error: HTTP response code said error: The requested URL returned error: 404
W20260608 12:52:31.733235  8992 instance_detector.cc:116] could not retrieve Azure instance metadata: Network error: curl error: HTTP response code said error: The requested URL returned error: 404
W20260608 12:52:31.734256  8994 instance_detector.cc:116] could not retrieve OpenStack instance metadata: Network error: curl error: HTTP response code said error: The requested URL returned error: 404
I20260608 12:52:31.735037  8988 heartbeater.cc:344] Connected to a master server at 127.4.87.190:37897
I20260608 12:52:31.735469  8988 heartbeater.cc:461] Registering TS with master...
I20260608 12:52:31.736330  8988 heartbeater.cc:507] Master 127.4.87.190:37897 requested a full tablet report, sending...
I20260608 12:52:31.739207  8786 ts_manager.cc:194] Registered new tserver with Master: 6b68f3885fa84a489f42858bc1c71c27 (127.4.87.130:43349)
I20260608 12:52:31.739352  4446 server_base.cc:1061] running on GCE node
I20260608 12:52:31.740324  4446 hybrid_clock.cc:584] initializing the hybrid clock with 'system_unsync' time source
W20260608 12:52:31.740595  4446 system_unsync_time.cc:38] NTP support is disabled. Clock error bounds will not be accurate. This configuration is not suitable for distributed clusters.
I20260608 12:52:31.740789  4446 hybrid_clock.cc:648] HybridClock initialized: now 1780923151740771 us; error 0 us; skew 500 ppm
I20260608 12:52:31.741125  8786 master_service.cc:502] Signed X509 certificate for tserver {username='slave'} at 127.0.0.1:60152
I20260608 12:52:31.741487  4446 server_base.cc:861] Flag tcmalloc_max_total_thread_cache_bytes is not working since tcmalloc is not enabled.
I20260608 12:52:31.744431  4446 webserver.cc:533] Webserver started at http://127.4.87.131:39183/ using document root <none> and password file <none>
I20260608 12:52:31.744952  4446 fs_manager.cc:362] Metadata directory not provided
I20260608 12:52:31.745177  4446 fs_manager.cc:368] Using write-ahead log directory (fs_wal_dir) as metadata directory
I20260608 12:52:31.745465  4446 server_base.cc:909] This appears to be a new deployment of Kudu; creating new FS layout
