I20260608 12:51:57.686941  8314 consensus_queue.cc:237] T e5c336cfefd44674b2e19273b4e32abb P 7b77c7ab6281499c810382288f2e5e37 [LEADER]: Queue going to LEADER mode. State: All replicated index: 0, Majority replicated index: 0, Committed index: 0, Last appended: 0.0, Last appended by leader: 0, Current term: 1, Majority size: 2, State: 0, Mode: LEADER, active raft config: opid_index: -1 OBSOLETE_local: false peers { permanent_uuid: "7b77c7ab6281499c810382288f2e5e37" member_type: VOTER last_known_addr { host: "127.4.237.193" port: 36165 } } peers { permanent_uuid: "8e11e401f52145cbae59b1742cebff8f" member_type: VOTER last_known_addr { host: "127.4.237.194" port: 45285 } } peers { permanent_uuid: "3d68e3875e614e909b5a1cfe15d2ffcb" member_type: VOTER last_known_addr { host: "127.4.237.195" port: 40401 } }
I20260608 12:51:57.687634  8201 leader_election.cc:304] T 4bb4982007654eae9c67966812524805 P 3d68e3875e614e909b5a1cfe15d2ffcb [CANDIDATE]: Term 1 pre-election: Election decided. Result: candidate lost. Election summary: received 3 responses out of 3 voters: 1 yes votes; 2 no votes. yes voters: 3d68e3875e614e909b5a1cfe15d2ffcb; no voters: 7b77c7ab6281499c810382288f2e5e37, 8e11e401f52145cbae59b1742cebff8f
I20260608 12:51:57.689081  8310 raft_consensus.cc:2749] T 4bb4982007654eae9c67966812524805 P 3d68e3875e614e909b5a1cfe15d2ffcb [term 1 FOLLOWER]: Leader pre-election lost for term 1. Reason: could not achieve majority
I20260608 12:51:57.680930  8283 raft_consensus.cc:740] T 99f64a6ba2a148579745f99b38f221d6 P 3d68e3875e614e909b5a1cfe15d2ffcb [term 0 FOLLOWER]: Becoming Follower/Learner. State: Replica: 3d68e3875e614e909b5a1cfe15d2ffcb, State: Initialized, Role: FOLLOWER
I20260608 12:51:57.680972  8235 raft_consensus.cc:3060] T 4076388177914ac89f15312fbc5f04ac P 3d68e3875e614e909b5a1cfe15d2ffcb [term 0 FOLLOWER]: Advancing to term 1
I20260608 12:51:57.691430  8283 consensus_queue.cc:260] T 99f64a6ba2a148579745f99b38f221d6 P 3d68e3875e614e909b5a1cfe15d2ffcb [NON_LEADER]: Queue going to NON_LEADER mode. State: All replicated index: 0, Majority replicated index: 0, Committed index: 0, Last appended: 0.0, Last appended by leader: 0, Current term: 0, Majority size: -1, State: 0, Mode: NON_LEADER, active raft config: opid_index: -1 OBSOLETE_local: false peers { permanent_uuid: "7b77c7ab6281499c810382288f2e5e37" member_type: VOTER last_known_addr { host: "127.4.237.193" port: 36165 } } peers { permanent_uuid: "8e11e401f52145cbae59b1742cebff8f" member_type: VOTER last_known_addr { host: "127.4.237.194" port: 45285 } } peers { permanent_uuid: "3d68e3875e614e909b5a1cfe15d2ffcb" member_type: VOTER last_known_addr { host: "127.4.237.195" port: 40401 } }
I20260608 12:51:57.676549  8285 consensus_queue.cc:260] T 99f64a6ba2a148579745f99b38f221d6 P 8e11e401f52145cbae59b1742cebff8f [NON_LEADER]: Queue going to NON_LEADER mode. State: All replicated index: 0, Majority replicated index: 0, Committed index: 0, Last appended: 0.0, Last appended by leader: 0, Current term: 0, Majority size: -1, State: 0, Mode: NON_LEADER, active raft config: opid_index: -1 OBSOLETE_local: false peers { permanent_uuid: "7b77c7ab6281499c810382288f2e5e37" member_type: VOTER last_known_addr { host: "127.4.237.193" port: 36165 } } peers { permanent_uuid: "8e11e401f52145cbae59b1742cebff8f" member_type: VOTER last_known_addr { host: "127.4.237.194" port: 45285 } } peers { permanent_uuid: "3d68e3875e614e909b5a1cfe15d2ffcb" member_type: VOTER last_known_addr { host: "127.4.237.195" port: 40401 } }
I20260608 12:51:57.697216  8285 ts_tablet_manager.cc:1434] T 99f64a6ba2a148579745f99b38f221d6 P 8e11e401f52145cbae59b1742cebff8f: Time spent starting tablet: real 0.041s	user 0.008s	sys 0.000s
I20260608 12:51:57.703400  8289 raft_consensus.cc:515] T d98c90043a2b4eb1a9130e10e2fa25a1 P 3d68e3875e614e909b5a1cfe15d2ffcb [term 1 FOLLOWER]: Starting leader election with config: opid_index: -1 OBSOLETE_local: false peers { permanent_uuid: "8e11e401f52145cbae59b1742cebff8f" member_type: VOTER last_known_addr { host: "127.4.237.194" port: 45285 } } peers { permanent_uuid: "7b77c7ab6281499c810382288f2e5e37" member_type: VOTER last_known_addr { host: "127.4.237.193" port: 36165 } } peers { permanent_uuid: "3d68e3875e614e909b5a1cfe15d2ffcb" member_type: VOTER last_known_addr { host: "127.4.237.195" port: 40401 } }
I20260608 12:51:57.709033  8285 tablet_bootstrap.cc:492] T 9e82e4a9d27840b7ab17c13a26947e19 P 8e11e401f52145cbae59b1742cebff8f: Bootstrap starting.
I20260608 12:51:57.690562  8163 tablet_service.cc:1917] Received RequestConsensusVote() RPC: tablet_id: "485e5d26975f466ba749de17b2cba249" candidate_uuid: "7b77c7ab6281499c810382288f2e5e37" candidate_term: 1 candidate_status { last_received { term: 0 index: 0 } } ignore_live_leader: false dest_uuid: "8e11e401f52145cbae59b1742cebff8f"
I20260608 12:51:57.709985  8163 raft_consensus.cc:3060] T 485e5d26975f466ba749de17b2cba249 P 8e11e401f52145cbae59b1742cebff8f [term 0 FOLLOWER]: Advancing to term 1
I20260608 12:51:57.711721  8236 tablet_service.cc:1917] Received RequestConsensusVote() RPC: tablet_id: "485e5d26975f466ba749de17b2cba249" candidate_uuid: "7b77c7ab6281499c810382288f2e5e37" candidate_term: 1 candidate_status { last_received { term: 0 index: 0 } } ignore_live_leader: false dest_uuid: "3d68e3875e614e909b5a1cfe15d2ffcb"
I20260608 12:51:57.712584  8236 raft_consensus.cc:3060] T 485e5d26975f466ba749de17b2cba249 P 3d68e3875e614e909b5a1cfe15d2ffcb [term 0 FOLLOWER]: Advancing to term 1
I20260608 12:51:57.669560  8162 raft_consensus.cc:2468] T 4bb4982007654eae9c67966812524805 P 8e11e401f52145cbae59b1742cebff8f [term 1 FOLLOWER]: Leader election vote request: Granting yes vote for candidate 7b77c7ab6281499c810382288f2e5e37 in term 1.
I20260608 12:51:57.712898  8283 ts_tablet_manager.cc:1434] T 99f64a6ba2a148579745f99b38f221d6 P 3d68e3875e614e909b5a1cfe15d2ffcb: Time spent starting tablet: real 0.036s	user 0.008s	sys 0.000s
I20260608 12:51:57.715605  8235 raft_consensus.cc:2468] T 4076388177914ac89f15312fbc5f04ac P 3d68e3875e614e909b5a1cfe15d2ffcb [term 1 FOLLOWER]: Leader election vote request: Granting yes vote for candidate 8e11e401f52145cbae59b1742cebff8f in term 1.
I20260608 12:51:57.717937  8128 leader_election.cc:304] T 4076388177914ac89f15312fbc5f04ac P 8e11e401f52145cbae59b1742cebff8f [CANDIDATE]: Term 1 election: Election decided. Result: candidate won. Election summary: received 3 responses out of 3 voters: 2 yes votes; 1 no votes. yes voters: 3d68e3875e614e909b5a1cfe15d2ffcb, 8e11e401f52145cbae59b1742cebff8f; no voters: 7b77c7ab6281499c810382288f2e5e37
I20260608 12:51:57.708508  7985 catalog_manager.cc:5696] T 4bb4982007654eae9c67966812524805 P 7b77c7ab6281499c810382288f2e5e37 reported cstate change: term changed from 0 to 1, leader changed from <none> to 7b77c7ab6281499c810382288f2e5e37 (127.4.237.193). New cstate: current_term: 1 leader_uuid: "7b77c7ab6281499c810382288f2e5e37" committed_config { opid_index: -1 OBSOLETE_local: false peers { permanent_uuid: "7b77c7ab6281499c810382288f2e5e37" member_type: VOTER last_known_addr { host: "127.4.237.193" port: 36165 } health_report { overall_health: HEALTHY } } peers { permanent_uuid: "3d68e3875e614e909b5a1cfe15d2ffcb" member_type: VOTER last_known_addr { host: "127.4.237.195" port: 40401 } health_report { overall_health: UNKNOWN } } peers { permanent_uuid: "8e11e401f52145cbae59b1742cebff8f" member_type: VOTER last_known_addr { host: "127.4.237.194" port: 45285 } health_report { overall_health: UNKNOWN } } }
I20260608 12:51:57.719213  8290 raft_consensus.cc:2804] T 4076388177914ac89f15312fbc5f04ac P 8e11e401f52145cbae59b1742cebff8f [term 1 FOLLOWER]: Leader election won for term 1
I20260608 12:51:57.720407  8283 tablet_bootstrap.cc:492] T 9e82e4a9d27840b7ab17c13a26947e19 P 3d68e3875e614e909b5a1cfe15d2ffcb: Bootstrap starting.
I20260608 12:51:57.723819  8162 tablet_service.cc:1917] Received RequestConsensusVote() RPC: tablet_id: "d98c90043a2b4eb1a9130e10e2fa25a1" candidate_uuid: "3d68e3875e614e909b5a1cfe15d2ffcb" candidate_term: 1 candidate_status { last_received { term: 0 index: 0 } } ignore_live_leader: false dest_uuid: "8e11e401f52145cbae59b1742cebff8f"
W20260608 12:51:57.725957  8200 leader_election.cc:343] T d98c90043a2b4eb1a9130e10e2fa25a1 P 3d68e3875e614e909b5a1cfe15d2ffcb [CANDIDATE]: Term 1 election: Tablet error from VoteRequest() call to peer 8e11e401f52145cbae59b1742cebff8f (127.4.237.194:45285): Illegal state: must be running to vote when last-logged opid is not known
I20260608 12:51:57.727341  8283 tablet_bootstrap.cc:654] T 9e82e4a9d27840b7ab17c13a26947e19 P 3d68e3875e614e909b5a1cfe15d2ffcb: Neither blocks nor log segments found. Creating new log.
I20260608 12:51:57.736218  8088 tablet_service.cc:1917] Received RequestConsensusVote() RPC: tablet_id: "d98c90043a2b4eb1a9130e10e2fa25a1" candidate_uuid: "3d68e3875e614e909b5a1cfe15d2ffcb" candidate_term: 1 candidate_status { last_received { term: 0 index: 0 } } ignore_live_leader: false dest_uuid: "7b77c7ab6281499c810382288f2e5e37"
I20260608 12:51:57.737448  8088 raft_consensus.cc:3060] T d98c90043a2b4eb1a9130e10e2fa25a1 P 7b77c7ab6281499c810382288f2e5e37 [term 0 FOLLOWER]: Advancing to term 1
I20260608 12:51:57.741904  8290 raft_consensus.cc:697] T 4076388177914ac89f15312fbc5f04ac P 8e11e401f52145cbae59b1742cebff8f [term 1 LEADER]: Becoming Leader. State: Replica: 8e11e401f52145cbae59b1742cebff8f, State: Running, Role: LEADER
I20260608 12:51:57.744913  8289 leader_election.cc:290] T d98c90043a2b4eb1a9130e10e2fa25a1 P 3d68e3875e614e909b5a1cfe15d2ffcb [CANDIDATE]: Term 1 election: Requested vote from peers 8e11e401f52145cbae59b1742cebff8f (127.4.237.194:45285), 7b77c7ab6281499c810382288f2e5e37 (127.4.237.193:36165)
I20260608 12:51:57.743026  8290 consensus_queue.cc:237] T 4076388177914ac89f15312fbc5f04ac P 8e11e401f52145cbae59b1742cebff8f [LEADER]: Queue going to LEADER mode. State: All replicated index: 0, Majority replicated index: 0, Committed index: 0, Last appended: 0.0, Last appended by leader: 0, Current term: 1, Majority size: 2, State: 0, Mode: LEADER, active raft config: opid_index: -1 OBSOLETE_local: false peers { permanent_uuid: "8e11e401f52145cbae59b1742cebff8f" member_type: VOTER last_known_addr { host: "127.4.237.194" port: 45285 } } peers { permanent_uuid: "7b77c7ab6281499c810382288f2e5e37" member_type: VOTER last_known_addr { host: "127.4.237.193" port: 36165 } } peers { permanent_uuid: "3d68e3875e614e909b5a1cfe15d2ffcb" member_type: VOTER last_known_addr { host: "127.4.237.195" port: 40401 } }
I20260608 12:51:57.747912  8283 tablet_bootstrap.cc:492] T 9e82e4a9d27840b7ab17c13a26947e19 P 3d68e3875e614e909b5a1cfe15d2ffcb: No bootstrap required, opened a new log
I20260608 12:51:57.748095  8088 raft_consensus.cc:2468] T d98c90043a2b4eb1a9130e10e2fa25a1 P 7b77c7ab6281499c810382288f2e5e37 [term 1 FOLLOWER]: Leader election vote request: Granting yes vote for candidate 3d68e3875e614e909b5a1cfe15d2ffcb in term 1.
I20260608 12:51:57.748397  8283 ts_tablet_manager.cc:1403] T 9e82e4a9d27840b7ab17c13a26947e19 P 3d68e3875e614e909b5a1cfe15d2ffcb: Time spent bootstrapping tablet: real 0.028s	user 0.011s	sys 0.001s
I20260608 12:51:57.750083  8201 leader_election.cc:304] T d98c90043a2b4eb1a9130e10e2fa25a1 P 3d68e3875e614e909b5a1cfe15d2ffcb [CANDIDATE]: Term 1 election: Election decided. Result: candidate won. Election summary: received 3 responses out of 3 voters: 2 yes votes; 1 no votes. yes voters: 3d68e3875e614e909b5a1cfe15d2ffcb, 7b77c7ab6281499c810382288f2e5e37; no voters: 8e11e401f52145cbae59b1742cebff8f
I20260608 12:51:57.752561  8163 raft_consensus.cc:2468] T 485e5d26975f466ba749de17b2cba249 P 8e11e401f52145cbae59b1742cebff8f [term 1 FOLLOWER]: Leader election vote request: Granting yes vote for candidate 7b77c7ab6281499c810382288f2e5e37 in term 1.
I20260608 12:51:57.753618  8289 raft_consensus.cc:2804] T d98c90043a2b4eb1a9130e10e2fa25a1 P 3d68e3875e614e909b5a1cfe15d2ffcb [term 1 FOLLOWER]: Leader election won for term 1
I20260608 12:51:57.759225  8236 raft_consensus.cc:2468] T 485e5d26975f466ba749de17b2cba249 P 3d68e3875e614e909b5a1cfe15d2ffcb [term 1 FOLLOWER]: Leader election vote request: Granting yes vote for candidate 7b77c7ab6281499c810382288f2e5e37 in term 1.
I20260608 12:51:57.759608  8289 raft_consensus.cc:697] T d98c90043a2b4eb1a9130e10e2fa25a1 P 3d68e3875e614e909b5a1cfe15d2ffcb [term 1 LEADER]: Becoming Leader. State: Replica: 3d68e3875e614e909b5a1cfe15d2ffcb, State: Running, Role: LEADER
I20260608 12:51:57.760048  8284 tablet_bootstrap.cc:492] T 99f64a6ba2a148579745f99b38f221d6 P 7b77c7ab6281499c810382288f2e5e37: No bootstrap required, opened a new log
I20260608 12:51:57.760726  8284 ts_tablet_manager.cc:1403] T 99f64a6ba2a148579745f99b38f221d6 P 7b77c7ab6281499c810382288f2e5e37: Time spent bootstrapping tablet: real 0.100s	user 0.035s	sys 0.047s
I20260608 12:51:57.760963  8053 leader_election.cc:304] T 485e5d26975f466ba749de17b2cba249 P 7b77c7ab6281499c810382288f2e5e37 [CANDIDATE]: Term 1 election: Election decided. Result: candidate won. Election summary: received 2 responses out of 3 voters: 2 yes votes; 0 no votes. yes voters: 3d68e3875e614e909b5a1cfe15d2ffcb, 7b77c7ab6281499c810382288f2e5e37; no voters: 
I20260608 12:51:57.761936  8314 raft_consensus.cc:2804] T 485e5d26975f466ba749de17b2cba249 P 7b77c7ab6281499c810382288f2e5e37 [term 1 FOLLOWER]: Leader election won for term 1
I20260608 12:51:57.762419  8314 raft_consensus.cc:697] T 485e5d26975f466ba749de17b2cba249 P 7b77c7ab6281499c810382288f2e5e37 [term 1 LEADER]: Becoming Leader. State: Replica: 7b77c7ab6281499c810382288f2e5e37, State: Running, Role: LEADER
I20260608 12:51:57.763303  8289 consensus_queue.cc:237] T d98c90043a2b4eb1a9130e10e2fa25a1 P 3d68e3875e614e909b5a1cfe15d2ffcb [LEADER]: Queue going to LEADER mode. State: All replicated index: 0, Majority replicated index: 0, Committed index: 0, Last appended: 0.0, Last appended by leader: 0, Current term: 1, Majority size: 2, State: 0, Mode: LEADER, active raft config: opid_index: -1 OBSOLETE_local: false peers { permanent_uuid: "8e11e401f52145cbae59b1742cebff8f" member_type: VOTER last_known_addr { host: "127.4.237.194" port: 45285 } } peers { permanent_uuid: "7b77c7ab6281499c810382288f2e5e37" member_type: VOTER last_known_addr { host: "127.4.237.193" port: 36165 } } peers { permanent_uuid: "3d68e3875e614e909b5a1cfe15d2ffcb" member_type: VOTER last_known_addr { host: "127.4.237.195" port: 40401 } }
I20260608 12:51:57.763710  8314 consensus_queue.cc:237] T 485e5d26975f466ba749de17b2cba249 P 7b77c7ab6281499c810382288f2e5e37 [LEADER]: Queue going to LEADER mode. State: All replicated index: 0, Majority replicated index: 0, Committed index: 0, Last appended: 0.0, Last appended by leader: 0, Current term: 1, Majority size: 2, State: 0, Mode: LEADER, active raft config: opid_index: -1 OBSOLETE_local: false peers { permanent_uuid: "7b77c7ab6281499c810382288f2e5e37" member_type: VOTER last_known_addr { host: "127.4.237.193" port: 36165 } } peers { permanent_uuid: "8e11e401f52145cbae59b1742cebff8f" member_type: VOTER last_known_addr { host: "127.4.237.194" port: 45285 } } peers { permanent_uuid: "3d68e3875e614e909b5a1cfe15d2ffcb" member_type: VOTER last_known_addr { host: "127.4.237.195" port: 40401 } }
I20260608 12:51:57.764258  8284 raft_consensus.cc:359] T 99f64a6ba2a148579745f99b38f221d6 P 7b77c7ab6281499c810382288f2e5e37 [term 0 FOLLOWER]: Replica starting. Triggering 0 pending ops. Active config: opid_index: -1 OBSOLETE_local: false peers { permanent_uuid: "7b77c7ab6281499c810382288f2e5e37" member_type: VOTER last_known_addr { host: "127.4.237.193" port: 36165 } } peers { permanent_uuid: "8e11e401f52145cbae59b1742cebff8f" member_type: VOTER last_known_addr { host: "127.4.237.194" port: 45285 } } peers { permanent_uuid: "3d68e3875e614e909b5a1cfe15d2ffcb" member_type: VOTER last_known_addr { host: "127.4.237.195" port: 40401 } }
I20260608 12:51:57.765100  8284 raft_consensus.cc:385] T 99f64a6ba2a148579745f99b38f221d6 P 7b77c7ab6281499c810382288f2e5e37 [term 0 FOLLOWER]: Consensus starting up: Expiring failure detector timer to make a prompt election more likely
I20260608 12:51:57.765430  8284 raft_consensus.cc:740] T 99f64a6ba2a148579745f99b38f221d6 P 7b77c7ab6281499c810382288f2e5e37 [term 0 FOLLOWER]: Becoming Follower/Learner. State: Replica: 7b77c7ab6281499c810382288f2e5e37, State: Initialized, Role: FOLLOWER
I20260608 12:51:57.765981  7986 catalog_manager.cc:5696] T 4076388177914ac89f15312fbc5f04ac P 8e11e401f52145cbae59b1742cebff8f reported cstate change: term changed from 0 to 1, leader changed from <none> to 8e11e401f52145cbae59b1742cebff8f (127.4.237.194). New cstate: current_term: 1 leader_uuid: "8e11e401f52145cbae59b1742cebff8f" committed_config { opid_index: -1 OBSOLETE_local: false peers { permanent_uuid: "8e11e401f52145cbae59b1742cebff8f" member_type: VOTER last_known_addr { host: "127.4.237.194" port: 45285 } health_report { overall_health: HEALTHY } } peers { permanent_uuid: "7b77c7ab6281499c810382288f2e5e37" member_type: VOTER last_known_addr { host: "127.4.237.193" port: 36165 } health_report { overall_health: UNKNOWN } } peers { permanent_uuid: "3d68e3875e614e909b5a1cfe15d2ffcb" member_type: VOTER last_known_addr { host: "127.4.237.195" port: 40401 } health_report { overall_health: UNKNOWN } } }
I20260608 12:51:57.752576  8283 raft_consensus.cc:359] T 9e82e4a9d27840b7ab17c13a26947e19 P 3d68e3875e614e909b5a1cfe15d2ffcb [term 0 FOLLOWER]: Replica starting. Triggering 0 pending ops. Active config: opid_index: -1 OBSOLETE_local: false peers { permanent_uuid: "8e11e401f52145cbae59b1742cebff8f" member_type: VOTER last_known_addr { host: "127.4.237.194" port: 45285 } } peers { permanent_uuid: "7b77c7ab6281499c810382288f2e5e37" member_type: VOTER last_known_addr { host: "127.4.237.193" port: 36165 } } peers { permanent_uuid: "3d68e3875e614e909b5a1cfe15d2ffcb" member_type: VOTER last_known_addr { host: "127.4.237.195" port: 40401 } }
I20260608 12:51:57.766548  8284 consensus_queue.cc:260] T 99f64a6ba2a148579745f99b38f221d6 P 7b77c7ab6281499c810382288f2e5e37 [NON_LEADER]: Queue going to NON_LEADER mode. State: All replicated index: 0, Majority replicated index: 0, Committed index: 0, Last appended: 0.0, Last appended by leader: 0, Current term: 0, Majority size: -1, State: 0, Mode: NON_LEADER, active raft config: opid_index: -1 OBSOLETE_local: false peers { permanent_uuid: "7b77c7ab6281499c810382288f2e5e37" member_type: VOTER last_known_addr { host: "127.4.237.193" port: 36165 } } peers { permanent_uuid: "8e11e401f52145cbae59b1742cebff8f" member_type: VOTER last_known_addr { host: "127.4.237.194" port: 45285 } } peers { permanent_uuid: "3d68e3875e614e909b5a1cfe15d2ffcb" member_type: VOTER last_known_addr { host: "127.4.237.195" port: 40401 } }
I20260608 12:51:57.768968  8283 raft_consensus.cc:385] T 9e82e4a9d27840b7ab17c13a26947e19 P 3d68e3875e614e909b5a1cfe15d2ffcb [term 0 FOLLOWER]: Consensus starting up: Expiring failure detector timer to make a prompt election more likely
I20260608 12:51:57.769306  8283 raft_consensus.cc:740] T 9e82e4a9d27840b7ab17c13a26947e19 P 3d68e3875e614e909b5a1cfe15d2ffcb [term 0 FOLLOWER]: Becoming Follower/Learner. State: Replica: 3d68e3875e614e909b5a1cfe15d2ffcb, State: Initialized, Role: FOLLOWER
I20260608 12:51:57.770020  8283 consensus_queue.cc:260] T 9e82e4a9d27840b7ab17c13a26947e19 P 3d68e3875e614e909b5a1cfe15d2ffcb [NON_LEADER]: Queue going to NON_LEADER mode. State: All replicated index: 0, Majority replicated index: 0, Committed index: 0, Last appended: 0.0, Last appended by leader: 0, Current term: 0, Majority size: -1, State: 0, Mode: NON_LEADER, active raft config: opid_index: -1 OBSOLETE_local: false peers { permanent_uuid: "8e11e401f52145cbae59b1742cebff8f" member_type: VOTER last_known_addr { host: "127.4.237.194" port: 45285 } } peers { permanent_uuid: "7b77c7ab6281499c810382288f2e5e37" member_type: VOTER last_known_addr { host: "127.4.237.193" port: 36165 } } peers { permanent_uuid: "3d68e3875e614e909b5a1cfe15d2ffcb" member_type: VOTER last_known_addr { host: "127.4.237.195" port: 40401 } }
I20260608 12:51:57.770566  8284 ts_tablet_manager.cc:1434] T 99f64a6ba2a148579745f99b38f221d6 P 7b77c7ab6281499c810382288f2e5e37: Time spent starting tablet: real 0.009s	user 0.002s	sys 0.005s
I20260608 12:51:57.771468  8313 raft_consensus.cc:493] T 9e82e4a9d27840b7ab17c13a26947e19 P 7b77c7ab6281499c810382288f2e5e37 [term 0 FOLLOWER]: Starting pre-election (no leader contacted us within the election timeout)
I20260608 12:51:57.772753  8313 raft_consensus.cc:515] T 9e82e4a9d27840b7ab17c13a26947e19 P 7b77c7ab6281499c810382288f2e5e37 [term 0 FOLLOWER]: Starting pre-election with config: opid_index: -1 OBSOLETE_local: false peers { permanent_uuid: "8e11e401f52145cbae59b1742cebff8f" member_type: VOTER last_known_addr { host: "127.4.237.194" port: 45285 } } peers { permanent_uuid: "7b77c7ab6281499c810382288f2e5e37" member_type: VOTER last_known_addr { host: "127.4.237.193" port: 36165 } } peers { permanent_uuid: "3d68e3875e614e909b5a1cfe15d2ffcb" member_type: VOTER last_known_addr { host: "127.4.237.195" port: 40401 } }
I20260608 12:51:57.775038  8283 ts_tablet_manager.cc:1434] T 9e82e4a9d27840b7ab17c13a26947e19 P 3d68e3875e614e909b5a1cfe15d2ffcb: Time spent starting tablet: real 0.025s	user 0.004s	sys 0.001s
I20260608 12:51:57.758162  8285 tablet_bootstrap.cc:654] T 9e82e4a9d27840b7ab17c13a26947e19 P 8e11e401f52145cbae59b1742cebff8f: Neither blocks nor log segments found. Creating new log.
I20260608 12:51:57.777299  8313 leader_election.cc:290] T 9e82e4a9d27840b7ab17c13a26947e19 P 7b77c7ab6281499c810382288f2e5e37 [CANDIDATE]: Term 1 pre-election: Requested pre-vote from peers 8e11e401f52145cbae59b1742cebff8f (127.4.237.194:45285), 3d68e3875e614e909b5a1cfe15d2ffcb (127.4.237.195:40401)
I20260608 12:51:57.778200  8163 tablet_service.cc:1917] Received RequestConsensusVote() RPC: tablet_id: "9e82e4a9d27840b7ab17c13a26947e19" candidate_uuid: "7b77c7ab6281499c810382288f2e5e37" candidate_term: 1 candidate_status { last_received { term: 0 index: 0 } } ignore_live_leader: false dest_uuid: "8e11e401f52145cbae59b1742cebff8f" is_pre_election: true
I20260608 12:51:57.778918  8284 tablet_bootstrap.cc:492] T 8fe6e86757a2408fa086d5bc86860f3c P 7b77c7ab6281499c810382288f2e5e37: Bootstrap starting.
W20260608 12:51:57.779893  8051 leader_election.cc:343] T 9e82e4a9d27840b7ab17c13a26947e19 P 7b77c7ab6281499c810382288f2e5e37 [CANDIDATE]: Term 1 pre-election: Tablet error from VoteRequest() call to peer 8e11e401f52145cbae59b1742cebff8f (127.4.237.194:45285): Illegal state: must be running to vote when last-logged opid is not known
I20260608 12:51:57.780078  8236 tablet_service.cc:1917] Received RequestConsensusVote() RPC: tablet_id: "9e82e4a9d27840b7ab17c13a26947e19" candidate_uuid: "7b77c7ab6281499c810382288f2e5e37" candidate_term: 1 candidate_status { last_received { term: 0 index: 0 } } ignore_live_leader: false dest_uuid: "3d68e3875e614e909b5a1cfe15d2ffcb" is_pre_election: true
I20260608 12:51:57.780870  8236 raft_consensus.cc:2468] T 9e82e4a9d27840b7ab17c13a26947e19 P 3d68e3875e614e909b5a1cfe15d2ffcb [term 0 FOLLOWER]: Leader pre-election vote request: Granting yes vote for candidate 7b77c7ab6281499c810382288f2e5e37 in term 0.
I20260608 12:51:57.782538  8053 leader_election.cc:304] T 9e82e4a9d27840b7ab17c13a26947e19 P 7b77c7ab6281499c810382288f2e5e37 [CANDIDATE]: Term 1 pre-election: Election decided. Result: candidate won. Election summary: received 3 responses out of 3 voters: 2 yes votes; 1 no votes. yes voters: 3d68e3875e614e909b5a1cfe15d2ffcb, 7b77c7ab6281499c810382288f2e5e37; no voters: 8e11e401f52145cbae59b1742cebff8f
I20260608 12:51:57.783877  8314 raft_consensus.cc:2804] T 9e82e4a9d27840b7ab17c13a26947e19 P 7b77c7ab6281499c810382288f2e5e37 [term 0 FOLLOWER]: Leader pre-election won for term 1
I20260608 12:51:57.784271  8314 raft_consensus.cc:493] T 9e82e4a9d27840b7ab17c13a26947e19 P 7b77c7ab6281499c810382288f2e5e37 [term 0 FOLLOWER]: Starting leader election (no leader contacted us within the election timeout)
I20260608 12:51:57.784641  8314 raft_consensus.cc:3060] T 9e82e4a9d27840b7ab17c13a26947e19 P 7b77c7ab6281499c810382288f2e5e37 [term 0 FOLLOWER]: Advancing to term 1
I20260608 12:51:57.787750  8284 tablet_bootstrap.cc:654] T 8fe6e86757a2408fa086d5bc86860f3c P 7b77c7ab6281499c810382288f2e5e37: Neither blocks nor log segments found. Creating new log.
I20260608 12:51:57.792016  7984 catalog_manager.cc:5696] T d98c90043a2b4eb1a9130e10e2fa25a1 P 3d68e3875e614e909b5a1cfe15d2ffcb reported cstate change: term changed from 0 to 1, leader changed from <none> to 3d68e3875e614e909b5a1cfe15d2ffcb (127.4.237.195). New cstate: current_term: 1 leader_uuid: "3d68e3875e614e909b5a1cfe15d2ffcb" committed_config { opid_index: -1 OBSOLETE_local: false peers { permanent_uuid: "8e11e401f52145cbae59b1742cebff8f" member_type: VOTER last_known_addr { host: "127.4.237.194" port: 45285 } health_report { overall_health: UNKNOWN } } peers { permanent_uuid: "7b77c7ab6281499c810382288f2e5e37" member_type: VOTER last_known_addr { host: "127.4.237.193" port: 36165 } health_report { overall_health: UNKNOWN } } peers { permanent_uuid: "3d68e3875e614e909b5a1cfe15d2ffcb" member_type: VOTER last_known_addr { host: "127.4.237.195" port: 40401 } health_report { overall_health: HEALTHY } } }
I20260608 12:51:57.792882  8314 raft_consensus.cc:515] T 9e82e4a9d27840b7ab17c13a26947e19 P 7b77c7ab6281499c810382288f2e5e37 [term 1 FOLLOWER]: Starting leader election with config: opid_index: -1 OBSOLETE_local: false peers { permanent_uuid: "8e11e401f52145cbae59b1742cebff8f" member_type: VOTER last_known_addr { host: "127.4.237.194" port: 45285 } } peers { permanent_uuid: "7b77c7ab6281499c810382288f2e5e37" member_type: VOTER last_known_addr { host: "127.4.237.193" port: 36165 } } peers { permanent_uuid: "3d68e3875e614e909b5a1cfe15d2ffcb" member_type: VOTER last_known_addr { host: "127.4.237.195" port: 40401 } }
I20260608 12:51:57.796396  8163 tablet_service.cc:1917] Received RequestConsensusVote() RPC: tablet_id: "9e82e4a9d27840b7ab17c13a26947e19" candidate_uuid: "7b77c7ab6281499c810382288f2e5e37" candidate_term: 1 candidate_status { last_received { term: 0 index: 0 } } ignore_live_leader: false dest_uuid: "8e11e401f52145cbae59b1742cebff8f"
I20260608 12:51:57.797749  8236 tablet_service.cc:1917] Received RequestConsensusVote() RPC: tablet_id: "9e82e4a9d27840b7ab17c13a26947e19" candidate_uuid: "7b77c7ab6281499c810382288f2e5e37" candidate_term: 1 candidate_status { last_received { term: 0 index: 0 } } ignore_live_leader: false dest_uuid: "3d68e3875e614e909b5a1cfe15d2ffcb"
W20260608 12:51:57.797991  8051 leader_election.cc:343] T 9e82e4a9d27840b7ab17c13a26947e19 P 7b77c7ab6281499c810382288f2e5e37 [CANDIDATE]: Term 1 election: Tablet error from VoteRequest() call to peer 8e11e401f52145cbae59b1742cebff8f (127.4.237.194:45285): Illegal state: must be running to vote when last-logged opid is not known
I20260608 12:51:57.798337  8236 raft_consensus.cc:3060] T 9e82e4a9d27840b7ab17c13a26947e19 P 3d68e3875e614e909b5a1cfe15d2ffcb [term 0 FOLLOWER]: Advancing to term 1
I20260608 12:51:57.802168  8284 tablet_bootstrap.cc:492] T 8fe6e86757a2408fa086d5bc86860f3c P 7b77c7ab6281499c810382288f2e5e37: No bootstrap required, opened a new log
I20260608 12:51:57.802767  8284 ts_tablet_manager.cc:1403] T 8fe6e86757a2408fa086d5bc86860f3c P 7b77c7ab6281499c810382288f2e5e37: Time spent bootstrapping tablet: real 0.024s	user 0.012s	sys 0.007s
I20260608 12:51:57.806217  8284 raft_consensus.cc:359] T 8fe6e86757a2408fa086d5bc86860f3c P 7b77c7ab6281499c810382288f2e5e37 [term 0 FOLLOWER]: Replica starting. Triggering 0 pending ops. Active config: opid_index: -1 OBSOLETE_local: false peers { permanent_uuid: "8e11e401f52145cbae59b1742cebff8f" member_type: VOTER last_known_addr { host: "127.4.237.194" port: 45285 } } peers { permanent_uuid: "7b77c7ab6281499c810382288f2e5e37" member_type: VOTER last_known_addr { host: "127.4.237.193" port: 36165 } } peers { permanent_uuid: "3d68e3875e614e909b5a1cfe15d2ffcb" member_type: VOTER last_known_addr { host: "127.4.237.195" port: 40401 } }
I20260608 12:51:57.806602  8236 raft_consensus.cc:2468] T 9e82e4a9d27840b7ab17c13a26947e19 P 3d68e3875e614e909b5a1cfe15d2ffcb [term 1 FOLLOWER]: Leader election vote request: Granting yes vote for candidate 7b77c7ab6281499c810382288f2e5e37 in term 1.
I20260608 12:51:57.807001  8284 raft_consensus.cc:385] T 8fe6e86757a2408fa086d5bc86860f3c P 7b77c7ab6281499c810382288f2e5e37 [term 0 FOLLOWER]: Consensus starting up: Expiring failure detector timer to make a prompt election more likely
I20260608 12:51:57.807544  8284 raft_consensus.cc:740] T 8fe6e86757a2408fa086d5bc86860f3c P 7b77c7ab6281499c810382288f2e5e37 [term 0 FOLLOWER]: Becoming Follower/Learner. State: Replica: 7b77c7ab6281499c810382288f2e5e37, State: Initialized, Role: FOLLOWER
I20260608 12:51:57.808100  8053 leader_election.cc:304] T 9e82e4a9d27840b7ab17c13a26947e19 P 7b77c7ab6281499c810382288f2e5e37 [CANDIDATE]: Term 1 election: Election decided. Result: candidate won. Election summary: received 3 responses out of 3 voters: 2 yes votes; 1 no votes. yes voters: 3d68e3875e614e909b5a1cfe15d2ffcb, 7b77c7ab6281499c810382288f2e5e37; no voters: 8e11e401f52145cbae59b1742cebff8f
I20260608 12:51:57.808697  8313 raft_consensus.cc:493] T 99f64a6ba2a148579745f99b38f221d6 P 7b77c7ab6281499c810382288f2e5e37 [term 0 FOLLOWER]: Starting pre-election (no leader contacted us within the election timeout)
I20260608 12:51:57.809181  8291 raft_consensus.cc:2804] T 9e82e4a9d27840b7ab17c13a26947e19 P 7b77c7ab6281499c810382288f2e5e37 [term 1 FOLLOWER]: Leader election won for term 1
I20260608 12:51:57.809247  8313 raft_consensus.cc:515] T 99f64a6ba2a148579745f99b38f221d6 P 7b77c7ab6281499c810382288f2e5e37 [term 0 FOLLOWER]: Starting pre-election with config: opid_index: -1 OBSOLETE_local: false peers { permanent_uuid: "7b77c7ab6281499c810382288f2e5e37" member_type: VOTER last_known_addr { host: "127.4.237.193" port: 36165 } } peers { permanent_uuid: "8e11e401f52145cbae59b1742cebff8f" member_type: VOTER last_known_addr { host: "127.4.237.194" port: 45285 } } peers { permanent_uuid: "3d68e3875e614e909b5a1cfe15d2ffcb" member_type: VOTER last_known_addr { host: "127.4.237.195" port: 40401 } }
I20260608 12:51:57.810161  8291 raft_consensus.cc:697] T 9e82e4a9d27840b7ab17c13a26947e19 P 7b77c7ab6281499c810382288f2e5e37 [term 1 LEADER]: Becoming Leader. State: Replica: 7b77c7ab6281499c810382288f2e5e37, State: Running, Role: LEADER
I20260608 12:51:57.811434  8291 consensus_queue.cc:237] T 9e82e4a9d27840b7ab17c13a26947e19 P 7b77c7ab6281499c810382288f2e5e37 [LEADER]: Queue going to LEADER mode. State: All replicated index: 0, Majority replicated index: 0, Committed index: 0, Last appended: 0.0, Last appended by leader: 0, Current term: 1, Majority size: 2, State: 0, Mode: LEADER, active raft config: opid_index: -1 OBSOLETE_local: false peers { permanent_uuid: "8e11e401f52145cbae59b1742cebff8f" member_type: VOTER last_known_addr { host: "127.4.237.194" port: 45285 } } peers { permanent_uuid: "7b77c7ab6281499c810382288f2e5e37" member_type: VOTER last_known_addr { host: "127.4.237.193" port: 36165 } } peers { permanent_uuid: "3d68e3875e614e909b5a1cfe15d2ffcb" member_type: VOTER last_known_addr { host: "127.4.237.195" port: 40401 } }
I20260608 12:51:57.811976  8313 leader_election.cc:290] T 99f64a6ba2a148579745f99b38f221d6 P 7b77c7ab6281499c810382288f2e5e37 [CANDIDATE]: Term 1 pre-election: Requested pre-vote from peers 8e11e401f52145cbae59b1742cebff8f (127.4.237.194:45285), 3d68e3875e614e909b5a1cfe15d2ffcb (127.4.237.195:40401)
I20260608 12:51:57.813830  8163 tablet_service.cc:1917] Received RequestConsensusVote() RPC: tablet_id: "99f64a6ba2a148579745f99b38f221d6" candidate_uuid: "7b77c7ab6281499c810382288f2e5e37" candidate_term: 1 candidate_status { last_received { term: 0 index: 0 } } ignore_live_leader: false dest_uuid: "8e11e401f52145cbae59b1742cebff8f" is_pre_election: true
I20260608 12:51:57.814323  8235 tablet_service.cc:1917] Received RequestConsensusVote() RPC: tablet_id: "99f64a6ba2a148579745f99b38f221d6" candidate_uuid: "7b77c7ab6281499c810382288f2e5e37" candidate_term: 1 candidate_status { last_received { term: 0 index: 0 } } ignore_live_leader: false dest_uuid: "3d68e3875e614e909b5a1cfe15d2ffcb" is_pre_election: true
I20260608 12:51:57.814585  8163 raft_consensus.cc:2468] T 99f64a6ba2a148579745f99b38f221d6 P 8e11e401f52145cbae59b1742cebff8f [term 0 FOLLOWER]: Leader pre-election vote request: Granting yes vote for candidate 7b77c7ab6281499c810382288f2e5e37 in term 0.
I20260608 12:51:57.813865  8284 consensus_queue.cc:260] T 8fe6e86757a2408fa086d5bc86860f3c P 7b77c7ab6281499c810382288f2e5e37 [NON_LEADER]: Queue going to NON_LEADER mode. State: All replicated index: 0, Majority replicated index: 0, Committed index: 0, Last appended: 0.0, Last appended by leader: 0, Current term: 0, Majority size: -1, State: 0, Mode: NON_LEADER, active raft config: opid_index: -1 OBSOLETE_local: false peers { permanent_uuid: "8e11e401f52145cbae59b1742cebff8f" member_type: VOTER last_known_addr { host: "127.4.237.194" port: 45285 } } peers { permanent_uuid: "7b77c7ab6281499c810382288f2e5e37" member_type: VOTER last_known_addr { host: "127.4.237.193" port: 36165 } } peers { permanent_uuid: "3d68e3875e614e909b5a1cfe15d2ffcb" member_type: VOTER last_known_addr { host: "127.4.237.195" port: 40401 } }
I20260608 12:51:57.815009  8235 raft_consensus.cc:2468] T 99f64a6ba2a148579745f99b38f221d6 P 3d68e3875e614e909b5a1cfe15d2ffcb [term 0 FOLLOWER]: Leader pre-election vote request: Granting yes vote for candidate 7b77c7ab6281499c810382288f2e5e37 in term 0.
I20260608 12:51:57.816175  8051 leader_election.cc:304] T 99f64a6ba2a148579745f99b38f221d6 P 7b77c7ab6281499c810382288f2e5e37 [CANDIDATE]: Term 1 pre-election: Election decided. Result: candidate won. Election summary: received 2 responses out of 3 voters: 2 yes votes; 0 no votes. yes voters: 7b77c7ab6281499c810382288f2e5e37, 8e11e401f52145cbae59b1742cebff8f; no voters: 
I20260608 12:51:57.817215  8313 raft_consensus.cc:2804] T 99f64a6ba2a148579745f99b38f221d6 P 7b77c7ab6281499c810382288f2e5e37 [term 0 FOLLOWER]: Leader pre-election won for term 1
I20260608 12:51:57.817613  8284 ts_tablet_manager.cc:1434] T 8fe6e86757a2408fa086d5bc86860f3c P 7b77c7ab6281499c810382288f2e5e37: Time spent starting tablet: real 0.015s	user 0.004s	sys 0.005s
I20260608 12:51:57.817598  8313 raft_consensus.cc:493] T 99f64a6ba2a148579745f99b38f221d6 P 7b77c7ab6281499c810382288f2e5e37 [term 0 FOLLOWER]: Starting leader election (no leader contacted us within the election timeout)
I20260608 12:51:57.818653  8313 raft_consensus.cc:3060] T 99f64a6ba2a148579745f99b38f221d6 P 7b77c7ab6281499c810382288f2e5e37 [term 0 FOLLOWER]: Advancing to term 1
I20260608 12:51:57.819312  8314 leader_election.cc:290] T 9e82e4a9d27840b7ab17c13a26947e19 P 7b77c7ab6281499c810382288f2e5e37 [CANDIDATE]: Term 1 election: Requested vote from peers 8e11e401f52145cbae59b1742cebff8f (127.4.237.194:45285), 3d68e3875e614e909b5a1cfe15d2ffcb (127.4.237.195:40401)
I20260608 12:51:57.822973  8284 tablet_bootstrap.cc:492] T 4076388177914ac89f15312fbc5f04ac P 7b77c7ab6281499c810382288f2e5e37: Bootstrap starting.
I20260608 12:51:57.833731  8284 tablet_bootstrap.cc:654] T 4076388177914ac89f15312fbc5f04ac P 7b77c7ab6281499c810382288f2e5e37: Neither blocks nor log segments found. Creating new log.
I20260608 12:51:57.839519  8285 tablet_bootstrap.cc:492] T 9e82e4a9d27840b7ab17c13a26947e19 P 8e11e401f52145cbae59b1742cebff8f: No bootstrap required, opened a new log
I20260608 12:51:57.840166  8285 ts_tablet_manager.cc:1403] T 9e82e4a9d27840b7ab17c13a26947e19 P 8e11e401f52145cbae59b1742cebff8f: Time spent bootstrapping tablet: real 0.131s	user 0.031s	sys 0.027s
I20260608 12:51:57.840272  8313 raft_consensus.cc:515] T 99f64a6ba2a148579745f99b38f221d6 P 7b77c7ab6281499c810382288f2e5e37 [term 1 FOLLOWER]: Starting leader election with config: opid_index: -1 OBSOLETE_local: false peers { permanent_uuid: "7b77c7ab6281499c810382288f2e5e37" member_type: VOTER last_known_addr { host: "127.4.237.193" port: 36165 } } peers { permanent_uuid: "8e11e401f52145cbae59b1742cebff8f" member_type: VOTER last_known_addr { host: "127.4.237.194" port: 45285 } } peers { permanent_uuid: "3d68e3875e614e909b5a1cfe15d2ffcb" member_type: VOTER last_known_addr { host: "127.4.237.195" port: 40401 } }
I20260608 12:51:57.841465  8284 tablet_bootstrap.cc:492] T 4076388177914ac89f15312fbc5f04ac P 7b77c7ab6281499c810382288f2e5e37: No bootstrap required, opened a new log
I20260608 12:51:57.841995  8284 ts_tablet_manager.cc:1403] T 4076388177914ac89f15312fbc5f04ac P 7b77c7ab6281499c810382288f2e5e37: Time spent bootstrapping tablet: real 0.019s	user 0.012s	sys 0.000s
I20260608 12:51:57.842871  8313 leader_election.cc:290] T 99f64a6ba2a148579745f99b38f221d6 P 7b77c7ab6281499c810382288f2e5e37 [CANDIDATE]: Term 1 election: Requested vote from peers 8e11e401f52145cbae59b1742cebff8f (127.4.237.194:45285), 3d68e3875e614e909b5a1cfe15d2ffcb (127.4.237.195:40401)
I20260608 12:51:57.843792  8163 tablet_service.cc:1917] Received RequestConsensusVote() RPC: tablet_id: "99f64a6ba2a148579745f99b38f221d6" candidate_uuid: "7b77c7ab6281499c810382288f2e5e37" candidate_term: 1 candidate_status { last_received { term: 0 index: 0 } } ignore_live_leader: false dest_uuid: "8e11e401f52145cbae59b1742cebff8f"
I20260608 12:51:57.844372  8163 raft_consensus.cc:3060] T 99f64a6ba2a148579745f99b38f221d6 P 8e11e401f52145cbae59b1742cebff8f [term 0 FOLLOWER]: Advancing to term 1
I20260608 12:51:57.844390  8236 tablet_service.cc:1917] Received RequestConsensusVote() RPC: tablet_id: "99f64a6ba2a148579745f99b38f221d6" candidate_uuid: "7b77c7ab6281499c810382288f2e5e37" candidate_term: 1 candidate_status { last_received { term: 0 index: 0 } } ignore_live_leader: false dest_uuid: "3d68e3875e614e909b5a1cfe15d2ffcb"
I20260608 12:51:57.844933  8284 raft_consensus.cc:359] T 4076388177914ac89f15312fbc5f04ac P 7b77c7ab6281499c810382288f2e5e37 [term 0 FOLLOWER]: Replica starting. Triggering 0 pending ops. Active config: opid_index: -1 OBSOLETE_local: false peers { permanent_uuid: "8e11e401f52145cbae59b1742cebff8f" member_type: VOTER last_known_addr { host: "127.4.237.194" port: 45285 } } peers { permanent_uuid: "7b77c7ab6281499c810382288f2e5e37" member_type: VOTER last_known_addr { host: "127.4.237.193" port: 36165 } } peers { permanent_uuid: "3d68e3875e614e909b5a1cfe15d2ffcb" member_type: VOTER last_known_addr { host: "127.4.237.195" port: 40401 } }
I20260608 12:51:57.845247  8236 raft_consensus.cc:3060] T 99f64a6ba2a148579745f99b38f221d6 P 3d68e3875e614e909b5a1cfe15d2ffcb [term 0 FOLLOWER]: Advancing to term 1
I20260608 12:51:57.845651  8284 raft_consensus.cc:385] T 4076388177914ac89f15312fbc5f04ac P 7b77c7ab6281499c810382288f2e5e37 [term 0 FOLLOWER]: Consensus starting up: Expiring failure detector timer to make a prompt election more likely
I20260608 12:51:57.845978  8284 raft_consensus.cc:740] T 4076388177914ac89f15312fbc5f04ac P 7b77c7ab6281499c810382288f2e5e37 [term 0 FOLLOWER]: Becoming Follower/Learner. State: Replica: 7b77c7ab6281499c810382288f2e5e37, State: Initialized, Role: FOLLOWER
I20260608 12:51:57.846788  8284 consensus_queue.cc:260] T 4076388177914ac89f15312fbc5f04ac P 7b77c7ab6281499c810382288f2e5e37 [NON_LEADER]: Queue going to NON_LEADER mode. State: All replicated index: 0, Majority replicated index: 0, Committed index: 0, Last appended: 0.0, Last appended by leader: 0, Current term: 0, Majority size: -1, State: 0, Mode: NON_LEADER, active raft config: opid_index: -1 OBSOLETE_local: false peers { permanent_uuid: "8e11e401f52145cbae59b1742cebff8f" member_type: VOTER last_known_addr { host: "127.4.237.194" port: 45285 } } peers { permanent_uuid: "7b77c7ab6281499c810382288f2e5e37" member_type: VOTER last_known_addr { host: "127.4.237.193" port: 36165 } } peers { permanent_uuid: "3d68e3875e614e909b5a1cfe15d2ffcb" member_type: VOTER last_known_addr { host: "127.4.237.195" port: 40401 } }
I20260608 12:51:57.847540  7986 catalog_manager.cc:5696] T 9e82e4a9d27840b7ab17c13a26947e19 P 7b77c7ab6281499c810382288f2e5e37 reported cstate change: term changed from 0 to 1, leader changed from <none> to 7b77c7ab6281499c810382288f2e5e37 (127.4.237.193). New cstate: current_term: 1 leader_uuid: "7b77c7ab6281499c810382288f2e5e37" committed_config { opid_index: -1 OBSOLETE_local: false peers { permanent_uuid: "8e11e401f52145cbae59b1742cebff8f" member_type: VOTER last_known_addr { host: "127.4.237.194" port: 45285 } health_report { overall_health: UNKNOWN } } peers { permanent_uuid: "7b77c7ab6281499c810382288f2e5e37" member_type: VOTER last_known_addr { host: "127.4.237.193" port: 36165 } health_report { overall_health: HEALTHY } } peers { permanent_uuid: "3d68e3875e614e909b5a1cfe15d2ffcb" member_type: VOTER last_known_addr { host: "127.4.237.195" port: 40401 } health_report { overall_health: UNKNOWN } } }
I20260608 12:51:57.848925  8284 ts_tablet_manager.cc:1434] T 4076388177914ac89f15312fbc5f04ac P 7b77c7ab6281499c810382288f2e5e37: Time spent starting tablet: real 0.007s	user 0.007s	sys 0.001s
I20260608 12:51:57.848251  8285 raft_consensus.cc:359] T 9e82e4a9d27840b7ab17c13a26947e19 P 8e11e401f52145cbae59b1742cebff8f [term 0 FOLLOWER]: Replica starting. Triggering 0 pending ops. Active config: opid_index: -1 OBSOLETE_local: false peers { permanent_uuid: "8e11e401f52145cbae59b1742cebff8f" member_type: VOTER last_known_addr { host: "127.4.237.194" port: 45285 } } peers { permanent_uuid: "7b77c7ab6281499c810382288f2e5e37" member_type: VOTER last_known_addr { host: "127.4.237.193" port: 36165 } } peers { permanent_uuid: "3d68e3875e614e909b5a1cfe15d2ffcb" member_type: VOTER last_known_addr { host: "127.4.237.195" port: 40401 } }
I20260608 12:51:57.849366  7986 catalog_manager.cc:5696] T e5c336cfefd44674b2e19273b4e32abb P 7b77c7ab6281499c810382288f2e5e37 reported cstate change: term changed from 0 to 1, leader changed from <none> to 7b77c7ab6281499c810382288f2e5e37 (127.4.237.193). New cstate: current_term: 1 leader_uuid: "7b77c7ab6281499c810382288f2e5e37" committed_config { opid_index: -1 OBSOLETE_local: false peers { permanent_uuid: "7b77c7ab6281499c810382288f2e5e37" member_type: VOTER last_known_addr { host: "127.4.237.193" port: 36165 } health_report { overall_health: HEALTHY } } peers { permanent_uuid: "8e11e401f52145cbae59b1742cebff8f" member_type: VOTER last_known_addr { host: "127.4.237.194" port: 45285 } health_report { overall_health: UNKNOWN } } peers { permanent_uuid: "3d68e3875e614e909b5a1cfe15d2ffcb" member_type: VOTER last_known_addr { host: "127.4.237.195" port: 40401 } health_report { overall_health: UNKNOWN } } }
I20260608 12:51:57.850456  8285 raft_consensus.cc:385] T 9e82e4a9d27840b7ab17c13a26947e19 P 8e11e401f52145cbae59b1742cebff8f [term 0 FOLLOWER]: Consensus starting up: Expiring failure detector timer to make a prompt election more likely
I20260608 12:51:57.850821  8285 raft_consensus.cc:740] T 9e82e4a9d27840b7ab17c13a26947e19 P 8e11e401f52145cbae59b1742cebff8f [term 0 FOLLOWER]: Becoming Follower/Learner. State: Replica: 8e11e401f52145cbae59b1742cebff8f, State: Initialized, Role: FOLLOWER
I20260608 12:51:57.851310  7986 catalog_manager.cc:5696] T 485e5d26975f466ba749de17b2cba249 P 7b77c7ab6281499c810382288f2e5e37 reported cstate change: term changed from 0 to 1, leader changed from <none> to 7b77c7ab6281499c810382288f2e5e37 (127.4.237.193). New cstate: current_term: 1 leader_uuid: "7b77c7ab6281499c810382288f2e5e37" committed_config { opid_index: -1 OBSOLETE_local: false peers { permanent_uuid: "7b77c7ab6281499c810382288f2e5e37" member_type: VOTER last_known_addr { host: "127.4.237.193" port: 36165 } health_report { overall_health: HEALTHY } } peers { permanent_uuid: "8e11e401f52145cbae59b1742cebff8f" member_type: VOTER last_known_addr { host: "127.4.237.194" port: 45285 } health_report { overall_health: UNKNOWN } } peers { permanent_uuid: "3d68e3875e614e909b5a1cfe15d2ffcb" member_type: VOTER last_known_addr { host: "127.4.237.195" port: 40401 } health_report { overall_health: UNKNOWN } } }
I20260608 12:51:57.851644  8285 consensus_queue.cc:260] T 9e82e4a9d27840b7ab17c13a26947e19 P 8e11e401f52145cbae59b1742cebff8f [NON_LEADER]: Queue going to NON_LEADER mode. State: All replicated index: 0, Majority replicated index: 0, Committed index: 0, Last appended: 0.0, Last appended by leader: 0, Current term: 0, Majority size: -1, State: 0, Mode: NON_LEADER, active raft config: opid_index: -1 OBSOLETE_local: false peers { permanent_uuid: "8e11e401f52145cbae59b1742cebff8f" member_type: VOTER last_known_addr { host: "127.4.237.194" port: 45285 } } peers { permanent_uuid: "7b77c7ab6281499c810382288f2e5e37" member_type: VOTER last_known_addr { host: "127.4.237.193" port: 36165 } } peers { permanent_uuid: "3d68e3875e614e909b5a1cfe15d2ffcb" member_type: VOTER last_known_addr { host: "127.4.237.195" port: 40401 } }
I20260608 12:51:57.852355  8236 raft_consensus.cc:2468] T 99f64a6ba2a148579745f99b38f221d6 P 3d68e3875e614e909b5a1cfe15d2ffcb [term 1 FOLLOWER]: Leader election vote request: Granting yes vote for candidate 7b77c7ab6281499c810382288f2e5e37 in term 1.
I20260608 12:51:57.853667  8053 leader_election.cc:304] T 99f64a6ba2a148579745f99b38f221d6 P 7b77c7ab6281499c810382288f2e5e37 [CANDIDATE]: Term 1 election: Election decided. Result: candidate won. Election summary: received 2 responses out of 3 voters: 2 yes votes; 0 no votes. yes voters: 3d68e3875e614e909b5a1cfe15d2ffcb, 7b77c7ab6281499c810382288f2e5e37; no voters: 
I20260608 12:51:57.854279  8285 ts_tablet_manager.cc:1434] T 9e82e4a9d27840b7ab17c13a26947e19 P 8e11e401f52145cbae59b1742cebff8f: Time spent starting tablet: real 0.014s	user 0.003s	sys 0.003s
I20260608 12:51:57.854210  8163 raft_consensus.cc:2468] T 99f64a6ba2a148579745f99b38f221d6 P 8e11e401f52145cbae59b1742cebff8f [term 1 FOLLOWER]: Leader election vote request: Granting yes vote for candidate 7b77c7ab6281499c810382288f2e5e37 in term 1.
I20260608 12:51:57.854758  8313 raft_consensus.cc:2804] T 99f64a6ba2a148579745f99b38f221d6 P 7b77c7ab6281499c810382288f2e5e37 [term 1 FOLLOWER]: Leader election won for term 1
I20260608 12:51:57.855525  8285 tablet_bootstrap.cc:492] T 8fe6e86757a2408fa086d5bc86860f3c P 8e11e401f52145cbae59b1742cebff8f: Bootstrap starting.
I20260608 12:51:57.855861  8313 raft_consensus.cc:697] T 99f64a6ba2a148579745f99b38f221d6 P 7b77c7ab6281499c810382288f2e5e37 [term 1 LEADER]: Becoming Leader. State: Replica: 7b77c7ab6281499c810382288f2e5e37, State: Running, Role: LEADER
I20260608 12:51:57.854926  8289 raft_consensus.cc:493] T 8fe6e86757a2408fa086d5bc86860f3c P 3d68e3875e614e909b5a1cfe15d2ffcb [term 0 FOLLOWER]: Starting pre-election (no leader contacted us within the election timeout)
I20260608 12:51:57.856788  8313 consensus_queue.cc:237] T 99f64a6ba2a148579745f99b38f221d6 P 7b77c7ab6281499c810382288f2e5e37 [LEADER]: Queue going to LEADER mode. State: All replicated index: 0, Majority replicated index: 0, Committed index: 0, Last appended: 0.0, Last appended by leader: 0, Current term: 1, Majority size: 2, State: 0, Mode: LEADER, active raft config: opid_index: -1 OBSOLETE_local: false peers { permanent_uuid: "7b77c7ab6281499c810382288f2e5e37" member_type: VOTER last_known_addr { host: "127.4.237.193" port: 36165 } } peers { permanent_uuid: "8e11e401f52145cbae59b1742cebff8f" member_type: VOTER last_known_addr { host: "127.4.237.194" port: 45285 } } peers { permanent_uuid: "3d68e3875e614e909b5a1cfe15d2ffcb" member_type: VOTER last_known_addr { host: "127.4.237.195" port: 40401 } }
I20260608 12:51:57.857456  8289 raft_consensus.cc:515] T 8fe6e86757a2408fa086d5bc86860f3c P 3d68e3875e614e909b5a1cfe15d2ffcb [term 0 FOLLOWER]: Starting pre-election with config: opid_index: -1 OBSOLETE_local: false peers { permanent_uuid: "8e11e401f52145cbae59b1742cebff8f" member_type: VOTER last_known_addr { host: "127.4.237.194" port: 45285 } } peers { permanent_uuid: "7b77c7ab6281499c810382288f2e5e37" member_type: VOTER last_known_addr { host: "127.4.237.193" port: 36165 } } peers { permanent_uuid: "3d68e3875e614e909b5a1cfe15d2ffcb" member_type: VOTER last_known_addr { host: "127.4.237.195" port: 40401 } }
I20260608 12:51:57.859724  8289 leader_election.cc:290] T 8fe6e86757a2408fa086d5bc86860f3c P 3d68e3875e614e909b5a1cfe15d2ffcb [CANDIDATE]: Term 1 pre-election: Requested pre-vote from peers 8e11e401f52145cbae59b1742cebff8f (127.4.237.194:45285), 7b77c7ab6281499c810382288f2e5e37 (127.4.237.193:36165)
I20260608 12:51:57.862350  8088 tablet_service.cc:1917] Received RequestConsensusVote() RPC: tablet_id: "8fe6e86757a2408fa086d5bc86860f3c" candidate_uuid: "3d68e3875e614e909b5a1cfe15d2ffcb" candidate_term: 1 candidate_status { last_received { term: 0 index: 0 } } ignore_live_leader: false dest_uuid: "7b77c7ab6281499c810382288f2e5e37" is_pre_election: true
I20260608 12:51:57.863029  8088 raft_consensus.cc:2468] T 8fe6e86757a2408fa086d5bc86860f3c P 7b77c7ab6281499c810382288f2e5e37 [term 0 FOLLOWER]: Leader pre-election vote request: Granting yes vote for candidate 3d68e3875e614e909b5a1cfe15d2ffcb in term 0.
I20260608 12:51:57.864392  8201 leader_election.cc:304] T 8fe6e86757a2408fa086d5bc86860f3c P 3d68e3875e614e909b5a1cfe15d2ffcb [CANDIDATE]: Term 1 pre-election: Election decided. Result: candidate won. Election summary: received 2 responses out of 3 voters: 2 yes votes; 0 no votes. yes voters: 3d68e3875e614e909b5a1cfe15d2ffcb, 7b77c7ab6281499c810382288f2e5e37; no voters: 
I20260608 12:51:57.864671  8163 tablet_service.cc:1917] Received RequestConsensusVote() RPC: tablet_id: "8fe6e86757a2408fa086d5bc86860f3c" candidate_uuid: "3d68e3875e614e909b5a1cfe15d2ffcb" candidate_term: 1 candidate_status { last_received { term: 0 index: 0 } } ignore_live_leader: false dest_uuid: "8e11e401f52145cbae59b1742cebff8f" is_pre_election: true
