I20260608 12:51:54.181968  8425 raft_consensus.cc:359] T 41911fef3a7349b1b251e4d7f292994c P 3ba70b29b28d42a497121b2f2073e9cc [term 1 LEARNER]: Replica starting. Triggering 0 pending ops. Active config: opid_index: 2 OBSOLETE_local: false peers { permanent_uuid: "c1b5060f95ae43c7a93c303a7bf4ebd4" member_type: VOTER last_known_addr { host: "127.4.194.68" port: 33225 } attrs { replace: true } } peers { permanent_uuid: "04c72a0f62c445e6a3d63ff3dda4a609" member_type: VOTER last_known_addr { host: "127.4.194.67" port: 40265 } } peers { permanent_uuid: "a86fe0e0addc494fae6a737b597d727a" member_type: VOTER last_known_addr { host: "127.4.194.65" port: 39351 } } peers { permanent_uuid: "3ba70b29b28d42a497121b2f2073e9cc" member_type: NON_VOTER last_known_addr { host: "127.4.194.66" port: 41339 } attrs { promote: true } }
I20260608 12:51:54.182801  8425 raft_consensus.cc:740] T 41911fef3a7349b1b251e4d7f292994c P 3ba70b29b28d42a497121b2f2073e9cc [term 1 LEARNER]: Becoming Follower/Learner. State: Replica: 3ba70b29b28d42a497121b2f2073e9cc, State: Initialized, Role: LEARNER
I20260608 12:51:54.183509  8425 consensus_queue.cc:260] T 41911fef3a7349b1b251e4d7f292994c P 3ba70b29b28d42a497121b2f2073e9cc [NON_LEADER]: Queue going to NON_LEADER mode. State: All replicated index: 0, Majority replicated index: 0, Committed index: 2, Last appended: 1.2, Last appended by leader: 2, Current term: 0, Majority size: -1, State: 0, Mode: NON_LEADER, active raft config: opid_index: 2 OBSOLETE_local: false peers { permanent_uuid: "c1b5060f95ae43c7a93c303a7bf4ebd4" member_type: VOTER last_known_addr { host: "127.4.194.68" port: 33225 } attrs { replace: true } } peers { permanent_uuid: "04c72a0f62c445e6a3d63ff3dda4a609" member_type: VOTER last_known_addr { host: "127.4.194.67" port: 40265 } } peers { permanent_uuid: "a86fe0e0addc494fae6a737b597d727a" member_type: VOTER last_known_addr { host: "127.4.194.65" port: 39351 } } peers { permanent_uuid: "3ba70b29b28d42a497121b2f2073e9cc" member_type: NON_VOTER last_known_addr { host: "127.4.194.66" port: 41339 } attrs { promote: true } }
I20260608 12:51:54.187184  8425 ts_tablet_manager.cc:1434] T 41911fef3a7349b1b251e4d7f292994c P 3ba70b29b28d42a497121b2f2073e9cc: Time spent starting tablet: real 0.008s	user 0.005s	sys 0.000s
I20260608 12:51:54.188977  7847 tablet_copy_service.cc:342] P a86fe0e0addc494fae6a737b597d727a: Request end of tablet copy session 3ba70b29b28d42a497121b2f2073e9cc-41911fef3a7349b1b251e4d7f292994c received from {username='slave'} at 127.0.0.1:39742
I20260608 12:51:54.189424  7847 tablet_copy_service.cc:434] P a86fe0e0addc494fae6a737b597d727a: ending tablet copy session 3ba70b29b28d42a497121b2f2073e9cc-41911fef3a7349b1b251e4d7f292994c on tablet 41911fef3a7349b1b251e4d7f292994c with peer 3ba70b29b28d42a497121b2f2073e9cc
I20260608 12:51:54.222412  8428 ts_tablet_manager.cc:933] T 5ebf6210a24c4391a9375f5a7753ce05 P c1b5060f95ae43c7a93c303a7bf4ebd4: Initiating tablet copy from peer 04c72a0f62c445e6a3d63ff3dda4a609 (127.4.194.67:40265)
I20260608 12:51:54.224159  8428 tablet_copy_client.cc:323] T 5ebf6210a24c4391a9375f5a7753ce05 P c1b5060f95ae43c7a93c303a7bf4ebd4: tablet copy: Beginning tablet copy session from remote peer at address 127.4.194.67:40265
I20260608 12:51:54.225706  7996 tablet_copy_service.cc:140] P 04c72a0f62c445e6a3d63ff3dda4a609: Received BeginTabletCopySession request for tablet 5ebf6210a24c4391a9375f5a7753ce05 from peer c1b5060f95ae43c7a93c303a7bf4ebd4 ({username='slave'} at 127.0.0.1:37368)
I20260608 12:51:54.226133  7996 tablet_copy_service.cc:161] P 04c72a0f62c445e6a3d63ff3dda4a609: Beginning new tablet copy session on tablet 5ebf6210a24c4391a9375f5a7753ce05 from peer c1b5060f95ae43c7a93c303a7bf4ebd4 at {username='slave'} at 127.0.0.1:37368: session id = c1b5060f95ae43c7a93c303a7bf4ebd4-5ebf6210a24c4391a9375f5a7753ce05
I20260608 12:51:54.231153  7996 tablet_copy_source_session.cc:215] T 5ebf6210a24c4391a9375f5a7753ce05 P 04c72a0f62c445e6a3d63ff3dda4a609: Tablet Copy: opened 0 blocks and 1 log segments
I20260608 12:51:54.234146  8428 data_dirs.cc:400] Could only allocate 1 dirs of requested 3 for tablet 5ebf6210a24c4391a9375f5a7753ce05. 1 dirs total, 0 dirs full, 0 dirs failed
I20260608 12:51:54.251148  8428 tablet_copy_client.cc:806] T 5ebf6210a24c4391a9375f5a7753ce05 P c1b5060f95ae43c7a93c303a7bf4ebd4: tablet copy: Starting download of 0 data blocks...
I20260608 12:51:54.251863  8428 tablet_copy_client.cc:670] T 5ebf6210a24c4391a9375f5a7753ce05 P c1b5060f95ae43c7a93c303a7bf4ebd4: tablet copy: Starting download of 1 WAL segments...
I20260608 12:51:54.255427  8428 tablet_copy_client.cc:538] T 5ebf6210a24c4391a9375f5a7753ce05 P c1b5060f95ae43c7a93c303a7bf4ebd4: tablet copy: Tablet Copy complete. Replacing tablet superblock.
I20260608 12:51:54.264845  8428 tablet_bootstrap.cc:492] T 5ebf6210a24c4391a9375f5a7753ce05 P c1b5060f95ae43c7a93c303a7bf4ebd4: Bootstrap starting.
I20260608 12:51:54.287336  8428 tablet_bootstrap.cc:492] T 5ebf6210a24c4391a9375f5a7753ce05 P c1b5060f95ae43c7a93c303a7bf4ebd4: Bootstrap replayed 1/1 log segments. Stats: ops{read=3 overwritten=0 applied=3 ignored=0} inserts{seen=0 ignored=0} mutations{seen=0 ignored=0} orphaned_commits=0. Pending: 0 replicates
I20260608 12:51:54.288093  8428 tablet_bootstrap.cc:492] T 5ebf6210a24c4391a9375f5a7753ce05 P c1b5060f95ae43c7a93c303a7bf4ebd4: Bootstrap complete.
I20260608 12:51:54.288646  8428 ts_tablet_manager.cc:1403] T 5ebf6210a24c4391a9375f5a7753ce05 P c1b5060f95ae43c7a93c303a7bf4ebd4: Time spent bootstrapping tablet: real 0.024s	user 0.012s	sys 0.011s
I20260608 12:51:54.290927  8428 raft_consensus.cc:359] T 5ebf6210a24c4391a9375f5a7753ce05 P c1b5060f95ae43c7a93c303a7bf4ebd4 [term 2 LEARNER]: Replica starting. Triggering 0 pending ops. Active config: opid_index: 3 OBSOLETE_local: false peers { permanent_uuid: "a86fe0e0addc494fae6a737b597d727a" member_type: VOTER last_known_addr { host: "127.4.194.65" port: 39351 } } peers { permanent_uuid: "3ba70b29b28d42a497121b2f2073e9cc" member_type: VOTER last_known_addr { host: "127.4.194.66" port: 41339 } attrs { replace: true } } peers { permanent_uuid: "04c72a0f62c445e6a3d63ff3dda4a609" member_type: VOTER last_known_addr { host: "127.4.194.67" port: 40265 } } peers { permanent_uuid: "c1b5060f95ae43c7a93c303a7bf4ebd4" member_type: NON_VOTER last_known_addr { host: "127.4.194.68" port: 33225 } attrs { promote: true } }
I20260608 12:51:54.291643  8428 raft_consensus.cc:740] T 5ebf6210a24c4391a9375f5a7753ce05 P c1b5060f95ae43c7a93c303a7bf4ebd4 [term 2 LEARNER]: Becoming Follower/Learner. State: Replica: c1b5060f95ae43c7a93c303a7bf4ebd4, State: Initialized, Role: LEARNER
I20260608 12:51:54.292218  8428 consensus_queue.cc:260] T 5ebf6210a24c4391a9375f5a7753ce05 P c1b5060f95ae43c7a93c303a7bf4ebd4 [NON_LEADER]: Queue going to NON_LEADER mode. State: All replicated index: 0, Majority replicated index: 0, Committed index: 3, Last appended: 2.3, Last appended by leader: 3, Current term: 0, Majority size: -1, State: 0, Mode: NON_LEADER, active raft config: opid_index: 3 OBSOLETE_local: false peers { permanent_uuid: "a86fe0e0addc494fae6a737b597d727a" member_type: VOTER last_known_addr { host: "127.4.194.65" port: 39351 } } peers { permanent_uuid: "3ba70b29b28d42a497121b2f2073e9cc" member_type: VOTER last_known_addr { host: "127.4.194.66" port: 41339 } attrs { replace: true } } peers { permanent_uuid: "04c72a0f62c445e6a3d63ff3dda4a609" member_type: VOTER last_known_addr { host: "127.4.194.67" port: 40265 } } peers { permanent_uuid: "c1b5060f95ae43c7a93c303a7bf4ebd4" member_type: NON_VOTER last_known_addr { host: "127.4.194.68" port: 33225 } attrs { promote: true } }
I20260608 12:51:54.294083  8428 ts_tablet_manager.cc:1434] T 5ebf6210a24c4391a9375f5a7753ce05 P c1b5060f95ae43c7a93c303a7bf4ebd4: Time spent starting tablet: real 0.005s	user 0.004s	sys 0.000s
I20260608 12:51:54.295979  7996 tablet_copy_service.cc:342] P 04c72a0f62c445e6a3d63ff3dda4a609: Request end of tablet copy session c1b5060f95ae43c7a93c303a7bf4ebd4-5ebf6210a24c4391a9375f5a7753ce05 received from {username='slave'} at 127.0.0.1:37368
I20260608 12:51:54.296518  7996 tablet_copy_service.cc:434] P 04c72a0f62c445e6a3d63ff3dda4a609: ending tablet copy session c1b5060f95ae43c7a93c303a7bf4ebd4-5ebf6210a24c4391a9375f5a7753ce05 on tablet 5ebf6210a24c4391a9375f5a7753ce05 with peer c1b5060f95ae43c7a93c303a7bf4ebd4
I20260608 12:51:54.550752  7986 raft_consensus.cc:1275] T 3284f75c4d654d4e9f6b558edc214c4d P 04c72a0f62c445e6a3d63ff3dda4a609 [term 2 FOLLOWER]: Refusing update from remote peer c1b5060f95ae43c7a93c303a7bf4ebd4: Log matching property violated. Preceding OpId in replica: term: 1 index: 1. Preceding OpId from leader: term: 2 index: 2. (index mismatch)
I20260608 12:51:54.552634  8378 consensus_queue.cc:1048] T 3284f75c4d654d4e9f6b558edc214c4d P c1b5060f95ae43c7a93c303a7bf4ebd4 [LEADER]: Connected to new peer: Peer: permanent_uuid: "04c72a0f62c445e6a3d63ff3dda4a609" member_type: VOTER last_known_addr { host: "127.4.194.67" port: 40265 }, Status: LMP_MISMATCH, Last received: 0.0, Next index: 2, Last known committed idx: 1, Time since last communication: 0.001s
I20260608 12:51:54.567824  7836 raft_consensus.cc:1275] T 3284f75c4d654d4e9f6b558edc214c4d P a86fe0e0addc494fae6a737b597d727a [term 2 FOLLOWER]: Refusing update from remote peer c1b5060f95ae43c7a93c303a7bf4ebd4: Log matching property violated. Preceding OpId in replica: term: 1 index: 1. Preceding OpId from leader: term: 2 index: 2. (index mismatch)
I20260608 12:51:54.575374  8423 consensus_queue.cc:1048] T 3284f75c4d654d4e9f6b558edc214c4d P c1b5060f95ae43c7a93c303a7bf4ebd4 [LEADER]: Connected to new peer: Peer: permanent_uuid: "a86fe0e0addc494fae6a737b597d727a" member_type: VOTER last_known_addr { host: "127.4.194.65" port: 39351 }, Status: LMP_MISMATCH, Last received: 0.0, Next index: 2, Last known committed idx: 1, Time since last communication: 0.001s
I20260608 12:51:54.624037  7912 raft_consensus.cc:1217] T 41911fef3a7349b1b251e4d7f292994c P 3ba70b29b28d42a497121b2f2073e9cc [term 1 LEARNER]: Deduplicated request from leader. Original: 1.1->[1.2-1.2]   Dedup: 1.2->[]
I20260608 12:51:54.800665  8142 raft_consensus.cc:1217] T 5ebf6210a24c4391a9375f5a7753ce05 P c1b5060f95ae43c7a93c303a7bf4ebd4 [term 2 LEARNER]: Deduplicated request from leader. Original: 2.2->[2.3-2.3]   Dedup: 2.3->[]
I20260608 12:51:55.158743  8332 raft_consensus.cc:1064] T 41911fef3a7349b1b251e4d7f292994c P a86fe0e0addc494fae6a737b597d727a: attempting to promote NON_VOTER 3ba70b29b28d42a497121b2f2073e9cc to VOTER
I20260608 12:51:55.161569  8332 consensus_queue.cc:237] T 41911fef3a7349b1b251e4d7f292994c P a86fe0e0addc494fae6a737b597d727a [LEADER]: Queue going to LEADER mode. State: All replicated index: 0, Majority replicated index: 2, Committed index: 2, Last appended: 1.2, Last appended by leader: 0, Current term: 1, Majority size: 3, State: 0, Mode: LEADER, active raft config: opid_index: 3 OBSOLETE_local: false peers { permanent_uuid: "c1b5060f95ae43c7a93c303a7bf4ebd4" member_type: VOTER last_known_addr { host: "127.4.194.68" port: 33225 } attrs { replace: true } } peers { permanent_uuid: "04c72a0f62c445e6a3d63ff3dda4a609" member_type: VOTER last_known_addr { host: "127.4.194.67" port: 40265 } } peers { permanent_uuid: "a86fe0e0addc494fae6a737b597d727a" member_type: VOTER last_known_addr { host: "127.4.194.65" port: 39351 } } peers { permanent_uuid: "3ba70b29b28d42a497121b2f2073e9cc" member_type: VOTER last_known_addr { host: "127.4.194.66" port: 41339 } attrs { promote: false } }
I20260608 12:51:55.170109  7986 raft_consensus.cc:1275] T 41911fef3a7349b1b251e4d7f292994c P 04c72a0f62c445e6a3d63ff3dda4a609 [term 1 FOLLOWER]: Refusing update from remote peer a86fe0e0addc494fae6a737b597d727a: Log matching property violated. Preceding OpId in replica: term: 1 index: 2. Preceding OpId from leader: term: 1 index: 3. (index mismatch)
I20260608 12:51:55.170725  7912 raft_consensus.cc:1275] T 41911fef3a7349b1b251e4d7f292994c P 3ba70b29b28d42a497121b2f2073e9cc [term 1 LEARNER]: Refusing update from remote peer a86fe0e0addc494fae6a737b597d727a: Log matching property violated. Preceding OpId in replica: term: 1 index: 2. Preceding OpId from leader: term: 1 index: 3. (index mismatch)
I20260608 12:51:55.171952  8142 raft_consensus.cc:1275] T 41911fef3a7349b1b251e4d7f292994c P c1b5060f95ae43c7a93c303a7bf4ebd4 [term 1 FOLLOWER]: Refusing update from remote peer a86fe0e0addc494fae6a737b597d727a: Log matching property violated. Preceding OpId in replica: term: 1 index: 2. Preceding OpId from leader: term: 1 index: 3. (index mismatch)
I20260608 12:51:55.172621  8412 consensus_queue.cc:1048] T 41911fef3a7349b1b251e4d7f292994c P a86fe0e0addc494fae6a737b597d727a [LEADER]: Connected to new peer: Peer: permanent_uuid: "04c72a0f62c445e6a3d63ff3dda4a609" member_type: VOTER last_known_addr { host: "127.4.194.67" port: 40265 }, Status: LMP_MISMATCH, Last received: 0.0, Next index: 3, Last known committed idx: 2, Time since last communication: 0.001s
I20260608 12:51:55.173552  8332 consensus_queue.cc:1048] T 41911fef3a7349b1b251e4d7f292994c P a86fe0e0addc494fae6a737b597d727a [LEADER]: Connected to new peer: Peer: permanent_uuid: "c1b5060f95ae43c7a93c303a7bf4ebd4" member_type: VOTER last_known_addr { host: "127.4.194.68" port: 33225 } attrs { replace: true }, Status: LMP_MISMATCH, Last received: 0.0, Next index: 3, Last known committed idx: 2, Time since last communication: 0.000s
I20260608 12:51:55.174870  8444 consensus_queue.cc:1048] T 41911fef3a7349b1b251e4d7f292994c P a86fe0e0addc494fae6a737b597d727a [LEADER]: Connected to new peer: Peer: permanent_uuid: "3ba70b29b28d42a497121b2f2073e9cc" member_type: VOTER last_known_addr { host: "127.4.194.66" port: 41339 } attrs { promote: false }, Status: LMP_MISMATCH, Last received: 0.0, Next index: 3, Last known committed idx: 2, Time since last communication: 0.001s
I20260608 12:51:55.197803  8412 raft_consensus.cc:2955] T 41911fef3a7349b1b251e4d7f292994c P a86fe0e0addc494fae6a737b597d727a [term 1 LEADER]: Committing config change with OpId 1.3: config changed from index 2 to 3, 3ba70b29b28d42a497121b2f2073e9cc (127.4.194.66) changed from NON_VOTER to VOTER. New config: { opid_index: 3 OBSOLETE_local: false peers { permanent_uuid: "c1b5060f95ae43c7a93c303a7bf4ebd4" member_type: VOTER last_known_addr { host: "127.4.194.68" port: 33225 } attrs { replace: true } } peers { permanent_uuid: "04c72a0f62c445e6a3d63ff3dda4a609" member_type: VOTER last_known_addr { host: "127.4.194.67" port: 40265 } } peers { permanent_uuid: "a86fe0e0addc494fae6a737b597d727a" member_type: VOTER last_known_addr { host: "127.4.194.65" port: 39351 } } peers { permanent_uuid: "3ba70b29b28d42a497121b2f2073e9cc" member_type: VOTER last_known_addr { host: "127.4.194.66" port: 41339 } attrs { promote: false } } }
I20260608 12:51:55.199517  7986 raft_consensus.cc:2955] T 41911fef3a7349b1b251e4d7f292994c P 04c72a0f62c445e6a3d63ff3dda4a609 [term 1 FOLLOWER]: Committing config change with OpId 1.3: config changed from index 2 to 3, 3ba70b29b28d42a497121b2f2073e9cc (127.4.194.66) changed from NON_VOTER to VOTER. New config: { opid_index: 3 OBSOLETE_local: false peers { permanent_uuid: "c1b5060f95ae43c7a93c303a7bf4ebd4" member_type: VOTER last_known_addr { host: "127.4.194.68" port: 33225 } attrs { replace: true } } peers { permanent_uuid: "04c72a0f62c445e6a3d63ff3dda4a609" member_type: VOTER last_known_addr { host: "127.4.194.67" port: 40265 } } peers { permanent_uuid: "a86fe0e0addc494fae6a737b597d727a" member_type: VOTER last_known_addr { host: "127.4.194.65" port: 39351 } } peers { permanent_uuid: "3ba70b29b28d42a497121b2f2073e9cc" member_type: VOTER last_known_addr { host: "127.4.194.66" port: 41339 } attrs { promote: false } } }
I20260608 12:51:55.200374  7912 raft_consensus.cc:2955] T 41911fef3a7349b1b251e4d7f292994c P 3ba70b29b28d42a497121b2f2073e9cc [term 1 FOLLOWER]: Committing config change with OpId 1.3: config changed from index 2 to 3, 3ba70b29b28d42a497121b2f2073e9cc (127.4.194.66) changed from NON_VOTER to VOTER. New config: { opid_index: 3 OBSOLETE_local: false peers { permanent_uuid: "c1b5060f95ae43c7a93c303a7bf4ebd4" member_type: VOTER last_known_addr { host: "127.4.194.68" port: 33225 } attrs { replace: true } } peers { permanent_uuid: "04c72a0f62c445e6a3d63ff3dda4a609" member_type: VOTER last_known_addr { host: "127.4.194.67" port: 40265 } } peers { permanent_uuid: "a86fe0e0addc494fae6a737b597d727a" member_type: VOTER last_known_addr { host: "127.4.194.65" port: 39351 } } peers { permanent_uuid: "3ba70b29b28d42a497121b2f2073e9cc" member_type: VOTER last_known_addr { host: "127.4.194.66" port: 41339 } attrs { promote: false } } }
I20260608 12:51:55.213614  7734 catalog_manager.cc:5696] T 41911fef3a7349b1b251e4d7f292994c P 04c72a0f62c445e6a3d63ff3dda4a609 reported cstate change: config changed from index 2 to 3, 3ba70b29b28d42a497121b2f2073e9cc (127.4.194.66) changed from NON_VOTER to VOTER. New cstate: current_term: 1 leader_uuid: "a86fe0e0addc494fae6a737b597d727a" committed_config { opid_index: 3 OBSOLETE_local: false peers { permanent_uuid: "c1b5060f95ae43c7a93c303a7bf4ebd4" member_type: VOTER last_known_addr { host: "127.4.194.68" port: 33225 } attrs { replace: true } } peers { permanent_uuid: "04c72a0f62c445e6a3d63ff3dda4a609" member_type: VOTER last_known_addr { host: "127.4.194.67" port: 40265 } } peers { permanent_uuid: "a86fe0e0addc494fae6a737b597d727a" member_type: VOTER last_known_addr { host: "127.4.194.65" port: 39351 } } peers { permanent_uuid: "3ba70b29b28d42a497121b2f2073e9cc" member_type: VOTER last_known_addr { host: "127.4.194.66" port: 41339 } attrs { promote: false } } }
I20260608 12:51:55.216760  8142 raft_consensus.cc:2955] T 41911fef3a7349b1b251e4d7f292994c P c1b5060f95ae43c7a93c303a7bf4ebd4 [term 1 FOLLOWER]: Committing config change with OpId 1.3: config changed from index 2 to 3, 3ba70b29b28d42a497121b2f2073e9cc (127.4.194.66) changed from NON_VOTER to VOTER. New config: { opid_index: 3 OBSOLETE_local: false peers { permanent_uuid: "c1b5060f95ae43c7a93c303a7bf4ebd4" member_type: VOTER last_known_addr { host: "127.4.194.68" port: 33225 } attrs { replace: true } } peers { permanent_uuid: "04c72a0f62c445e6a3d63ff3dda4a609" member_type: VOTER last_known_addr { host: "127.4.194.67" port: 40265 } } peers { permanent_uuid: "a86fe0e0addc494fae6a737b597d727a" member_type: VOTER last_known_addr { host: "127.4.194.65" port: 39351 } } peers { permanent_uuid: "3ba70b29b28d42a497121b2f2073e9cc" member_type: VOTER last_known_addr { host: "127.4.194.66" port: 41339 } attrs { promote: false } } }
I20260608 12:51:55.244626  7836 consensus_queue.cc:237] T 41911fef3a7349b1b251e4d7f292994c P a86fe0e0addc494fae6a737b597d727a [LEADER]: Queue going to LEADER mode. State: All replicated index: 0, Majority replicated index: 3, Committed index: 3, Last appended: 1.3, Last appended by leader: 0, Current term: 1, Majority size: 2, State: 0, Mode: LEADER, active raft config: opid_index: 4 OBSOLETE_local: false peers { permanent_uuid: "04c72a0f62c445e6a3d63ff3dda4a609" member_type: VOTER last_known_addr { host: "127.4.194.67" port: 40265 } } peers { permanent_uuid: "a86fe0e0addc494fae6a737b597d727a" member_type: VOTER last_known_addr { host: "127.4.194.65" port: 39351 } } peers { permanent_uuid: "3ba70b29b28d42a497121b2f2073e9cc" member_type: VOTER last_known_addr { host: "127.4.194.66" port: 41339 } attrs { promote: false } }
I20260608 12:51:55.249733  7912 raft_consensus.cc:1275] T 41911fef3a7349b1b251e4d7f292994c P 3ba70b29b28d42a497121b2f2073e9cc [term 1 FOLLOWER]: Refusing update from remote peer a86fe0e0addc494fae6a737b597d727a: Log matching property violated. Preceding OpId in replica: term: 1 index: 3. Preceding OpId from leader: term: 1 index: 4. (index mismatch)
I20260608 12:51:55.250207  7986 raft_consensus.cc:1275] T 41911fef3a7349b1b251e4d7f292994c P 04c72a0f62c445e6a3d63ff3dda4a609 [term 1 FOLLOWER]: Refusing update from remote peer a86fe0e0addc494fae6a737b597d727a: Log matching property violated. Preceding OpId in replica: term: 1 index: 3. Preceding OpId from leader: term: 1 index: 4. (index mismatch)
I20260608 12:51:55.251101  8444 consensus_queue.cc:1048] T 41911fef3a7349b1b251e4d7f292994c P a86fe0e0addc494fae6a737b597d727a [LEADER]: Connected to new peer: Peer: permanent_uuid: "3ba70b29b28d42a497121b2f2073e9cc" member_type: VOTER last_known_addr { host: "127.4.194.66" port: 41339 } attrs { promote: false }, Status: LMP_MISMATCH, Last received: 0.0, Next index: 4, Last known committed idx: 3, Time since last communication: 0.000s
I20260608 12:51:55.252125  8412 consensus_queue.cc:1048] T 41911fef3a7349b1b251e4d7f292994c P a86fe0e0addc494fae6a737b597d727a [LEADER]: Connected to new peer: Peer: permanent_uuid: "04c72a0f62c445e6a3d63ff3dda4a609" member_type: VOTER last_known_addr { host: "127.4.194.67" port: 40265 }, Status: LMP_MISMATCH, Last received: 0.0, Next index: 4, Last known committed idx: 3, Time since last communication: 0.000s
I20260608 12:51:55.258569  8332 raft_consensus.cc:2955] T 41911fef3a7349b1b251e4d7f292994c P a86fe0e0addc494fae6a737b597d727a [term 1 LEADER]: Committing config change with OpId 1.4: config changed from index 3 to 4, VOTER c1b5060f95ae43c7a93c303a7bf4ebd4 (127.4.194.68) evicted. New config: { opid_index: 4 OBSOLETE_local: false peers { permanent_uuid: "04c72a0f62c445e6a3d63ff3dda4a609" member_type: VOTER last_known_addr { host: "127.4.194.67" port: 40265 } } peers { permanent_uuid: "a86fe0e0addc494fae6a737b597d727a" member_type: VOTER last_known_addr { host: "127.4.194.65" port: 39351 } } peers { permanent_uuid: "3ba70b29b28d42a497121b2f2073e9cc" member_type: VOTER last_known_addr { host: "127.4.194.66" port: 41339 } attrs { promote: false } } }
I20260608 12:51:55.260653  7986 raft_consensus.cc:2955] T 41911fef3a7349b1b251e4d7f292994c P 04c72a0f62c445e6a3d63ff3dda4a609 [term 1 FOLLOWER]: Committing config change with OpId 1.4: config changed from index 3 to 4, VOTER c1b5060f95ae43c7a93c303a7bf4ebd4 (127.4.194.68) evicted. New config: { opid_index: 4 OBSOLETE_local: false peers { permanent_uuid: "04c72a0f62c445e6a3d63ff3dda4a609" member_type: VOTER last_known_addr { host: "127.4.194.67" port: 40265 } } peers { permanent_uuid: "a86fe0e0addc494fae6a737b597d727a" member_type: VOTER last_known_addr { host: "127.4.194.65" port: 39351 } } peers { permanent_uuid: "3ba70b29b28d42a497121b2f2073e9cc" member_type: VOTER last_known_addr { host: "127.4.194.66" port: 41339 } attrs { promote: false } } }
I20260608 12:51:55.264470  7912 raft_consensus.cc:2955] T 41911fef3a7349b1b251e4d7f292994c P 3ba70b29b28d42a497121b2f2073e9cc [term 1 FOLLOWER]: Committing config change with OpId 1.4: config changed from index 3 to 4, VOTER c1b5060f95ae43c7a93c303a7bf4ebd4 (127.4.194.68) evicted. New config: { opid_index: 4 OBSOLETE_local: false peers { permanent_uuid: "04c72a0f62c445e6a3d63ff3dda4a609" member_type: VOTER last_known_addr { host: "127.4.194.67" port: 40265 } } peers { permanent_uuid: "a86fe0e0addc494fae6a737b597d727a" member_type: VOTER last_known_addr { host: "127.4.194.65" port: 39351 } } peers { permanent_uuid: "3ba70b29b28d42a497121b2f2073e9cc" member_type: VOTER last_known_addr { host: "127.4.194.66" port: 41339 } attrs { promote: false } } }
I20260608 12:51:55.273309  7733 catalog_manager.cc:5696] T 41911fef3a7349b1b251e4d7f292994c P 04c72a0f62c445e6a3d63ff3dda4a609 reported cstate change: config changed from index 3 to 4, VOTER c1b5060f95ae43c7a93c303a7bf4ebd4 (127.4.194.68) evicted. New cstate: current_term: 1 leader_uuid: "a86fe0e0addc494fae6a737b597d727a" committed_config { opid_index: 4 OBSOLETE_local: false peers { permanent_uuid: "04c72a0f62c445e6a3d63ff3dda4a609" member_type: VOTER last_known_addr { host: "127.4.194.67" port: 40265 } } peers { permanent_uuid: "a86fe0e0addc494fae6a737b597d727a" member_type: VOTER last_known_addr { host: "127.4.194.65" port: 39351 } } peers { permanent_uuid: "3ba70b29b28d42a497121b2f2073e9cc" member_type: VOTER last_known_addr { host: "127.4.194.66" port: 41339 } attrs { promote: false } } }
I20260608 12:51:55.279078  7719 catalog_manager.cc:5209] ChangeConfig:REMOVE_PEER RPC for tablet 41911fef3a7349b1b251e4d7f292994c with cas_config_opid_index 3: ChangeConfig:REMOVE_PEER succeeded (attempt 1)
I20260608 12:51:55.284912  8125 tablet_service.cc:1558] Processing DeleteTablet for tablet 41911fef3a7349b1b251e4d7f292994c with delete_type TABLET_DATA_TOMBSTONED (TS c1b5060f95ae43c7a93c303a7bf4ebd4 not found in new config with opid_index 4) from {username='slave'} at 127.0.0.1:54260
I20260608 12:51:55.287350  8452 tablet_replica.cc:333] T 41911fef3a7349b1b251e4d7f292994c P c1b5060f95ae43c7a93c303a7bf4ebd4: stopping tablet replica
I20260608 12:51:55.289839  8452 raft_consensus.cc:2243] T 41911fef3a7349b1b251e4d7f292994c P c1b5060f95ae43c7a93c303a7bf4ebd4 [term 1 FOLLOWER]: Raft consensus shutting down.
I20260608 12:51:55.290848  8452 raft_consensus.cc:2272] T 41911fef3a7349b1b251e4d7f292994c P c1b5060f95ae43c7a93c303a7bf4ebd4 [term 1 FOLLOWER]: Raft consensus is shut down!
I20260608 12:51:55.294486  8452 ts_tablet_manager.cc:1916] T 41911fef3a7349b1b251e4d7f292994c P c1b5060f95ae43c7a93c303a7bf4ebd4: Deleting tablet data with delete state TABLET_DATA_TOMBSTONED
I20260608 12:51:55.307950  8452 ts_tablet_manager.cc:1929] T 41911fef3a7349b1b251e4d7f292994c P c1b5060f95ae43c7a93c303a7bf4ebd4: tablet deleted with delete type TABLET_DATA_TOMBSTONED: last-logged OpId 1.3
I20260608 12:51:55.308350  8452 log.cc:1199] T 41911fef3a7349b1b251e4d7f292994c P c1b5060f95ae43c7a93c303a7bf4ebd4: Deleting WAL directory at /tmp/dist-test-taskOfBg1_/test-tmp/auto_rebalancer-test.0.AutoRebalancerTest.RangeAwareRebalancesNewRangeReplicas.1780923024015037-4873-0/minicluster-data/ts-3-root/wals/41911fef3a7349b1b251e4d7f292994c
I20260608 12:51:55.310287  7720 catalog_manager.cc:5027] TS c1b5060f95ae43c7a93c303a7bf4ebd4 (127.4.194.68:33225): tablet 41911fef3a7349b1b251e4d7f292994c (table range_aware_rebalance_new_range [id=08ce6f884ba64f12907b8e6af6d27e1a]) successfully deleted
I20260608 12:51:55.425041  8442 raft_consensus.cc:1064] T 5ebf6210a24c4391a9375f5a7753ce05 P 04c72a0f62c445e6a3d63ff3dda4a609: attempting to promote NON_VOTER c1b5060f95ae43c7a93c303a7bf4ebd4 to VOTER
I20260608 12:51:55.427147  8442 consensus_queue.cc:237] T 5ebf6210a24c4391a9375f5a7753ce05 P 04c72a0f62c445e6a3d63ff3dda4a609 [LEADER]: Queue going to LEADER mode. State: All replicated index: 0, Majority replicated index: 3, Committed index: 3, Last appended: 2.3, Last appended by leader: 1, Current term: 2, Majority size: 3, State: 0, Mode: LEADER, active raft config: opid_index: 4 OBSOLETE_local: false peers { permanent_uuid: "a86fe0e0addc494fae6a737b597d727a" member_type: VOTER last_known_addr { host: "127.4.194.65" port: 39351 } } peers { permanent_uuid: "3ba70b29b28d42a497121b2f2073e9cc" member_type: VOTER last_known_addr { host: "127.4.194.66" port: 41339 } attrs { replace: true } } peers { permanent_uuid: "04c72a0f62c445e6a3d63ff3dda4a609" member_type: VOTER last_known_addr { host: "127.4.194.67" port: 40265 } } peers { permanent_uuid: "c1b5060f95ae43c7a93c303a7bf4ebd4" member_type: VOTER last_known_addr { host: "127.4.194.68" port: 33225 } attrs { promote: false } }
I20260608 12:51:55.434254  8142 raft_consensus.cc:1275] T 5ebf6210a24c4391a9375f5a7753ce05 P c1b5060f95ae43c7a93c303a7bf4ebd4 [term 2 LEARNER]: Refusing update from remote peer 04c72a0f62c445e6a3d63ff3dda4a609: Log matching property violated. Preceding OpId in replica: term: 2 index: 3. Preceding OpId from leader: term: 2 index: 4. (index mismatch)
I20260608 12:51:55.437017  8442 consensus_queue.cc:1048] T 5ebf6210a24c4391a9375f5a7753ce05 P 04c72a0f62c445e6a3d63ff3dda4a609 [LEADER]: Connected to new peer: Peer: permanent_uuid: "c1b5060f95ae43c7a93c303a7bf4ebd4" member_type: VOTER last_known_addr { host: "127.4.194.68" port: 33225 } attrs { promote: false }, Status: LMP_MISMATCH, Last received: 0.0, Next index: 4, Last known committed idx: 3, Time since last communication: 0.000s
I20260608 12:51:55.438530  7836 raft_consensus.cc:1275] T 5ebf6210a24c4391a9375f5a7753ce05 P a86fe0e0addc494fae6a737b597d727a [term 2 FOLLOWER]: Refusing update from remote peer 04c72a0f62c445e6a3d63ff3dda4a609: Log matching property violated. Preceding OpId in replica: term: 2 index: 3. Preceding OpId from leader: term: 2 index: 4. (index mismatch)
I20260608 12:51:55.441031  8455 consensus_queue.cc:1048] T 5ebf6210a24c4391a9375f5a7753ce05 P 04c72a0f62c445e6a3d63ff3dda4a609 [LEADER]: Connected to new peer: Peer: permanent_uuid: "a86fe0e0addc494fae6a737b597d727a" member_type: VOTER last_known_addr { host: "127.4.194.65" port: 39351 }, Status: LMP_MISMATCH, Last received: 0.0, Next index: 4, Last known committed idx: 3, Time since last communication: 0.001s
I20260608 12:51:55.441634  7912 raft_consensus.cc:1275] T 5ebf6210a24c4391a9375f5a7753ce05 P 3ba70b29b28d42a497121b2f2073e9cc [term 2 FOLLOWER]: Refusing update from remote peer 04c72a0f62c445e6a3d63ff3dda4a609: Log matching property violated. Preceding OpId in replica: term: 2 index: 3. Preceding OpId from leader: term: 2 index: 4. (index mismatch)
I20260608 12:51:55.443974  8453 consensus_queue.cc:1048] T 5ebf6210a24c4391a9375f5a7753ce05 P 04c72a0f62c445e6a3d63ff3dda4a609 [LEADER]: Connected to new peer: Peer: permanent_uuid: "3ba70b29b28d42a497121b2f2073e9cc" member_type: VOTER last_known_addr { host: "127.4.194.66" port: 41339 } attrs { replace: true }, Status: LMP_MISMATCH, Last received: 0.0, Next index: 4, Last known committed idx: 3, Time since last communication: 0.001s
I20260608 12:51:55.453914  8453 raft_consensus.cc:2955] T 5ebf6210a24c4391a9375f5a7753ce05 P 04c72a0f62c445e6a3d63ff3dda4a609 [term 2 LEADER]: Committing config change with OpId 2.4: config changed from index 3 to 4, c1b5060f95ae43c7a93c303a7bf4ebd4 (127.4.194.68) changed from NON_VOTER to VOTER. New config: { opid_index: 4 OBSOLETE_local: false peers { permanent_uuid: "a86fe0e0addc494fae6a737b597d727a" member_type: VOTER last_known_addr { host: "127.4.194.65" port: 39351 } } peers { permanent_uuid: "3ba70b29b28d42a497121b2f2073e9cc" member_type: VOTER last_known_addr { host: "127.4.194.66" port: 41339 } attrs { replace: true } } peers { permanent_uuid: "04c72a0f62c445e6a3d63ff3dda4a609" member_type: VOTER last_known_addr { host: "127.4.194.67" port: 40265 } } peers { permanent_uuid: "c1b5060f95ae43c7a93c303a7bf4ebd4" member_type: VOTER last_known_addr { host: "127.4.194.68" port: 33225 } attrs { promote: false } } }
I20260608 12:51:55.456280  8142 raft_consensus.cc:2955] T 5ebf6210a24c4391a9375f5a7753ce05 P c1b5060f95ae43c7a93c303a7bf4ebd4 [term 2 FOLLOWER]: Committing config change with OpId 2.4: config changed from index 3 to 4, c1b5060f95ae43c7a93c303a7bf4ebd4 (127.4.194.68) changed from NON_VOTER to VOTER. New config: { opid_index: 4 OBSOLETE_local: false peers { permanent_uuid: "a86fe0e0addc494fae6a737b597d727a" member_type: VOTER last_known_addr { host: "127.4.194.65" port: 39351 } } peers { permanent_uuid: "3ba70b29b28d42a497121b2f2073e9cc" member_type: VOTER last_known_addr { host: "127.4.194.66" port: 41339 } attrs { replace: true } } peers { permanent_uuid: "04c72a0f62c445e6a3d63ff3dda4a609" member_type: VOTER last_known_addr { host: "127.4.194.67" port: 40265 } } peers { permanent_uuid: "c1b5060f95ae43c7a93c303a7bf4ebd4" member_type: VOTER last_known_addr { host: "127.4.194.68" port: 33225 } attrs { promote: false } } }
I20260608 12:51:55.458214  7911 raft_consensus.cc:2955] T 5ebf6210a24c4391a9375f5a7753ce05 P 3ba70b29b28d42a497121b2f2073e9cc [term 2 FOLLOWER]: Committing config change with OpId 2.4: config changed from index 3 to 4, c1b5060f95ae43c7a93c303a7bf4ebd4 (127.4.194.68) changed from NON_VOTER to VOTER. New config: { opid_index: 4 OBSOLETE_local: false peers { permanent_uuid: "a86fe0e0addc494fae6a737b597d727a" member_type: VOTER last_known_addr { host: "127.4.194.65" port: 39351 } } peers { permanent_uuid: "3ba70b29b28d42a497121b2f2073e9cc" member_type: VOTER last_known_addr { host: "127.4.194.66" port: 41339 } attrs { replace: true } } peers { permanent_uuid: "04c72a0f62c445e6a3d63ff3dda4a609" member_type: VOTER last_known_addr { host: "127.4.194.67" port: 40265 } } peers { permanent_uuid: "c1b5060f95ae43c7a93c303a7bf4ebd4" member_type: VOTER last_known_addr { host: "127.4.194.68" port: 33225 } attrs { promote: false } } }
I20260608 12:51:55.467303  7836 raft_consensus.cc:2955] T 5ebf6210a24c4391a9375f5a7753ce05 P a86fe0e0addc494fae6a737b597d727a [term 2 FOLLOWER]: Committing config change with OpId 2.4: config changed from index 3 to 4, c1b5060f95ae43c7a93c303a7bf4ebd4 (127.4.194.68) changed from NON_VOTER to VOTER. New config: { opid_index: 4 OBSOLETE_local: false peers { permanent_uuid: "a86fe0e0addc494fae6a737b597d727a" member_type: VOTER last_known_addr { host: "127.4.194.65" port: 39351 } } peers { permanent_uuid: "3ba70b29b28d42a497121b2f2073e9cc" member_type: VOTER last_known_addr { host: "127.4.194.66" port: 41339 } attrs { replace: true } } peers { permanent_uuid: "04c72a0f62c445e6a3d63ff3dda4a609" member_type: VOTER last_known_addr { host: "127.4.194.67" port: 40265 } } peers { permanent_uuid: "c1b5060f95ae43c7a93c303a7bf4ebd4" member_type: VOTER last_known_addr { host: "127.4.194.68" port: 33225 } attrs { promote: false } } }
I20260608 12:51:55.474915  7732 catalog_manager.cc:5696] T 5ebf6210a24c4391a9375f5a7753ce05 P 3ba70b29b28d42a497121b2f2073e9cc reported cstate change: config changed from index 3 to 4, c1b5060f95ae43c7a93c303a7bf4ebd4 (127.4.194.68) changed from NON_VOTER to VOTER. New cstate: current_term: 2 leader_uuid: "04c72a0f62c445e6a3d63ff3dda4a609" committed_config { opid_index: 4 OBSOLETE_local: false peers { permanent_uuid: "a86fe0e0addc494fae6a737b597d727a" member_type: VOTER last_known_addr { host: "127.4.194.65" port: 39351 } } peers { permanent_uuid: "3ba70b29b28d42a497121b2f2073e9cc" member_type: VOTER last_known_addr { host: "127.4.194.66" port: 41339 } attrs { replace: true } } peers { permanent_uuid: "04c72a0f62c445e6a3d63ff3dda4a609" member_type: VOTER last_known_addr { host: "127.4.194.67" port: 40265 } } peers { permanent_uuid: "c1b5060f95ae43c7a93c303a7bf4ebd4" member_type: VOTER last_known_addr { host: "127.4.194.68" port: 33225 } attrs { promote: false } } }
I20260608 12:51:55.493072  7986 consensus_queue.cc:237] T 5ebf6210a24c4391a9375f5a7753ce05 P 04c72a0f62c445e6a3d63ff3dda4a609 [LEADER]: Queue going to LEADER mode. State: All replicated index: 0, Majority replicated index: 4, Committed index: 4, Last appended: 2.4, Last appended by leader: 1, Current term: 2, Majority size: 2, State: 0, Mode: LEADER, active raft config: opid_index: 5 OBSOLETE_local: false peers { permanent_uuid: "a86fe0e0addc494fae6a737b597d727a" member_type: VOTER last_known_addr { host: "127.4.194.65" port: 39351 } } peers { permanent_uuid: "04c72a0f62c445e6a3d63ff3dda4a609" member_type: VOTER last_known_addr { host: "127.4.194.67" port: 40265 } } peers { permanent_uuid: "c1b5060f95ae43c7a93c303a7bf4ebd4" member_type: VOTER last_known_addr { host: "127.4.194.68" port: 33225 } attrs { promote: false } }
I20260608 12:51:55.499017  7836 raft_consensus.cc:1275] T 5ebf6210a24c4391a9375f5a7753ce05 P a86fe0e0addc494fae6a737b597d727a [term 2 FOLLOWER]: Refusing update from remote peer 04c72a0f62c445e6a3d63ff3dda4a609: Log matching property violated. Preceding OpId in replica: term: 2 index: 4. Preceding OpId from leader: term: 2 index: 5. (index mismatch)
I20260608 12:51:55.499327  8142 raft_consensus.cc:1275] T 5ebf6210a24c4391a9375f5a7753ce05 P c1b5060f95ae43c7a93c303a7bf4ebd4 [term 2 FOLLOWER]: Refusing update from remote peer 04c72a0f62c445e6a3d63ff3dda4a609: Log matching property violated. Preceding OpId in replica: term: 2 index: 4. Preceding OpId from leader: term: 2 index: 5. (index mismatch)
I20260608 12:51:55.500927  8455 consensus_queue.cc:1048] T 5ebf6210a24c4391a9375f5a7753ce05 P 04c72a0f62c445e6a3d63ff3dda4a609 [LEADER]: Connected to new peer: Peer: permanent_uuid: "a86fe0e0addc494fae6a737b597d727a" member_type: VOTER last_known_addr { host: "127.4.194.65" port: 39351 }, Status: LMP_MISMATCH, Last received: 0.0, Next index: 5, Last known committed idx: 4, Time since last communication: 0.000s
I20260608 12:51:55.501899  8456 consensus_queue.cc:1048] T 5ebf6210a24c4391a9375f5a7753ce05 P 04c72a0f62c445e6a3d63ff3dda4a609 [LEADER]: Connected to new peer: Peer: permanent_uuid: "c1b5060f95ae43c7a93c303a7bf4ebd4" member_type: VOTER last_known_addr { host: "127.4.194.68" port: 33225 } attrs { promote: false }, Status: LMP_MISMATCH, Last received: 0.0, Next index: 5, Last known committed idx: 4, Time since last communication: 0.001s
I20260608 12:51:55.515818  8455 raft_consensus.cc:2955] T 5ebf6210a24c4391a9375f5a7753ce05 P 04c72a0f62c445e6a3d63ff3dda4a609 [term 2 LEADER]: Committing config change with OpId 2.5: config changed from index 4 to 5, VOTER 3ba70b29b28d42a497121b2f2073e9cc (127.4.194.66) evicted. New config: { opid_index: 5 OBSOLETE_local: false peers { permanent_uuid: "a86fe0e0addc494fae6a737b597d727a" member_type: VOTER last_known_addr { host: "127.4.194.65" port: 39351 } } peers { permanent_uuid: "04c72a0f62c445e6a3d63ff3dda4a609" member_type: VOTER last_known_addr { host: "127.4.194.67" port: 40265 } } peers { permanent_uuid: "c1b5060f95ae43c7a93c303a7bf4ebd4" member_type: VOTER last_known_addr { host: "127.4.194.68" port: 33225 } attrs { promote: false } } }
I20260608 12:51:55.518081  7836 raft_consensus.cc:2955] T 5ebf6210a24c4391a9375f5a7753ce05 P a86fe0e0addc494fae6a737b597d727a [term 2 FOLLOWER]: Committing config change with OpId 2.5: config changed from index 4 to 5, VOTER 3ba70b29b28d42a497121b2f2073e9cc (127.4.194.66) evicted. New config: { opid_index: 5 OBSOLETE_local: false peers { permanent_uuid: "a86fe0e0addc494fae6a737b597d727a" member_type: VOTER last_known_addr { host: "127.4.194.65" port: 39351 } } peers { permanent_uuid: "04c72a0f62c445e6a3d63ff3dda4a609" member_type: VOTER last_known_addr { host: "127.4.194.67" port: 40265 } } peers { permanent_uuid: "c1b5060f95ae43c7a93c303a7bf4ebd4" member_type: VOTER last_known_addr { host: "127.4.194.68" port: 33225 } attrs { promote: false } } }
I20260608 12:51:55.548264  8141 raft_consensus.cc:2955] T 5ebf6210a24c4391a9375f5a7753ce05 P c1b5060f95ae43c7a93c303a7bf4ebd4 [term 2 FOLLOWER]: Committing config change with OpId 2.5: config changed from index 4 to 5, VOTER 3ba70b29b28d42a497121b2f2073e9cc (127.4.194.66) evicted. New config: { opid_index: 5 OBSOLETE_local: false peers { permanent_uuid: "a86fe0e0addc494fae6a737b597d727a" member_type: VOTER last_known_addr { host: "127.4.194.65" port: 39351 } } peers { permanent_uuid: "04c72a0f62c445e6a3d63ff3dda4a609" member_type: VOTER last_known_addr { host: "127.4.194.67" port: 40265 } } peers { permanent_uuid: "c1b5060f95ae43c7a93c303a7bf4ebd4" member_type: VOTER last_known_addr { host: "127.4.194.68" port: 33225 } attrs { promote: false } } }
I20260608 12:51:55.644331  7721 catalog_manager.cc:5209] ChangeConfig:REMOVE_PEER RPC for tablet 5ebf6210a24c4391a9375f5a7753ce05 with cas_config_opid_index 4: ChangeConfig:REMOVE_PEER succeeded (attempt 1)
I20260608 12:51:56.190754  7788 auto_leader_rebalancer.cc:140] leader rebalance for table range_aware_rebalance_new_range
I20260608 12:51:56.303648  7788 auto_leader_rebalancer.cc:388] table: range_aware_rebalance_new_range, leader rebalance finish, leader transfer count: 0
I20260608 12:51:56.304970  7788 auto_leader_rebalancer.cc:451] All tables' leader rebalancing finished this round
I20260608 12:51:56.835016  8444 raft_consensus.cc:493] T 113a62a3d3aa4c88a5beb4166e4fdcee P a86fe0e0addc494fae6a737b597d727a [term 1 FOLLOWER]: Starting pre-election (detected failure of leader 3ba70b29b28d42a497121b2f2073e9cc)
I20260608 12:51:56.835943  8444 raft_consensus.cc:515] T 113a62a3d3aa4c88a5beb4166e4fdcee P a86fe0e0addc494fae6a737b597d727a [term 1 FOLLOWER]: Starting pre-election with config: opid_index: 4 OBSOLETE_local: false peers { permanent_uuid: "a86fe0e0addc494fae6a737b597d727a" member_type: VOTER last_known_addr { host: "127.4.194.65" port: 39351 } } peers { permanent_uuid: "3ba70b29b28d42a497121b2f2073e9cc" member_type: VOTER last_known_addr { host: "127.4.194.66" port: 41339 } } peers { permanent_uuid: "c1b5060f95ae43c7a93c303a7bf4ebd4" member_type: VOTER last_known_addr { host: "127.4.194.68" port: 33225 } attrs { promote: false } }
I20260608 12:51:56.917750  8466 raft_consensus.cc:493] T c5eee681ecd74c73accb8b1718356a7d P 04c72a0f62c445e6a3d63ff3dda4a609 [term 1 FOLLOWER]: Starting pre-election (detected failure of leader c1b5060f95ae43c7a93c303a7bf4ebd4)
I20260608 12:51:56.942327  8466 raft_consensus.cc:515] T c5eee681ecd74c73accb8b1718356a7d P 04c72a0f62c445e6a3d63ff3dda4a609 [term 1 FOLLOWER]: Starting pre-election with config: opid_index: -1 OBSOLETE_local: false peers { permanent_uuid: "c1b5060f95ae43c7a93c303a7bf4ebd4" member_type: VOTER last_known_addr { host: "127.4.194.68" port: 33225 } } peers { permanent_uuid: "3ba70b29b28d42a497121b2f2073e9cc" member_type: VOTER last_known_addr { host: "127.4.194.66" port: 41339 } } peers { permanent_uuid: "04c72a0f62c445e6a3d63ff3dda4a609" member_type: VOTER last_known_addr { host: "127.4.194.67" port: 40265 } }
I20260608 12:51:56.978224  8469 raft_consensus.cc:493] T c5eee681ecd74c73accb8b1718356a7d P 3ba70b29b28d42a497121b2f2073e9cc [term 1 FOLLOWER]: Starting pre-election (detected failure of leader c1b5060f95ae43c7a93c303a7bf4ebd4)
I20260608 12:51:56.976073  8444 leader_election.cc:290] T 113a62a3d3aa4c88a5beb4166e4fdcee P a86fe0e0addc494fae6a737b597d727a [CANDIDATE]: Term 2 pre-election: Requested pre-vote from peers 3ba70b29b28d42a497121b2f2073e9cc (127.4.194.66:41339), c1b5060f95ae43c7a93c303a7bf4ebd4 (127.4.194.68:33225)
I20260608 12:51:56.988370  8466 leader_election.cc:290] T c5eee681ecd74c73accb8b1718356a7d P 04c72a0f62c445e6a3d63ff3dda4a609 [CANDIDATE]: Term 2 pre-election: Requested pre-vote from peers c1b5060f95ae43c7a93c303a7bf4ebd4 (127.4.194.68:33225), 3ba70b29b28d42a497121b2f2073e9cc (127.4.194.66:41339)
I20260608 12:51:56.992020  8460 raft_consensus.cc:493] T 41911fef3a7349b1b251e4d7f292994c P 04c72a0f62c445e6a3d63ff3dda4a609 [term 1 FOLLOWER]: Starting pre-election (detected failure of leader a86fe0e0addc494fae6a737b597d727a)
I20260608 12:51:57.595976  8460 raft_consensus.cc:515] T 41911fef3a7349b1b251e4d7f292994c P 04c72a0f62c445e6a3d63ff3dda4a609 [term 1 FOLLOWER]: Starting pre-election with config: opid_index: 4 OBSOLETE_local: false peers { permanent_uuid: "04c72a0f62c445e6a3d63ff3dda4a609" member_type: VOTER last_known_addr { host: "127.4.194.67" port: 40265 } } peers { permanent_uuid: "a86fe0e0addc494fae6a737b597d727a" member_type: VOTER last_known_addr { host: "127.4.194.65" port: 39351 } } peers { permanent_uuid: "3ba70b29b28d42a497121b2f2073e9cc" member_type: VOTER last_known_addr { host: "127.4.194.66" port: 41339 } attrs { promote: false } }
I20260608 12:51:57.598263  8460 leader_election.cc:290] T 41911fef3a7349b1b251e4d7f292994c P 04c72a0f62c445e6a3d63ff3dda4a609 [CANDIDATE]: Term 2 pre-election: Requested pre-vote from peers a86fe0e0addc494fae6a737b597d727a (127.4.194.65:39351), 3ba70b29b28d42a497121b2f2073e9cc (127.4.194.66:41339)
I20260608 12:51:56.992887  8467 raft_consensus.cc:493] T 300f0b4eae94445cb586c9d1d7083e29 P 04c72a0f62c445e6a3d63ff3dda4a609 [term 2 FOLLOWER]: Starting pre-election (detected failure of leader a86fe0e0addc494fae6a737b597d727a)
I20260608 12:51:56.993798  8470 raft_consensus.cc:493] T 7776f7297a5142d0be2c8fca5fa32499 P 3ba70b29b28d42a497121b2f2073e9cc [term 1 FOLLOWER]: Starting pre-election (detected failure of leader a86fe0e0addc494fae6a737b597d727a)
I20260608 12:51:57.599279  8470 raft_consensus.cc:515] T 7776f7297a5142d0be2c8fca5fa32499 P 3ba70b29b28d42a497121b2f2073e9cc [term 1 FOLLOWER]: Starting pre-election with config: opid_index: -1 OBSOLETE_local: false peers { permanent_uuid: "3ba70b29b28d42a497121b2f2073e9cc" member_type: VOTER last_known_addr { host: "127.4.194.66" port: 41339 } } peers { permanent_uuid: "a86fe0e0addc494fae6a737b597d727a" member_type: VOTER last_known_addr { host: "127.4.194.65" port: 39351 } } peers { permanent_uuid: "04c72a0f62c445e6a3d63ff3dda4a609" member_type: VOTER last_known_addr { host: "127.4.194.67" port: 40265 } }
I20260608 12:51:57.602268  8470 leader_election.cc:290] T 7776f7297a5142d0be2c8fca5fa32499 P 3ba70b29b28d42a497121b2f2073e9cc [CANDIDATE]: Term 2 pre-election: Requested pre-vote from peers a86fe0e0addc494fae6a737b597d727a (127.4.194.65:39351), 04c72a0f62c445e6a3d63ff3dda4a609 (127.4.194.67:40265)
I20260608 12:51:56.990192  8469 raft_consensus.cc:515] T c5eee681ecd74c73accb8b1718356a7d P 3ba70b29b28d42a497121b2f2073e9cc [term 1 FOLLOWER]: Starting pre-election with config: opid_index: -1 OBSOLETE_local: false peers { permanent_uuid: "c1b5060f95ae43c7a93c303a7bf4ebd4" member_type: VOTER last_known_addr { host: "127.4.194.68" port: 33225 } } peers { permanent_uuid: "3ba70b29b28d42a497121b2f2073e9cc" member_type: VOTER last_known_addr { host: "127.4.194.66" port: 41339 } } peers { permanent_uuid: "04c72a0f62c445e6a3d63ff3dda4a609" member_type: VOTER last_known_addr { host: "127.4.194.67" port: 40265 } }
I20260608 12:51:56.998953  8471 raft_consensus.cc:493] T 5ebf6210a24c4391a9375f5a7753ce05 P 3ba70b29b28d42a497121b2f2073e9cc [term 2 FOLLOWER]: Starting pre-election (detected failure of leader 04c72a0f62c445e6a3d63ff3dda4a609)
I20260608 12:51:57.604068  8471 raft_consensus.cc:515] T 5ebf6210a24c4391a9375f5a7753ce05 P 3ba70b29b28d42a497121b2f2073e9cc [term 2 FOLLOWER]: Starting pre-election with config: opid_index: 4 OBSOLETE_local: false peers { permanent_uuid: "a86fe0e0addc494fae6a737b597d727a" member_type: VOTER last_known_addr { host: "127.4.194.65" port: 39351 } } peers { permanent_uuid: "3ba70b29b28d42a497121b2f2073e9cc" member_type: VOTER last_known_addr { host: "127.4.194.66" port: 41339 } attrs { replace: true } } peers { permanent_uuid: "04c72a0f62c445e6a3d63ff3dda4a609" member_type: VOTER last_known_addr { host: "127.4.194.67" port: 40265 } } peers { permanent_uuid: "c1b5060f95ae43c7a93c303a7bf4ebd4" member_type: VOTER last_known_addr { host: "127.4.194.68" port: 33225 } attrs { promote: false } }
I20260608 12:51:57.599215  8467 raft_consensus.cc:515] T 300f0b4eae94445cb586c9d1d7083e29 P 04c72a0f62c445e6a3d63ff3dda4a609 [term 2 FOLLOWER]: Starting pre-election with config: opid_index: -1 OBSOLETE_local: false peers { permanent_uuid: "c1b5060f95ae43c7a93c303a7bf4ebd4" member_type: VOTER last_known_addr { host: "127.4.194.68" port: 33225 } } peers { permanent_uuid: "04c72a0f62c445e6a3d63ff3dda4a609" member_type: VOTER last_known_addr { host: "127.4.194.67" port: 40265 } } peers { permanent_uuid: "a86fe0e0addc494fae6a737b597d727a" member_type: VOTER last_known_addr { host: "127.4.194.65" port: 39351 } }
I20260608 12:51:57.607106  8471 leader_election.cc:290] T 5ebf6210a24c4391a9375f5a7753ce05 P 3ba70b29b28d42a497121b2f2073e9cc [CANDIDATE]: Term 3 pre-election: Requested pre-vote from peers a86fe0e0addc494fae6a737b597d727a (127.4.194.65:39351), 04c72a0f62c445e6a3d63ff3dda4a609 (127.4.194.67:40265), c1b5060f95ae43c7a93c303a7bf4ebd4 (127.4.194.68:33225)
I20260608 12:51:56.996749  4873 tablet_server.cc:179] TabletServer@127.4.194.65:0 shutting down...
I20260608 12:51:57.002648  8472 raft_consensus.cc:493] T 84163de415df4b68b094f83e0169821a P 3ba70b29b28d42a497121b2f2073e9cc [term 2 FOLLOWER]: Starting pre-election (detected failure of leader 04c72a0f62c445e6a3d63ff3dda4a609)
W20260608 12:51:57.004638  7950 thread.cc:641] raft [worker] (thread pool) Time spent creating pthread: real 0.693s	user 0.001s	sys 0.003s
W20260608 12:51:57.609126  7950 thread.cc:608] raft [worker] (thread pool) Time spent starting thread: real 1.298s	user 0.002s	sys 0.004s
I20260608 12:51:57.608685  8472 raft_consensus.cc:515] T 84163de415df4b68b094f83e0169821a P 3ba70b29b28d42a497121b2f2073e9cc [term 2 FOLLOWER]: Starting pre-election with config: opid_index: 5 OBSOLETE_local: false peers { permanent_uuid: "3ba70b29b28d42a497121b2f2073e9cc" member_type: VOTER last_known_addr { host: "127.4.194.66" port: 41339 } } peers { permanent_uuid: "04c72a0f62c445e6a3d63ff3dda4a609" member_type: VOTER last_known_addr { host: "127.4.194.67" port: 40265 } } peers { permanent_uuid: "c1b5060f95ae43c7a93c303a7bf4ebd4" member_type: VOTER last_known_addr { host: "127.4.194.68" port: 33225 } attrs { promote: false } }
I20260608 12:51:57.611301  8472 leader_election.cc:290] T 84163de415df4b68b094f83e0169821a P 3ba70b29b28d42a497121b2f2073e9cc [CANDIDATE]: Term 3 pre-election: Requested pre-vote from peers 04c72a0f62c445e6a3d63ff3dda4a609 (127.4.194.67:40265), c1b5060f95ae43c7a93c303a7bf4ebd4 (127.4.194.68:33225)
I20260608 12:51:57.006177  8473 raft_consensus.cc:493] T fa376518eb1641308a0c49ae3d1f0e2d P 3ba70b29b28d42a497121b2f2073e9cc [term 2 FOLLOWER]: Starting pre-election (detected failure of leader c1b5060f95ae43c7a93c303a7bf4ebd4)
I20260608 12:51:57.612061  8473 raft_consensus.cc:515] T fa376518eb1641308a0c49ae3d1f0e2d P 3ba70b29b28d42a497121b2f2073e9cc [term 2 FOLLOWER]: Starting pre-election with config: opid_index: -1 OBSOLETE_local: false peers { permanent_uuid: "c1b5060f95ae43c7a93c303a7bf4ebd4" member_type: VOTER last_known_addr { host: "127.4.194.68" port: 33225 } } peers { permanent_uuid: "a86fe0e0addc494fae6a737b597d727a" member_type: VOTER last_known_addr { host: "127.4.194.65" port: 39351 } } peers { permanent_uuid: "3ba70b29b28d42a497121b2f2073e9cc" member_type: VOTER last_known_addr { host: "127.4.194.66" port: 41339 } }
I20260608 12:51:57.614478  8473 leader_election.cc:290] T fa376518eb1641308a0c49ae3d1f0e2d P 3ba70b29b28d42a497121b2f2073e9cc [CANDIDATE]: Term 3 pre-election: Requested pre-vote from peers c1b5060f95ae43c7a93c303a7bf4ebd4 (127.4.194.68:33225), a86fe0e0addc494fae6a737b597d727a (127.4.194.65:39351)
