I20260608 12:52:29.562130  9439 leader_election.cc:304] T 45669759d6054fedbe8efa40e89067ee P a131840ee14a41259e82f41236ecdbb2 [CANDIDATE]: Term 1 election: Election decided. Result: candidate won. Election summary: received 2 responses out of 3 voters: 2 yes votes; 0 no votes. yes voters: 43ae908601764122887b4934b94ce4a0, a131840ee14a41259e82f41236ecdbb2; no voters: 
I20260608 12:52:29.563030  9600 raft_consensus.cc:2804] T 45669759d6054fedbe8efa40e89067ee P a131840ee14a41259e82f41236ecdbb2 [term 1 FOLLOWER]: Leader election won for term 1
I20260608 12:52:29.563192  9637 leader_election.cc:290] T 45669759d6054fedbe8efa40e89067ee P a131840ee14a41259e82f41236ecdbb2 [CANDIDATE]: Term 1 election: Requested vote from peers 43ae908601764122887b4934b94ce4a0 (127.4.194.65:46817), b0b99c91271e43fda67d91608580ea98 (127.4.194.67:36917)
I20260608 12:52:29.563592  9600 raft_consensus.cc:697] T 45669759d6054fedbe8efa40e89067ee P a131840ee14a41259e82f41236ecdbb2 [term 1 LEADER]: Becoming Leader. State: Replica: a131840ee14a41259e82f41236ecdbb2, State: Running, Role: LEADER
I20260608 12:52:29.564606  9600 consensus_queue.cc:237] T 45669759d6054fedbe8efa40e89067ee P a131840ee14a41259e82f41236ecdbb2 [LEADER]: Queue going to LEADER mode. State: All replicated index: 0, Majority replicated index: 0, Committed index: 0, Last appended: 0.0, Last appended by leader: 0, Current term: 1, Majority size: 2, State: 0, Mode: LEADER, active raft config: opid_index: -1 OBSOLETE_local: false peers { permanent_uuid: "43ae908601764122887b4934b94ce4a0" member_type: VOTER last_known_addr { host: "127.4.194.65" port: 46817 } } peers { permanent_uuid: "a131840ee14a41259e82f41236ecdbb2" member_type: VOTER last_known_addr { host: "127.4.194.66" port: 46187 } } peers { permanent_uuid: "b0b99c91271e43fda67d91608580ea98" member_type: VOTER last_known_addr { host: "127.4.194.67" port: 36917 } }
I20260608 12:52:29.565234  9549 tablet_service.cc:1917] Received RequestConsensusVote() RPC: tablet_id: "45669759d6054fedbe8efa40e89067ee" candidate_uuid: "a131840ee14a41259e82f41236ecdbb2" candidate_term: 1 candidate_status { last_received { term: 0 index: 0 } } ignore_live_leader: false dest_uuid: "b0b99c91271e43fda67d91608580ea98"
I20260608 12:52:29.565855  9549 raft_consensus.cc:3060] T 45669759d6054fedbe8efa40e89067ee P b0b99c91271e43fda67d91608580ea98 [term 0 FOLLOWER]: Advancing to term 1
I20260608 12:52:29.570497  9298 catalog_manager.cc:5696] T 1341d20c8df84d5fa750045c45a40665 P 43ae908601764122887b4934b94ce4a0 reported cstate change: term changed from 0 to 1, leader changed from <none> to 43ae908601764122887b4934b94ce4a0 (127.4.194.65). New cstate: current_term: 1 leader_uuid: "43ae908601764122887b4934b94ce4a0" committed_config { opid_index: -1 OBSOLETE_local: false peers { permanent_uuid: "43ae908601764122887b4934b94ce4a0" member_type: VOTER last_known_addr { host: "127.4.194.65" port: 46817 } health_report { overall_health: HEALTHY } } peers { permanent_uuid: "a131840ee14a41259e82f41236ecdbb2" member_type: VOTER last_known_addr { host: "127.4.194.66" port: 46187 } health_report { overall_health: UNKNOWN } } peers { permanent_uuid: "b0b99c91271e43fda67d91608580ea98" member_type: VOTER last_known_addr { host: "127.4.194.67" port: 36917 } health_report { overall_health: UNKNOWN } } }
I20260608 12:52:29.573518  9549 raft_consensus.cc:2468] T 45669759d6054fedbe8efa40e89067ee P b0b99c91271e43fda67d91608580ea98 [term 1 FOLLOWER]: Leader election vote request: Granting yes vote for candidate a131840ee14a41259e82f41236ecdbb2 in term 1.
I20260608 12:52:29.579087  9296 catalog_manager.cc:5696] T 45669759d6054fedbe8efa40e89067ee P a131840ee14a41259e82f41236ecdbb2 reported cstate change: term changed from 0 to 1, leader changed from <none> to a131840ee14a41259e82f41236ecdbb2 (127.4.194.66). New cstate: current_term: 1 leader_uuid: "a131840ee14a41259e82f41236ecdbb2" committed_config { opid_index: -1 OBSOLETE_local: false peers { permanent_uuid: "43ae908601764122887b4934b94ce4a0" member_type: VOTER last_known_addr { host: "127.4.194.65" port: 46817 } health_report { overall_health: UNKNOWN } } peers { permanent_uuid: "a131840ee14a41259e82f41236ecdbb2" member_type: VOTER last_known_addr { host: "127.4.194.66" port: 46187 } health_report { overall_health: HEALTHY } } peers { permanent_uuid: "b0b99c91271e43fda67d91608580ea98" member_type: VOTER last_known_addr { host: "127.4.194.67" port: 36917 } health_report { overall_health: UNKNOWN } } }
I20260608 12:52:29.631515  9600 consensus_queue.cc:1048] T 438d5c4a66df4e0f95b18f905ad0f0a7 P a131840ee14a41259e82f41236ecdbb2 [LEADER]: Connected to new peer: Peer: permanent_uuid: "43ae908601764122887b4934b94ce4a0" member_type: VOTER last_known_addr { host: "127.4.194.65" port: 46817 }, Status: LMP_MISMATCH, Last received: 0.0, Next index: 1, Last known committed idx: 0, Time since last communication: 0.000s
I20260608 12:52:29.646229  9636 consensus_queue.cc:1048] T 438d5c4a66df4e0f95b18f905ad0f0a7 P a131840ee14a41259e82f41236ecdbb2 [LEADER]: Connected to new peer: Peer: permanent_uuid: "b0b99c91271e43fda67d91608580ea98" member_type: VOTER last_known_addr { host: "127.4.194.67" port: 36917 }, Status: LMP_MISMATCH, Last received: 0.0, Next index: 1, Last known committed idx: 0, Time since last communication: 0.000s
I20260608 12:52:29.648141  9624 consensus_queue.cc:1048] T 3029b85873674ccaa3d1f65805709db7 P b0b99c91271e43fda67d91608580ea98 [LEADER]: Connected to new peer: Peer: permanent_uuid: "43ae908601764122887b4934b94ce4a0" member_type: VOTER last_known_addr { host: "127.4.194.65" port: 46817 }, Status: LMP_MISMATCH, Last received: 0.0, Next index: 1, Last known committed idx: 0, Time since last communication: 0.000s
I20260608 12:52:29.657925  9624 consensus_queue.cc:1048] T 3029b85873674ccaa3d1f65805709db7 P b0b99c91271e43fda67d91608580ea98 [LEADER]: Connected to new peer: Peer: permanent_uuid: "a131840ee14a41259e82f41236ecdbb2" member_type: VOTER last_known_addr { host: "127.4.194.66" port: 46187 }, Status: LMP_MISMATCH, Last received: 0.0, Next index: 1, Last known committed idx: 0, Time since last communication: 0.000s
I20260608 12:52:29.664486  9604 raft_consensus.cc:493] T 5ad7d4eb1adc4764af6d35dea2ff60d7 P b0b99c91271e43fda67d91608580ea98 [term 0 FOLLOWER]: Starting pre-election (no leader contacted us within the election timeout)
I20260608 12:52:29.664974  9604 raft_consensus.cc:515] T 5ad7d4eb1adc4764af6d35dea2ff60d7 P b0b99c91271e43fda67d91608580ea98 [term 0 FOLLOWER]: Starting pre-election with config: opid_index: -1 OBSOLETE_local: false peers { permanent_uuid: "43ae908601764122887b4934b94ce4a0" member_type: VOTER last_known_addr { host: "127.4.194.65" port: 46817 } } peers { permanent_uuid: "a131840ee14a41259e82f41236ecdbb2" member_type: VOTER last_known_addr { host: "127.4.194.66" port: 46187 } } peers { permanent_uuid: "b0b99c91271e43fda67d91608580ea98" member_type: VOTER last_known_addr { host: "127.4.194.67" port: 36917 } }
I20260608 12:52:29.667198  9604 leader_election.cc:290] T 5ad7d4eb1adc4764af6d35dea2ff60d7 P b0b99c91271e43fda67d91608580ea98 [CANDIDATE]: Term 1 pre-election: Requested pre-vote from peers 43ae908601764122887b4934b94ce4a0 (127.4.194.65:46817), a131840ee14a41259e82f41236ecdbb2 (127.4.194.66:46187)
I20260608 12:52:29.670163  9401 tablet_service.cc:1917] Received RequestConsensusVote() RPC: tablet_id: "5ad7d4eb1adc4764af6d35dea2ff60d7" candidate_uuid: "b0b99c91271e43fda67d91608580ea98" candidate_term: 1 candidate_status { last_received { term: 0 index: 0 } } ignore_live_leader: false dest_uuid: "43ae908601764122887b4934b94ce4a0" is_pre_election: true
I20260608 12:52:29.671653  9475 tablet_service.cc:1917] Received RequestConsensusVote() RPC: tablet_id: "5ad7d4eb1adc4764af6d35dea2ff60d7" candidate_uuid: "b0b99c91271e43fda67d91608580ea98" candidate_term: 1 candidate_status { last_received { term: 0 index: 0 } } ignore_live_leader: false dest_uuid: "a131840ee14a41259e82f41236ecdbb2" is_pre_election: true
I20260608 12:52:29.672405  9475 raft_consensus.cc:2468] T 5ad7d4eb1adc4764af6d35dea2ff60d7 P a131840ee14a41259e82f41236ecdbb2 [term 0 FOLLOWER]: Leader pre-election vote request: Granting yes vote for candidate b0b99c91271e43fda67d91608580ea98 in term 0.
I20260608 12:52:29.671044  9401 raft_consensus.cc:2468] T 5ad7d4eb1adc4764af6d35dea2ff60d7 P 43ae908601764122887b4934b94ce4a0 [term 0 FOLLOWER]: Leader pre-election vote request: Granting yes vote for candidate b0b99c91271e43fda67d91608580ea98 in term 0.
I20260608 12:52:29.674320  9513 leader_election.cc:304] T 5ad7d4eb1adc4764af6d35dea2ff60d7 P b0b99c91271e43fda67d91608580ea98 [CANDIDATE]: Term 1 pre-election: Election decided. Result: candidate won. Election summary: received 2 responses out of 3 voters: 2 yes votes; 0 no votes. yes voters: 43ae908601764122887b4934b94ce4a0, b0b99c91271e43fda67d91608580ea98; no voters: 
I20260608 12:52:29.675181  9604 raft_consensus.cc:2804] T 5ad7d4eb1adc4764af6d35dea2ff60d7 P b0b99c91271e43fda67d91608580ea98 [term 0 FOLLOWER]: Leader pre-election won for term 1
I20260608 12:52:29.675563  9604 raft_consensus.cc:493] T 5ad7d4eb1adc4764af6d35dea2ff60d7 P b0b99c91271e43fda67d91608580ea98 [term 0 FOLLOWER]: Starting leader election (no leader contacted us within the election timeout)
I20260608 12:52:29.676564  9604 raft_consensus.cc:3060] T 5ad7d4eb1adc4764af6d35dea2ff60d7 P b0b99c91271e43fda67d91608580ea98 [term 0 FOLLOWER]: Advancing to term 1
I20260608 12:52:29.683462  9604 raft_consensus.cc:515] T 5ad7d4eb1adc4764af6d35dea2ff60d7 P b0b99c91271e43fda67d91608580ea98 [term 1 FOLLOWER]: Starting leader election with config: opid_index: -1 OBSOLETE_local: false peers { permanent_uuid: "43ae908601764122887b4934b94ce4a0" member_type: VOTER last_known_addr { host: "127.4.194.65" port: 46817 } } peers { permanent_uuid: "a131840ee14a41259e82f41236ecdbb2" member_type: VOTER last_known_addr { host: "127.4.194.66" port: 46187 } } peers { permanent_uuid: "b0b99c91271e43fda67d91608580ea98" member_type: VOTER last_known_addr { host: "127.4.194.67" port: 36917 } }
I20260608 12:52:29.685534  9604 leader_election.cc:290] T 5ad7d4eb1adc4764af6d35dea2ff60d7 P b0b99c91271e43fda67d91608580ea98 [CANDIDATE]: Term 1 election: Requested vote from peers 43ae908601764122887b4934b94ce4a0 (127.4.194.65:46817), a131840ee14a41259e82f41236ecdbb2 (127.4.194.66:46187)
I20260608 12:52:29.685854  9401 tablet_service.cc:1917] Received RequestConsensusVote() RPC: tablet_id: "5ad7d4eb1adc4764af6d35dea2ff60d7" candidate_uuid: "b0b99c91271e43fda67d91608580ea98" candidate_term: 1 candidate_status { last_received { term: 0 index: 0 } } ignore_live_leader: false dest_uuid: "43ae908601764122887b4934b94ce4a0"
I20260608 12:52:29.686131  9476 tablet_service.cc:1917] Received RequestConsensusVote() RPC: tablet_id: "5ad7d4eb1adc4764af6d35dea2ff60d7" candidate_uuid: "b0b99c91271e43fda67d91608580ea98" candidate_term: 1 candidate_status { last_received { term: 0 index: 0 } } ignore_live_leader: false dest_uuid: "a131840ee14a41259e82f41236ecdbb2"
I20260608 12:52:29.686350  9401 raft_consensus.cc:3060] T 5ad7d4eb1adc4764af6d35dea2ff60d7 P 43ae908601764122887b4934b94ce4a0 [term 0 FOLLOWER]: Advancing to term 1
I20260608 12:52:29.686646  9476 raft_consensus.cc:3060] T 5ad7d4eb1adc4764af6d35dea2ff60d7 P a131840ee14a41259e82f41236ecdbb2 [term 0 FOLLOWER]: Advancing to term 1
I20260608 12:52:29.688747  9636 raft_consensus.cc:493] T 17cafb632b86462b815bf75da25b59d1 P a131840ee14a41259e82f41236ecdbb2 [term 0 FOLLOWER]: Starting pre-election (no leader contacted us within the election timeout)
I20260608 12:52:29.689242  9636 raft_consensus.cc:515] T 17cafb632b86462b815bf75da25b59d1 P a131840ee14a41259e82f41236ecdbb2 [term 0 FOLLOWER]: Starting pre-election with config: opid_index: -1 OBSOLETE_local: false peers { permanent_uuid: "43ae908601764122887b4934b94ce4a0" member_type: VOTER last_known_addr { host: "127.4.194.65" port: 46817 } } peers { permanent_uuid: "a131840ee14a41259e82f41236ecdbb2" member_type: VOTER last_known_addr { host: "127.4.194.66" port: 46187 } } peers { permanent_uuid: "b0b99c91271e43fda67d91608580ea98" member_type: VOTER last_known_addr { host: "127.4.194.67" port: 36917 } }
I20260608 12:52:29.691447  9636 leader_election.cc:290] T 17cafb632b86462b815bf75da25b59d1 P a131840ee14a41259e82f41236ecdbb2 [CANDIDATE]: Term 1 pre-election: Requested pre-vote from peers 43ae908601764122887b4934b94ce4a0 (127.4.194.65:46817), b0b99c91271e43fda67d91608580ea98 (127.4.194.67:36917)
I20260608 12:52:29.692363  9476 raft_consensus.cc:2468] T 5ad7d4eb1adc4764af6d35dea2ff60d7 P a131840ee14a41259e82f41236ecdbb2 [term 1 FOLLOWER]: Leader election vote request: Granting yes vote for candidate b0b99c91271e43fda67d91608580ea98 in term 1.
I20260608 12:52:29.692487  9401 raft_consensus.cc:2468] T 5ad7d4eb1adc4764af6d35dea2ff60d7 P 43ae908601764122887b4934b94ce4a0 [term 1 FOLLOWER]: Leader election vote request: Granting yes vote for candidate b0b99c91271e43fda67d91608580ea98 in term 1.
I20260608 12:52:29.693068  9400 tablet_service.cc:1917] Received RequestConsensusVote() RPC: tablet_id: "17cafb632b86462b815bf75da25b59d1" candidate_uuid: "a131840ee14a41259e82f41236ecdbb2" candidate_term: 1 candidate_status { last_received { term: 0 index: 0 } } ignore_live_leader: false dest_uuid: "43ae908601764122887b4934b94ce4a0" is_pre_election: true
I20260608 12:52:29.693542  9514 leader_election.cc:304] T 5ad7d4eb1adc4764af6d35dea2ff60d7 P b0b99c91271e43fda67d91608580ea98 [CANDIDATE]: Term 1 election: Election decided. Result: candidate won. Election summary: received 2 responses out of 3 voters: 2 yes votes; 0 no votes. yes voters: a131840ee14a41259e82f41236ecdbb2, b0b99c91271e43fda67d91608580ea98; no voters: 
I20260608 12:52:29.693717  9400 raft_consensus.cc:2468] T 17cafb632b86462b815bf75da25b59d1 P 43ae908601764122887b4934b94ce4a0 [term 0 FOLLOWER]: Leader pre-election vote request: Granting yes vote for candidate a131840ee14a41259e82f41236ecdbb2 in term 0.
I20260608 12:52:29.694769  9439 leader_election.cc:304] T 17cafb632b86462b815bf75da25b59d1 P a131840ee14a41259e82f41236ecdbb2 [CANDIDATE]: Term 1 pre-election: Election decided. Result: candidate won. Election summary: received 2 responses out of 3 voters: 2 yes votes; 0 no votes. yes voters: 43ae908601764122887b4934b94ce4a0, a131840ee14a41259e82f41236ecdbb2; no voters: 
I20260608 12:52:29.694820  9549 tablet_service.cc:1917] Received RequestConsensusVote() RPC: tablet_id: "17cafb632b86462b815bf75da25b59d1" candidate_uuid: "a131840ee14a41259e82f41236ecdbb2" candidate_term: 1 candidate_status { last_received { term: 0 index: 0 } } ignore_live_leader: false dest_uuid: "b0b99c91271e43fda67d91608580ea98" is_pre_election: true
I20260608 12:52:29.695309  9604 raft_consensus.cc:2804] T 5ad7d4eb1adc4764af6d35dea2ff60d7 P b0b99c91271e43fda67d91608580ea98 [term 1 FOLLOWER]: Leader election won for term 1
I20260608 12:52:29.695499  9636 raft_consensus.cc:2804] T 17cafb632b86462b815bf75da25b59d1 P a131840ee14a41259e82f41236ecdbb2 [term 0 FOLLOWER]: Leader pre-election won for term 1
I20260608 12:52:29.695705  9549 raft_consensus.cc:2468] T 17cafb632b86462b815bf75da25b59d1 P b0b99c91271e43fda67d91608580ea98 [term 0 FOLLOWER]: Leader pre-election vote request: Granting yes vote for candidate a131840ee14a41259e82f41236ecdbb2 in term 0.
I20260608 12:52:29.695801  9604 raft_consensus.cc:697] T 5ad7d4eb1adc4764af6d35dea2ff60d7 P b0b99c91271e43fda67d91608580ea98 [term 1 LEADER]: Becoming Leader. State: Replica: b0b99c91271e43fda67d91608580ea98, State: Running, Role: LEADER
I20260608 12:52:29.695979  9636 raft_consensus.cc:493] T 17cafb632b86462b815bf75da25b59d1 P a131840ee14a41259e82f41236ecdbb2 [term 0 FOLLOWER]: Starting leader election (no leader contacted us within the election timeout)
I20260608 12:52:29.696527  9636 raft_consensus.cc:3060] T 17cafb632b86462b815bf75da25b59d1 P a131840ee14a41259e82f41236ecdbb2 [term 0 FOLLOWER]: Advancing to term 1
I20260608 12:52:29.696924  9604 consensus_queue.cc:237] T 5ad7d4eb1adc4764af6d35dea2ff60d7 P b0b99c91271e43fda67d91608580ea98 [LEADER]: Queue going to LEADER mode. State: All replicated index: 0, Majority replicated index: 0, Committed index: 0, Last appended: 0.0, Last appended by leader: 0, Current term: 1, Majority size: 2, State: 0, Mode: LEADER, active raft config: opid_index: -1 OBSOLETE_local: false peers { permanent_uuid: "43ae908601764122887b4934b94ce4a0" member_type: VOTER last_known_addr { host: "127.4.194.65" port: 46817 } } peers { permanent_uuid: "a131840ee14a41259e82f41236ecdbb2" member_type: VOTER last_known_addr { host: "127.4.194.66" port: 46187 } } peers { permanent_uuid: "b0b99c91271e43fda67d91608580ea98" member_type: VOTER last_known_addr { host: "127.4.194.67" port: 36917 } }
I20260608 12:52:29.702178  9636 raft_consensus.cc:515] T 17cafb632b86462b815bf75da25b59d1 P a131840ee14a41259e82f41236ecdbb2 [term 1 FOLLOWER]: Starting leader election with config: opid_index: -1 OBSOLETE_local: false peers { permanent_uuid: "43ae908601764122887b4934b94ce4a0" member_type: VOTER last_known_addr { host: "127.4.194.65" port: 46817 } } peers { permanent_uuid: "a131840ee14a41259e82f41236ecdbb2" member_type: VOTER last_known_addr { host: "127.4.194.66" port: 46187 } } peers { permanent_uuid: "b0b99c91271e43fda67d91608580ea98" member_type: VOTER last_known_addr { host: "127.4.194.67" port: 36917 } }
I20260608 12:52:29.704169  9636 leader_election.cc:290] T 17cafb632b86462b815bf75da25b59d1 P a131840ee14a41259e82f41236ecdbb2 [CANDIDATE]: Term 1 election: Requested vote from peers 43ae908601764122887b4934b94ce4a0 (127.4.194.65:46817), b0b99c91271e43fda67d91608580ea98 (127.4.194.67:36917)
I20260608 12:52:29.704793  9400 tablet_service.cc:1917] Received RequestConsensusVote() RPC: tablet_id: "17cafb632b86462b815bf75da25b59d1" candidate_uuid: "a131840ee14a41259e82f41236ecdbb2" candidate_term: 1 candidate_status { last_received { term: 0 index: 0 } } ignore_live_leader: false dest_uuid: "43ae908601764122887b4934b94ce4a0"
I20260608 12:52:29.705093  9549 tablet_service.cc:1917] Received RequestConsensusVote() RPC: tablet_id: "17cafb632b86462b815bf75da25b59d1" candidate_uuid: "a131840ee14a41259e82f41236ecdbb2" candidate_term: 1 candidate_status { last_received { term: 0 index: 0 } } ignore_live_leader: false dest_uuid: "b0b99c91271e43fda67d91608580ea98"
I20260608 12:52:29.705235  9400 raft_consensus.cc:3060] T 17cafb632b86462b815bf75da25b59d1 P 43ae908601764122887b4934b94ce4a0 [term 0 FOLLOWER]: Advancing to term 1
I20260608 12:52:29.705556  9549 raft_consensus.cc:3060] T 17cafb632b86462b815bf75da25b59d1 P b0b99c91271e43fda67d91608580ea98 [term 0 FOLLOWER]: Advancing to term 1
I20260608 12:52:29.709710  9400 raft_consensus.cc:2468] T 17cafb632b86462b815bf75da25b59d1 P 43ae908601764122887b4934b94ce4a0 [term 1 FOLLOWER]: Leader election vote request: Granting yes vote for candidate a131840ee14a41259e82f41236ecdbb2 in term 1.
I20260608 12:52:29.709990  9549 raft_consensus.cc:2468] T 17cafb632b86462b815bf75da25b59d1 P b0b99c91271e43fda67d91608580ea98 [term 1 FOLLOWER]: Leader election vote request: Granting yes vote for candidate a131840ee14a41259e82f41236ecdbb2 in term 1.
I20260608 12:52:29.710717  9439 leader_election.cc:304] T 17cafb632b86462b815bf75da25b59d1 P a131840ee14a41259e82f41236ecdbb2 [CANDIDATE]: Term 1 election: Election decided. Result: candidate won. Election summary: received 2 responses out of 3 voters: 2 yes votes; 0 no votes. yes voters: 43ae908601764122887b4934b94ce4a0, a131840ee14a41259e82f41236ecdbb2; no voters: 
I20260608 12:52:29.711580  9636 raft_consensus.cc:2804] T 17cafb632b86462b815bf75da25b59d1 P a131840ee14a41259e82f41236ecdbb2 [term 1 FOLLOWER]: Leader election won for term 1
I20260608 12:52:29.710711  9297 catalog_manager.cc:5696] T 5ad7d4eb1adc4764af6d35dea2ff60d7 P b0b99c91271e43fda67d91608580ea98 reported cstate change: term changed from 0 to 1, leader changed from <none> to b0b99c91271e43fda67d91608580ea98 (127.4.194.67). New cstate: current_term: 1 leader_uuid: "b0b99c91271e43fda67d91608580ea98" committed_config { opid_index: -1 OBSOLETE_local: false peers { permanent_uuid: "43ae908601764122887b4934b94ce4a0" member_type: VOTER last_known_addr { host: "127.4.194.65" port: 46817 } health_report { overall_health: UNKNOWN } } peers { permanent_uuid: "a131840ee14a41259e82f41236ecdbb2" member_type: VOTER last_known_addr { host: "127.4.194.66" port: 46187 } health_report { overall_health: UNKNOWN } } peers { permanent_uuid: "b0b99c91271e43fda67d91608580ea98" member_type: VOTER last_known_addr { host: "127.4.194.67" port: 36917 } health_report { overall_health: HEALTHY } } }
I20260608 12:52:29.712070  9636 raft_consensus.cc:697] T 17cafb632b86462b815bf75da25b59d1 P a131840ee14a41259e82f41236ecdbb2 [term 1 LEADER]: Becoming Leader. State: Replica: a131840ee14a41259e82f41236ecdbb2, State: Running, Role: LEADER
I20260608 12:52:29.712837  9636 consensus_queue.cc:237] T 17cafb632b86462b815bf75da25b59d1 P a131840ee14a41259e82f41236ecdbb2 [LEADER]: Queue going to LEADER mode. State: All replicated index: 0, Majority replicated index: 0, Committed index: 0, Last appended: 0.0, Last appended by leader: 0, Current term: 1, Majority size: 2, State: 0, Mode: LEADER, active raft config: opid_index: -1 OBSOLETE_local: false peers { permanent_uuid: "43ae908601764122887b4934b94ce4a0" member_type: VOTER last_known_addr { host: "127.4.194.65" port: 46817 } } peers { permanent_uuid: "a131840ee14a41259e82f41236ecdbb2" member_type: VOTER last_known_addr { host: "127.4.194.66" port: 46187 } } peers { permanent_uuid: "b0b99c91271e43fda67d91608580ea98" member_type: VOTER last_known_addr { host: "127.4.194.67" port: 36917 } }
I20260608 12:52:29.722249  9298 catalog_manager.cc:5696] T 17cafb632b86462b815bf75da25b59d1 P a131840ee14a41259e82f41236ecdbb2 reported cstate change: term changed from 0 to 1, leader changed from <none> to a131840ee14a41259e82f41236ecdbb2 (127.4.194.66). New cstate: current_term: 1 leader_uuid: "a131840ee14a41259e82f41236ecdbb2" committed_config { opid_index: -1 OBSOLETE_local: false peers { permanent_uuid: "43ae908601764122887b4934b94ce4a0" member_type: VOTER last_known_addr { host: "127.4.194.65" port: 46817 } health_report { overall_health: UNKNOWN } } peers { permanent_uuid: "a131840ee14a41259e82f41236ecdbb2" member_type: VOTER last_known_addr { host: "127.4.194.66" port: 46187 } health_report { overall_health: HEALTHY } } peers { permanent_uuid: "b0b99c91271e43fda67d91608580ea98" member_type: VOTER last_known_addr { host: "127.4.194.67" port: 36917 } health_report { overall_health: UNKNOWN } } }
I20260608 12:52:29.755121  9604 consensus_queue.cc:1048] T bb1ffafc1d73498688d747936cee754f P b0b99c91271e43fda67d91608580ea98 [LEADER]: Connected to new peer: Peer: permanent_uuid: "43ae908601764122887b4934b94ce4a0" member_type: VOTER last_known_addr { host: "127.4.194.65" port: 46817 }, Status: LMP_MISMATCH, Last received: 0.0, Next index: 1, Last known committed idx: 0, Time since last communication: 0.000s
I20260608 12:52:29.766805  9622 consensus_queue.cc:1048] T bb1ffafc1d73498688d747936cee754f P b0b99c91271e43fda67d91608580ea98 [LEADER]: Connected to new peer: Peer: permanent_uuid: "a131840ee14a41259e82f41236ecdbb2" member_type: VOTER last_known_addr { host: "127.4.194.66" port: 46187 }, Status: LMP_MISMATCH, Last received: 0.0, Next index: 1, Last known committed idx: 0, Time since last communication: 0.000s
I20260608 12:52:29.824043  9677 consensus_queue.cc:1048] T 86ca249446f64eb8bf8890414c61773a P b0b99c91271e43fda67d91608580ea98 [LEADER]: Connected to new peer: Peer: permanent_uuid: "a131840ee14a41259e82f41236ecdbb2" member_type: VOTER last_known_addr { host: "127.4.194.66" port: 46187 }, Status: LMP_MISMATCH, Last received: 0.0, Next index: 1, Last known committed idx: 0, Time since last communication: 0.000s
I20260608 12:52:29.835093  9677 consensus_queue.cc:1048] T 86ca249446f64eb8bf8890414c61773a P b0b99c91271e43fda67d91608580ea98 [LEADER]: Connected to new peer: Peer: permanent_uuid: "43ae908601764122887b4934b94ce4a0" member_type: VOTER last_known_addr { host: "127.4.194.65" port: 46817 }, Status: LMP_MISMATCH, Last received: 0.0, Next index: 1, Last known committed idx: 0, Time since last communication: 0.000s
I20260608 12:52:29.906567  9636 consensus_queue.cc:1048] T 6416926e8cf541b095d75d3888d55b83 P a131840ee14a41259e82f41236ecdbb2 [LEADER]: Connected to new peer: Peer: permanent_uuid: "43ae908601764122887b4934b94ce4a0" member_type: VOTER last_known_addr { host: "127.4.194.65" port: 46817 }, Status: LMP_MISMATCH, Last received: 0.0, Next index: 1, Last known committed idx: 0, Time since last communication: 0.000s
I20260608 12:52:29.917783  9682 consensus_queue.cc:1048] T 6416926e8cf541b095d75d3888d55b83 P a131840ee14a41259e82f41236ecdbb2 [LEADER]: Connected to new peer: Peer: permanent_uuid: "b0b99c91271e43fda67d91608580ea98" member_type: VOTER last_known_addr { host: "127.4.194.67" port: 36917 }, Status: LMP_MISMATCH, Last received: 0.0, Next index: 1, Last known committed idx: 0, Time since last communication: 0.001s
I20260608 12:52:29.933465  9682 consensus_queue.cc:1048] T 6d12a3382d4b48af8884aaf69d7819d0 P a131840ee14a41259e82f41236ecdbb2 [LEADER]: Connected to new peer: Peer: permanent_uuid: "b0b99c91271e43fda67d91608580ea98" member_type: VOTER last_known_addr { host: "127.4.194.67" port: 36917 }, Status: LMP_MISMATCH, Last received: 0.0, Next index: 1, Last known committed idx: 0, Time since last communication: 0.000s
I20260608 12:52:29.933828  9664 consensus_queue.cc:1048] T 1341d20c8df84d5fa750045c45a40665 P 43ae908601764122887b4934b94ce4a0 [LEADER]: Connected to new peer: Peer: permanent_uuid: "a131840ee14a41259e82f41236ecdbb2" member_type: VOTER last_known_addr { host: "127.4.194.66" port: 46187 }, Status: LMP_MISMATCH, Last received: 0.0, Next index: 1, Last known committed idx: 0, Time since last communication: 0.000s
I20260608 12:52:29.948206  9637 consensus_queue.cc:1048] T 6d12a3382d4b48af8884aaf69d7819d0 P a131840ee14a41259e82f41236ecdbb2 [LEADER]: Connected to new peer: Peer: permanent_uuid: "43ae908601764122887b4934b94ce4a0" member_type: VOTER last_known_addr { host: "127.4.194.65" port: 46817 }, Status: LMP_MISMATCH, Last received: 0.0, Next index: 1, Last known committed idx: 0, Time since last communication: 0.000s
I20260608 12:52:29.951989  9602 consensus_queue.cc:1048] T 1341d20c8df84d5fa750045c45a40665 P 43ae908601764122887b4934b94ce4a0 [LEADER]: Connected to new peer: Peer: permanent_uuid: "b0b99c91271e43fda67d91608580ea98" member_type: VOTER last_known_addr { host: "127.4.194.67" port: 36917 }, Status: LMP_MISMATCH, Last received: 0.0, Next index: 1, Last known committed idx: 0, Time since last communication: 0.000s
I20260608 12:52:29.964223  9637 consensus_queue.cc:1048] T 8205db5d1c044922a91eb575f05ef945 P a131840ee14a41259e82f41236ecdbb2 [LEADER]: Connected to new peer: Peer: permanent_uuid: "b0b99c91271e43fda67d91608580ea98" member_type: VOTER last_known_addr { host: "127.4.194.67" port: 36917 }, Status: LMP_MISMATCH, Last received: 0.0, Next index: 1, Last known committed idx: 0, Time since last communication: 0.000s
I20260608 12:52:29.998433  9600 consensus_queue.cc:1048] T 8205db5d1c044922a91eb575f05ef945 P a131840ee14a41259e82f41236ecdbb2 [LEADER]: Connected to new peer: Peer: permanent_uuid: "43ae908601764122887b4934b94ce4a0" member_type: VOTER last_known_addr { host: "127.4.194.65" port: 46817 }, Status: LMP_MISMATCH, Last received: 0.0, Next index: 1, Last known committed idx: 0, Time since last communication: 0.000s
I20260608 12:52:30.050637  9600 consensus_queue.cc:1048] T 45669759d6054fedbe8efa40e89067ee P a131840ee14a41259e82f41236ecdbb2 [LEADER]: Connected to new peer: Peer: permanent_uuid: "43ae908601764122887b4934b94ce4a0" member_type: VOTER last_known_addr { host: "127.4.194.65" port: 46817 }, Status: LMP_MISMATCH, Last received: 0.0, Next index: 1, Last known committed idx: 0, Time since last communication: 0.000s
I20260608 12:52:30.100313  9677 consensus_queue.cc:1048] T 5ad7d4eb1adc4764af6d35dea2ff60d7 P b0b99c91271e43fda67d91608580ea98 [LEADER]: Connected to new peer: Peer: permanent_uuid: "a131840ee14a41259e82f41236ecdbb2" member_type: VOTER last_known_addr { host: "127.4.194.66" port: 46187 }, Status: LMP_MISMATCH, Last received: 0.0, Next index: 1, Last known committed idx: 0, Time since last communication: 0.001s
I20260608 12:52:30.107556  9682 consensus_queue.cc:1048] T 45669759d6054fedbe8efa40e89067ee P a131840ee14a41259e82f41236ecdbb2 [LEADER]: Connected to new peer: Peer: permanent_uuid: "b0b99c91271e43fda67d91608580ea98" member_type: VOTER last_known_addr { host: "127.4.194.67" port: 36917 }, Status: LMP_MISMATCH, Last received: 0.0, Next index: 1, Last known committed idx: 0, Time since last communication: 0.000s
I20260608 12:52:30.123708  9600 consensus_queue.cc:1048] T 17cafb632b86462b815bf75da25b59d1 P a131840ee14a41259e82f41236ecdbb2 [LEADER]: Connected to new peer: Peer: permanent_uuid: "43ae908601764122887b4934b94ce4a0" member_type: VOTER last_known_addr { host: "127.4.194.65" port: 46817 }, Status: LMP_MISMATCH, Last received: 0.0, Next index: 1, Last known committed idx: 0, Time since last communication: 0.004s
I20260608 12:52:30.168087  9682 consensus_queue.cc:1048] T 17cafb632b86462b815bf75da25b59d1 P a131840ee14a41259e82f41236ecdbb2 [LEADER]: Connected to new peer: Peer: permanent_uuid: "b0b99c91271e43fda67d91608580ea98" member_type: VOTER last_known_addr { host: "127.4.194.67" port: 36917 }, Status: LMP_MISMATCH, Last received: 0.0, Next index: 1, Last known committed idx: 0, Time since last communication: 0.000s
I20260608 12:52:30.189949  9677 consensus_queue.cc:1048] T 5ad7d4eb1adc4764af6d35dea2ff60d7 P b0b99c91271e43fda67d91608580ea98 [LEADER]: Connected to new peer: Peer: permanent_uuid: "43ae908601764122887b4934b94ce4a0" member_type: VOTER last_known_addr { host: "127.4.194.65" port: 46817 }, Status: LMP_MISMATCH, Last received: 0.0, Next index: 1, Last known committed idx: 0, Time since last communication: 0.000s
W20260608 12:52:30.489254  9441 outbound_call.cc:321] RPC callback for RPC call kudu.consensus.ConsensusService.UpdateConsensus -> {remote=127.4.194.67:36917, user_credentials={real_user=slave}} blocked reactor thread for 117160us
W20260608 12:52:30.622305  9675 log.cc:927] Time spent T 17cafb632b86462b815bf75da25b59d1 P a131840ee14a41259e82f41236ecdbb2: Append to log took a long time: real 0.235s	user 0.008s	sys 0.000s
W20260608 12:52:30.761904  9669 log.cc:927] Time spent T 45669759d6054fedbe8efa40e89067ee P a131840ee14a41259e82f41236ecdbb2: Append to log took a long time: real 0.060s	user 0.001s	sys 0.000s
W20260608 12:52:30.782145  9579 outbound_call.cc:321] RPC callback for RPC call kudu.tserver.TabletServerService.Write -> {remote=127.4.194.65:46817, user_credentials={real_user=slave}} blocked reactor thread for 44962.3us
W20260608 12:52:30.977257  9579 outbound_call.cc:321] RPC callback for RPC call kudu.tserver.TabletServerService.Write -> {remote=127.4.194.65:46817, user_credentials={real_user=slave}} blocked reactor thread for 79233.7us
W20260608 12:52:31.049775  9580 outbound_call.cc:321] RPC callback for RPC call kudu.tserver.TabletServerService.Write -> {remote=127.4.194.66:46187, user_credentials={real_user=slave}} blocked reactor thread for 313804us
W20260608 12:52:31.133535  9623 log.cc:927] Time spent T 0e95e17786cb43168fcab87d3c8c3ffc P 43ae908601764122887b4934b94ce4a0: Append to log took a long time: real 0.074s	user 0.000s	sys 0.002s
W20260608 12:52:31.145720  9580 outbound_call.cc:321] RPC callback for RPC call kudu.tserver.TabletServerService.Write -> {remote=127.4.194.66:46187, user_credentials={real_user=slave}} blocked reactor thread for 52812.5us
W20260608 12:52:31.230454  9750 log.cc:927] Time spent T 3029b85873674ccaa3d1f65805709db7 P 43ae908601764122887b4934b94ce4a0: Append to log took a long time: real 0.110s	user 0.001s	sys 0.000s
W20260608 12:52:31.241539  9514 outbound_call.cc:321] RPC callback for RPC call kudu.consensus.ConsensusService.UpdateConsensus -> {remote=127.4.194.66:46187, user_credentials={real_user=slave}} blocked reactor thread for 57979.9us
W20260608 12:52:31.263576  9439 outbound_call.cc:321] RPC callback for RPC call kudu.consensus.ConsensusService.UpdateConsensus -> {remote=127.4.194.65:46817, user_credentials={real_user=slave}} blocked reactor thread for 128516us
W20260608 12:52:31.296670  9441 outbound_call.cc:321] RPC callback for RPC call kudu.consensus.ConsensusService.UpdateConsensus -> {remote=127.4.194.67:36917, user_credentials={real_user=slave}} blocked reactor thread for 152601us
I20260608 12:52:31.320420  9728 rpcz_store.cc:275] Call kudu.tserver.TabletServerService.Write from 127.0.0.1:34196 (ReqId={client: e2be3f7361394da3b0ea471f34a31d9a, seq_no=22, attempt_no=0}) took 1011 ms. Trace:
I20260608 12:52:31.345778  9728 rpcz_store.cc:276] 0608 12:52:30.308831 (+     0us) service_pool.cc:167] Inserting onto call queue
0608 12:52:30.310277 (+  1446us) service_pool.cc:224] Handling call
0608 12:52:31.320225 (+1009948us) inbound_call.cc:177] Queueing success response
Related trace 'op':
0608 12:52:30.362983 (+     0us) write_op.cc:183] PREPARE: starting on tablet 17cafb632b86462b815bf75da25b59d1
0608 12:52:30.363493 (+   510us) write_op.cc:432] Acquiring schema lock in shared mode
0608 12:52:30.363522 (+    29us) write_op.cc:435] Acquired schema lock
0608 12:52:30.363539 (+    17us) tablet.cc:662] Decoding operations
0608 12:52:30.382890 (+ 19351us) write_op.cc:620] Acquiring the partition lock for write op
0608 12:52:30.382947 (+    57us) write_op.cc:641] Partition lock acquired for write op
0608 12:52:30.382975 (+    28us) tablet.cc:685] Acquiring locks for 4 operations
0608 12:52:30.383347 (+   372us) tablet.cc:701] Row locks acquired
0608 12:52:30.383363 (+    16us) write_op.cc:260] PREPARE: finished
0608 12:52:30.383530 (+   167us) write_op.cc:270] Start()
0608 12:52:30.383641 (+   111us) write_op.cc:276] Timestamp: P: 1780923150383485 usec, L: 0
0608 12:52:30.383662 (+    21us) op_driver.cc:348] REPLICATION: starting
0608 12:52:30.384299 (+   637us) log.cc:844] Serialized 475 byte log entry
0608 12:52:31.176352 (+792053us) op_driver.cc:464] REPLICATION: finished
0608 12:52:31.279924 (+103572us) write_op.cc:301] APPLY: starting
0608 12:52:31.280001 (+    77us) tablet.cc:1367] starting BulkCheckPresence
0608 12:52:31.280152 (+   151us) tablet.cc:1370] finished BulkCheckPresence
0608 12:52:31.280271 (+   119us) tablet.cc:1372] starting ApplyRowOperation cycle
0608 12:52:31.280987 (+   716us) tablet.cc:1383] finished ApplyRowOperation cycle
0608 12:52:31.281180 (+   193us) tablet_metrics.cc:581] ProbeStats: bloom_lookups=0,key_file_lookups=0,delta_file_lookups=0,mrs_lookups=0
0608 12:52:31.281233 (+    53us) write_op.cc:312] APPLY: finished
0608 12:52:31.281485 (+   252us) log.cc:844] Serialized 40 byte log entry
0608 12:52:31.308324 (+ 26839us) write_op.cc:489] Releasing partition, row and schema locks
0608 12:52:31.311926 (+  3602us) write_op.cc:454] Released schema lock
0608 12:52:31.312372 (+   446us) write_op.cc:341] FINISH: Updating metrics
Metrics: {"child_traces":[["op",{"apply.queue_time_us":100599,"mutex_wait_us":90820,"num_ops":4,"prepare.queue_time_us":51208,"prepare.run_cpu_time_us":19841,"prepare.run_wall_time_us":153349,"raft.queue_time_us":111508,"raft.run_cpu_time_us":22,"raft.run_wall_time_us":23,"replication_time_us":770986,"thread_start_us":42951,"threads_started":1}]]}
I20260608 12:52:31.463390  9718 rpcz_store.cc:275] Call kudu.tserver.TabletServerService.Write from 127.0.0.1:58256 (ReqId={client: e2be3f7361394da3b0ea471f34a31d9a, seq_no=39, attempt_no=0}) took 1057 ms. Trace:
I20260608 12:52:31.501235  9730 rpcz_store.cc:275] Call kudu.tserver.TabletServerService.Write from 127.0.0.1:34196 (ReqId={client: e2be3f7361394da3b0ea471f34a31d9a, seq_no=27, attempt_no=0}) took 1114 ms. Trace:
I20260608 12:52:31.501683  9730 rpcz_store.cc:276] 0608 12:52:30.386689 (+     0us) service_pool.cc:167] Inserting onto call queue
0608 12:52:30.389740 (+  3051us) service_pool.cc:224] Handling call
0608 12:52:31.501040 (+1111300us) inbound_call.cc:177] Queueing success response
Related trace 'op':
0608 12:52:30.635090 (+     0us) write_op.cc:183] PREPARE: starting on tablet 45669759d6054fedbe8efa40e89067ee
0608 12:52:30.635596 (+   506us) write_op.cc:432] Acquiring schema lock in shared mode
0608 12:52:30.635626 (+    30us) write_op.cc:435] Acquired schema lock
0608 12:52:30.635649 (+    23us) tablet.cc:662] Decoding operations
0608 12:52:30.636395 (+   746us) write_op.cc:620] Acquiring the partition lock for write op
0608 12:52:30.636439 (+    44us) write_op.cc:641] Partition lock acquired for write op
0608 12:52:30.636553 (+   114us) tablet.cc:685] Acquiring locks for 9 operations
0608 12:52:30.637098 (+   545us) tablet.cc:701] Row locks acquired
0608 12:52:30.637119 (+    21us) write_op.cc:260] PREPARE: finished
0608 12:52:30.642484 (+  5365us) write_op.cc:270] Start()
0608 12:52:30.646794 (+  4310us) write_op.cc:276] Timestamp: P: 1780923150637370 usec, L: 0
0608 12:52:30.646808 (+    14us) op_driver.cc:348] REPLICATION: starting
0608 12:52:30.696862 (+ 50054us) log.cc:844] Serialized 692 byte log entry
0608 12:52:31.313533 (+616671us) op_driver.cc:464] REPLICATION: finished
0608 12:52:31.452305 (+138772us) write_op.cc:301] APPLY: starting
0608 12:52:31.452380 (+    75us) tablet.cc:1367] starting BulkCheckPresence
0608 12:52:31.452613 (+   233us) tablet.cc:1370] finished BulkCheckPresence
0608 12:52:31.452710 (+    97us) tablet.cc:1372] starting ApplyRowOperation cycle
0608 12:52:31.494963 (+ 42253us) tablet.cc:1383] finished ApplyRowOperation cycle
0608 12:52:31.495274 (+   311us) tablet_metrics.cc:581] ProbeStats: bloom_lookups=0,key_file_lookups=0,delta_file_lookups=0,mrs_lookups=0
0608 12:52:31.495326 (+    52us) write_op.cc:312] APPLY: finished
0608 12:52:31.495651 (+   325us) log.cc:844] Serialized 70 byte log entry
0608 12:52:31.495916 (+   265us) write_op.cc:489] Releasing partition, row and schema locks
0608 12:52:31.496031 (+   115us) write_op.cc:454] Released schema lock
0608 12:52:31.496085 (+    54us) write_op.cc:341] FINISH: Updating metrics
Metrics: {"child_traces":[["op",{"apply.queue_time_us":138576,"num_ops":9,"prepare.queue_time_us":175124,"prepare.run_cpu_time_us":3839,"prepare.run_wall_time_us":79173,"replication_time_us":665358}]]}
I20260608 12:52:31.499554  9718 rpcz_store.cc:276] 0608 12:52:30.406568 (+     0us) service_pool.cc:167] Inserting onto call queue
0608 12:52:30.407487 (+   919us) service_pool.cc:224] Handling call
0608 12:52:30.586315 (+178828us) spinlock_profiling.cc:243] Waited 2.33 ms on lock 0x7b5800138c98. stack: 00007f2afcae63a1 00007f2afcae61c8 00007f2afc2c1f11 000000000047f705 000000000047f658 00007f2afc81bd9b 00007f2afcad1835 00007f2afcad15cd 00007f2b06da3848 00007f2b059d3a6c 00007f2b05b3cd90 00007f2b05b3ce7e 00007f2b05ac6de6 00007f2b05a9e6e8 00007f2b05a9af44 00007f2b04769ae6
0608 12:52:31.463157 (+876842us) inbound_call.cc:177] Queueing success response
Related trace 'op':
0608 12:52:30.594386 (+     0us) write_op.cc:183] PREPARE: starting on tablet 1341d20c8df84d5fa750045c45a40665
0608 12:52:30.596153 (+  1767us) write_op.cc:432] Acquiring schema lock in shared mode
0608 12:52:30.596184 (+    31us) write_op.cc:435] Acquired schema lock
0608 12:52:30.596201 (+    17us) tablet.cc:662] Decoding operations
0608 12:52:30.596884 (+   683us) write_op.cc:620] Acquiring the partition lock for write op
0608 12:52:30.596926 (+    42us) write_op.cc:641] Partition lock acquired for write op
0608 12:52:30.596953 (+    27us) tablet.cc:685] Acquiring locks for 7 operations
0608 12:52:30.597439 (+   486us) tablet.cc:701] Row locks acquired
0608 12:52:30.597459 (+    20us) write_op.cc:260] PREPARE: finished
0608 12:52:30.597629 (+   170us) write_op.cc:270] Start()
0608 12:52:30.597753 (+   124us) write_op.cc:276] Timestamp: P: 1780923150597586 usec, L: 0
0608 12:52:30.597774 (+    21us) op_driver.cc:348] REPLICATION: starting
0608 12:52:30.885756 (+287982us) log.cc:844] Serialized 605 byte log entry
0608 12:52:31.069202 (+183446us) spinlock_profiling.cc:243] Waited 240 ms on lock 0x7b5400266e54. stack: 00007f2afcae63a1 00007f2afcae61c8 00007f2afc2c1f11 000000000047f705 000000000047f658 00007f2b001995cb 00007f2b002a6115 00007f2b03dfe788 00007f2b03dfd660 00007f2b03e07950 00007f2b03e078b0 00007f2b03e07810 00007f2b03e077b0 00007f2b03e0592f 000000000049a986 000000000049a618
0608 12:52:31.295097 (+225895us) op_driver.cc:464] REPLICATION: finished
0608 12:52:31.441519 (+146422us) write_op.cc:301] APPLY: starting
0608 12:52:31.441591 (+    72us) tablet.cc:1367] starting BulkCheckPresence
0608 12:52:31.441800 (+   209us) tablet.cc:1370] finished BulkCheckPresence
0608 12:52:31.441824 (+    24us) tablet.cc:1372] starting ApplyRowOperation cycle
0608 12:52:31.461942 (+ 20118us) tablet.cc:1383] finished ApplyRowOperation cycle
0608 12:52:31.462143 (+   201us) tablet_metrics.cc:581] ProbeStats: bloom_lookups=0,key_file_lookups=0,delta_file_lookups=0,mrs_lookups=0
0608 12:52:31.462193 (+    50us) write_op.cc:312] APPLY: finished
0608 12:52:31.462458 (+   265us) log.cc:844] Serialized 58 byte log entry
0608 12:52:31.462671 (+   213us) write_op.cc:489] Releasing partition, row and schema locks
0608 12:52:31.462769 (+    98us) write_op.cc:454] Released schema lock
0608 12:52:31.462816 (+    47us) write_op.cc:341] FINISH: Updating metrics
Metrics: {"spinlock_wait_cycles":5350656,"child_traces":[["op",{"apply.queue_time_us":146239,"num_ops":7,"prepare.queue_time_us":1909,"prepare.run_cpu_time_us":32726,"prepare.run_wall_time_us":474996,"replication_time_us":697215,"spinlock_wait_cycles":551180160}]]}
I20260608 12:52:31.490129  9744 rpcz_store.cc:275] Call kudu.tserver.TabletServerService.Write from 127.0.0.1:35526 (ReqId={client: e2be3f7361394da3b0ea471f34a31d9a, seq_no=15, attempt_no=0}) took 1100 ms. Trace:
I20260608 12:52:31.512907  9744 rpcz_store.cc:276] 0608 12:52:30.389452 (+     0us) service_pool.cc:167] Inserting onto call queue
0608 12:52:30.390830 (+  1378us) service_pool.cc:224] Handling call
0608 12:52:30.462202 (+ 71372us) spinlock_profiling.cc:243] Waited 1.3 ms on lock 0x7b340022c508. stack: 00007f2afcae63a1 00007f2afcae61c8 00007f2afc2c1f11 000000000047f705 000000000047f658 00007f2afe16a4bb 00007f2afe1ea64f 00007f2afe26ec24 00007f2afe273faf 00007f2afe2767eb 00007f2afe276740 00007f2afe2766a0 00007f2afe276640 00007f2afe27496f 000000000049a986 000000000049a618
0608 12:52:31.489886 (+1027684us) inbound_call.cc:177] Queueing success response
Related trace 'op':
0608 12:52:30.749712 (+     0us) write_op.cc:183] PREPARE: starting on tablet 3029b85873674ccaa3d1f65805709db7
0608 12:52:30.757050 (+  7338us) write_op.cc:432] Acquiring schema lock in shared mode
0608 12:52:30.757079 (+    29us) write_op.cc:435] Acquired schema lock
0608 12:52:30.757096 (+    17us) tablet.cc:662] Decoding operations
0608 12:52:30.757685 (+   589us) write_op.cc:620] Acquiring the partition lock for write op
0608 12:52:30.757731 (+    46us) write_op.cc:641] Partition lock acquired for write op
0608 12:52:30.757761 (+    30us) tablet.cc:685] Acquiring locks for 6 operations
0608 12:52:30.796400 (+ 38639us) tablet.cc:701] Row locks acquired
0608 12:52:30.799160 (+  2760us) write_op.cc:260] PREPARE: finished
0608 12:52:30.808463 (+  9303us) write_op.cc:270] Start()
0608 12:52:30.814639 (+  6176us) write_op.cc:276] Timestamp: P: 1780923150807783 usec, L: 0
0608 12:52:30.822982 (+  8343us) op_driver.cc:348] REPLICATION: starting
0608 12:52:30.869042 (+ 46060us) log.cc:844] Serialized 562 byte log entry
0608 12:52:31.421332 (+552290us) op_driver.cc:464] REPLICATION: finished
0608 12:52:31.487056 (+ 65724us) write_op.cc:301] APPLY: starting
0608 12:52:31.487138 (+    82us) tablet.cc:1367] starting BulkCheckPresence
0608 12:52:31.487331 (+   193us) tablet.cc:1370] finished BulkCheckPresence
0608 12:52:31.487428 (+    97us) tablet.cc:1372] starting ApplyRowOperation cycle
0608 12:52:31.488688 (+  1260us) tablet.cc:1383] finished ApplyRowOperation cycle
0608 12:52:31.488890 (+   202us) tablet_metrics.cc:581] ProbeStats: bloom_lookups=0,key_file_lookups=0,delta_file_lookups=0,mrs_lookups=0
0608 12:52:31.488935 (+    45us) write_op.cc:312] APPLY: finished
0608 12:52:31.489197 (+   262us) log.cc:844] Serialized 52 byte log entry
0608 12:52:31.489401 (+   204us) write_op.cc:489] Releasing partition, row and schema locks
0608 12:52:31.489493 (+    92us) write_op.cc:454] Released schema lock
0608 12:52:31.489546 (+    53us) write_op.cc:341] FINISH: Updating metrics
Metrics: {"spinlock_wait_cycles":2998016,"child_traces":[["op",{"apply.queue_time_us":65522,"num_ops":6,"prepare.queue_time_us":276090,"prepare.run_cpu_time_us":4127,"prepare.run_wall_time_us":131847,"replication_time_us":598211}]]}
I20260608 12:52:31.530007  9730 rpcz_store.cc:275] Call kudu.tserver.TabletServerService.Write from 127.0.0.1:34196 (ReqId={client: e2be3f7361394da3b0ea471f34a31d9a, seq_no=40, attempt_no=0}) took 1037 ms. Trace:
I20260608 12:52:31.530529  9730 rpcz_store.cc:276] 0608 12:52:30.492489 (+     0us) service_pool.cc:167] Inserting onto call queue
0608 12:52:30.496159 (+  3670us) service_pool.cc:224] Handling call
0608 12:52:31.529939 (+1033780us) inbound_call.cc:177] Queueing success response
Related trace 'op':
0608 12:52:30.521449 (+     0us) write_op.cc:183] PREPARE: starting on tablet 6d12a3382d4b48af8884aaf69d7819d0
0608 12:52:30.524546 (+  3097us) write_op.cc:432] Acquiring schema lock in shared mode
0608 12:52:30.524577 (+    31us) write_op.cc:435] Acquired schema lock
0608 12:52:30.524592 (+    15us) tablet.cc:662] Decoding operations
0608 12:52:30.525017 (+   425us) write_op.cc:620] Acquiring the partition lock for write op
0608 12:52:30.525067 (+    50us) write_op.cc:641] Partition lock acquired for write op
0608 12:52:30.525098 (+    31us) tablet.cc:685] Acquiring locks for 2 operations
0608 12:52:30.525321 (+   223us) tablet.cc:701] Row locks acquired
0608 12:52:30.525344 (+    23us) write_op.cc:260] PREPARE: finished
0608 12:52:30.688995 (+163651us) spinlock_profiling.cc:243] Waited 57.1 ms on lock 0x7b3400307bd8. stack: 00007f2afcae63a1 00007f2afcae61c8 00007f2afc2c1f11 000000000047f705 000000000047f658 00007f2afe16a4bb 00007f2afe1eba42 00007f2b03dfdec4 00007f2b03dfd660 00007f2b03e07950 00007f2b03e078b0 00007f2b03e07810 00007f2b03e077b0 00007f2b03e0592f 000000000049a986 000000000049a618
0608 12:52:30.689110 (+   115us) write_op.cc:270] Start()
0608 12:52:30.689309 (+   199us) write_op.cc:276] Timestamp: P: 1780923150689065 usec, L: 0
0608 12:52:30.689335 (+    26us) op_driver.cc:348] REPLICATION: starting
0608 12:52:30.689974 (+   639us) log.cc:844] Serialized 388 byte log entry
0608 12:52:31.350576 (+660602us) op_driver.cc:464] REPLICATION: finished
0608 12:52:31.517025 (+166449us) write_op.cc:301] APPLY: starting
0608 12:52:31.517090 (+    65us) tablet.cc:1367] starting BulkCheckPresence
0608 12:52:31.517214 (+   124us) tablet.cc:1370] finished BulkCheckPresence
0608 12:52:31.517236 (+    22us) tablet.cc:1372] starting ApplyRowOperation cycle
0608 12:52:31.528299 (+ 11063us) tablet.cc:1383] finished ApplyRowOperation cycle
0608 12:52:31.528464 (+   165us) tablet_metrics.cc:581] ProbeStats: bloom_lookups=0,key_file_lookups=0,delta_file_lookups=0,mrs_lookups=0
0608 12:52:31.528511 (+    47us) write_op.cc:312] APPLY: finished
0608 12:52:31.528721 (+   210us) log.cc:844] Serialized 28 byte log entry
0608 12:52:31.529508 (+   787us) write_op.cc:489] Releasing partition, row and schema locks
0608 12:52:31.529581 (+    73us) write_op.cc:454] Released schema lock
0608 12:52:31.529619 (+    38us) write_op.cc:341] FINISH: Updating metrics
Metrics: {"child_traces":[["op",{"apply.queue_time_us":164674,"mutex_wait_us":18517,"num_ops":2,"prepare.queue_time_us":13764,"prepare.run_cpu_time_us":5403,"prepare.run_wall_time_us":170233,"replication_time_us":638892,"spinlock_wait_cycles":131381504}]]}
I20260608 12:52:31.544536  9727 rpcz_store.cc:275] Call kudu.tserver.TabletServerService.Write from 127.0.0.1:34196 (ReqId={client: e2be3f7361394da3b0ea471f34a31d9a, seq_no=8, attempt_no=0}) took 1239 ms. Trace:
I20260608 12:52:31.560379  9730 rpcz_store.cc:275] Call kudu.tserver.TabletServerService.Write from 127.0.0.1:34196 (ReqId={client: e2be3f7361394da3b0ea471f34a31d9a, seq_no=46, attempt_no=0}) took 1027 ms. Trace:
I20260608 12:52:31.562609  9728 rpcz_store.cc:275] Call kudu.tserver.TabletServerService.Write from 127.0.0.1:34196 (ReqId={client: e2be3f7361394da3b0ea471f34a31d9a, seq_no=37, attempt_no=0}) took 1070 ms. Trace:
I20260608 12:52:31.560894  9730 rpcz_store.cc:276] 0608 12:52:30.532909 (+     0us) service_pool.cc:167] Inserting onto call queue
0608 12:52:30.540523 (+  7614us) service_pool.cc:224] Handling call
0608 12:52:30.829987 (+289464us) spinlock_profiling.cc:243] Waited 13.3 ms on lock 0x7b3400307bd8. stack: 00007f2afcae63a1 00007f2afcae61c8 00007f2afc2c1f11 000000000047f705 000000000047f658 00007f2afe16a4bb 00007f2afe1ea64f 00007f2afe26ec24 00007f2afe273faf 00007f2afe2767eb 00007f2afe276740 00007f2afe2766a0 00007f2afe276640 00007f2afe27496f 000000000049a986 000000000049a618
0608 12:52:31.560305 (+730318us) inbound_call.cc:177] Queueing success response
Related trace 'op':
0608 12:52:31.117291 (+     0us) write_op.cc:183] PREPARE: starting on tablet 6416926e8cf541b095d75d3888d55b83
0608 12:52:31.117808 (+   517us) write_op.cc:432] Acquiring schema lock in shared mode
0608 12:52:31.117841 (+    33us) write_op.cc:435] Acquired schema lock
0608 12:52:31.117855 (+    14us) tablet.cc:662] Decoding operations
0608 12:52:31.119186 (+  1331us) write_op.cc:620] Acquiring the partition lock for write op
0608 12:52:31.119238 (+    52us) write_op.cc:641] Partition lock acquired for write op
0608 12:52:31.119265 (+    27us) tablet.cc:685] Acquiring locks for 6 operations
0608 12:52:31.119710 (+   445us) tablet.cc:701] Row locks acquired
