I20260608 12:50:34.728365  5464 consensus_queue.cc:237] T 84a5ffa3c7ae443ca101533d559a2c8f P 26013caa30e643e5b69acd92b3098380 [LEADER]: Queue going to LEADER mode. State: All replicated index: 0, Majority replicated index: 1, Committed index: 1, Last appended: 1.1, Last appended by leader: 0, Current term: 1, Majority size: 2, State: 0, Mode: LEADER, active raft config: opid_index: 2 OBSOLETE_local: false peers { permanent_uuid: "b1eed11ec36a4f2caea923335accda60" member_type: VOTER last_known_addr { host: "127.4.137.129" port: 40661 } } peers { permanent_uuid: "5f6eb78c09d640e0b4d310a85dad2fb4" member_type: VOTER last_known_addr { host: "127.4.137.130" port: 42483 } attrs { replace: true } } peers { permanent_uuid: "26013caa30e643e5b69acd92b3098380" member_type: VOTER last_known_addr { host: "127.4.137.131" port: 44837 } } peers { permanent_uuid: "c2f41b9af738408189cf9f4b07f45a15" member_type: NON_VOTER last_known_addr { host: "127.4.137.132" port: 34549 } attrs { promote: true } }
I20260608 12:50:34.730144  5213 catalog_manager.cc:5696] T e3084ae52c69404883ca2975ac3051e5 P 5f6eb78c09d640e0b4d310a85dad2fb4 reported cstate change: config changed from index -1 to 2, NON_VOTER c2f41b9af738408189cf9f4b07f45a15 (127.4.137.132) added. New cstate: current_term: 1 leader_uuid: "5f6eb78c09d640e0b4d310a85dad2fb4" committed_config { opid_index: 2 OBSOLETE_local: false peers { permanent_uuid: "b1eed11ec36a4f2caea923335accda60" member_type: VOTER last_known_addr { host: "127.4.137.129" port: 40661 } health_report { overall_health: HEALTHY } } peers { permanent_uuid: "5f6eb78c09d640e0b4d310a85dad2fb4" member_type: VOTER last_known_addr { host: "127.4.137.130" port: 42483 } health_report { overall_health: HEALTHY } } peers { permanent_uuid: "26013caa30e643e5b69acd92b3098380" member_type: VOTER last_known_addr { host: "127.4.137.131" port: 44837 } attrs { replace: true } health_report { overall_health: HEALTHY } } peers { permanent_uuid: "c2f41b9af738408189cf9f4b07f45a15" member_type: NON_VOTER last_known_addr { host: "127.4.137.132" port: 34549 } attrs { promote: true } health_report { overall_health: UNKNOWN } } }
W20260608 12:50:34.743803  5429 consensus_peers.cc:597] T 84a5ffa3c7ae443ca101533d559a2c8f P 26013caa30e643e5b69acd92b3098380 -> Peer c2f41b9af738408189cf9f4b07f45a15 (127.4.137.132:34549): Couldn't send request to peer c2f41b9af738408189cf9f4b07f45a15. Error code: TABLET_NOT_FOUND (6). Status: Not found: Tablet not found: 84a5ffa3c7ae443ca101533d559a2c8f. This is attempt 1: this message will repeat every 5th retry.
I20260608 12:50:34.744217  5390 raft_consensus.cc:1275] T 84a5ffa3c7ae443ca101533d559a2c8f P 5f6eb78c09d640e0b4d310a85dad2fb4 [term 1 FOLLOWER]: Refusing update from remote peer 26013caa30e643e5b69acd92b3098380: Log matching property violated. Preceding OpId in replica: term: 1 index: 1. Preceding OpId from leader: term: 1 index: 2. (index mismatch)
I20260608 12:50:34.744513  5315 raft_consensus.cc:1275] T 84a5ffa3c7ae443ca101533d559a2c8f P b1eed11ec36a4f2caea923335accda60 [term 1 FOLLOWER]: Refusing update from remote peer 26013caa30e643e5b69acd92b3098380: Log matching property violated. Preceding OpId in replica: term: 1 index: 1. Preceding OpId from leader: term: 1 index: 2. (index mismatch)
I20260608 12:50:34.746083  5663 consensus_queue.cc:1048] T 84a5ffa3c7ae443ca101533d559a2c8f P 26013caa30e643e5b69acd92b3098380 [LEADER]: Connected to new peer: Peer: permanent_uuid: "5f6eb78c09d640e0b4d310a85dad2fb4" member_type: VOTER last_known_addr { host: "127.4.137.130" port: 42483 } attrs { replace: true }, Status: LMP_MISMATCH, Last received: 0.0, Next index: 2, Last known committed idx: 1, Time since last communication: 0.000s
I20260608 12:50:34.748216  5663 consensus_queue.cc:1048] T 84a5ffa3c7ae443ca101533d559a2c8f P 26013caa30e643e5b69acd92b3098380 [LEADER]: Connected to new peer: Peer: permanent_uuid: "b1eed11ec36a4f2caea923335accda60" member_type: VOTER last_known_addr { host: "127.4.137.129" port: 40661 }, Status: LMP_MISMATCH, Last received: 0.0, Next index: 2, Last known committed idx: 1, Time since last communication: 0.000s
I20260608 12:50:34.757673  5685 raft_consensus.cc:2955] T 84a5ffa3c7ae443ca101533d559a2c8f P 26013caa30e643e5b69acd92b3098380 [term 1 LEADER]: Committing config change with OpId 1.2: config changed from index -1 to 2, NON_VOTER c2f41b9af738408189cf9f4b07f45a15 (127.4.137.132) added. New config: { opid_index: 2 OBSOLETE_local: false peers { permanent_uuid: "b1eed11ec36a4f2caea923335accda60" member_type: VOTER last_known_addr { host: "127.4.137.129" port: 40661 } } peers { permanent_uuid: "5f6eb78c09d640e0b4d310a85dad2fb4" member_type: VOTER last_known_addr { host: "127.4.137.130" port: 42483 } attrs { replace: true } } peers { permanent_uuid: "26013caa30e643e5b69acd92b3098380" member_type: VOTER last_known_addr { host: "127.4.137.131" port: 44837 } } peers { permanent_uuid: "c2f41b9af738408189cf9f4b07f45a15" member_type: NON_VOTER last_known_addr { host: "127.4.137.132" port: 34549 } attrs { promote: true } } }
I20260608 12:50:34.760877  5315 raft_consensus.cc:2955] T 84a5ffa3c7ae443ca101533d559a2c8f P b1eed11ec36a4f2caea923335accda60 [term 1 FOLLOWER]: Committing config change with OpId 1.2: config changed from index -1 to 2, NON_VOTER c2f41b9af738408189cf9f4b07f45a15 (127.4.137.132) added. New config: { opid_index: 2 OBSOLETE_local: false peers { permanent_uuid: "b1eed11ec36a4f2caea923335accda60" member_type: VOTER last_known_addr { host: "127.4.137.129" port: 40661 } } peers { permanent_uuid: "5f6eb78c09d640e0b4d310a85dad2fb4" member_type: VOTER last_known_addr { host: "127.4.137.130" port: 42483 } attrs { replace: true } } peers { permanent_uuid: "26013caa30e643e5b69acd92b3098380" member_type: VOTER last_known_addr { host: "127.4.137.131" port: 44837 } } peers { permanent_uuid: "c2f41b9af738408189cf9f4b07f45a15" member_type: NON_VOTER last_known_addr { host: "127.4.137.132" port: 34549 } attrs { promote: true } } }
I20260608 12:50:34.760846  5390 raft_consensus.cc:2955] T 84a5ffa3c7ae443ca101533d559a2c8f P 5f6eb78c09d640e0b4d310a85dad2fb4 [term 1 FOLLOWER]: Committing config change with OpId 1.2: config changed from index -1 to 2, NON_VOTER c2f41b9af738408189cf9f4b07f45a15 (127.4.137.132) added. New config: { opid_index: 2 OBSOLETE_local: false peers { permanent_uuid: "b1eed11ec36a4f2caea923335accda60" member_type: VOTER last_known_addr { host: "127.4.137.129" port: 40661 } } peers { permanent_uuid: "5f6eb78c09d640e0b4d310a85dad2fb4" member_type: VOTER last_known_addr { host: "127.4.137.130" port: 42483 } attrs { replace: true } } peers { permanent_uuid: "26013caa30e643e5b69acd92b3098380" member_type: VOTER last_known_addr { host: "127.4.137.131" port: 44837 } } peers { permanent_uuid: "c2f41b9af738408189cf9f4b07f45a15" member_type: NON_VOTER last_known_addr { host: "127.4.137.132" port: 34549 } attrs { promote: true } } }
I20260608 12:50:34.772082  5211 catalog_manager.cc:5696] T 84a5ffa3c7ae443ca101533d559a2c8f P b1eed11ec36a4f2caea923335accda60 reported cstate change: config changed from index -1 to 2, NON_VOTER c2f41b9af738408189cf9f4b07f45a15 (127.4.137.132) added. New cstate: current_term: 1 leader_uuid: "26013caa30e643e5b69acd92b3098380" committed_config { opid_index: 2 OBSOLETE_local: false peers { permanent_uuid: "b1eed11ec36a4f2caea923335accda60" member_type: VOTER last_known_addr { host: "127.4.137.129" port: 40661 } } peers { permanent_uuid: "5f6eb78c09d640e0b4d310a85dad2fb4" member_type: VOTER last_known_addr { host: "127.4.137.130" port: 42483 } attrs { replace: true } } peers { permanent_uuid: "26013caa30e643e5b69acd92b3098380" member_type: VOTER last_known_addr { host: "127.4.137.131" port: 44837 } } peers { permanent_uuid: "c2f41b9af738408189cf9f4b07f45a15" member_type: NON_VOTER last_known_addr { host: "127.4.137.132" port: 34549 } attrs { promote: true } } }
I20260608 12:50:34.842649  4646 tablet_server.cc:179] TabletServer@127.4.137.129:0 shutting down...
W20260608 12:50:34.849126  5355 proxy.cc:239] Call had error, refreshing address and retrying: Remote error: Service unavailable: service kudu.consensus.ConsensusService not registered on TabletServer [suppressed 6 similar messages]
W20260608 12:50:34.854259  5355 consensus_peers.cc:597] T 4c9fc8fab7a2476d9f0381aab6d27c46 P 5f6eb78c09d640e0b4d310a85dad2fb4 -> Peer b1eed11ec36a4f2caea923335accda60 (127.4.137.129:40661): Couldn't send request to peer b1eed11ec36a4f2caea923335accda60. Status: Remote error: Service unavailable: service kudu.consensus.ConsensusService not registered on TabletServer. This is attempt 1: this message will repeat every 5th retry.
W20260608 12:50:34.876978  5355 consensus_peers.cc:597] T d517645a22244381a410577c72ba2d8c P 5f6eb78c09d640e0b4d310a85dad2fb4 -> Peer b1eed11ec36a4f2caea923335accda60 (127.4.137.129:40661): Couldn't send request to peer b1eed11ec36a4f2caea923335accda60. Status: Remote error: Service unavailable: service kudu.consensus.ConsensusService not registered on TabletServer. This is attempt 1: this message will repeat every 5th retry.
I20260608 12:50:34.887006  4646 ts_tablet_manager.cc:1507] Shutting down tablet manager...
I20260608 12:50:34.888103  4646 tablet_replica.cc:333] T 667f47ffd9b84c17bdcd3af56e89c153 P b1eed11ec36a4f2caea923335accda60: stopping tablet replica
I20260608 12:50:34.888932  4646 raft_consensus.cc:2243] T 667f47ffd9b84c17bdcd3af56e89c153 P b1eed11ec36a4f2caea923335accda60 [term 2 LEADER]: Raft consensus shutting down.
I20260608 12:50:34.889806  4646 raft_consensus.cc:2272] T 667f47ffd9b84c17bdcd3af56e89c153 P b1eed11ec36a4f2caea923335accda60 [term 2 FOLLOWER]: Raft consensus is shut down!
I20260608 12:50:34.892277  4646 tablet_replica.cc:333] T 2b10d515bd4848508306580237930279 P b1eed11ec36a4f2caea923335accda60: stopping tablet replica
I20260608 12:50:34.892859  4646 raft_consensus.cc:2243] T 2b10d515bd4848508306580237930279 P b1eed11ec36a4f2caea923335accda60 [term 1 LEADER]: Raft consensus shutting down.
I20260608 12:50:34.893834  4646 raft_consensus.cc:2272] T 2b10d515bd4848508306580237930279 P b1eed11ec36a4f2caea923335accda60 [term 1 FOLLOWER]: Raft consensus is shut down!
I20260608 12:50:34.896240  4646 tablet_replica.cc:333] T 84a5ffa3c7ae443ca101533d559a2c8f P b1eed11ec36a4f2caea923335accda60: stopping tablet replica
I20260608 12:50:34.896962  4646 raft_consensus.cc:2243] T 84a5ffa3c7ae443ca101533d559a2c8f P b1eed11ec36a4f2caea923335accda60 [term 1 FOLLOWER]: Raft consensus shutting down.
I20260608 12:50:34.897456  4646 raft_consensus.cc:2272] T 84a5ffa3c7ae443ca101533d559a2c8f P b1eed11ec36a4f2caea923335accda60 [term 1 FOLLOWER]: Raft consensus is shut down!
I20260608 12:50:34.900382  4646 tablet_replica.cc:333] T e3084ae52c69404883ca2975ac3051e5 P b1eed11ec36a4f2caea923335accda60: stopping tablet replica
I20260608 12:50:34.900980  4646 raft_consensus.cc:2243] T e3084ae52c69404883ca2975ac3051e5 P b1eed11ec36a4f2caea923335accda60 [term 1 FOLLOWER]: Raft consensus shutting down.
I20260608 12:50:34.901481  4646 raft_consensus.cc:2272] T e3084ae52c69404883ca2975ac3051e5 P b1eed11ec36a4f2caea923335accda60 [term 1 FOLLOWER]: Raft consensus is shut down!
I20260608 12:50:34.904035  4646 tablet_replica.cc:333] T 21e1618dbbf140958eedd20c62a36dcd P b1eed11ec36a4f2caea923335accda60: stopping tablet replica
I20260608 12:50:34.904621  4646 raft_consensus.cc:2243] T 21e1618dbbf140958eedd20c62a36dcd P b1eed11ec36a4f2caea923335accda60 [term 2 LEADER]: Raft consensus shutting down.
I20260608 12:50:34.905400  4646 raft_consensus.cc:2272] T 21e1618dbbf140958eedd20c62a36dcd P b1eed11ec36a4f2caea923335accda60 [term 2 FOLLOWER]: Raft consensus is shut down!
I20260608 12:50:34.907658  4646 tablet_replica.cc:333] T d517645a22244381a410577c72ba2d8c P b1eed11ec36a4f2caea923335accda60: stopping tablet replica
I20260608 12:50:34.908181  4646 raft_consensus.cc:2243] T d517645a22244381a410577c72ba2d8c P b1eed11ec36a4f2caea923335accda60 [term 1 FOLLOWER]: Raft consensus shutting down.
I20260608 12:50:34.908597  4646 raft_consensus.cc:2272] T d517645a22244381a410577c72ba2d8c P b1eed11ec36a4f2caea923335accda60 [term 1 FOLLOWER]: Raft consensus is shut down!
I20260608 12:50:34.910445  4646 tablet_replica.cc:333] T 1685656fb409406292b20130abd44857 P b1eed11ec36a4f2caea923335accda60: stopping tablet replica
I20260608 12:50:34.910964  4646 raft_consensus.cc:2243] T 1685656fb409406292b20130abd44857 P b1eed11ec36a4f2caea923335accda60 [term 1 FOLLOWER]: Raft consensus shutting down.
I20260608 12:50:34.911446  4646 raft_consensus.cc:2272] T 1685656fb409406292b20130abd44857 P b1eed11ec36a4f2caea923335accda60 [term 1 FOLLOWER]: Raft consensus is shut down!
I20260608 12:50:34.914075  4646 tablet_replica.cc:333] T 4c9fc8fab7a2476d9f0381aab6d27c46 P b1eed11ec36a4f2caea923335accda60: stopping tablet replica
I20260608 12:50:34.914608  4646 raft_consensus.cc:2243] T 4c9fc8fab7a2476d9f0381aab6d27c46 P b1eed11ec36a4f2caea923335accda60 [term 1 FOLLOWER]: Raft consensus shutting down.
I20260608 12:50:34.915038  4646 raft_consensus.cc:2272] T 4c9fc8fab7a2476d9f0381aab6d27c46 P b1eed11ec36a4f2caea923335accda60 [term 1 FOLLOWER]: Raft consensus is shut down!
I20260608 12:50:34.945955  4646 tablet_server.cc:196] TabletServer@127.4.137.129:0 shutdown complete.
I20260608 12:50:34.966776  4646 tablet_server.cc:179] TabletServer@127.4.137.130:0 shutting down...
I20260608 12:50:34.979616  5714 ts_tablet_manager.cc:933] T 1685656fb409406292b20130abd44857 P c2f41b9af738408189cf9f4b07f45a15: Initiating tablet copy from peer 26013caa30e643e5b69acd92b3098380 (127.4.137.131:44837)
I20260608 12:50:34.988243  5714 tablet_copy_client.cc:323] T 1685656fb409406292b20130abd44857 P c2f41b9af738408189cf9f4b07f45a15: tablet copy: Beginning tablet copy session from remote peer at address 127.4.137.131:44837
W20260608 12:50:35.010227  5429 consensus_peers.cc:597] T 1685656fb409406292b20130abd44857 P 26013caa30e643e5b69acd92b3098380 -> Peer b1eed11ec36a4f2caea923335accda60 (127.4.137.129:40661): Couldn't send request to peer b1eed11ec36a4f2caea923335accda60. Status: Network error: Client connection negotiation failed: client connection to 127.4.137.129:40661: connect: Connection refused (error 111). This is attempt 1: this message will repeat every 5th retry.
I20260608 12:50:35.020087  4646 ts_tablet_manager.cc:1507] Shutting down tablet manager...
I20260608 12:50:35.021884  4646 tablet_replica.cc:333] T 84a5ffa3c7ae443ca101533d559a2c8f P 5f6eb78c09d640e0b4d310a85dad2fb4: stopping tablet replica
I20260608 12:50:35.021921  5475 tablet_copy_service.cc:140] P 26013caa30e643e5b69acd92b3098380: Received BeginTabletCopySession request for tablet 1685656fb409406292b20130abd44857 from peer c2f41b9af738408189cf9f4b07f45a15 ({username='slave'} at 127.0.0.1:50016)
I20260608 12:50:35.022650  5475 tablet_copy_service.cc:161] P 26013caa30e643e5b69acd92b3098380: Beginning new tablet copy session on tablet 1685656fb409406292b20130abd44857 from peer c2f41b9af738408189cf9f4b07f45a15 at {username='slave'} at 127.0.0.1:50016: session id = c2f41b9af738408189cf9f4b07f45a15-1685656fb409406292b20130abd44857
I20260608 12:50:35.022903  4646 raft_consensus.cc:2243] T 84a5ffa3c7ae443ca101533d559a2c8f P 5f6eb78c09d640e0b4d310a85dad2fb4 [term 1 FOLLOWER]: Raft consensus shutting down.
I20260608 12:50:35.023645  4646 raft_consensus.cc:2272] T 84a5ffa3c7ae443ca101533d559a2c8f P 5f6eb78c09d640e0b4d310a85dad2fb4 [term 1 FOLLOWER]: Raft consensus is shut down!
I20260608 12:50:35.026782  4646 tablet_replica.cc:333] T 4c9fc8fab7a2476d9f0381aab6d27c46 P 5f6eb78c09d640e0b4d310a85dad2fb4: stopping tablet replica
I20260608 12:50:35.027611  4646 raft_consensus.cc:2243] T 4c9fc8fab7a2476d9f0381aab6d27c46 P 5f6eb78c09d640e0b4d310a85dad2fb4 [term 1 LEADER]: Raft consensus shutting down.
I20260608 12:50:35.028586  4646 raft_consensus.cc:2272] T 4c9fc8fab7a2476d9f0381aab6d27c46 P 5f6eb78c09d640e0b4d310a85dad2fb4 [term 1 FOLLOWER]: Raft consensus is shut down!
I20260608 12:50:35.031324  4646 tablet_replica.cc:333] T 2b10d515bd4848508306580237930279 P 5f6eb78c09d640e0b4d310a85dad2fb4: stopping tablet replica
I20260608 12:50:35.031265  5475 tablet_copy_source_session.cc:215] T 1685656fb409406292b20130abd44857 P 26013caa30e643e5b69acd92b3098380: Tablet Copy: opened 0 blocks and 1 log segments
I20260608 12:50:35.032284  4646 raft_consensus.cc:2243] T 2b10d515bd4848508306580237930279 P 5f6eb78c09d640e0b4d310a85dad2fb4 [term 1 FOLLOWER]: Raft consensus shutting down.
I20260608 12:50:35.032891  4646 raft_consensus.cc:2272] T 2b10d515bd4848508306580237930279 P 5f6eb78c09d640e0b4d310a85dad2fb4 [term 1 FOLLOWER]: Raft consensus is shut down!
I20260608 12:50:35.035944  5714 data_dirs.cc:400] Could only allocate 1 dirs of requested 3 for tablet 1685656fb409406292b20130abd44857. 1 dirs total, 0 dirs full, 0 dirs failed
I20260608 12:50:35.036237  4646 tablet_replica.cc:333] T 21e1618dbbf140958eedd20c62a36dcd P 5f6eb78c09d640e0b4d310a85dad2fb4: stopping tablet replica
I20260608 12:50:35.036864  4646 raft_consensus.cc:2243] T 21e1618dbbf140958eedd20c62a36dcd P 5f6eb78c09d640e0b4d310a85dad2fb4 [term 2 FOLLOWER]: Raft consensus shutting down.
I20260608 12:50:35.037324  4646 raft_consensus.cc:2272] T 21e1618dbbf140958eedd20c62a36dcd P 5f6eb78c09d640e0b4d310a85dad2fb4 [term 2 FOLLOWER]: Raft consensus is shut down!
I20260608 12:50:35.039237  4646 tablet_replica.cc:333] T e3084ae52c69404883ca2975ac3051e5 P 5f6eb78c09d640e0b4d310a85dad2fb4: stopping tablet replica
I20260608 12:50:35.039865  4646 raft_consensus.cc:2243] T e3084ae52c69404883ca2975ac3051e5 P 5f6eb78c09d640e0b4d310a85dad2fb4 [term 1 LEADER]: Raft consensus shutting down.
I20260608 12:50:35.040789  4646 raft_consensus.cc:2272] T e3084ae52c69404883ca2975ac3051e5 P 5f6eb78c09d640e0b4d310a85dad2fb4 [term 1 FOLLOWER]: Raft consensus is shut down!
I20260608 12:50:35.043212  4646 tablet_replica.cc:333] T d517645a22244381a410577c72ba2d8c P 5f6eb78c09d640e0b4d310a85dad2fb4: stopping tablet replica
I20260608 12:50:35.043818  4646 raft_consensus.cc:2243] T d517645a22244381a410577c72ba2d8c P 5f6eb78c09d640e0b4d310a85dad2fb4 [term 1 LEADER]: Raft consensus shutting down.
I20260608 12:50:35.044582  4646 raft_consensus.cc:2272] T d517645a22244381a410577c72ba2d8c P 5f6eb78c09d640e0b4d310a85dad2fb4 [term 1 FOLLOWER]: Raft consensus is shut down!
I20260608 12:50:35.046443  4646 tablet_replica.cc:333] T 1685656fb409406292b20130abd44857 P 5f6eb78c09d640e0b4d310a85dad2fb4: stopping tablet replica
I20260608 12:50:35.046983  4646 raft_consensus.cc:2243] T 1685656fb409406292b20130abd44857 P 5f6eb78c09d640e0b4d310a85dad2fb4 [term 1 FOLLOWER]: Raft consensus shutting down.
I20260608 12:50:35.047470  4646 raft_consensus.cc:2272] T 1685656fb409406292b20130abd44857 P 5f6eb78c09d640e0b4d310a85dad2fb4 [term 1 FOLLOWER]: Raft consensus is shut down!
I20260608 12:50:35.049933  4646 tablet_replica.cc:333] T 667f47ffd9b84c17bdcd3af56e89c153 P 5f6eb78c09d640e0b4d310a85dad2fb4: stopping tablet replica
I20260608 12:50:35.050462  4646 raft_consensus.cc:2243] T 667f47ffd9b84c17bdcd3af56e89c153 P 5f6eb78c09d640e0b4d310a85dad2fb4 [term 2 FOLLOWER]: Raft consensus shutting down.
I20260608 12:50:35.050891  4646 raft_consensus.cc:2272] T 667f47ffd9b84c17bdcd3af56e89c153 P 5f6eb78c09d640e0b4d310a85dad2fb4 [term 2 FOLLOWER]: Raft consensus is shut down!
I20260608 12:50:35.053259  5714 tablet_copy_client.cc:806] T 1685656fb409406292b20130abd44857 P c2f41b9af738408189cf9f4b07f45a15: tablet copy: Starting download of 0 data blocks...
I20260608 12:50:35.053957  5714 tablet_copy_client.cc:670] T 1685656fb409406292b20130abd44857 P c2f41b9af738408189cf9f4b07f45a15: tablet copy: Starting download of 1 WAL segments...
I20260608 12:50:35.062038  5714 tablet_copy_client.cc:538] T 1685656fb409406292b20130abd44857 P c2f41b9af738408189cf9f4b07f45a15: tablet copy: Tablet Copy complete. Replacing tablet superblock.
I20260608 12:50:35.074709  5714 tablet_bootstrap.cc:492] T 1685656fb409406292b20130abd44857 P c2f41b9af738408189cf9f4b07f45a15: Bootstrap starting.
I20260608 12:50:35.084578  4646 tablet_server.cc:196] TabletServer@127.4.137.130:0 shutdown complete.
W20260608 12:50:35.085588  5429 consensus_peers.cc:597] T 1685656fb409406292b20130abd44857 P 26013caa30e643e5b69acd92b3098380 -> Peer 5f6eb78c09d640e0b4d310a85dad2fb4 (127.4.137.130:42483): Couldn't send request to peer 5f6eb78c09d640e0b4d310a85dad2fb4. Status: Network error: Client connection negotiation failed: client connection to 127.4.137.130:42483: connect: Connection refused (error 111). This is attempt 1: this message will repeat every 5th retry.
I20260608 12:50:35.099671  5714 tablet_bootstrap.cc:492] T 1685656fb409406292b20130abd44857 P c2f41b9af738408189cf9f4b07f45a15: Bootstrap replayed 1/1 log segments. Stats: ops{read=2 overwritten=0 applied=2 ignored=0} inserts{seen=0 ignored=0} mutations{seen=0 ignored=0} orphaned_commits=0. Pending: 0 replicates
I20260608 12:50:35.100858  5714 tablet_bootstrap.cc:492] T 1685656fb409406292b20130abd44857 P c2f41b9af738408189cf9f4b07f45a15: Bootstrap complete.
I20260608 12:50:35.101653  5714 ts_tablet_manager.cc:1403] T 1685656fb409406292b20130abd44857 P c2f41b9af738408189cf9f4b07f45a15: Time spent bootstrapping tablet: real 0.027s	user 0.022s	sys 0.004s
I20260608 12:50:35.105496  5714 raft_consensus.cc:359] T 1685656fb409406292b20130abd44857 P c2f41b9af738408189cf9f4b07f45a15 [term 1 LEARNER]: Replica starting. Triggering 0 pending ops. Active config: opid_index: 2 OBSOLETE_local: false peers { permanent_uuid: "b1eed11ec36a4f2caea923335accda60" member_type: VOTER last_known_addr { host: "127.4.137.129" port: 40661 } attrs { replace: true } } peers { permanent_uuid: "5f6eb78c09d640e0b4d310a85dad2fb4" member_type: VOTER last_known_addr { host: "127.4.137.130" port: 42483 } } peers { permanent_uuid: "26013caa30e643e5b69acd92b3098380" member_type: VOTER last_known_addr { host: "127.4.137.131" port: 44837 } } peers { permanent_uuid: "c2f41b9af738408189cf9f4b07f45a15" member_type: NON_VOTER last_known_addr { host: "127.4.137.132" port: 34549 } attrs { promote: true } }
I20260608 12:50:35.106432  4646 tablet_server.cc:179] TabletServer@127.4.137.131:0 shutting down...
I20260608 12:50:35.106491  5714 raft_consensus.cc:740] T 1685656fb409406292b20130abd44857 P c2f41b9af738408189cf9f4b07f45a15 [term 1 LEARNER]: Becoming Follower/Learner. State: Replica: c2f41b9af738408189cf9f4b07f45a15, State: Initialized, Role: LEARNER
I20260608 12:50:35.107532  5714 consensus_queue.cc:260] T 1685656fb409406292b20130abd44857 P c2f41b9af738408189cf9f4b07f45a15 [NON_LEADER]: Queue going to NON_LEADER mode. State: All replicated index: 0, Majority replicated index: 0, Committed index: 2, Last appended: 1.2, Last appended by leader: 2, Current term: 0, Majority size: -1, State: 0, Mode: NON_LEADER, active raft config: opid_index: 2 OBSOLETE_local: false peers { permanent_uuid: "b1eed11ec36a4f2caea923335accda60" member_type: VOTER last_known_addr { host: "127.4.137.129" port: 40661 } attrs { replace: true } } peers { permanent_uuid: "5f6eb78c09d640e0b4d310a85dad2fb4" member_type: VOTER last_known_addr { host: "127.4.137.130" port: 42483 } } peers { permanent_uuid: "26013caa30e643e5b69acd92b3098380" member_type: VOTER last_known_addr { host: "127.4.137.131" port: 44837 } } peers { permanent_uuid: "c2f41b9af738408189cf9f4b07f45a15" member_type: NON_VOTER last_known_addr { host: "127.4.137.132" port: 34549 } attrs { promote: true } }
I20260608 12:50:35.110893  5714 ts_tablet_manager.cc:1434] T 1685656fb409406292b20130abd44857 P c2f41b9af738408189cf9f4b07f45a15: Time spent starting tablet: real 0.009s	user 0.010s	sys 0.000s
I20260608 12:50:35.125021  4646 tablet_copy_service.cc:362] P 26013caa30e643e5b69acd92b3098380: Destroying tablet copy session c2f41b9af738408189cf9f4b07f45a15-1685656fb409406292b20130abd44857 due to service shutdown
I20260608 12:50:35.125509  4646 tablet_copy_service.cc:434] P 26013caa30e643e5b69acd92b3098380: ending tablet copy session c2f41b9af738408189cf9f4b07f45a15-1685656fb409406292b20130abd44857 on tablet 1685656fb409406292b20130abd44857 with peer c2f41b9af738408189cf9f4b07f45a15
W20260608 12:50:35.144500  5429 consensus_peers.cc:597] T 84a5ffa3c7ae443ca101533d559a2c8f P 26013caa30e643e5b69acd92b3098380 -> Peer b1eed11ec36a4f2caea923335accda60 (127.4.137.129:40661): Couldn't send request to peer b1eed11ec36a4f2caea923335accda60. Status: Network error: Client connection negotiation failed: client connection to 127.4.137.129:40661: connect: Connection refused (error 111). This is attempt 1: this message will repeat every 5th retry.
I20260608 12:50:35.145629  4646 ts_tablet_manager.cc:1507] Shutting down tablet manager...
I20260608 12:50:35.146536  4646 tablet_replica.cc:333] T 2b10d515bd4848508306580237930279 P 26013caa30e643e5b69acd92b3098380: stopping tablet replica
I20260608 12:50:35.147248  4646 raft_consensus.cc:2243] T 2b10d515bd4848508306580237930279 P 26013caa30e643e5b69acd92b3098380 [term 1 FOLLOWER]: Raft consensus shutting down.
I20260608 12:50:35.147785  4646 raft_consensus.cc:2272] T 2b10d515bd4848508306580237930279 P 26013caa30e643e5b69acd92b3098380 [term 1 FOLLOWER]: Raft consensus is shut down!
I20260608 12:50:35.150115  4646 tablet_replica.cc:333] T 4c9fc8fab7a2476d9f0381aab6d27c46 P 26013caa30e643e5b69acd92b3098380: stopping tablet replica
I20260608 12:50:35.150705  4646 raft_consensus.cc:2243] T 4c9fc8fab7a2476d9f0381aab6d27c46 P 26013caa30e643e5b69acd92b3098380 [term 1 FOLLOWER]: Raft consensus shutting down.
I20260608 12:50:35.151137  4646 raft_consensus.cc:2272] T 4c9fc8fab7a2476d9f0381aab6d27c46 P 26013caa30e643e5b69acd92b3098380 [term 1 FOLLOWER]: Raft consensus is shut down!
I20260608 12:50:35.153172  4646 tablet_replica.cc:333] T 84a5ffa3c7ae443ca101533d559a2c8f P 26013caa30e643e5b69acd92b3098380: stopping tablet replica
I20260608 12:50:35.153702  4646 raft_consensus.cc:2243] T 84a5ffa3c7ae443ca101533d559a2c8f P 26013caa30e643e5b69acd92b3098380 [term 1 LEADER]: Raft consensus shutting down.
I20260608 12:50:35.154639  4646 raft_consensus.cc:2272] T 84a5ffa3c7ae443ca101533d559a2c8f P 26013caa30e643e5b69acd92b3098380 [term 1 FOLLOWER]: Raft consensus is shut down!
I20260608 12:50:35.157083  4646 tablet_replica.cc:333] T 1685656fb409406292b20130abd44857 P 26013caa30e643e5b69acd92b3098380: stopping tablet replica
I20260608 12:50:35.157622  4646 raft_consensus.cc:2243] T 1685656fb409406292b20130abd44857 P 26013caa30e643e5b69acd92b3098380 [term 1 LEADER]: Raft consensus shutting down.
I20260608 12:50:35.158566  4646 raft_consensus.cc:2272] T 1685656fb409406292b20130abd44857 P 26013caa30e643e5b69acd92b3098380 [term 1 FOLLOWER]: Raft consensus is shut down!
I20260608 12:50:35.160861  4646 tablet_replica.cc:333] T 667f47ffd9b84c17bdcd3af56e89c153 P 26013caa30e643e5b69acd92b3098380: stopping tablet replica
I20260608 12:50:35.161399  4646 raft_consensus.cc:2243] T 667f47ffd9b84c17bdcd3af56e89c153 P 26013caa30e643e5b69acd92b3098380 [term 2 FOLLOWER]: Raft consensus shutting down.
I20260608 12:50:35.161827  4646 raft_consensus.cc:2272] T 667f47ffd9b84c17bdcd3af56e89c153 P 26013caa30e643e5b69acd92b3098380 [term 2 FOLLOWER]: Raft consensus is shut down!
I20260608 12:50:35.163566  4646 tablet_replica.cc:333] T d517645a22244381a410577c72ba2d8c P 26013caa30e643e5b69acd92b3098380: stopping tablet replica
I20260608 12:50:35.164054  4646 raft_consensus.cc:2243] T d517645a22244381a410577c72ba2d8c P 26013caa30e643e5b69acd92b3098380 [term 1 FOLLOWER]: Raft consensus shutting down.
I20260608 12:50:35.164463  4646 raft_consensus.cc:2272] T d517645a22244381a410577c72ba2d8c P 26013caa30e643e5b69acd92b3098380 [term 1 FOLLOWER]: Raft consensus is shut down!
I20260608 12:50:35.166144  4646 tablet_replica.cc:333] T e3084ae52c69404883ca2975ac3051e5 P 26013caa30e643e5b69acd92b3098380: stopping tablet replica
I20260608 12:50:35.166622  4646 raft_consensus.cc:2243] T e3084ae52c69404883ca2975ac3051e5 P 26013caa30e643e5b69acd92b3098380 [term 1 FOLLOWER]: Raft consensus shutting down.
I20260608 12:50:35.167060  4646 raft_consensus.cc:2272] T e3084ae52c69404883ca2975ac3051e5 P 26013caa30e643e5b69acd92b3098380 [term 1 FOLLOWER]: Raft consensus is shut down!
I20260608 12:50:35.169211  4646 tablet_replica.cc:333] T 21e1618dbbf140958eedd20c62a36dcd P 26013caa30e643e5b69acd92b3098380: stopping tablet replica
I20260608 12:50:35.169714  4646 raft_consensus.cc:2243] T 21e1618dbbf140958eedd20c62a36dcd P 26013caa30e643e5b69acd92b3098380 [term 2 FOLLOWER]: Raft consensus shutting down.
I20260608 12:50:35.170130  4646 raft_consensus.cc:2272] T 21e1618dbbf140958eedd20c62a36dcd P 26013caa30e643e5b69acd92b3098380 [term 2 FOLLOWER]: Raft consensus is shut down!
I20260608 12:50:35.198395  4646 tablet_server.cc:196] TabletServer@127.4.137.131:0 shutdown complete.
I20260608 12:50:35.218684  4646 tablet_server.cc:179] TabletServer@127.4.137.132:0 shutting down...
W20260608 12:50:35.225449  5714 tablet_copy_client.cc:1131] T 1685656fb409406292b20130abd44857 P c2f41b9af738408189cf9f4b07f45a15: tablet copy: Unable to close tablet copy session: Network error: failure ending tablet copy session: Client connection negotiation failed: client connection to 127.4.137.131:44837: connect: Connection refused (error 111)
I20260608 12:50:35.239284  4646 ts_tablet_manager.cc:1507] Shutting down tablet manager...
I20260608 12:50:35.240229  4646 tablet_replica.cc:333] T 1685656fb409406292b20130abd44857 P c2f41b9af738408189cf9f4b07f45a15: stopping tablet replica
I20260608 12:50:35.240787  4646 raft_consensus.cc:2243] T 1685656fb409406292b20130abd44857 P c2f41b9af738408189cf9f4b07f45a15 [term 1 LEARNER]: Raft consensus shutting down.
I20260608 12:50:35.241225  4646 raft_consensus.cc:2272] T 1685656fb409406292b20130abd44857 P c2f41b9af738408189cf9f4b07f45a15 [term 1 LEARNER]: Raft consensus is shut down!
I20260608 12:50:35.260596  4646 tablet_server.cc:196] TabletServer@127.4.137.132:0 shutdown complete.
I20260608 12:50:35.272300  4646 master.cc:562] Master@127.4.137.190:38091 shutting down...
W20260608 12:50:35.303613  5261 auto_rebalancer.cc:835] Removing replace marker failed: Catalog manager is not initialized. State: Closing
W20260608 12:50:35.303880  5261 auto_rebalancer.cc:863] Could not move replica: Service unavailable: Catalog manager is not initialized. State: Closing
W20260608 12:50:35.304042  5261 auto_rebalancer.cc:301] scheduled replica move failed to complete: Service unavailable: Catalog manager is not initialized. State: Closing
I20260608 12:50:35.305202  4646 raft_consensus.cc:2243] T 00000000000000000000000000000000 P 2089529d4ce643a78cb9fd1eda30418f [term 1 LEADER]: Raft consensus shutting down.
I20260608 12:50:35.305732  4646 raft_consensus.cc:2272] T 00000000000000000000000000000000 P 2089529d4ce643a78cb9fd1eda30418f [term 1 FOLLOWER]: Raft consensus is shut down!
I20260608 12:50:35.306097  4646 tablet_replica.cc:333] T 00000000000000000000000000000000 P 2089529d4ce643a78cb9fd1eda30418f: stopping tablet replica
I20260608 12:50:35.325990  4646 master.cc:584] Master@127.4.137.190:38091 shutdown complete.
[       OK ] AutoRebalancerTest.AutoRebalancingTurnOffAndOn (8958 ms)
[ RUN      ] AutoRebalancerTest.NextLeaderResumesAutoRebalancing
I20260608 12:50:35.363404  4646 internal_mini_cluster.cc:156] Creating distributed mini masters. Addrs: 127.4.137.190:40371,127.4.137.189:46231,127.4.137.188:38357
I20260608 12:50:35.364902  4646 file_cache.cc:492] Constructed file cache file cache with capacity 419430
W20260608 12:50:35.369854  5720 instance_detector.cc:116] could not retrieve AWS instance metadata: Network error: curl error: HTTP response code said error: The requested URL returned error: 404
W20260608 12:50:35.370533  5721 instance_detector.cc:116] could not retrieve Azure instance metadata: Network error: curl error: HTTP response code said error: The requested URL returned error: 404
W20260608 12:50:35.372005  5723 instance_detector.cc:116] could not retrieve OpenStack instance metadata: Network error: curl error: HTTP response code said error: The requested URL returned error: 404
I20260608 12:50:35.372596  4646 server_base.cc:1061] running on GCE node
I20260608 12:50:35.373378  4646 hybrid_clock.cc:584] initializing the hybrid clock with 'system_unsync' time source
W20260608 12:50:35.373545  4646 system_unsync_time.cc:38] NTP support is disabled. Clock error bounds will not be accurate. This configuration is not suitable for distributed clusters.
I20260608 12:50:35.373665  4646 hybrid_clock.cc:648] HybridClock initialized: now 1780923035373655 us; error 0 us; skew 500 ppm
I20260608 12:50:35.374181  4646 server_base.cc:861] Flag tcmalloc_max_total_thread_cache_bytes is not working since tcmalloc is not enabled.
I20260608 12:50:35.376480  4646 webserver.cc:533] Webserver started at http://127.4.137.190:39821/ using document root <none> and password file <none>
I20260608 12:50:35.376951  4646 fs_manager.cc:362] Metadata directory not provided
I20260608 12:50:35.377115  4646 fs_manager.cc:368] Using write-ahead log directory (fs_wal_dir) as metadata directory
I20260608 12:50:35.377327  4646 server_base.cc:909] This appears to be a new deployment of Kudu; creating new FS layout
I20260608 12:50:35.378352  4646 fs_manager.cc:1068] Generated new instance metadata in path /tmp/dist-test-taskniyL0o/test-tmp/auto_rebalancer-test.0.AutoRebalancerTest.NextLeaderResumesAutoRebalancing.1780923018662820-4646-0/minicluster-data/master-0-root/instance:
uuid: "3ea4cd92563e48c4a42f20e3ac1ee484"
format_stamp: "Formatted at 2026-06-08 12:50:35 on dist-test-slave-jscl"
I20260608 12:50:35.382795  4646 fs_manager.cc:696] Time spent creating directory manager: real 0.004s	user 0.002s	sys 0.004s
I20260608 12:50:35.386384  5728 log_block_manager.cc:4031] Time spent loading block containers with low live blocks: real 0.000s	user 0.000s	sys 0.000s
I20260608 12:50:35.387145  4646 fs_manager.cc:730] Time spent opening block manager: real 0.002s	user 0.000s	sys 0.002s
I20260608 12:50:35.387456  4646 fs_manager.cc:647] Opened local filesystem: /tmp/dist-test-taskniyL0o/test-tmp/auto_rebalancer-test.0.AutoRebalancerTest.NextLeaderResumesAutoRebalancing.1780923018662820-4646-0/minicluster-data/master-0-root
uuid: "3ea4cd92563e48c4a42f20e3ac1ee484"
format_stamp: "Formatted at 2026-06-08 12:50:35 on dist-test-slave-jscl"
I20260608 12:50:35.387799  4646 fs_report.cc:389] FS layout report
--------------------
wal directory: /tmp/dist-test-taskniyL0o/test-tmp/auto_rebalancer-test.0.AutoRebalancerTest.NextLeaderResumesAutoRebalancing.1780923018662820-4646-0/minicluster-data/master-0-root
metadata directory: /tmp/dist-test-taskniyL0o/test-tmp/auto_rebalancer-test.0.AutoRebalancerTest.NextLeaderResumesAutoRebalancing.1780923018662820-4646-0/minicluster-data/master-0-root
1 data directories: /tmp/dist-test-taskniyL0o/test-tmp/auto_rebalancer-test.0.AutoRebalancerTest.NextLeaderResumesAutoRebalancing.1780923018662820-4646-0/minicluster-data/master-0-root/data
Total live blocks: 0
Total live bytes: 0
Total live bytes (after alignment): 0
Total number of LBM containers: 0 (0 full)
Did not check for missing blocks
Did not check for orphaned blocks
Total full LBM containers with extra space: 0 (0 repaired)
Total full LBM container extra space in bytes: 0 (0 repaired)
Total incomplete LBM containers: 0 (0 repaired)
Total LBM partial records: 0 (0 repaired)
Total corrupted LBM metadata records in RocksDB: 0 (0 repaired)
I20260608 12:50:35.396859  4646 rpc_server.cc:225] running with OpenSSL 1.1.1  11 Sep 2018
I20260608 12:50:35.398063  4646 kserver.cc:163] Server-wide thread pool size limit: 3276
I20260608 12:50:35.436444  4646 rpc_server.cc:307] RPC server started. Bound to: 127.4.137.190:40371
I20260608 12:50:35.436550  5779 acceptor_pool.cc:272] collecting diagnostics on the listening RPC socket 127.4.137.190:40371 every 8 connection(s)
I20260608 12:50:35.440593  4646 file_cache.cc:492] Constructed file cache file cache with capacity 419430
I20260608 12:50:35.440610  5780 data_dirs.cc:400] Could only allocate 1 dirs of requested 3 for tablet 00000000000000000000000000000000. 1 dirs total, 0 dirs full, 0 dirs failed
W20260608 12:50:35.446288  5782 instance_detector.cc:116] could not retrieve AWS instance metadata: Network error: curl error: HTTP response code said error: The requested URL returned error: 404
W20260608 12:50:35.448083  5783 instance_detector.cc:116] could not retrieve Azure instance metadata: Network error: curl error: HTTP response code said error: The requested URL returned error: 404
I20260608 12:50:35.448943  5780 sys_catalog.cc:422] member_type: VOTER last_known_addr { host: "127.4.137.190" port: 40371 } has no permanent_uuid. Determining permanent_uuid...
I20260608 12:50:35.449569  4646 server_base.cc:1061] running on GCE node
W20260608 12:50:35.450065  5785 instance_detector.cc:116] could not retrieve OpenStack instance metadata: Network error: curl error: HTTP response code said error: The requested URL returned error: 404
I20260608 12:50:35.451143  4646 hybrid_clock.cc:584] initializing the hybrid clock with 'system_unsync' time source
W20260608 12:50:35.451519  4646 system_unsync_time.cc:38] NTP support is disabled. Clock error bounds will not be accurate. This configuration is not suitable for distributed clusters.
I20260608 12:50:35.451810  4646 hybrid_clock.cc:648] HybridClock initialized: now 1780923035451786 us; error 0 us; skew 500 ppm
I20260608 12:50:35.452725  4646 server_base.cc:861] Flag tcmalloc_max_total_thread_cache_bytes is not working since tcmalloc is not enabled.
I20260608 12:50:35.455722  4646 webserver.cc:533] Webserver started at http://127.4.137.189:44353/ using document root <none> and password file <none>
I20260608 12:50:35.456436  4646 fs_manager.cc:362] Metadata directory not provided
I20260608 12:50:35.456673  4646 fs_manager.cc:368] Using write-ahead log directory (fs_wal_dir) as metadata directory
I20260608 12:50:35.456980  4646 server_base.cc:909] This appears to be a new deployment of Kudu; creating new FS layout
I20260608 12:50:35.458185  4646 fs_manager.cc:1068] Generated new instance metadata in path /tmp/dist-test-taskniyL0o/test-tmp/auto_rebalancer-test.0.AutoRebalancerTest.NextLeaderResumesAutoRebalancing.1780923018662820-4646-0/minicluster-data/master-1-root/instance:
uuid: "e61f8a4a93364741bc477b2b808627c0"
format_stamp: "Formatted at 2026-06-08 12:50:35 on dist-test-slave-jscl"
I20260608 12:50:35.462800  5780 sys_catalog.cc:422] member_type: VOTER last_known_addr { host: "127.4.137.189" port: 46231 } has no permanent_uuid. Determining permanent_uuid...
I20260608 12:50:35.464143  4646 fs_manager.cc:696] Time spent creating directory manager: real 0.005s	user 0.007s	sys 0.000s
I20260608 12:50:35.468598  5793 log_block_manager.cc:4031] Time spent loading block containers with low live blocks: real 0.000s	user 0.000s	sys 0.000s
W20260608 12:50:35.469293  5780 consensus_peers.cc:760] Error getting permanent uuid from config peer 127.4.137.189:46231: Network error: Client connection negotiation failed: client connection to 127.4.137.189:46231: connect: Connection refused (error 111)
I20260608 12:50:35.469484  4646 fs_manager.cc:730] Time spent opening block manager: real 0.003s	user 0.002s	sys 0.002s
I20260608 12:50:35.469893  4646 fs_manager.cc:647] Opened local filesystem: /tmp/dist-test-taskniyL0o/test-tmp/auto_rebalancer-test.0.AutoRebalancerTest.NextLeaderResumesAutoRebalancing.1780923018662820-4646-0/minicluster-data/master-1-root
uuid: "e61f8a4a93364741bc477b2b808627c0"
format_stamp: "Formatted at 2026-06-08 12:50:35 on dist-test-slave-jscl"
I20260608 12:50:35.470177  4646 fs_report.cc:389] FS layout report
--------------------
wal directory: /tmp/dist-test-taskniyL0o/test-tmp/auto_rebalancer-test.0.AutoRebalancerTest.NextLeaderResumesAutoRebalancing.1780923018662820-4646-0/minicluster-data/master-1-root
metadata directory: /tmp/dist-test-taskniyL0o/test-tmp/auto_rebalancer-test.0.AutoRebalancerTest.NextLeaderResumesAutoRebalancing.1780923018662820-4646-0/minicluster-data/master-1-root
1 data directories: /tmp/dist-test-taskniyL0o/test-tmp/auto_rebalancer-test.0.AutoRebalancerTest.NextLeaderResumesAutoRebalancing.1780923018662820-4646-0/minicluster-data/master-1-root/data
Total live blocks: 0
Total live bytes: 0
Total live bytes (after alignment): 0
Total number of LBM containers: 0 (0 full)
Did not check for missing blocks
Did not check for orphaned blocks
Total full LBM containers with extra space: 0 (0 repaired)
Total full LBM container extra space in bytes: 0 (0 repaired)
Total incomplete LBM containers: 0 (0 repaired)
Total LBM partial records: 0 (0 repaired)
Total corrupted LBM metadata records in RocksDB: 0 (0 repaired)
I20260608 12:50:35.484416  4646 rpc_server.cc:225] running with OpenSSL 1.1.1  11 Sep 2018
I20260608 12:50:35.485755  4646 kserver.cc:163] Server-wide thread pool size limit: 3276
I20260608 12:50:35.504940  5780 consensus_peers.cc:770] Retrying to get permanent uuid for remote peer: member_type: VOTER last_known_addr { host: "127.4.137.189" port: 46231 } attempt: 1
W20260608 12:50:35.511415  5780 consensus_peers.cc:760] Error getting permanent uuid from config peer 127.4.137.189:46231: Network error: Client connection negotiation failed: client connection to 127.4.137.189:46231: connect: Connection refused (error 111)
I20260608 12:50:35.525741  4646 rpc_server.cc:307] RPC server started. Bound to: 127.4.137.189:46231
I20260608 12:50:35.525852  5844 acceptor_pool.cc:272] collecting diagnostics on the listening RPC socket 127.4.137.189:46231 every 8 connection(s)
I20260608 12:50:35.530138  5845 data_dirs.cc:400] Could only allocate 1 dirs of requested 3 for tablet 00000000000000000000000000000000. 1 dirs total, 0 dirs full, 0 dirs failed
I20260608 12:50:35.530237  4646 file_cache.cc:492] Constructed file cache file cache with capacity 419430
W20260608 12:50:35.536000  5847 instance_detector.cc:116] could not retrieve AWS instance metadata: Network error: curl error: HTTP response code said error: The requested URL returned error: 404
W20260608 12:50:35.539094  5848 instance_detector.cc:116] could not retrieve Azure instance metadata: Network error: curl error: HTTP response code said error: The requested URL returned error: 404
I20260608 12:50:35.539008  5845 sys_catalog.cc:422] member_type: VOTER last_known_addr { host: "127.4.137.190" port: 40371 } has no permanent_uuid. Determining permanent_uuid...
I20260608 12:50:35.540449  4646 server_base.cc:1061] running on GCE node
W20260608 12:50:35.540657  5850 instance_detector.cc:116] could not retrieve OpenStack instance metadata: Network error: curl error: HTTP response code said error: The requested URL returned error: 404
I20260608 12:50:35.542007  4646 hybrid_clock.cc:584] initializing the hybrid clock with 'system_unsync' time source
W20260608 12:50:35.542354  4646 system_unsync_time.cc:38] NTP support is disabled. Clock error bounds will not be accurate. This configuration is not suitable for distributed clusters.
I20260608 12:50:35.542634  4646 hybrid_clock.cc:648] HybridClock initialized: now 1780923035542609 us; error 0 us; skew 500 ppm
I20260608 12:50:35.543229  4646 server_base.cc:861] Flag tcmalloc_max_total_thread_cache_bytes is not working since tcmalloc is not enabled.
I20260608 12:50:35.546150  4646 webserver.cc:533] Webserver started at http://127.4.137.188:36201/ using document root <none> and password file <none>
I20260608 12:50:35.546729  4646 fs_manager.cc:362] Metadata directory not provided
I20260608 12:50:35.546944  4646 fs_manager.cc:368] Using write-ahead log directory (fs_wal_dir) as metadata directory
I20260608 12:50:35.547220  4646 server_base.cc:909] This appears to be a new deployment of Kudu; creating new FS layout
I20260608 12:50:35.548348  4646 fs_manager.cc:1068] Generated new instance metadata in path /tmp/dist-test-taskniyL0o/test-tmp/auto_rebalancer-test.0.AutoRebalancerTest.NextLeaderResumesAutoRebalancing.1780923018662820-4646-0/minicluster-data/master-2-root/instance:
uuid: "fc5f7c6af6e6469f93c1c0b21eb1488a"
format_stamp: "Formatted at 2026-06-08 12:50:35 on dist-test-slave-jscl"
I20260608 12:50:35.552320  5845 sys_catalog.cc:422] member_type: VOTER last_known_addr { host: "127.4.137.189" port: 46231 } has no permanent_uuid. Determining permanent_uuid...
I20260608 12:50:35.553912  4646 fs_manager.cc:696] Time spent creating directory manager: real 0.005s	user 0.003s	sys 0.002s
I20260608 12:50:35.554992  5780 consensus_peers.cc:770] Retrying to get permanent uuid for remote peer: member_type: VOTER last_known_addr { host: "127.4.137.189" port: 46231 } attempt: 2
I20260608 12:50:35.560410  5858 log_block_manager.cc:4031] Time spent loading block containers with low live blocks: real 0.000s	user 0.000s	sys 0.000s
I20260608 12:50:35.561415  4646 fs_manager.cc:730] Time spent opening block manager: real 0.004s	user 0.002s	sys 0.002s
I20260608 12:50:35.561836  4646 fs_manager.cc:647] Opened local filesystem: /tmp/dist-test-taskniyL0o/test-tmp/auto_rebalancer-test.0.AutoRebalancerTest.NextLeaderResumesAutoRebalancing.1780923018662820-4646-0/minicluster-data/master-2-root
uuid: "fc5f7c6af6e6469f93c1c0b21eb1488a"
format_stamp: "Formatted at 2026-06-08 12:50:35 on dist-test-slave-jscl"
I20260608 12:50:35.562270  4646 fs_report.cc:389] FS layout report
--------------------
wal directory: /tmp/dist-test-taskniyL0o/test-tmp/auto_rebalancer-test.0.AutoRebalancerTest.NextLeaderResumesAutoRebalancing.1780923018662820-4646-0/minicluster-data/master-2-root
metadata directory: /tmp/dist-test-taskniyL0o/test-tmp/auto_rebalancer-test.0.AutoRebalancerTest.NextLeaderResumesAutoRebalancing.1780923018662820-4646-0/minicluster-data/master-2-root
1 data directories: /tmp/dist-test-taskniyL0o/test-tmp/auto_rebalancer-test.0.AutoRebalancerTest.NextLeaderResumesAutoRebalancing.1780923018662820-4646-0/minicluster-data/master-2-root/data
Total live blocks: 0
Total live bytes: 0
Total live bytes (after alignment): 0
Total number of LBM containers: 0 (0 full)
Did not check for missing blocks
Did not check for orphaned blocks
Total full LBM containers with extra space: 0 (0 repaired)
Total full LBM container extra space in bytes: 0 (0 repaired)
Total incomplete LBM containers: 0 (0 repaired)
Total LBM partial records: 0 (0 repaired)
Total corrupted LBM metadata records in RocksDB: 0 (0 repaired)
I20260608 12:50:35.567894  5845 sys_catalog.cc:422] member_type: VOTER last_known_addr { host: "127.4.137.188" port: 38357 } has no permanent_uuid. Determining permanent_uuid...
I20260608 12:50:35.571105  5780 sys_catalog.cc:422] member_type: VOTER last_known_addr { host: "127.4.137.188" port: 38357 } has no permanent_uuid. Determining permanent_uuid...
W20260608 12:50:35.575709  5845 consensus_peers.cc:760] Error getting permanent uuid from config peer 127.4.137.188:38357: Network error: Client connection negotiation failed: client connection to 127.4.137.188:38357: connect: Connection refused (error 111)
W20260608 12:50:35.577407  5780 consensus_peers.cc:760] Error getting permanent uuid from config peer 127.4.137.188:38357: Network error: Client connection negotiation failed: client connection to 127.4.137.188:38357: connect: Connection refused (error 111)
I20260608 12:50:35.589300  4646 rpc_server.cc:225] running with OpenSSL 1.1.1  11 Sep 2018
I20260608 12:50:35.590538  4646 kserver.cc:163] Server-wide thread pool size limit: 3276
I20260608 12:50:35.602226  5845 consensus_peers.cc:770] Retrying to get permanent uuid for remote peer: member_type: VOTER last_known_addr { host: "127.4.137.188" port: 38357 } attempt: 1
W20260608 12:50:35.608359  5845 consensus_peers.cc:760] Error getting permanent uuid from config peer 127.4.137.188:38357: Network error: Client connection negotiation failed: client connection to 127.4.137.188:38357: connect: Connection refused (error 111)
I20260608 12:50:35.628993  5780 consensus_peers.cc:770] Retrying to get permanent uuid for remote peer: member_type: VOTER last_known_addr { host: "127.4.137.188" port: 38357 } attempt: 1
I20260608 12:50:35.632236  4646 rpc_server.cc:307] RPC server started. Bound to: 127.4.137.188:38357
I20260608 12:50:35.632371  5910 acceptor_pool.cc:272] collecting diagnostics on the listening RPC socket 127.4.137.188:38357 every 8 connection(s)
I20260608 12:50:35.638188  5912 data_dirs.cc:400] Could only allocate 1 dirs of requested 3 for tablet 00000000000000000000000000000000. 1 dirs total, 0 dirs full, 0 dirs failed
I20260608 12:50:35.639074  4646 internal_mini_cluster.cc:184] Waiting to initialize catalog manager on master 0
I20260608 12:50:35.640893  5845 consensus_peers.cc:770] Retrying to get permanent uuid for remote peer: member_type: VOTER last_known_addr { host: "127.4.137.188" port: 38357 } attempt: 2
I20260608 12:50:35.646854  5912 sys_catalog.cc:422] member_type: VOTER last_known_addr { host: "127.4.137.190" port: 40371 } has no permanent_uuid. Determining permanent_uuid...
I20260608 12:50:35.658897  5780 tablet_bootstrap.cc:492] T 00000000000000000000000000000000 P 3ea4cd92563e48c4a42f20e3ac1ee484: Bootstrap starting.
I20260608 12:50:35.662228  5912 sys_catalog.cc:422] member_type: VOTER last_known_addr { host: "127.4.137.189" port: 46231 } has no permanent_uuid. Determining permanent_uuid...
I20260608 12:50:35.662846  5845 tablet_bootstrap.cc:492] T 00000000000000000000000000000000 P e61f8a4a93364741bc477b2b808627c0: Bootstrap starting.
I20260608 12:50:35.665776  5780 tablet_bootstrap.cc:654] T 00000000000000000000000000000000 P 3ea4cd92563e48c4a42f20e3ac1ee484: Neither blocks nor log segments found. Creating new log.
I20260608 12:50:35.669538  5845 tablet_bootstrap.cc:654] T 00000000000000000000000000000000 P e61f8a4a93364741bc477b2b808627c0: Neither blocks nor log segments found. Creating new log.
I20260608 12:50:35.670854  5780 tablet_bootstrap.cc:492] T 00000000000000000000000000000000 P 3ea4cd92563e48c4a42f20e3ac1ee484: No bootstrap required, opened a new log
