I20260608 12:52:21.861546  9466 leader_election.cc:304] T e5922fd21a55418fb73b218e3b37d47b P e015ad4250014c059d10f1a7963caf3b [CANDIDATE]: Term 1 election: Election decided. Result: candidate won. Election summary: received 2 responses out of 3 voters: 2 yes votes; 0 no votes. yes voters: 78a794fc402941baafd5893b52139088, e015ad4250014c059d10f1a7963caf3b; no voters: 
I20260608 12:52:21.862164  9629 leader_election.cc:290] T e5922fd21a55418fb73b218e3b37d47b P e015ad4250014c059d10f1a7963caf3b [CANDIDATE]: Term 1 election: Requested vote from peers 78a794fc402941baafd5893b52139088 (127.4.211.193:43545), 89c24d23255c4632a7216992e84dd90e (127.4.211.195:39581)
I20260608 12:52:21.862637  9645 raft_consensus.cc:2804] T e5922fd21a55418fb73b218e3b37d47b P e015ad4250014c059d10f1a7963caf3b [term 1 FOLLOWER]: Leader election won for term 1
I20260608 12:52:21.863180  9645 raft_consensus.cc:697] T e5922fd21a55418fb73b218e3b37d47b P e015ad4250014c059d10f1a7963caf3b [term 1 LEADER]: Becoming Leader. State: Replica: e015ad4250014c059d10f1a7963caf3b, State: Running, Role: LEADER
I20260608 12:52:21.864104  9645 consensus_queue.cc:237] T e5922fd21a55418fb73b218e3b37d47b P e015ad4250014c059d10f1a7963caf3b [LEADER]: Queue going to LEADER mode. State: All replicated index: 0, Majority replicated index: 0, Committed index: 0, Last appended: 0.0, Last appended by leader: 0, Current term: 1, Majority size: 2, State: 0, Mode: LEADER, active raft config: opid_index: -1 OBSOLETE_local: false peers { permanent_uuid: "78a794fc402941baafd5893b52139088" member_type: VOTER last_known_addr { host: "127.4.211.193" port: 43545 } } peers { permanent_uuid: "e015ad4250014c059d10f1a7963caf3b" member_type: VOTER last_known_addr { host: "127.4.211.194" port: 34737 } } peers { permanent_uuid: "89c24d23255c4632a7216992e84dd90e" member_type: VOTER last_known_addr { host: "127.4.211.195" port: 39581 } }
I20260608 12:52:21.866806  9660 leader_election.cc:290] T 2cb491be73794d1f85a0c6159e6537d9 P 78a794fc402941baafd5893b52139088 [CANDIDATE]: Term 1 election: Requested vote from peers e015ad4250014c059d10f1a7963caf3b (127.4.211.194:34737), 89c24d23255c4632a7216992e84dd90e (127.4.211.195:39581)
I20260608 12:52:21.866441  9622 consensus_queue.cc:260] T dd9308309c8647a4ad2e000ffb893456 P e015ad4250014c059d10f1a7963caf3b [NON_LEADER]: Queue going to NON_LEADER mode. State: All replicated index: 0, Majority replicated index: 0, Committed index: 0, Last appended: 0.0, Last appended by leader: 0, Current term: 0, Majority size: -1, State: 0, Mode: NON_LEADER, active raft config: opid_index: -1 OBSOLETE_local: false peers { permanent_uuid: "78a794fc402941baafd5893b52139088" member_type: VOTER last_known_addr { host: "127.4.211.193" port: 43545 } } peers { permanent_uuid: "e015ad4250014c059d10f1a7963caf3b" member_type: VOTER last_known_addr { host: "127.4.211.194" port: 34737 } } peers { permanent_uuid: "89c24d23255c4632a7216992e84dd90e" member_type: VOTER last_known_addr { host: "127.4.211.195" port: 39581 } }
I20260608 12:52:21.867244  9576 tablet_service.cc:1917] Received RequestConsensusVote() RPC: tablet_id: "2cb491be73794d1f85a0c6159e6537d9" candidate_uuid: "78a794fc402941baafd5893b52139088" candidate_term: 1 candidate_status { last_received { term: 0 index: 0 } } ignore_live_leader: false dest_uuid: "89c24d23255c4632a7216992e84dd90e"
I20260608 12:52:21.867887  9576 raft_consensus.cc:3060] T 2cb491be73794d1f85a0c6159e6537d9 P 89c24d23255c4632a7216992e84dd90e [term 0 FOLLOWER]: Advancing to term 1
I20260608 12:52:21.867391  9673 raft_consensus.cc:2804] T cf160b5b257b43aa805132809a98a6f6 P 89c24d23255c4632a7216992e84dd90e [term 1 FOLLOWER]: Leader election won for term 1
I20260608 12:52:21.868682  9673 raft_consensus.cc:697] T cf160b5b257b43aa805132809a98a6f6 P 89c24d23255c4632a7216992e84dd90e [term 1 LEADER]: Becoming Leader. State: Replica: 89c24d23255c4632a7216992e84dd90e, State: Running, Role: LEADER
I20260608 12:52:21.868999  9622 ts_tablet_manager.cc:1434] T dd9308309c8647a4ad2e000ffb893456 P e015ad4250014c059d10f1a7963caf3b: Time spent starting tablet: real 0.023s	user 0.007s	sys 0.000s
I20260608 12:52:21.870440  9622 tablet_bootstrap.cc:492] T ac7d01145e09437f9b74f8c8aee2cfc8 P e015ad4250014c059d10f1a7963caf3b: Bootstrap starting.
I20260608 12:52:21.871615  9577 tablet_service.cc:1917] Received RequestConsensusVote() RPC: tablet_id: "e5922fd21a55418fb73b218e3b37d47b" candidate_uuid: "e015ad4250014c059d10f1a7963caf3b" candidate_term: 1 candidate_status { last_received { term: 0 index: 0 } } ignore_live_leader: false dest_uuid: "89c24d23255c4632a7216992e84dd90e"
I20260608 12:52:21.871966  9623 tablet_bootstrap.cc:492] T dd9308309c8647a4ad2e000ffb893456 P 78a794fc402941baafd5893b52139088: No bootstrap required, opened a new log
I20260608 12:52:21.867117  9502 tablet_service.cc:1917] Received RequestConsensusVote() RPC: tablet_id: "2cb491be73794d1f85a0c6159e6537d9" candidate_uuid: "78a794fc402941baafd5893b52139088" candidate_term: 1 candidate_status { last_received { term: 0 index: 0 } } ignore_live_leader: false dest_uuid: "e015ad4250014c059d10f1a7963caf3b"
I20260608 12:52:21.873023  9623 ts_tablet_manager.cc:1403] T dd9308309c8647a4ad2e000ffb893456 P 78a794fc402941baafd5893b52139088: Time spent bootstrapping tablet: real 0.062s	user 0.011s	sys 0.001s
I20260608 12:52:21.873202  9502 raft_consensus.cc:3060] T 2cb491be73794d1f85a0c6159e6537d9 P e015ad4250014c059d10f1a7963caf3b [term 0 FOLLOWER]: Advancing to term 1
I20260608 12:52:21.876000  9623 raft_consensus.cc:359] T dd9308309c8647a4ad2e000ffb893456 P 78a794fc402941baafd5893b52139088 [term 0 FOLLOWER]: Replica starting. Triggering 0 pending ops. Active config: opid_index: -1 OBSOLETE_local: false peers { permanent_uuid: "78a794fc402941baafd5893b52139088" member_type: VOTER last_known_addr { host: "127.4.211.193" port: 43545 } } peers { permanent_uuid: "e015ad4250014c059d10f1a7963caf3b" member_type: VOTER last_known_addr { host: "127.4.211.194" port: 34737 } } peers { permanent_uuid: "89c24d23255c4632a7216992e84dd90e" member_type: VOTER last_known_addr { host: "127.4.211.195" port: 39581 } }
I20260608 12:52:21.876852  9623 raft_consensus.cc:385] T dd9308309c8647a4ad2e000ffb893456 P 78a794fc402941baafd5893b52139088 [term 0 FOLLOWER]: Consensus starting up: Expiring failure detector timer to make a prompt election more likely
I20260608 12:52:21.877182  9623 raft_consensus.cc:740] T dd9308309c8647a4ad2e000ffb893456 P 78a794fc402941baafd5893b52139088 [term 0 FOLLOWER]: Becoming Follower/Learner. State: Replica: 78a794fc402941baafd5893b52139088, State: Initialized, Role: FOLLOWER
I20260608 12:52:21.872321  9577 raft_consensus.cc:3060] T e5922fd21a55418fb73b218e3b37d47b P 89c24d23255c4632a7216992e84dd90e [term 0 FOLLOWER]: Advancing to term 1
I20260608 12:52:21.878038  9623 consensus_queue.cc:260] T dd9308309c8647a4ad2e000ffb893456 P 78a794fc402941baafd5893b52139088 [NON_LEADER]: Queue going to NON_LEADER mode. State: All replicated index: 0, Majority replicated index: 0, Committed index: 0, Last appended: 0.0, Last appended by leader: 0, Current term: 0, Majority size: -1, State: 0, Mode: NON_LEADER, active raft config: opid_index: -1 OBSOLETE_local: false peers { permanent_uuid: "78a794fc402941baafd5893b52139088" member_type: VOTER last_known_addr { host: "127.4.211.193" port: 43545 } } peers { permanent_uuid: "e015ad4250014c059d10f1a7963caf3b" member_type: VOTER last_known_addr { host: "127.4.211.194" port: 34737 } } peers { permanent_uuid: "89c24d23255c4632a7216992e84dd90e" member_type: VOTER last_known_addr { host: "127.4.211.195" port: 39581 } }
I20260608 12:52:21.876050  9576 raft_consensus.cc:2468] T 2cb491be73794d1f85a0c6159e6537d9 P 89c24d23255c4632a7216992e84dd90e [term 1 FOLLOWER]: Leader election vote request: Granting yes vote for candidate 78a794fc402941baafd5893b52139088 in term 1.
I20260608 12:52:21.880544  9392 leader_election.cc:304] T 2cb491be73794d1f85a0c6159e6537d9 P 78a794fc402941baafd5893b52139088 [CANDIDATE]: Term 1 election: Election decided. Result: candidate won. Election summary: received 2 responses out of 3 voters: 2 yes votes; 0 no votes. yes voters: 78a794fc402941baafd5893b52139088, 89c24d23255c4632a7216992e84dd90e; no voters: 
I20260608 12:52:21.869562  9673 consensus_queue.cc:237] T cf160b5b257b43aa805132809a98a6f6 P 89c24d23255c4632a7216992e84dd90e [LEADER]: Queue going to LEADER mode. State: All replicated index: 0, Majority replicated index: 0, Committed index: 0, Last appended: 0.0, Last appended by leader: 0, Current term: 1, Majority size: 2, State: 0, Mode: LEADER, active raft config: opid_index: -1 OBSOLETE_local: false peers { permanent_uuid: "78a794fc402941baafd5893b52139088" member_type: VOTER last_known_addr { host: "127.4.211.193" port: 43545 } } peers { permanent_uuid: "e015ad4250014c059d10f1a7963caf3b" member_type: VOTER last_known_addr { host: "127.4.211.194" port: 34737 } } peers { permanent_uuid: "89c24d23255c4632a7216992e84dd90e" member_type: VOTER last_known_addr { host: "127.4.211.195" port: 39581 } }
I20260608 12:52:21.880990  9622 tablet_bootstrap.cc:654] T ac7d01145e09437f9b74f8c8aee2cfc8 P e015ad4250014c059d10f1a7963caf3b: Neither blocks nor log segments found. Creating new log.
I20260608 12:52:21.887945  9628 raft_consensus.cc:2804] T 2cb491be73794d1f85a0c6159e6537d9 P 78a794fc402941baafd5893b52139088 [term 1 FOLLOWER]: Leader election won for term 1
I20260608 12:52:21.888492  9628 raft_consensus.cc:697] T 2cb491be73794d1f85a0c6159e6537d9 P 78a794fc402941baafd5893b52139088 [term 1 LEADER]: Becoming Leader. State: Replica: 78a794fc402941baafd5893b52139088, State: Running, Role: LEADER
I20260608 12:52:21.889209  9621 tablet_bootstrap.cc:492] T 7eaf346ed6ae4ec7a74074664ef0ff4d P 89c24d23255c4632a7216992e84dd90e: No bootstrap required, opened a new log
I20260608 12:52:21.889778  9621 ts_tablet_manager.cc:1403] T 7eaf346ed6ae4ec7a74074664ef0ff4d P 89c24d23255c4632a7216992e84dd90e: Time spent bootstrapping tablet: real 0.043s	user 0.017s	sys 0.014s
I20260608 12:52:21.889359  9628 consensus_queue.cc:237] T 2cb491be73794d1f85a0c6159e6537d9 P 78a794fc402941baafd5893b52139088 [LEADER]: Queue going to LEADER mode. State: All replicated index: 0, Majority replicated index: 0, Committed index: 0, Last appended: 0.0, Last appended by leader: 0, Current term: 1, Majority size: 2, State: 0, Mode: LEADER, active raft config: opid_index: -1 OBSOLETE_local: false peers { permanent_uuid: "78a794fc402941baafd5893b52139088" member_type: VOTER last_known_addr { host: "127.4.211.193" port: 43545 } } peers { permanent_uuid: "e015ad4250014c059d10f1a7963caf3b" member_type: VOTER last_known_addr { host: "127.4.211.194" port: 34737 } } peers { permanent_uuid: "89c24d23255c4632a7216992e84dd90e" member_type: VOTER last_known_addr { host: "127.4.211.195" port: 39581 } }
I20260608 12:52:21.892657  9502 raft_consensus.cc:2468] T 2cb491be73794d1f85a0c6159e6537d9 P e015ad4250014c059d10f1a7963caf3b [term 1 FOLLOWER]: Leader election vote request: Granting yes vote for candidate 78a794fc402941baafd5893b52139088 in term 1.
I20260608 12:52:21.893185  9621 raft_consensus.cc:359] T 7eaf346ed6ae4ec7a74074664ef0ff4d P 89c24d23255c4632a7216992e84dd90e [term 0 FOLLOWER]: Replica starting. Triggering 0 pending ops. Active config: opid_index: -1 OBSOLETE_local: false peers { permanent_uuid: "78a794fc402941baafd5893b52139088" member_type: VOTER last_known_addr { host: "127.4.211.193" port: 43545 } } peers { permanent_uuid: "e015ad4250014c059d10f1a7963caf3b" member_type: VOTER last_known_addr { host: "127.4.211.194" port: 34737 } } peers { permanent_uuid: "89c24d23255c4632a7216992e84dd90e" member_type: VOTER last_known_addr { host: "127.4.211.195" port: 39581 } }
I20260608 12:52:21.896747  9621 raft_consensus.cc:385] T 7eaf346ed6ae4ec7a74074664ef0ff4d P 89c24d23255c4632a7216992e84dd90e [term 0 FOLLOWER]: Consensus starting up: Expiring failure detector timer to make a prompt election more likely
I20260608 12:52:21.897208  9621 raft_consensus.cc:740] T 7eaf346ed6ae4ec7a74074664ef0ff4d P 89c24d23255c4632a7216992e84dd90e [term 0 FOLLOWER]: Becoming Follower/Learner. State: Replica: 89c24d23255c4632a7216992e84dd90e, State: Initialized, Role: FOLLOWER
I20260608 12:52:21.898022  9621 consensus_queue.cc:260] T 7eaf346ed6ae4ec7a74074664ef0ff4d P 89c24d23255c4632a7216992e84dd90e [NON_LEADER]: Queue going to NON_LEADER mode. State: All replicated index: 0, Majority replicated index: 0, Committed index: 0, Last appended: 0.0, Last appended by leader: 0, Current term: 0, Majority size: -1, State: 0, Mode: NON_LEADER, active raft config: opid_index: -1 OBSOLETE_local: false peers { permanent_uuid: "78a794fc402941baafd5893b52139088" member_type: VOTER last_known_addr { host: "127.4.211.193" port: 43545 } } peers { permanent_uuid: "e015ad4250014c059d10f1a7963caf3b" member_type: VOTER last_known_addr { host: "127.4.211.194" port: 34737 } } peers { permanent_uuid: "89c24d23255c4632a7216992e84dd90e" member_type: VOTER last_known_addr { host: "127.4.211.195" port: 39581 } }
I20260608 12:52:21.893208  9623 ts_tablet_manager.cc:1434] T dd9308309c8647a4ad2e000ffb893456 P 78a794fc402941baafd5893b52139088: Time spent starting tablet: real 0.020s	user 0.007s	sys 0.000s
I20260608 12:52:21.899940  9623 tablet_bootstrap.cc:492] T cf160b5b257b43aa805132809a98a6f6 P 78a794fc402941baafd5893b52139088: Bootstrap starting.
I20260608 12:52:21.895682  9577 raft_consensus.cc:2468] T e5922fd21a55418fb73b218e3b37d47b P 89c24d23255c4632a7216992e84dd90e [term 1 FOLLOWER]: Leader election vote request: Granting yes vote for candidate e015ad4250014c059d10f1a7963caf3b in term 1.
I20260608 12:52:21.901206  9324 catalog_manager.cc:5696] T e5922fd21a55418fb73b218e3b37d47b P e015ad4250014c059d10f1a7963caf3b reported cstate change: term changed from 0 to 1, leader changed from <none> to e015ad4250014c059d10f1a7963caf3b (127.4.211.194). New cstate: current_term: 1 leader_uuid: "e015ad4250014c059d10f1a7963caf3b" committed_config { opid_index: -1 OBSOLETE_local: false peers { permanent_uuid: "78a794fc402941baafd5893b52139088" member_type: VOTER last_known_addr { host: "127.4.211.193" port: 43545 } health_report { overall_health: UNKNOWN } } peers { permanent_uuid: "e015ad4250014c059d10f1a7963caf3b" member_type: VOTER last_known_addr { host: "127.4.211.194" port: 34737 } health_report { overall_health: HEALTHY } } peers { permanent_uuid: "89c24d23255c4632a7216992e84dd90e" member_type: VOTER last_known_addr { host: "127.4.211.195" port: 39581 } health_report { overall_health: UNKNOWN } } }
I20260608 12:52:21.896121  9627 leader_election.cc:290] T cf160b5b257b43aa805132809a98a6f6 P 89c24d23255c4632a7216992e84dd90e [CANDIDATE]: Term 1 election: Requested vote from peers 78a794fc402941baafd5893b52139088 (127.4.211.193:43545), e015ad4250014c059d10f1a7963caf3b (127.4.211.194:34737)
I20260608 12:52:21.906634  9621 ts_tablet_manager.cc:1434] T 7eaf346ed6ae4ec7a74074664ef0ff4d P 89c24d23255c4632a7216992e84dd90e: Time spent starting tablet: real 0.016s	user 0.006s	sys 0.000s
I20260608 12:52:21.907754  9621 tablet_bootstrap.cc:492] T 150c146ef68f46c1850744cc2e223d82 P 89c24d23255c4632a7216992e84dd90e: Bootstrap starting.
I20260608 12:52:21.909140  9622 tablet_bootstrap.cc:492] T ac7d01145e09437f9b74f8c8aee2cfc8 P e015ad4250014c059d10f1a7963caf3b: No bootstrap required, opened a new log
I20260608 12:52:21.909915  9622 ts_tablet_manager.cc:1403] T ac7d01145e09437f9b74f8c8aee2cfc8 P e015ad4250014c059d10f1a7963caf3b: Time spent bootstrapping tablet: real 0.040s	user 0.018s	sys 0.000s
I20260608 12:52:21.910100  9645 raft_consensus.cc:493] T dd9308309c8647a4ad2e000ffb893456 P e015ad4250014c059d10f1a7963caf3b [term 0 FOLLOWER]: Starting pre-election (no leader contacted us within the election timeout)
I20260608 12:52:21.910594  9645 raft_consensus.cc:515] T dd9308309c8647a4ad2e000ffb893456 P e015ad4250014c059d10f1a7963caf3b [term 0 FOLLOWER]: Starting pre-election with config: opid_index: -1 OBSOLETE_local: false peers { permanent_uuid: "78a794fc402941baafd5893b52139088" member_type: VOTER last_known_addr { host: "127.4.211.193" port: 43545 } } peers { permanent_uuid: "e015ad4250014c059d10f1a7963caf3b" member_type: VOTER last_known_addr { host: "127.4.211.194" port: 34737 } } peers { permanent_uuid: "89c24d23255c4632a7216992e84dd90e" member_type: VOTER last_known_addr { host: "127.4.211.195" port: 39581 } }
I20260608 12:52:21.912832  9622 raft_consensus.cc:359] T ac7d01145e09437f9b74f8c8aee2cfc8 P e015ad4250014c059d10f1a7963caf3b [term 0 FOLLOWER]: Replica starting. Triggering 0 pending ops. Active config: opid_index: -1 OBSOLETE_local: false peers { permanent_uuid: "78a794fc402941baafd5893b52139088" member_type: VOTER last_known_addr { host: "127.4.211.193" port: 43545 } } peers { permanent_uuid: "e015ad4250014c059d10f1a7963caf3b" member_type: VOTER last_known_addr { host: "127.4.211.194" port: 34737 } } peers { permanent_uuid: "89c24d23255c4632a7216992e84dd90e" member_type: VOTER last_known_addr { host: "127.4.211.195" port: 39581 } }
I20260608 12:52:21.913580  9622 raft_consensus.cc:385] T ac7d01145e09437f9b74f8c8aee2cfc8 P e015ad4250014c059d10f1a7963caf3b [term 0 FOLLOWER]: Consensus starting up: Expiring failure detector timer to make a prompt election more likely
I20260608 12:52:21.913882  9622 raft_consensus.cc:740] T ac7d01145e09437f9b74f8c8aee2cfc8 P e015ad4250014c059d10f1a7963caf3b [term 0 FOLLOWER]: Becoming Follower/Learner. State: Replica: e015ad4250014c059d10f1a7963caf3b, State: Initialized, Role: FOLLOWER
I20260608 12:52:21.914467  9623 tablet_bootstrap.cc:654] T cf160b5b257b43aa805132809a98a6f6 P 78a794fc402941baafd5893b52139088: Neither blocks nor log segments found. Creating new log.
I20260608 12:52:21.914812  9622 consensus_queue.cc:260] T ac7d01145e09437f9b74f8c8aee2cfc8 P e015ad4250014c059d10f1a7963caf3b [NON_LEADER]: Queue going to NON_LEADER mode. State: All replicated index: 0, Majority replicated index: 0, Committed index: 0, Last appended: 0.0, Last appended by leader: 0, Current term: 0, Majority size: -1, State: 0, Mode: NON_LEADER, active raft config: opid_index: -1 OBSOLETE_local: false peers { permanent_uuid: "78a794fc402941baafd5893b52139088" member_type: VOTER last_known_addr { host: "127.4.211.193" port: 43545 } } peers { permanent_uuid: "e015ad4250014c059d10f1a7963caf3b" member_type: VOTER last_known_addr { host: "127.4.211.194" port: 34737 } } peers { permanent_uuid: "89c24d23255c4632a7216992e84dd90e" member_type: VOTER last_known_addr { host: "127.4.211.195" port: 39581 } }
I20260608 12:52:21.915396  9427 tablet_service.cc:1917] Received RequestConsensusVote() RPC: tablet_id: "dd9308309c8647a4ad2e000ffb893456" candidate_uuid: "e015ad4250014c059d10f1a7963caf3b" candidate_term: 1 candidate_status { last_received { term: 0 index: 0 } } ignore_live_leader: false dest_uuid: "78a794fc402941baafd5893b52139088" is_pre_election: true
I20260608 12:52:21.916349  9427 raft_consensus.cc:2468] T dd9308309c8647a4ad2e000ffb893456 P 78a794fc402941baafd5893b52139088 [term 0 FOLLOWER]: Leader pre-election vote request: Granting yes vote for candidate e015ad4250014c059d10f1a7963caf3b in term 0.
I20260608 12:52:21.918077  9466 leader_election.cc:304] T dd9308309c8647a4ad2e000ffb893456 P e015ad4250014c059d10f1a7963caf3b [CANDIDATE]: Term 1 pre-election: Election decided. Result: candidate won. Election summary: received 2 responses out of 3 voters: 2 yes votes; 0 no votes. yes voters: 78a794fc402941baafd5893b52139088, e015ad4250014c059d10f1a7963caf3b; no voters: 
I20260608 12:52:21.918303  9621 tablet_bootstrap.cc:654] T 150c146ef68f46c1850744cc2e223d82 P 89c24d23255c4632a7216992e84dd90e: Neither blocks nor log segments found. Creating new log.
I20260608 12:52:21.919543  9645 leader_election.cc:290] T dd9308309c8647a4ad2e000ffb893456 P e015ad4250014c059d10f1a7963caf3b [CANDIDATE]: Term 1 pre-election: Requested pre-vote from peers 78a794fc402941baafd5893b52139088 (127.4.211.193:43545), 89c24d23255c4632a7216992e84dd90e (127.4.211.195:39581)
I20260608 12:52:21.920554  9645 raft_consensus.cc:2804] T dd9308309c8647a4ad2e000ffb893456 P e015ad4250014c059d10f1a7963caf3b [term 0 FOLLOWER]: Leader pre-election won for term 1
I20260608 12:52:21.921005  9645 raft_consensus.cc:493] T dd9308309c8647a4ad2e000ffb893456 P e015ad4250014c059d10f1a7963caf3b [term 0 FOLLOWER]: Starting leader election (no leader contacted us within the election timeout)
I20260608 12:52:21.922268  9645 raft_consensus.cc:3060] T dd9308309c8647a4ad2e000ffb893456 P e015ad4250014c059d10f1a7963caf3b [term 0 FOLLOWER]: Advancing to term 1
I20260608 12:52:21.921726  9577 tablet_service.cc:1917] Received RequestConsensusVote() RPC: tablet_id: "dd9308309c8647a4ad2e000ffb893456" candidate_uuid: "e015ad4250014c059d10f1a7963caf3b" candidate_term: 1 candidate_status { last_received { term: 0 index: 0 } } ignore_live_leader: false dest_uuid: "89c24d23255c4632a7216992e84dd90e" is_pre_election: true
I20260608 12:52:21.925902  9577 raft_consensus.cc:2468] T dd9308309c8647a4ad2e000ffb893456 P 89c24d23255c4632a7216992e84dd90e [term 0 FOLLOWER]: Leader pre-election vote request: Granting yes vote for candidate e015ad4250014c059d10f1a7963caf3b in term 0.
I20260608 12:52:21.927127  9622 ts_tablet_manager.cc:1434] T ac7d01145e09437f9b74f8c8aee2cfc8 P e015ad4250014c059d10f1a7963caf3b: Time spent starting tablet: real 0.017s	user 0.007s	sys 0.000s
I20260608 12:52:21.928107  9628 raft_consensus.cc:493] T 7eaf346ed6ae4ec7a74074664ef0ff4d P 78a794fc402941baafd5893b52139088 [term 0 FOLLOWER]: Starting pre-election (no leader contacted us within the election timeout)
I20260608 12:52:21.928628  9628 raft_consensus.cc:515] T 7eaf346ed6ae4ec7a74074664ef0ff4d P 78a794fc402941baafd5893b52139088 [term 0 FOLLOWER]: Starting pre-election with config: opid_index: -1 OBSOLETE_local: false peers { permanent_uuid: "78a794fc402941baafd5893b52139088" member_type: VOTER last_known_addr { host: "127.4.211.193" port: 43545 } } peers { permanent_uuid: "e015ad4250014c059d10f1a7963caf3b" member_type: VOTER last_known_addr { host: "127.4.211.194" port: 34737 } } peers { permanent_uuid: "89c24d23255c4632a7216992e84dd90e" member_type: VOTER last_known_addr { host: "127.4.211.195" port: 39581 } }
I20260608 12:52:21.930933  9628 leader_election.cc:290] T 7eaf346ed6ae4ec7a74074664ef0ff4d P 78a794fc402941baafd5893b52139088 [CANDIDATE]: Term 1 pre-election: Requested pre-vote from peers e015ad4250014c059d10f1a7963caf3b (127.4.211.194:34737), 89c24d23255c4632a7216992e84dd90e (127.4.211.195:39581)
I20260608 12:52:21.932076  9622 tablet_bootstrap.cc:492] T c43fef0f97004de784989330b5537f29 P e015ad4250014c059d10f1a7963caf3b: Bootstrap starting.
I20260608 12:52:21.932381  9577 tablet_service.cc:1917] Received RequestConsensusVote() RPC: tablet_id: "7eaf346ed6ae4ec7a74074664ef0ff4d" candidate_uuid: "78a794fc402941baafd5893b52139088" candidate_term: 1 candidate_status { last_received { term: 0 index: 0 } } ignore_live_leader: false dest_uuid: "89c24d23255c4632a7216992e84dd90e" is_pre_election: true
I20260608 12:52:21.933115  9577 raft_consensus.cc:2468] T 7eaf346ed6ae4ec7a74074664ef0ff4d P 89c24d23255c4632a7216992e84dd90e [term 0 FOLLOWER]: Leader pre-election vote request: Granting yes vote for candidate 78a794fc402941baafd5893b52139088 in term 0.
I20260608 12:52:21.934072  9502 tablet_service.cc:1917] Received RequestConsensusVote() RPC: tablet_id: "7eaf346ed6ae4ec7a74074664ef0ff4d" candidate_uuid: "78a794fc402941baafd5893b52139088" candidate_term: 1 candidate_status { last_received { term: 0 index: 0 } } ignore_live_leader: false dest_uuid: "e015ad4250014c059d10f1a7963caf3b" is_pre_election: true
I20260608 12:52:21.934547  9392 leader_election.cc:304] T 7eaf346ed6ae4ec7a74074664ef0ff4d P 78a794fc402941baafd5893b52139088 [CANDIDATE]: Term 1 pre-election: Election decided. Result: candidate won. Election summary: received 2 responses out of 3 voters: 2 yes votes; 0 no votes. yes voters: 78a794fc402941baafd5893b52139088, 89c24d23255c4632a7216992e84dd90e; no voters: 
I20260608 12:52:21.934798  9502 raft_consensus.cc:2468] T 7eaf346ed6ae4ec7a74074664ef0ff4d P e015ad4250014c059d10f1a7963caf3b [term 0 FOLLOWER]: Leader pre-election vote request: Granting yes vote for candidate 78a794fc402941baafd5893b52139088 in term 0.
I20260608 12:52:21.938311  9628 raft_consensus.cc:2804] T 7eaf346ed6ae4ec7a74074664ef0ff4d P 78a794fc402941baafd5893b52139088 [term 0 FOLLOWER]: Leader pre-election won for term 1
I20260608 12:52:21.939395  9645 raft_consensus.cc:515] T dd9308309c8647a4ad2e000ffb893456 P e015ad4250014c059d10f1a7963caf3b [term 1 FOLLOWER]: Starting leader election with config: opid_index: -1 OBSOLETE_local: false peers { permanent_uuid: "78a794fc402941baafd5893b52139088" member_type: VOTER last_known_addr { host: "127.4.211.193" port: 43545 } } peers { permanent_uuid: "e015ad4250014c059d10f1a7963caf3b" member_type: VOTER last_known_addr { host: "127.4.211.194" port: 34737 } } peers { permanent_uuid: "89c24d23255c4632a7216992e84dd90e" member_type: VOTER last_known_addr { host: "127.4.211.195" port: 39581 } }
I20260608 12:52:21.938928  9628 raft_consensus.cc:493] T 7eaf346ed6ae4ec7a74074664ef0ff4d P 78a794fc402941baafd5893b52139088 [term 0 FOLLOWER]: Starting leader election (no leader contacted us within the election timeout)
I20260608 12:52:21.940225  9660 raft_consensus.cc:493] T ba85b0cdf1d14e88a79b354797bfe468 P 78a794fc402941baafd5893b52139088 [term 0 FOLLOWER]: Starting pre-election (no leader contacted us within the election timeout)
I20260608 12:52:21.941083  9628 raft_consensus.cc:3060] T 7eaf346ed6ae4ec7a74074664ef0ff4d P 78a794fc402941baafd5893b52139088 [term 0 FOLLOWER]: Advancing to term 1
I20260608 12:52:21.941502  9660 raft_consensus.cc:515] T ba85b0cdf1d14e88a79b354797bfe468 P 78a794fc402941baafd5893b52139088 [term 0 FOLLOWER]: Starting pre-election with config: opid_index: -1 OBSOLETE_local: false peers { permanent_uuid: "78a794fc402941baafd5893b52139088" member_type: VOTER last_known_addr { host: "127.4.211.193" port: 43545 } } peers { permanent_uuid: "89c24d23255c4632a7216992e84dd90e" member_type: VOTER last_known_addr { host: "127.4.211.195" port: 39581 } } peers { permanent_uuid: "e015ad4250014c059d10f1a7963caf3b" member_type: VOTER last_known_addr { host: "127.4.211.194" port: 34737 } }
I20260608 12:52:21.943441  9427 tablet_service.cc:1917] Received RequestConsensusVote() RPC: tablet_id: "dd9308309c8647a4ad2e000ffb893456" candidate_uuid: "e015ad4250014c059d10f1a7963caf3b" candidate_term: 1 candidate_status { last_received { term: 0 index: 0 } } ignore_live_leader: false dest_uuid: "78a794fc402941baafd5893b52139088"
I20260608 12:52:21.944078  9427 raft_consensus.cc:3060] T dd9308309c8647a4ad2e000ffb893456 P 78a794fc402941baafd5893b52139088 [term 0 FOLLOWER]: Advancing to term 1
I20260608 12:52:21.945961  9660 leader_election.cc:290] T ba85b0cdf1d14e88a79b354797bfe468 P 78a794fc402941baafd5893b52139088 [CANDIDATE]: Term 1 pre-election: Requested pre-vote from peers 89c24d23255c4632a7216992e84dd90e (127.4.211.195:39581), e015ad4250014c059d10f1a7963caf3b (127.4.211.194:34737)
I20260608 12:52:21.947402  9502 tablet_service.cc:1917] Received RequestConsensusVote() RPC: tablet_id: "ba85b0cdf1d14e88a79b354797bfe468" candidate_uuid: "78a794fc402941baafd5893b52139088" candidate_term: 1 candidate_status { last_received { term: 0 index: 0 } } ignore_live_leader: false dest_uuid: "e015ad4250014c059d10f1a7963caf3b" is_pre_election: true
I20260608 12:52:21.947631  9577 tablet_service.cc:1917] Received RequestConsensusVote() RPC: tablet_id: "ba85b0cdf1d14e88a79b354797bfe468" candidate_uuid: "78a794fc402941baafd5893b52139088" candidate_term: 1 candidate_status { last_received { term: 0 index: 0 } } ignore_live_leader: false dest_uuid: "89c24d23255c4632a7216992e84dd90e" is_pre_election: true
I20260608 12:52:21.948264  9577 raft_consensus.cc:2468] T ba85b0cdf1d14e88a79b354797bfe468 P 89c24d23255c4632a7216992e84dd90e [term 0 FOLLOWER]: Leader pre-election vote request: Granting yes vote for candidate 78a794fc402941baafd5893b52139088 in term 0.
I20260608 12:52:21.948581  9628 raft_consensus.cc:515] T 7eaf346ed6ae4ec7a74074664ef0ff4d P 78a794fc402941baafd5893b52139088 [term 1 FOLLOWER]: Starting leader election with config: opid_index: -1 OBSOLETE_local: false peers { permanent_uuid: "78a794fc402941baafd5893b52139088" member_type: VOTER last_known_addr { host: "127.4.211.193" port: 43545 } } peers { permanent_uuid: "e015ad4250014c059d10f1a7963caf3b" member_type: VOTER last_known_addr { host: "127.4.211.194" port: 34737 } } peers { permanent_uuid: "89c24d23255c4632a7216992e84dd90e" member_type: VOTER last_known_addr { host: "127.4.211.195" port: 39581 } }
W20260608 12:52:21.949203  9394 leader_election.cc:343] T ba85b0cdf1d14e88a79b354797bfe468 P 78a794fc402941baafd5893b52139088 [CANDIDATE]: Term 1 pre-election: Tablet error from VoteRequest() call to peer e015ad4250014c059d10f1a7963caf3b (127.4.211.194:34737): Illegal state: must be running to vote when last-logged opid is not known
I20260608 12:52:21.949904  9392 leader_election.cc:304] T ba85b0cdf1d14e88a79b354797bfe468 P 78a794fc402941baafd5893b52139088 [CANDIDATE]: Term 1 pre-election: Election decided. Result: candidate won. Election summary: received 3 responses out of 3 voters: 2 yes votes; 1 no votes. yes voters: 78a794fc402941baafd5893b52139088, 89c24d23255c4632a7216992e84dd90e; no voters: e015ad4250014c059d10f1a7963caf3b
I20260608 12:52:21.954079  9628 leader_election.cc:290] T 7eaf346ed6ae4ec7a74074664ef0ff4d P 78a794fc402941baafd5893b52139088 [CANDIDATE]: Term 1 election: Requested vote from peers e015ad4250014c059d10f1a7963caf3b (127.4.211.194:34737), 89c24d23255c4632a7216992e84dd90e (127.4.211.195:39581)
I20260608 12:52:21.939123  9324 catalog_manager.cc:5696] T 2cb491be73794d1f85a0c6159e6537d9 P 78a794fc402941baafd5893b52139088 reported cstate change: term changed from 0 to 1, leader changed from <none> to 78a794fc402941baafd5893b52139088 (127.4.211.193). New cstate: current_term: 1 leader_uuid: "78a794fc402941baafd5893b52139088" committed_config { opid_index: -1 OBSOLETE_local: false peers { permanent_uuid: "78a794fc402941baafd5893b52139088" member_type: VOTER last_known_addr { host: "127.4.211.193" port: 43545 } health_report { overall_health: HEALTHY } } peers { permanent_uuid: "e015ad4250014c059d10f1a7963caf3b" member_type: VOTER last_known_addr { host: "127.4.211.194" port: 34737 } health_report { overall_health: UNKNOWN } } peers { permanent_uuid: "89c24d23255c4632a7216992e84dd90e" member_type: VOTER last_known_addr { host: "127.4.211.195" port: 39581 } health_report { overall_health: UNKNOWN } } }
I20260608 12:52:21.955350  9502 tablet_service.cc:1917] Received RequestConsensusVote() RPC: tablet_id: "7eaf346ed6ae4ec7a74074664ef0ff4d" candidate_uuid: "78a794fc402941baafd5893b52139088" candidate_term: 1 candidate_status { last_received { term: 0 index: 0 } } ignore_live_leader: false dest_uuid: "e015ad4250014c059d10f1a7963caf3b"
I20260608 12:52:21.956002  9502 raft_consensus.cc:3060] T 7eaf346ed6ae4ec7a74074664ef0ff4d P e015ad4250014c059d10f1a7963caf3b [term 0 FOLLOWER]: Advancing to term 1
I20260608 12:52:21.956444  9577 tablet_service.cc:1917] Received RequestConsensusVote() RPC: tablet_id: "7eaf346ed6ae4ec7a74074664ef0ff4d" candidate_uuid: "78a794fc402941baafd5893b52139088" candidate_term: 1 candidate_status { last_received { term: 0 index: 0 } } ignore_live_leader: false dest_uuid: "89c24d23255c4632a7216992e84dd90e"
I20260608 12:52:21.957103  9577 raft_consensus.cc:3060] T 7eaf346ed6ae4ec7a74074664ef0ff4d P 89c24d23255c4632a7216992e84dd90e [term 0 FOLLOWER]: Advancing to term 1
I20260608 12:52:21.952951  9660 raft_consensus.cc:2804] T ba85b0cdf1d14e88a79b354797bfe468 P 78a794fc402941baafd5893b52139088 [term 0 FOLLOWER]: Leader pre-election won for term 1
I20260608 12:52:21.960827  9660 raft_consensus.cc:493] T ba85b0cdf1d14e88a79b354797bfe468 P 78a794fc402941baafd5893b52139088 [term 0 FOLLOWER]: Starting leader election (no leader contacted us within the election timeout)
I20260608 12:52:21.965415  9622 tablet_bootstrap.cc:654] T c43fef0f97004de784989330b5537f29 P e015ad4250014c059d10f1a7963caf3b: Neither blocks nor log segments found. Creating new log.
I20260608 12:52:21.964844  9660 raft_consensus.cc:3060] T ba85b0cdf1d14e88a79b354797bfe468 P 78a794fc402941baafd5893b52139088 [term 0 FOLLOWER]: Advancing to term 1
I20260608 12:52:21.966840  9427 raft_consensus.cc:2468] T dd9308309c8647a4ad2e000ffb893456 P 78a794fc402941baafd5893b52139088 [term 1 FOLLOWER]: Leader election vote request: Granting yes vote for candidate e015ad4250014c059d10f1a7963caf3b in term 1.
I20260608 12:52:21.968189  9466 leader_election.cc:304] T dd9308309c8647a4ad2e000ffb893456 P e015ad4250014c059d10f1a7963caf3b [CANDIDATE]: Term 1 election: Election decided. Result: candidate won. Election summary: received 2 responses out of 3 voters: 2 yes votes; 0 no votes. yes voters: 78a794fc402941baafd5893b52139088, e015ad4250014c059d10f1a7963caf3b; no voters: 
I20260608 12:52:21.969084  9629 raft_consensus.cc:2804] T dd9308309c8647a4ad2e000ffb893456 P e015ad4250014c059d10f1a7963caf3b [term 1 FOLLOWER]: Leader election won for term 1
I20260608 12:52:21.969623  9629 raft_consensus.cc:697] T dd9308309c8647a4ad2e000ffb893456 P e015ad4250014c059d10f1a7963caf3b [term 1 LEADER]: Becoming Leader. State: Replica: e015ad4250014c059d10f1a7963caf3b, State: Running, Role: LEADER
I20260608 12:52:21.970667  9623 tablet_bootstrap.cc:492] T cf160b5b257b43aa805132809a98a6f6 P 78a794fc402941baafd5893b52139088: No bootstrap required, opened a new log
I20260608 12:52:21.970561  9576 tablet_service.cc:1917] Received RequestConsensusVote() RPC: tablet_id: "dd9308309c8647a4ad2e000ffb893456" candidate_uuid: "e015ad4250014c059d10f1a7963caf3b" candidate_term: 1 candidate_status { last_received { term: 0 index: 0 } } ignore_live_leader: false dest_uuid: "89c24d23255c4632a7216992e84dd90e"
I20260608 12:52:21.970477  9629 consensus_queue.cc:237] T dd9308309c8647a4ad2e000ffb893456 P e015ad4250014c059d10f1a7963caf3b [LEADER]: Queue going to LEADER mode. State: All replicated index: 0, Majority replicated index: 0, Committed index: 0, Last appended: 0.0, Last appended by leader: 0, Current term: 1, Majority size: 2, State: 0, Mode: LEADER, active raft config: opid_index: -1 OBSOLETE_local: false peers { permanent_uuid: "78a794fc402941baafd5893b52139088" member_type: VOTER last_known_addr { host: "127.4.211.193" port: 43545 } } peers { permanent_uuid: "e015ad4250014c059d10f1a7963caf3b" member_type: VOTER last_known_addr { host: "127.4.211.194" port: 34737 } } peers { permanent_uuid: "89c24d23255c4632a7216992e84dd90e" member_type: VOTER last_known_addr { host: "127.4.211.195" port: 39581 } }
I20260608 12:52:21.971273  9623 ts_tablet_manager.cc:1403] T cf160b5b257b43aa805132809a98a6f6 P 78a794fc402941baafd5893b52139088: Time spent bootstrapping tablet: real 0.072s	user 0.016s	sys 0.015s
I20260608 12:52:21.971280  9576 raft_consensus.cc:3060] T dd9308309c8647a4ad2e000ffb893456 P 89c24d23255c4632a7216992e84dd90e [term 0 FOLLOWER]: Advancing to term 1
I20260608 12:52:21.968840  9577 raft_consensus.cc:2468] T 7eaf346ed6ae4ec7a74074664ef0ff4d P 89c24d23255c4632a7216992e84dd90e [term 1 FOLLOWER]: Leader election vote request: Granting yes vote for candidate 78a794fc402941baafd5893b52139088 in term 1.
I20260608 12:52:21.971787  9322 catalog_manager.cc:5696] T cf160b5b257b43aa805132809a98a6f6 P 89c24d23255c4632a7216992e84dd90e reported cstate change: term changed from 0 to 1, leader changed from <none> to 89c24d23255c4632a7216992e84dd90e (127.4.211.195). New cstate: current_term: 1 leader_uuid: "89c24d23255c4632a7216992e84dd90e" committed_config { opid_index: -1 OBSOLETE_local: false peers { permanent_uuid: "78a794fc402941baafd5893b52139088" member_type: VOTER last_known_addr { host: "127.4.211.193" port: 43545 } health_report { overall_health: UNKNOWN } } peers { permanent_uuid: "e015ad4250014c059d10f1a7963caf3b" member_type: VOTER last_known_addr { host: "127.4.211.194" port: 34737 } health_report { overall_health: UNKNOWN } } peers { permanent_uuid: "89c24d23255c4632a7216992e84dd90e" member_type: VOTER last_known_addr { host: "127.4.211.195" port: 39581 } health_report { overall_health: HEALTHY } } }
I20260608 12:52:21.973999  9392 leader_election.cc:304] T 7eaf346ed6ae4ec7a74074664ef0ff4d P 78a794fc402941baafd5893b52139088 [CANDIDATE]: Term 1 election: Election decided. Result: candidate won. Election summary: received 2 responses out of 3 voters: 2 yes votes; 0 no votes. yes voters: 78a794fc402941baafd5893b52139088, 89c24d23255c4632a7216992e84dd90e; no voters: 
I20260608 12:52:21.976274  9628 raft_consensus.cc:2804] T 7eaf346ed6ae4ec7a74074664ef0ff4d P 78a794fc402941baafd5893b52139088 [term 1 FOLLOWER]: Leader election won for term 1
I20260608 12:52:21.976836  9628 raft_consensus.cc:697] T 7eaf346ed6ae4ec7a74074664ef0ff4d P 78a794fc402941baafd5893b52139088 [term 1 LEADER]: Becoming Leader. State: Replica: 78a794fc402941baafd5893b52139088, State: Running, Role: LEADER
I20260608 12:52:21.977735  9628 consensus_queue.cc:237] T 7eaf346ed6ae4ec7a74074664ef0ff4d P 78a794fc402941baafd5893b52139088 [LEADER]: Queue going to LEADER mode. State: All replicated index: 0, Majority replicated index: 0, Committed index: 0, Last appended: 0.0, Last appended by leader: 0, Current term: 1, Majority size: 2, State: 0, Mode: LEADER, active raft config: opid_index: -1 OBSOLETE_local: false peers { permanent_uuid: "78a794fc402941baafd5893b52139088" member_type: VOTER last_known_addr { host: "127.4.211.193" port: 43545 } } peers { permanent_uuid: "e015ad4250014c059d10f1a7963caf3b" member_type: VOTER last_known_addr { host: "127.4.211.194" port: 34737 } } peers { permanent_uuid: "89c24d23255c4632a7216992e84dd90e" member_type: VOTER last_known_addr { host: "127.4.211.195" port: 39581 } }
I20260608 12:52:21.979290  9621 tablet_bootstrap.cc:492] T 150c146ef68f46c1850744cc2e223d82 P 89c24d23255c4632a7216992e84dd90e: No bootstrap required, opened a new log
I20260608 12:52:21.975317  9645 leader_election.cc:290] T dd9308309c8647a4ad2e000ffb893456 P e015ad4250014c059d10f1a7963caf3b [CANDIDATE]: Term 1 election: Requested vote from peers 78a794fc402941baafd5893b52139088 (127.4.211.193:43545), 89c24d23255c4632a7216992e84dd90e (127.4.211.195:39581)
I20260608 12:52:21.981132  9576 raft_consensus.cc:2468] T dd9308309c8647a4ad2e000ffb893456 P 89c24d23255c4632a7216992e84dd90e [term 1 FOLLOWER]: Leader election vote request: Granting yes vote for candidate e015ad4250014c059d10f1a7963caf3b in term 1.
I20260608 12:52:21.984614  9621 ts_tablet_manager.cc:1403] T 150c146ef68f46c1850744cc2e223d82 P 89c24d23255c4632a7216992e84dd90e: Time spent bootstrapping tablet: real 0.077s	user 0.013s	sys 0.018s
I20260608 12:52:21.989156  9621 raft_consensus.cc:359] T 150c146ef68f46c1850744cc2e223d82 P 89c24d23255c4632a7216992e84dd90e [term 0 FOLLOWER]: Replica starting. Triggering 0 pending ops. Active config: opid_index: -1 OBSOLETE_local: false peers { permanent_uuid: "78a794fc402941baafd5893b52139088" member_type: VOTER last_known_addr { host: "127.4.211.193" port: 43545 } } peers { permanent_uuid: "e015ad4250014c059d10f1a7963caf3b" member_type: VOTER last_known_addr { host: "127.4.211.194" port: 34737 } } peers { permanent_uuid: "89c24d23255c4632a7216992e84dd90e" member_type: VOTER last_known_addr { host: "127.4.211.195" port: 39581 } }
I20260608 12:52:21.989898  9623 raft_consensus.cc:359] T cf160b5b257b43aa805132809a98a6f6 P 78a794fc402941baafd5893b52139088 [term 0 FOLLOWER]: Replica starting. Triggering 0 pending ops. Active config: opid_index: -1 OBSOLETE_local: false peers { permanent_uuid: "78a794fc402941baafd5893b52139088" member_type: VOTER last_known_addr { host: "127.4.211.193" port: 43545 } } peers { permanent_uuid: "e015ad4250014c059d10f1a7963caf3b" member_type: VOTER last_known_addr { host: "127.4.211.194" port: 34737 } } peers { permanent_uuid: "89c24d23255c4632a7216992e84dd90e" member_type: VOTER last_known_addr { host: "127.4.211.195" port: 39581 } }
I20260608 12:52:21.990381  9621 raft_consensus.cc:385] T 150c146ef68f46c1850744cc2e223d82 P 89c24d23255c4632a7216992e84dd90e [term 0 FOLLOWER]: Consensus starting up: Expiring failure detector timer to make a prompt election more likely
I20260608 12:52:21.990743  9623 raft_consensus.cc:385] T cf160b5b257b43aa805132809a98a6f6 P 78a794fc402941baafd5893b52139088 [term 0 FOLLOWER]: Consensus starting up: Expiring failure detector timer to make a prompt election more likely
I20260608 12:52:21.991430  9623 raft_consensus.cc:740] T cf160b5b257b43aa805132809a98a6f6 P 78a794fc402941baafd5893b52139088 [term 0 FOLLOWER]: Becoming Follower/Learner. State: Replica: 78a794fc402941baafd5893b52139088, State: Initialized, Role: FOLLOWER
I20260608 12:52:21.990870  9621 raft_consensus.cc:740] T 150c146ef68f46c1850744cc2e223d82 P 89c24d23255c4632a7216992e84dd90e [term 0 FOLLOWER]: Becoming Follower/Learner. State: Replica: 89c24d23255c4632a7216992e84dd90e, State: Initialized, Role: FOLLOWER
I20260608 12:52:21.994204  9621 consensus_queue.cc:260] T 150c146ef68f46c1850744cc2e223d82 P 89c24d23255c4632a7216992e84dd90e [NON_LEADER]: Queue going to NON_LEADER mode. State: All replicated index: 0, Majority replicated index: 0, Committed index: 0, Last appended: 0.0, Last appended by leader: 0, Current term: 0, Majority size: -1, State: 0, Mode: NON_LEADER, active raft config: opid_index: -1 OBSOLETE_local: false peers { permanent_uuid: "78a794fc402941baafd5893b52139088" member_type: VOTER last_known_addr { host: "127.4.211.193" port: 43545 } } peers { permanent_uuid: "e015ad4250014c059d10f1a7963caf3b" member_type: VOTER last_known_addr { host: "127.4.211.194" port: 34737 } } peers { permanent_uuid: "89c24d23255c4632a7216992e84dd90e" member_type: VOTER last_known_addr { host: "127.4.211.195" port: 39581 } }
I20260608 12:52:22.002106  9621 ts_tablet_manager.cc:1434] T 150c146ef68f46c1850744cc2e223d82 P 89c24d23255c4632a7216992e84dd90e: Time spent starting tablet: real 0.016s	user 0.006s	sys 0.001s
I20260608 12:52:22.002647  9623 consensus_queue.cc:260] T cf160b5b257b43aa805132809a98a6f6 P 78a794fc402941baafd5893b52139088 [NON_LEADER]: Queue going to NON_LEADER mode. State: All replicated index: 0, Majority replicated index: 0, Committed index: 0, Last appended: 0.0, Last appended by leader: 0, Current term: 0, Majority size: -1, State: 0, Mode: NON_LEADER, active raft config: opid_index: -1 OBSOLETE_local: false peers { permanent_uuid: "78a794fc402941baafd5893b52139088" member_type: VOTER last_known_addr { host: "127.4.211.193" port: 43545 } } peers { permanent_uuid: "e015ad4250014c059d10f1a7963caf3b" member_type: VOTER last_known_addr { host: "127.4.211.194" port: 34737 } } peers { permanent_uuid: "89c24d23255c4632a7216992e84dd90e" member_type: VOTER last_known_addr { host: "127.4.211.195" port: 39581 } }
I20260608 12:52:22.003953  9502 raft_consensus.cc:2468] T 7eaf346ed6ae4ec7a74074664ef0ff4d P e015ad4250014c059d10f1a7963caf3b [term 1 FOLLOWER]: Leader election vote request: Granting yes vote for candidate 78a794fc402941baafd5893b52139088 in term 1.
I20260608 12:52:22.006037  9623 ts_tablet_manager.cc:1434] T cf160b5b257b43aa805132809a98a6f6 P 78a794fc402941baafd5893b52139088: Time spent starting tablet: real 0.034s	user 0.006s	sys 0.001s
I20260608 12:52:22.007185  9623 tablet_bootstrap.cc:492] T 150c146ef68f46c1850744cc2e223d82 P 78a794fc402941baafd5893b52139088: Bootstrap starting.
I20260608 12:52:22.009135  9324 catalog_manager.cc:5696] T 7eaf346ed6ae4ec7a74074664ef0ff4d P 78a794fc402941baafd5893b52139088 reported cstate change: term changed from 0 to 1, leader changed from <none> to 78a794fc402941baafd5893b52139088 (127.4.211.193). New cstate: current_term: 1 leader_uuid: "78a794fc402941baafd5893b52139088" committed_config { opid_index: -1 OBSOLETE_local: false peers { permanent_uuid: "78a794fc402941baafd5893b52139088" member_type: VOTER last_known_addr { host: "127.4.211.193" port: 43545 } health_report { overall_health: HEALTHY } } peers { permanent_uuid: "e015ad4250014c059d10f1a7963caf3b" member_type: VOTER last_known_addr { host: "127.4.211.194" port: 34737 } health_report { overall_health: UNKNOWN } } peers { permanent_uuid: "89c24d23255c4632a7216992e84dd90e" member_type: VOTER last_known_addr { host: "127.4.211.195" port: 39581 } health_report { overall_health: UNKNOWN } } }
I20260608 12:52:22.013480  9623 tablet_bootstrap.cc:654] T 150c146ef68f46c1850744cc2e223d82 P 78a794fc402941baafd5893b52139088: Neither blocks nor log segments found. Creating new log.
I20260608 12:52:21.983559  9660 raft_consensus.cc:515] T ba85b0cdf1d14e88a79b354797bfe468 P 78a794fc402941baafd5893b52139088 [term 1 FOLLOWER]: Starting leader election with config: opid_index: -1 OBSOLETE_local: false peers { permanent_uuid: "78a794fc402941baafd5893b52139088" member_type: VOTER last_known_addr { host: "127.4.211.193" port: 43545 } } peers { permanent_uuid: "89c24d23255c4632a7216992e84dd90e" member_type: VOTER last_known_addr { host: "127.4.211.195" port: 39581 } } peers { permanent_uuid: "e015ad4250014c059d10f1a7963caf3b" member_type: VOTER last_known_addr { host: "127.4.211.194" port: 34737 } }
I20260608 12:52:22.017596  9576 tablet_service.cc:1917] Received RequestConsensusVote() RPC: tablet_id: "ba85b0cdf1d14e88a79b354797bfe468" candidate_uuid: "78a794fc402941baafd5893b52139088" candidate_term: 1 candidate_status { last_received { term: 0 index: 0 } } ignore_live_leader: false dest_uuid: "89c24d23255c4632a7216992e84dd90e"
I20260608 12:52:22.018219  9576 raft_consensus.cc:3060] T ba85b0cdf1d14e88a79b354797bfe468 P 89c24d23255c4632a7216992e84dd90e [term 0 FOLLOWER]: Advancing to term 1
I20260608 12:52:22.024885  9622 tablet_bootstrap.cc:492] T c43fef0f97004de784989330b5537f29 P e015ad4250014c059d10f1a7963caf3b: No bootstrap required, opened a new log
I20260608 12:52:22.025593  9622 ts_tablet_manager.cc:1403] T c43fef0f97004de784989330b5537f29 P e015ad4250014c059d10f1a7963caf3b: Time spent bootstrapping tablet: real 0.094s	user 0.023s	sys 0.014s
I20260608 12:52:22.023535  9326 catalog_manager.cc:5696] T dd9308309c8647a4ad2e000ffb893456 P e015ad4250014c059d10f1a7963caf3b reported cstate change: term changed from 0 to 1, leader changed from <none> to e015ad4250014c059d10f1a7963caf3b (127.4.211.194). New cstate: current_term: 1 leader_uuid: "e015ad4250014c059d10f1a7963caf3b" committed_config { opid_index: -1 OBSOLETE_local: false peers { permanent_uuid: "78a794fc402941baafd5893b52139088" member_type: VOTER last_known_addr { host: "127.4.211.193" port: 43545 } health_report { overall_health: UNKNOWN } } peers { permanent_uuid: "e015ad4250014c059d10f1a7963caf3b" member_type: VOTER last_known_addr { host: "127.4.211.194" port: 34737 } health_report { overall_health: HEALTHY } } peers { permanent_uuid: "89c24d23255c4632a7216992e84dd90e" member_type: VOTER last_known_addr { host: "127.4.211.195" port: 39581 } health_report { overall_health: UNKNOWN } } }
I20260608 12:52:22.029088  9660 leader_election.cc:290] T ba85b0cdf1d14e88a79b354797bfe468 P 78a794fc402941baafd5893b52139088 [CANDIDATE]: Term 1 election: Requested vote from peers 89c24d23255c4632a7216992e84dd90e (127.4.211.195:39581), e015ad4250014c059d10f1a7963caf3b (127.4.211.194:34737)
I20260608 12:52:22.037632  9502 tablet_service.cc:1917] Received RequestConsensusVote() RPC: tablet_id: "ba85b0cdf1d14e88a79b354797bfe468" candidate_uuid: "78a794fc402941baafd5893b52139088" candidate_term: 1 candidate_status { last_received { term: 0 index: 0 } } ignore_live_leader: false dest_uuid: "e015ad4250014c059d10f1a7963caf3b"
I20260608 12:52:22.036777  9576 raft_consensus.cc:2468] T ba85b0cdf1d14e88a79b354797bfe468 P 89c24d23255c4632a7216992e84dd90e [term 1 FOLLOWER]: Leader election vote request: Granting yes vote for candidate 78a794fc402941baafd5893b52139088 in term 1.
I20260608 12:52:22.039202  9392 leader_election.cc:304] T ba85b0cdf1d14e88a79b354797bfe468 P 78a794fc402941baafd5893b52139088 [CANDIDATE]: Term 1 election: Election decided. Result: candidate won. Election summary: received 2 responses out of 3 voters: 2 yes votes; 0 no votes. yes voters: 78a794fc402941baafd5893b52139088, 89c24d23255c4632a7216992e84dd90e; no voters: 
W20260608 12:52:22.039826  9394 leader_election.cc:343] T ba85b0cdf1d14e88a79b354797bfe468 P 78a794fc402941baafd5893b52139088 [CANDIDATE]: Term 1 election: Tablet error from VoteRequest() call to peer e015ad4250014c059d10f1a7963caf3b (127.4.211.194:34737): Illegal state: must be running to vote when last-logged opid is not known
I20260608 12:52:22.040719  9673 raft_consensus.cc:493] T 440f90789863430685663c88c8ba48ce P 89c24d23255c4632a7216992e84dd90e [term 0 FOLLOWER]: Starting pre-election (no leader contacted us within the election timeout)
I20260608 12:52:22.041272  9673 raft_consensus.cc:515] T 440f90789863430685663c88c8ba48ce P 89c24d23255c4632a7216992e84dd90e [term 0 FOLLOWER]: Starting pre-election with config: opid_index: -1 OBSOLETE_local: false peers { permanent_uuid: "78a794fc402941baafd5893b52139088" member_type: VOTER last_known_addr { host: "127.4.211.193" port: 43545 } } peers { permanent_uuid: "e015ad4250014c059d10f1a7963caf3b" member_type: VOTER last_known_addr { host: "127.4.211.194" port: 34737 } } peers { permanent_uuid: "89c24d23255c4632a7216992e84dd90e" member_type: VOTER last_known_addr { host: "127.4.211.195" port: 39581 } }
I20260608 12:52:22.042037  9623 tablet_bootstrap.cc:492] T 150c146ef68f46c1850744cc2e223d82 P 78a794fc402941baafd5893b52139088: No bootstrap required, opened a new log
