[==========] Running 24 tests from 2 test suites.
[----------] Global test environment set-up.
[----------] 22 tests from AutoRebalancerTest
[ RUN      ] AutoRebalancerTest.OnlyLeaderDoesAutoRebalancing
WARNING: Logging before InitGoogleLogging() is written to STDERR
I20260608 12:50:18.222500  4943 internal_mini_cluster.cc:156] Creating distributed mini masters. Addrs: 127.4.211.254:37783,127.4.211.253:42991,127.4.211.252:39067
I20260608 12:50:18.224464  4943 env_posix.cc:2267] Not raising this process' open files per process limit of 1048576; it is already as high as it can go
I20260608 12:50:18.225620  4943 file_cache.cc:492] Constructed file cache file cache with capacity 419430
W20260608 12:50:18.243973  4950 instance_detector.cc:116] could not retrieve Azure instance metadata: Network error: curl error: HTTP response code said error: The requested URL returned error: 404
W20260608 12:50:18.244015  4952 instance_detector.cc:116] could not retrieve OpenStack instance metadata: Network error: curl error: HTTP response code said error: The requested URL returned error: 404
W20260608 12:50:18.244021  4949 instance_detector.cc:116] could not retrieve AWS instance metadata: Network error: curl error: HTTP response code said error: The requested URL returned error: 404
W20260608 12:50:19.371032  4951 instance_detector.cc:116] could not retrieve GCE instance metadata: Timed out: curl timeout: Timeout was reached: Connection time-out
I20260608 12:50:19.371158  4943 server_base.cc:1056] Not found: could not retrieve instance metadata: unable to detect cloud type of this node, probably running in non-cloud environment
I20260608 12:50:19.375811  4943 hybrid_clock.cc:584] initializing the hybrid clock with 'system_unsync' time source
W20260608 12:50:19.376084  4943 system_unsync_time.cc:38] NTP support is disabled. Clock error bounds will not be accurate. This configuration is not suitable for distributed clusters.
I20260608 12:50:19.376315  4943 hybrid_clock.cc:648] HybridClock initialized: now 1780923019376292 us; error 0 us; skew 500 ppm
I20260608 12:50:19.377324  4943 server_base.cc:861] Flag tcmalloc_max_total_thread_cache_bytes is not working since tcmalloc is not enabled.
I20260608 12:50:19.383703  4943 webserver.cc:533] Webserver started at http://127.4.211.254:40461/ using document root <none> and password file <none>
I20260608 12:50:19.384625  4943 fs_manager.cc:362] Metadata directory not provided
I20260608 12:50:19.384855  4943 fs_manager.cc:368] Using write-ahead log directory (fs_wal_dir) as metadata directory
I20260608 12:50:19.385378  4943 server_base.cc:909] This appears to be a new deployment of Kudu; creating new FS layout
I20260608 12:50:19.391326  4943 fs_manager.cc:1068] Generated new instance metadata in path /tmp/dist-test-taskNi5rUf/test-tmp/auto_rebalancer-test.0.AutoRebalancerTest.OnlyLeaderDoesAutoRebalancing.1780923018050892-4943-0/minicluster-data/master-0-root/instance:
uuid: "feaa1e7a795c43dcbe606bab1ce26efa"
format_stamp: "Formatted at 2026-06-08 12:50:19 on dist-test-slave-8jkh"
I20260608 12:50:19.399780  4943 fs_manager.cc:696] Time spent creating directory manager: real 0.008s	user 0.006s	sys 0.004s
I20260608 12:50:19.405575  4958 log_block_manager.cc:4031] Time spent loading block containers with low live blocks: real 0.000s	user 0.000s	sys 0.000s
I20260608 12:50:19.407208  4943 fs_manager.cc:730] Time spent opening block manager: real 0.004s	user 0.002s	sys 0.002s
I20260608 12:50:19.407594  4943 fs_manager.cc:647] Opened local filesystem: /tmp/dist-test-taskNi5rUf/test-tmp/auto_rebalancer-test.0.AutoRebalancerTest.OnlyLeaderDoesAutoRebalancing.1780923018050892-4943-0/minicluster-data/master-0-root
uuid: "feaa1e7a795c43dcbe606bab1ce26efa"
format_stamp: "Formatted at 2026-06-08 12:50:19 on dist-test-slave-8jkh"
I20260608 12:50:19.407950  4943 fs_report.cc:389] FS layout report
--------------------
wal directory: /tmp/dist-test-taskNi5rUf/test-tmp/auto_rebalancer-test.0.AutoRebalancerTest.OnlyLeaderDoesAutoRebalancing.1780923018050892-4943-0/minicluster-data/master-0-root
metadata directory: /tmp/dist-test-taskNi5rUf/test-tmp/auto_rebalancer-test.0.AutoRebalancerTest.OnlyLeaderDoesAutoRebalancing.1780923018050892-4943-0/minicluster-data/master-0-root
1 data directories: /tmp/dist-test-taskNi5rUf/test-tmp/auto_rebalancer-test.0.AutoRebalancerTest.OnlyLeaderDoesAutoRebalancing.1780923018050892-4943-0/minicluster-data/master-0-root/data
Total live blocks: 0
Total live bytes: 0
Total live bytes (after alignment): 0
Total number of LBM containers: 0 (0 full)
Did not check for missing blocks
Did not check for orphaned blocks
Total full LBM containers with extra space: 0 (0 repaired)
Total full LBM container extra space in bytes: 0 (0 repaired)
Total incomplete LBM containers: 0 (0 repaired)
Total LBM partial records: 0 (0 repaired)
Total corrupted LBM metadata records in RocksDB: 0 (0 repaired)
I20260608 12:50:19.480013  4943 rpc_server.cc:225] running with OpenSSL 1.1.1  11 Sep 2018
I20260608 12:50:19.481763  4943 env_posix.cc:2267] Not raising this process' running threads per effective uid limit of 18446744073709551615; it is already as high as it can go
I20260608 12:50:19.482268  4943 kserver.cc:163] Server-wide thread pool size limit: 3276
I20260608 12:50:19.554750  4943 rpc_server.cc:307] RPC server started. Bound to: 127.4.211.254:37783
I20260608 12:50:19.554843  5009 acceptor_pool.cc:272] collecting diagnostics on the listening RPC socket 127.4.211.254:37783 every 8 connection(s)
I20260608 12:50:19.561353  4943 file_cache.cc:492] Constructed file cache file cache with capacity 419430
I20260608 12:50:19.563691  5010 data_dirs.cc:400] Could only allocate 1 dirs of requested 3 for tablet 00000000000000000000000000000000. 1 dirs total, 0 dirs full, 0 dirs failed
W20260608 12:50:19.568137  5012 instance_detector.cc:116] could not retrieve AWS instance metadata: Network error: curl error: HTTP response code said error: The requested URL returned error: 404
W20260608 12:50:19.569825  5013 instance_detector.cc:116] could not retrieve Azure instance metadata: Network error: curl error: HTTP response code said error: The requested URL returned error: 404
I20260608 12:50:19.573450  4943 server_base.cc:1061] running on GCE node
W20260608 12:50:19.573369  5015 instance_detector.cc:116] could not retrieve OpenStack instance metadata: Network error: curl error: HTTP response code said error: The requested URL returned error: 404
I20260608 12:50:19.574714  4943 hybrid_clock.cc:584] initializing the hybrid clock with 'system_unsync' time source
W20260608 12:50:19.574973  4943 system_unsync_time.cc:38] NTP support is disabled. Clock error bounds will not be accurate. This configuration is not suitable for distributed clusters.
I20260608 12:50:19.575162  4943 hybrid_clock.cc:648] HybridClock initialized: now 1780923019575140 us; error 0 us; skew 500 ppm
I20260608 12:50:19.575892  4943 server_base.cc:861] Flag tcmalloc_max_total_thread_cache_bytes is not working since tcmalloc is not enabled.
I20260608 12:50:19.580857  4943 webserver.cc:533] Webserver started at http://127.4.211.253:41219/ using document root <none> and password file <none>
I20260608 12:50:19.581530  4943 fs_manager.cc:362] Metadata directory not provided
I20260608 12:50:19.581763  4943 fs_manager.cc:368] Using write-ahead log directory (fs_wal_dir) as metadata directory
I20260608 12:50:19.582043  4943 server_base.cc:909] This appears to be a new deployment of Kudu; creating new FS layout
I20260608 12:50:19.583177  4943 fs_manager.cc:1068] Generated new instance metadata in path /tmp/dist-test-taskNi5rUf/test-tmp/auto_rebalancer-test.0.AutoRebalancerTest.OnlyLeaderDoesAutoRebalancing.1780923018050892-4943-0/minicluster-data/master-1-root/instance:
uuid: "2fbf4e0f9f064fc6b8d3e49c9a6910cf"
format_stamp: "Formatted at 2026-06-08 12:50:19 on dist-test-slave-8jkh"
I20260608 12:50:19.584595  5010 sys_catalog.cc:422] member_type: VOTER last_known_addr { host: "127.4.211.254" port: 37783 } has no permanent_uuid. Determining permanent_uuid...
I20260608 12:50:19.589200  4943 fs_manager.cc:696] Time spent creating directory manager: real 0.005s	user 0.001s	sys 0.006s
I20260608 12:50:19.595824  5022 log_block_manager.cc:4031] Time spent loading block containers with low live blocks: real 0.000s	user 0.000s	sys 0.000s
I20260608 12:50:19.596745  4943 fs_manager.cc:730] Time spent opening block manager: real 0.004s	user 0.004s	sys 0.000s
I20260608 12:50:19.597097  4943 fs_manager.cc:647] Opened local filesystem: /tmp/dist-test-taskNi5rUf/test-tmp/auto_rebalancer-test.0.AutoRebalancerTest.OnlyLeaderDoesAutoRebalancing.1780923018050892-4943-0/minicluster-data/master-1-root
uuid: "2fbf4e0f9f064fc6b8d3e49c9a6910cf"
format_stamp: "Formatted at 2026-06-08 12:50:19 on dist-test-slave-8jkh"
I20260608 12:50:19.597384  4943 fs_report.cc:389] FS layout report
--------------------
wal directory: /tmp/dist-test-taskNi5rUf/test-tmp/auto_rebalancer-test.0.AutoRebalancerTest.OnlyLeaderDoesAutoRebalancing.1780923018050892-4943-0/minicluster-data/master-1-root
metadata directory: /tmp/dist-test-taskNi5rUf/test-tmp/auto_rebalancer-test.0.AutoRebalancerTest.OnlyLeaderDoesAutoRebalancing.1780923018050892-4943-0/minicluster-data/master-1-root
1 data directories: /tmp/dist-test-taskNi5rUf/test-tmp/auto_rebalancer-test.0.AutoRebalancerTest.OnlyLeaderDoesAutoRebalancing.1780923018050892-4943-0/minicluster-data/master-1-root/data
Total live blocks: 0
Total live bytes: 0
Total live bytes (after alignment): 0
Total number of LBM containers: 0 (0 full)
Did not check for missing blocks
Did not check for orphaned blocks
Total full LBM containers with extra space: 0 (0 repaired)
Total full LBM container extra space in bytes: 0 (0 repaired)
Total incomplete LBM containers: 0 (0 repaired)
Total LBM partial records: 0 (0 repaired)
Total corrupted LBM metadata records in RocksDB: 0 (0 repaired)
I20260608 12:50:19.614367  5010 sys_catalog.cc:422] member_type: VOTER last_known_addr { host: "127.4.211.253" port: 42991 } has no permanent_uuid. Determining permanent_uuid...
W20260608 12:50:19.616957  4961 proxy.cc:239] Call had error, refreshing address and retrying: Network error: Client connection negotiation failed: client connection to 127.4.211.253:42991: connect: Connection refused (error 111)
W20260608 12:50:19.621798  5010 consensus_peers.cc:760] Error getting permanent uuid from config peer 127.4.211.253:42991: Network error: Client connection negotiation failed: client connection to 127.4.211.253:42991: connect: Connection refused (error 111)
I20260608 12:50:19.641413  4943 rpc_server.cc:225] running with OpenSSL 1.1.1  11 Sep 2018
I20260608 12:50:19.642927  4943 kserver.cc:163] Server-wide thread pool size limit: 3276
I20260608 12:50:19.671598  5010 consensus_peers.cc:770] Retrying to get permanent uuid for remote peer: member_type: VOTER last_known_addr { host: "127.4.211.253" port: 42991 } attempt: 1
W20260608 12:50:19.677030  5010 consensus_peers.cc:760] Error getting permanent uuid from config peer 127.4.211.253:42991: Network error: Client connection negotiation failed: client connection to 127.4.211.253:42991: connect: Connection refused (error 111)
I20260608 12:50:19.713349  4943 rpc_server.cc:307] RPC server started. Bound to: 127.4.211.253:42991
I20260608 12:50:19.713452  5074 acceptor_pool.cc:272] collecting diagnostics on the listening RPC socket 127.4.211.253:42991 every 8 connection(s)
I20260608 12:50:19.718619  5075 data_dirs.cc:400] Could only allocate 1 dirs of requested 3 for tablet 00000000000000000000000000000000. 1 dirs total, 0 dirs full, 0 dirs failed
I20260608 12:50:19.719357  4943 file_cache.cc:492] Constructed file cache file cache with capacity 419430
I20260608 12:50:19.724223  5075 sys_catalog.cc:422] member_type: VOTER last_known_addr { host: "127.4.211.254" port: 37783 } has no permanent_uuid. Determining permanent_uuid...
W20260608 12:50:19.726191  5077 instance_detector.cc:116] could not retrieve AWS instance metadata: Network error: curl error: HTTP response code said error: The requested URL returned error: 404
W20260608 12:50:19.729239  5078 instance_detector.cc:116] could not retrieve Azure instance metadata: Network error: curl error: HTTP response code said error: The requested URL returned error: 404
I20260608 12:50:19.732805  4943 server_base.cc:1061] running on GCE node
W20260608 12:50:19.732811  5080 instance_detector.cc:116] could not retrieve OpenStack instance metadata: Network error: curl error: HTTP response code said error: The requested URL returned error: 404
I20260608 12:50:19.733875  4943 hybrid_clock.cc:584] initializing the hybrid clock with 'system_unsync' time source
W20260608 12:50:19.734084  4943 system_unsync_time.cc:38] NTP support is disabled. Clock error bounds will not be accurate. This configuration is not suitable for distributed clusters.
I20260608 12:50:19.734256  4943 hybrid_clock.cc:648] HybridClock initialized: now 1780923019734237 us; error 0 us; skew 500 ppm
I20260608 12:50:19.735044  4943 server_base.cc:861] Flag tcmalloc_max_total_thread_cache_bytes is not working since tcmalloc is not enabled.
I20260608 12:50:19.738715  4943 webserver.cc:533] Webserver started at http://127.4.211.252:38619/ using document root <none> and password file <none>
I20260608 12:50:19.739521  4943 fs_manager.cc:362] Metadata directory not provided
I20260608 12:50:19.739811  4943 fs_manager.cc:368] Using write-ahead log directory (fs_wal_dir) as metadata directory
I20260608 12:50:19.740159  4943 server_base.cc:909] This appears to be a new deployment of Kudu; creating new FS layout
I20260608 12:50:19.740875  5075 sys_catalog.cc:422] member_type: VOTER last_known_addr { host: "127.4.211.253" port: 42991 } has no permanent_uuid. Determining permanent_uuid...
I20260608 12:50:19.741588  4943 fs_manager.cc:1068] Generated new instance metadata in path /tmp/dist-test-taskNi5rUf/test-tmp/auto_rebalancer-test.0.AutoRebalancerTest.OnlyLeaderDoesAutoRebalancing.1780923018050892-4943-0/minicluster-data/master-2-root/instance:
uuid: "62541eaaeac143549c54e56ade3cd5f2"
format_stamp: "Formatted at 2026-06-08 12:50:19 on dist-test-slave-8jkh"
I20260608 12:50:19.745492  5010 consensus_peers.cc:770] Retrying to get permanent uuid for remote peer: member_type: VOTER last_known_addr { host: "127.4.211.253" port: 42991 } attempt: 2
I20260608 12:50:19.750665  4943 fs_manager.cc:696] Time spent creating directory manager: real 0.008s	user 0.002s	sys 0.007s
I20260608 12:50:19.757944  5088 log_block_manager.cc:4031] Time spent loading block containers with low live blocks: real 0.000s	user 0.000s	sys 0.000s
I20260608 12:50:19.758360  5075 sys_catalog.cc:422] member_type: VOTER last_known_addr { host: "127.4.211.252" port: 39067 } has no permanent_uuid. Determining permanent_uuid...
I20260608 12:50:19.758945  4943 fs_manager.cc:730] Time spent opening block manager: real 0.005s	user 0.001s	sys 0.003s
I20260608 12:50:19.759244  4943 fs_manager.cc:647] Opened local filesystem: /tmp/dist-test-taskNi5rUf/test-tmp/auto_rebalancer-test.0.AutoRebalancerTest.OnlyLeaderDoesAutoRebalancing.1780923018050892-4943-0/minicluster-data/master-2-root
uuid: "62541eaaeac143549c54e56ade3cd5f2"
format_stamp: "Formatted at 2026-06-08 12:50:19 on dist-test-slave-8jkh"
I20260608 12:50:19.759517  4943 fs_report.cc:389] FS layout report
--------------------
wal directory: /tmp/dist-test-taskNi5rUf/test-tmp/auto_rebalancer-test.0.AutoRebalancerTest.OnlyLeaderDoesAutoRebalancing.1780923018050892-4943-0/minicluster-data/master-2-root
metadata directory: /tmp/dist-test-taskNi5rUf/test-tmp/auto_rebalancer-test.0.AutoRebalancerTest.OnlyLeaderDoesAutoRebalancing.1780923018050892-4943-0/minicluster-data/master-2-root
1 data directories: /tmp/dist-test-taskNi5rUf/test-tmp/auto_rebalancer-test.0.AutoRebalancerTest.OnlyLeaderDoesAutoRebalancing.1780923018050892-4943-0/minicluster-data/master-2-root/data
Total live blocks: 0
Total live bytes: 0
Total live bytes (after alignment): 0
Total number of LBM containers: 0 (0 full)
Did not check for missing blocks
Did not check for orphaned blocks
Total full LBM containers with extra space: 0 (0 repaired)
Total full LBM container extra space in bytes: 0 (0 repaired)
Total incomplete LBM containers: 0 (0 repaired)
Total LBM partial records: 0 (0 repaired)
Total corrupted LBM metadata records in RocksDB: 0 (0 repaired)
I20260608 12:50:19.764935  5010 sys_catalog.cc:422] member_type: VOTER last_known_addr { host: "127.4.211.252" port: 39067 } has no permanent_uuid. Determining permanent_uuid...
W20260608 12:50:19.765585  5075 consensus_peers.cc:760] Error getting permanent uuid from config peer 127.4.211.252:39067: Network error: Client connection negotiation failed: client connection to 127.4.211.252:39067: connect: Connection refused (error 111)
W20260608 12:50:19.770992  5010 consensus_peers.cc:760] Error getting permanent uuid from config peer 127.4.211.252:39067: Network error: Client connection negotiation failed: client connection to 127.4.211.252:39067: connect: Connection refused (error 111)
I20260608 12:50:19.786963  4943 rpc_server.cc:225] running with OpenSSL 1.1.1  11 Sep 2018
I20260608 12:50:19.788302  4943 kserver.cc:163] Server-wide thread pool size limit: 3276
I20260608 12:50:19.802431  5010 consensus_peers.cc:770] Retrying to get permanent uuid for remote peer: member_type: VOTER last_known_addr { host: "127.4.211.252" port: 39067 } attempt: 1
W20260608 12:50:19.807724  5010 consensus_peers.cc:760] Error getting permanent uuid from config peer 127.4.211.252:39067: Network error: Client connection negotiation failed: client connection to 127.4.211.252:39067: connect: Connection refused (error 111)
I20260608 12:50:19.809572  5075 consensus_peers.cc:770] Retrying to get permanent uuid for remote peer: member_type: VOTER last_known_addr { host: "127.4.211.252" port: 39067 } attempt: 1
W20260608 12:50:19.815505  5075 consensus_peers.cc:760] Error getting permanent uuid from config peer 127.4.211.252:39067: Network error: Client connection negotiation failed: client connection to 127.4.211.252:39067: connect: Connection refused (error 111)
I20260608 12:50:19.858918  4943 rpc_server.cc:307] RPC server started. Bound to: 127.4.211.252:39067
I20260608 12:50:19.859064  5140 acceptor_pool.cc:272] collecting diagnostics on the listening RPC socket 127.4.211.252:39067 every 8 connection(s)
I20260608 12:50:19.863147  4943 internal_mini_cluster.cc:184] Waiting to initialize catalog manager on master 0
I20260608 12:50:19.864296  5141 data_dirs.cc:400] Could only allocate 1 dirs of requested 3 for tablet 00000000000000000000000000000000. 1 dirs total, 0 dirs full, 0 dirs failed
I20260608 12:50:19.869805  5141 sys_catalog.cc:422] member_type: VOTER last_known_addr { host: "127.4.211.254" port: 37783 } has no permanent_uuid. Determining permanent_uuid...
I20260608 12:50:19.882676  5141 sys_catalog.cc:422] member_type: VOTER last_known_addr { host: "127.4.211.253" port: 42991 } has no permanent_uuid. Determining permanent_uuid...
I20260608 12:50:19.883036  5075 consensus_peers.cc:770] Retrying to get permanent uuid for remote peer: member_type: VOTER last_known_addr { host: "127.4.211.252" port: 39067 } attempt: 2
I20260608 12:50:19.883211  5010 consensus_peers.cc:770] Retrying to get permanent uuid for remote peer: member_type: VOTER last_known_addr { host: "127.4.211.252" port: 39067 } attempt: 2
I20260608 12:50:19.896324  5141 sys_catalog.cc:422] member_type: VOTER last_known_addr { host: "127.4.211.252" port: 39067 } has no permanent_uuid. Determining permanent_uuid...
I20260608 12:50:19.909698  5010 tablet_bootstrap.cc:492] T 00000000000000000000000000000000 P feaa1e7a795c43dcbe606bab1ce26efa: Bootstrap starting.
I20260608 12:50:19.909709  5075 tablet_bootstrap.cc:492] T 00000000000000000000000000000000 P 2fbf4e0f9f064fc6b8d3e49c9a6910cf: Bootstrap starting.
I20260608 12:50:19.916476  5141 tablet_bootstrap.cc:492] T 00000000000000000000000000000000 P 62541eaaeac143549c54e56ade3cd5f2: Bootstrap starting.
I20260608 12:50:19.916672  5010 tablet_bootstrap.cc:654] T 00000000000000000000000000000000 P feaa1e7a795c43dcbe606bab1ce26efa: Neither blocks nor log segments found. Creating new log.
I20260608 12:50:19.917192  5075 tablet_bootstrap.cc:654] T 00000000000000000000000000000000 P 2fbf4e0f9f064fc6b8d3e49c9a6910cf: Neither blocks nor log segments found. Creating new log.
I20260608 12:50:19.918857  5010 log.cc:826] T 00000000000000000000000000000000 P feaa1e7a795c43dcbe606bab1ce26efa: Log is configured to *not* fsync() on all Append() calls
I20260608 12:50:19.923889  5141 tablet_bootstrap.cc:654] T 00000000000000000000000000000000 P 62541eaaeac143549c54e56ade3cd5f2: Neither blocks nor log segments found. Creating new log.
I20260608 12:50:19.924111  5010 tablet_bootstrap.cc:492] T 00000000000000000000000000000000 P feaa1e7a795c43dcbe606bab1ce26efa: No bootstrap required, opened a new log
I20260608 12:50:19.925329  5075 tablet_bootstrap.cc:492] T 00000000000000000000000000000000 P 2fbf4e0f9f064fc6b8d3e49c9a6910cf: No bootstrap required, opened a new log
I20260608 12:50:19.930476  5141 tablet_bootstrap.cc:492] T 00000000000000000000000000000000 P 62541eaaeac143549c54e56ade3cd5f2: No bootstrap required, opened a new log
I20260608 12:50:19.944527  5010 raft_consensus.cc:359] T 00000000000000000000000000000000 P feaa1e7a795c43dcbe606bab1ce26efa [term 0 FOLLOWER]: Replica starting. Triggering 0 pending ops. Active config: opid_index: -1 OBSOLETE_local: false peers { permanent_uuid: "feaa1e7a795c43dcbe606bab1ce26efa" member_type: VOTER last_known_addr { host: "127.4.211.254" port: 37783 } } peers { permanent_uuid: "2fbf4e0f9f064fc6b8d3e49c9a6910cf" member_type: VOTER last_known_addr { host: "127.4.211.253" port: 42991 } } peers { permanent_uuid: "62541eaaeac143549c54e56ade3cd5f2" member_type: VOTER last_known_addr { host: "127.4.211.252" port: 39067 } }
I20260608 12:50:19.944511  5141 raft_consensus.cc:359] T 00000000000000000000000000000000 P 62541eaaeac143549c54e56ade3cd5f2 [term 0 FOLLOWER]: Replica starting. Triggering 0 pending ops. Active config: opid_index: -1 OBSOLETE_local: false peers { permanent_uuid: "feaa1e7a795c43dcbe606bab1ce26efa" member_type: VOTER last_known_addr { host: "127.4.211.254" port: 37783 } } peers { permanent_uuid: "2fbf4e0f9f064fc6b8d3e49c9a6910cf" member_type: VOTER last_known_addr { host: "127.4.211.253" port: 42991 } } peers { permanent_uuid: "62541eaaeac143549c54e56ade3cd5f2" member_type: VOTER last_known_addr { host: "127.4.211.252" port: 39067 } }
I20260608 12:50:19.944511  5075 raft_consensus.cc:359] T 00000000000000000000000000000000 P 2fbf4e0f9f064fc6b8d3e49c9a6910cf [term 0 FOLLOWER]: Replica starting. Triggering 0 pending ops. Active config: opid_index: -1 OBSOLETE_local: false peers { permanent_uuid: "feaa1e7a795c43dcbe606bab1ce26efa" member_type: VOTER last_known_addr { host: "127.4.211.254" port: 37783 } } peers { permanent_uuid: "2fbf4e0f9f064fc6b8d3e49c9a6910cf" member_type: VOTER last_known_addr { host: "127.4.211.253" port: 42991 } } peers { permanent_uuid: "62541eaaeac143549c54e56ade3cd5f2" member_type: VOTER last_known_addr { host: "127.4.211.252" port: 39067 } }
I20260608 12:50:19.945511  5010 raft_consensus.cc:385] T 00000000000000000000000000000000 P feaa1e7a795c43dcbe606bab1ce26efa [term 0 FOLLOWER]: Consensus starting up: Expiring failure detector timer to make a prompt election more likely
I20260608 12:50:19.945628  5141 raft_consensus.cc:385] T 00000000000000000000000000000000 P 62541eaaeac143549c54e56ade3cd5f2 [term 0 FOLLOWER]: Consensus starting up: Expiring failure detector timer to make a prompt election more likely
I20260608 12:50:19.945698  5075 raft_consensus.cc:385] T 00000000000000000000000000000000 P 2fbf4e0f9f064fc6b8d3e49c9a6910cf [term 0 FOLLOWER]: Consensus starting up: Expiring failure detector timer to make a prompt election more likely
I20260608 12:50:19.945937  5141 raft_consensus.cc:740] T 00000000000000000000000000000000 P 62541eaaeac143549c54e56ade3cd5f2 [term 0 FOLLOWER]: Becoming Follower/Learner. State: Replica: 62541eaaeac143549c54e56ade3cd5f2, State: Initialized, Role: FOLLOWER
I20260608 12:50:19.945911  5010 raft_consensus.cc:740] T 00000000000000000000000000000000 P feaa1e7a795c43dcbe606bab1ce26efa [term 0 FOLLOWER]: Becoming Follower/Learner. State: Replica: feaa1e7a795c43dcbe606bab1ce26efa, State: Initialized, Role: FOLLOWER
I20260608 12:50:19.946072  5075 raft_consensus.cc:740] T 00000000000000000000000000000000 P 2fbf4e0f9f064fc6b8d3e49c9a6910cf [term 0 FOLLOWER]: Becoming Follower/Learner. State: Replica: 2fbf4e0f9f064fc6b8d3e49c9a6910cf, State: Initialized, Role: FOLLOWER
I20260608 12:50:19.947449  5010 consensus_queue.cc:260] T 00000000000000000000000000000000 P feaa1e7a795c43dcbe606bab1ce26efa [NON_LEADER]: Queue going to NON_LEADER mode. State: All replicated index: 0, Majority replicated index: 0, Committed index: 0, Last appended: 0.0, Last appended by leader: 0, Current term: 0, Majority size: -1, State: 0, Mode: NON_LEADER, active raft config: opid_index: -1 OBSOLETE_local: false peers { permanent_uuid: "feaa1e7a795c43dcbe606bab1ce26efa" member_type: VOTER last_known_addr { host: "127.4.211.254" port: 37783 } } peers { permanent_uuid: "2fbf4e0f9f064fc6b8d3e49c9a6910cf" member_type: VOTER last_known_addr { host: "127.4.211.253" port: 42991 } } peers { permanent_uuid: "62541eaaeac143549c54e56ade3cd5f2" member_type: VOTER last_known_addr { host: "127.4.211.252" port: 39067 } }
I20260608 12:50:19.947110  5141 consensus_queue.cc:260] T 00000000000000000000000000000000 P 62541eaaeac143549c54e56ade3cd5f2 [NON_LEADER]: Queue going to NON_LEADER mode. State: All replicated index: 0, Majority replicated index: 0, Committed index: 0, Last appended: 0.0, Last appended by leader: 0, Current term: 0, Majority size: -1, State: 0, Mode: NON_LEADER, active raft config: opid_index: -1 OBSOLETE_local: false peers { permanent_uuid: "feaa1e7a795c43dcbe606bab1ce26efa" member_type: VOTER last_known_addr { host: "127.4.211.254" port: 37783 } } peers { permanent_uuid: "2fbf4e0f9f064fc6b8d3e49c9a6910cf" member_type: VOTER last_known_addr { host: "127.4.211.253" port: 42991 } } peers { permanent_uuid: "62541eaaeac143549c54e56ade3cd5f2" member_type: VOTER last_known_addr { host: "127.4.211.252" port: 39067 } }
I20260608 12:50:19.947100  5075 consensus_queue.cc:260] T 00000000000000000000000000000000 P 2fbf4e0f9f064fc6b8d3e49c9a6910cf [NON_LEADER]: Queue going to NON_LEADER mode. State: All replicated index: 0, Majority replicated index: 0, Committed index: 0, Last appended: 0.0, Last appended by leader: 0, Current term: 0, Majority size: -1, State: 0, Mode: NON_LEADER, active raft config: opid_index: -1 OBSOLETE_local: false peers { permanent_uuid: "feaa1e7a795c43dcbe606bab1ce26efa" member_type: VOTER last_known_addr { host: "127.4.211.254" port: 37783 } } peers { permanent_uuid: "2fbf4e0f9f064fc6b8d3e49c9a6910cf" member_type: VOTER last_known_addr { host: "127.4.211.253" port: 42991 } } peers { permanent_uuid: "62541eaaeac143549c54e56ade3cd5f2" member_type: VOTER last_known_addr { host: "127.4.211.252" port: 39067 } }
I20260608 12:50:19.951954  5150 sys_catalog.cc:455] T 00000000000000000000000000000000 P feaa1e7a795c43dcbe606bab1ce26efa [sys.catalog]: SysCatalogTable state changed. Reason: RaftConsensus started. Latest consensus state: current_term: 0 committed_config { opid_index: -1 OBSOLETE_local: false peers { permanent_uuid: "feaa1e7a795c43dcbe606bab1ce26efa" member_type: VOTER last_known_addr { host: "127.4.211.254" port: 37783 } } peers { permanent_uuid: "2fbf4e0f9f064fc6b8d3e49c9a6910cf" member_type: VOTER last_known_addr { host: "127.4.211.253" port: 42991 } } peers { permanent_uuid: "62541eaaeac143549c54e56ade3cd5f2" member_type: VOTER last_known_addr { host: "127.4.211.252" port: 39067 } } }
I20260608 12:50:19.952152  5152 sys_catalog.cc:455] T 00000000000000000000000000000000 P 62541eaaeac143549c54e56ade3cd5f2 [sys.catalog]: SysCatalogTable state changed. Reason: RaftConsensus started. Latest consensus state: current_term: 0 committed_config { opid_index: -1 OBSOLETE_local: false peers { permanent_uuid: "feaa1e7a795c43dcbe606bab1ce26efa" member_type: VOTER last_known_addr { host: "127.4.211.254" port: 37783 } } peers { permanent_uuid: "2fbf4e0f9f064fc6b8d3e49c9a6910cf" member_type: VOTER last_known_addr { host: "127.4.211.253" port: 42991 } } peers { permanent_uuid: "62541eaaeac143549c54e56ade3cd5f2" member_type: VOTER last_known_addr { host: "127.4.211.252" port: 39067 } } }
I20260608 12:50:19.953485  5152 sys_catalog.cc:458] T 00000000000000000000000000000000 P 62541eaaeac143549c54e56ade3cd5f2 [sys.catalog]: This master's current role is: FOLLOWER
I20260608 12:50:19.954939  5010 sys_catalog.cc:565] T 00000000000000000000000000000000 P feaa1e7a795c43dcbe606bab1ce26efa [sys.catalog]: configured and running, proceeding with master startup.
I20260608 12:50:19.955204  5075 sys_catalog.cc:565] T 00000000000000000000000000000000 P 2fbf4e0f9f064fc6b8d3e49c9a6910cf [sys.catalog]: configured and running, proceeding with master startup.
I20260608 12:50:19.955514  5141 sys_catalog.cc:565] T 00000000000000000000000000000000 P 62541eaaeac143549c54e56ade3cd5f2 [sys.catalog]: configured and running, proceeding with master startup.
I20260608 12:50:19.954883  5151 sys_catalog.cc:455] T 00000000000000000000000000000000 P 2fbf4e0f9f064fc6b8d3e49c9a6910cf [sys.catalog]: SysCatalogTable state changed. Reason: RaftConsensus started. Latest consensus state: current_term: 0 committed_config { opid_index: -1 OBSOLETE_local: false peers { permanent_uuid: "feaa1e7a795c43dcbe606bab1ce26efa" member_type: VOTER last_known_addr { host: "127.4.211.254" port: 37783 } } peers { permanent_uuid: "2fbf4e0f9f064fc6b8d3e49c9a6910cf" member_type: VOTER last_known_addr { host: "127.4.211.253" port: 42991 } } peers { permanent_uuid: "62541eaaeac143549c54e56ade3cd5f2" member_type: VOTER last_known_addr { host: "127.4.211.252" port: 39067 } } }
I20260608 12:50:19.953910  5150 sys_catalog.cc:458] T 00000000000000000000000000000000 P feaa1e7a795c43dcbe606bab1ce26efa [sys.catalog]: This master's current role is: FOLLOWER
I20260608 12:50:19.959229  5151 sys_catalog.cc:458] T 00000000000000000000000000000000 P 2fbf4e0f9f064fc6b8d3e49c9a6910cf [sys.catalog]: This master's current role is: FOLLOWER
W20260608 12:50:19.988418  4964 tablet.cc:2404] T 00000000000000000000000000000000 P feaa1e7a795c43dcbe606bab1ce26efa: Can't schedule compaction. Clean time has not been advanced past its initial value.
I20260608 12:50:19.997716  4943 internal_mini_cluster.cc:184] Waiting to initialize catalog manager on master 1
I20260608 12:50:20.001397  4943 internal_mini_cluster.cc:184] Waiting to initialize catalog manager on master 2
I20260608 12:50:20.006181  4943 file_cache.cc:492] Constructed file cache file cache with capacity 419430
W20260608 12:50:20.008998  5182 catalog_manager.cc:1593] T 00000000000000000000000000000000 P 2fbf4e0f9f064fc6b8d3e49c9a6910cf: loading cluster ID for follower catalog manager: Not found: cluster ID entry not found
W20260608 12:50:20.009496  5182 catalog_manager.cc:883] Not found: cluster ID entry not found: failed to prepare follower catalog manager, will retry
W20260608 12:50:20.010780  5186 catalog_manager.cc:1593] T 00000000000000000000000000000000 P 62541eaaeac143549c54e56ade3cd5f2: loading cluster ID for follower catalog manager: Not found: cluster ID entry not found
W20260608 12:50:20.011147  5186 catalog_manager.cc:883] Not found: cluster ID entry not found: failed to prepare follower catalog manager, will retry
W20260608 12:50:20.016566  5183 catalog_manager.cc:1593] T 00000000000000000000000000000000 P feaa1e7a795c43dcbe606bab1ce26efa: loading cluster ID for follower catalog manager: Not found: cluster ID entry not found
W20260608 12:50:20.017494  5183 catalog_manager.cc:883] Not found: cluster ID entry not found: failed to prepare follower catalog manager, will retry
W20260608 12:50:20.018411  5187 instance_detector.cc:116] could not retrieve AWS instance metadata: Network error: curl error: HTTP response code said error: The requested URL returned error: 404
W20260608 12:50:20.019913  5188 instance_detector.cc:116] could not retrieve Azure instance metadata: Network error: curl error: HTTP response code said error: The requested URL returned error: 404
I20260608 12:50:20.025734  4943 server_base.cc:1061] running on GCE node
W20260608 12:50:20.026476  5190 instance_detector.cc:116] could not retrieve OpenStack instance metadata: Network error: curl error: HTTP response code said error: The requested URL returned error: 404
I20260608 12:50:20.027977  4943 hybrid_clock.cc:584] initializing the hybrid clock with 'system_unsync' time source
W20260608 12:50:20.028275  4943 system_unsync_time.cc:38] NTP support is disabled. Clock error bounds will not be accurate. This configuration is not suitable for distributed clusters.
I20260608 12:50:20.028594  4943 hybrid_clock.cc:648] HybridClock initialized: now 1780923020028546 us; error 0 us; skew 500 ppm
I20260608 12:50:20.029379  4943 server_base.cc:861] Flag tcmalloc_max_total_thread_cache_bytes is not working since tcmalloc is not enabled.
I20260608 12:50:20.032447  4943 webserver.cc:533] Webserver started at http://127.4.211.193:39691/ using document root <none> and password file <none>
I20260608 12:50:20.033034  4943 fs_manager.cc:362] Metadata directory not provided
I20260608 12:50:20.033237  4943 fs_manager.cc:368] Using write-ahead log directory (fs_wal_dir) as metadata directory
I20260608 12:50:20.033535  4943 server_base.cc:909] This appears to be a new deployment of Kudu; creating new FS layout
I20260608 12:50:20.034776  4943 fs_manager.cc:1068] Generated new instance metadata in path /tmp/dist-test-taskNi5rUf/test-tmp/auto_rebalancer-test.0.AutoRebalancerTest.OnlyLeaderDoesAutoRebalancing.1780923018050892-4943-0/minicluster-data/ts-0-root/instance:
uuid: "c8e2b7f251104e20a3db398c5ee9d9ea"
format_stamp: "Formatted at 2026-06-08 12:50:20 on dist-test-slave-8jkh"
I20260608 12:50:20.039820  4943 fs_manager.cc:696] Time spent creating directory manager: real 0.005s	user 0.006s	sys 0.000s
I20260608 12:50:20.044021  5195 log_block_manager.cc:4031] Time spent loading block containers with low live blocks: real 0.000s	user 0.000s	sys 0.000s
I20260608 12:50:20.044998  4943 fs_manager.cc:730] Time spent opening block manager: real 0.003s	user 0.000s	sys 0.002s
I20260608 12:50:20.045342  4943 fs_manager.cc:647] Opened local filesystem: /tmp/dist-test-taskNi5rUf/test-tmp/auto_rebalancer-test.0.AutoRebalancerTest.OnlyLeaderDoesAutoRebalancing.1780923018050892-4943-0/minicluster-data/ts-0-root
uuid: "c8e2b7f251104e20a3db398c5ee9d9ea"
format_stamp: "Formatted at 2026-06-08 12:50:20 on dist-test-slave-8jkh"
I20260608 12:50:20.045643  4943 fs_report.cc:389] FS layout report
--------------------
wal directory: /tmp/dist-test-taskNi5rUf/test-tmp/auto_rebalancer-test.0.AutoRebalancerTest.OnlyLeaderDoesAutoRebalancing.1780923018050892-4943-0/minicluster-data/ts-0-root
metadata directory: /tmp/dist-test-taskNi5rUf/test-tmp/auto_rebalancer-test.0.AutoRebalancerTest.OnlyLeaderDoesAutoRebalancing.1780923018050892-4943-0/minicluster-data/ts-0-root
1 data directories: /tmp/dist-test-taskNi5rUf/test-tmp/auto_rebalancer-test.0.AutoRebalancerTest.OnlyLeaderDoesAutoRebalancing.1780923018050892-4943-0/minicluster-data/ts-0-root/data
Total live blocks: 0
Total live bytes: 0
Total live bytes (after alignment): 0
Total number of LBM containers: 0 (0 full)
Did not check for missing blocks
Did not check for orphaned blocks
Total full LBM containers with extra space: 0 (0 repaired)
Total full LBM container extra space in bytes: 0 (0 repaired)
Total incomplete LBM containers: 0 (0 repaired)
Total LBM partial records: 0 (0 repaired)
Total corrupted LBM metadata records in RocksDB: 0 (0 repaired)
I20260608 12:50:20.073429  4943 rpc_server.cc:225] running with OpenSSL 1.1.1  11 Sep 2018
I20260608 12:50:20.074927  4943 kserver.cc:163] Server-wide thread pool size limit: 3276
I20260608 12:50:20.077411  4943 txn_system_client.cc:432] TxnSystemClient initialization is disabled...
I20260608 12:50:20.081715  4943 ts_tablet_manager.cc:585] Loaded tablet metadata (0 total tablets, 0 live tablets)
I20260608 12:50:20.081980  4943 ts_tablet_manager.cc:531] Time spent load tablet metadata: real 0.000s	user 0.000s	sys 0.000s
I20260608 12:50:20.082230  4943 ts_tablet_manager.cc:616] Registered 0 tablets
I20260608 12:50:20.082396  4943 ts_tablet_manager.cc:595] Time spent register tablets: real 0.000s	user 0.000s	sys 0.000s
I20260608 12:50:20.125248  5150 raft_consensus.cc:493] T 00000000000000000000000000000000 P feaa1e7a795c43dcbe606bab1ce26efa [term 0 FOLLOWER]: Starting pre-election (no leader contacted us within the election timeout)
I20260608 12:50:20.125984  5150 raft_consensus.cc:515] T 00000000000000000000000000000000 P feaa1e7a795c43dcbe606bab1ce26efa [term 0 FOLLOWER]: Starting pre-election with config: opid_index: -1 OBSOLETE_local: false peers { permanent_uuid: "feaa1e7a795c43dcbe606bab1ce26efa" member_type: VOTER last_known_addr { host: "127.4.211.254" port: 37783 } } peers { permanent_uuid: "2fbf4e0f9f064fc6b8d3e49c9a6910cf" member_type: VOTER last_known_addr { host: "127.4.211.253" port: 42991 } } peers { permanent_uuid: "62541eaaeac143549c54e56ade3cd5f2" member_type: VOTER last_known_addr { host: "127.4.211.252" port: 39067 } }
I20260608 12:50:20.131035  5050 tablet_service.cc:1917] Received RequestConsensusVote() RPC: tablet_id: "00000000000000000000000000000000" candidate_uuid: "feaa1e7a795c43dcbe606bab1ce26efa" candidate_term: 1 candidate_status { last_received { term: 0 index: 0 } } ignore_live_leader: false dest_uuid: "2fbf4e0f9f064fc6b8d3e49c9a6910cf" is_pre_election: true
I20260608 12:50:20.131986  5050 raft_consensus.cc:2468] T 00000000000000000000000000000000 P 2fbf4e0f9f064fc6b8d3e49c9a6910cf [term 0 FOLLOWER]: Leader pre-election vote request: Granting yes vote for candidate feaa1e7a795c43dcbe606bab1ce26efa in term 0.
I20260608 12:50:20.132993  5150 leader_election.cc:290] T 00000000000000000000000000000000 P feaa1e7a795c43dcbe606bab1ce26efa [CANDIDATE]: Term 1 pre-election: Requested pre-vote from peers 2fbf4e0f9f064fc6b8d3e49c9a6910cf (127.4.211.253:42991), 62541eaaeac143549c54e56ade3cd5f2 (127.4.211.252:39067)
I20260608 12:50:20.133538  5116 tablet_service.cc:1917] Received RequestConsensusVote() RPC: tablet_id: "00000000000000000000000000000000" candidate_uuid: "feaa1e7a795c43dcbe606bab1ce26efa" candidate_term: 1 candidate_status { last_received { term: 0 index: 0 } } ignore_live_leader: false dest_uuid: "62541eaaeac143549c54e56ade3cd5f2" is_pre_election: true
I20260608 12:50:20.134315  5116 raft_consensus.cc:2468] T 00000000000000000000000000000000 P 62541eaaeac143549c54e56ade3cd5f2 [term 0 FOLLOWER]: Leader pre-election vote request: Granting yes vote for candidate feaa1e7a795c43dcbe606bab1ce26efa in term 0.
I20260608 12:50:20.136132  4962 leader_election.cc:304] T 00000000000000000000000000000000 P feaa1e7a795c43dcbe606bab1ce26efa [CANDIDATE]: Term 1 pre-election: Election decided. Result: candidate won. Election summary: received 2 responses out of 3 voters: 2 yes votes; 0 no votes. yes voters: 62541eaaeac143549c54e56ade3cd5f2, feaa1e7a795c43dcbe606bab1ce26efa; no voters: 
I20260608 12:50:20.137462  5150 raft_consensus.cc:2804] T 00000000000000000000000000000000 P feaa1e7a795c43dcbe606bab1ce26efa [term 0 FOLLOWER]: Leader pre-election won for term 1
I20260608 12:50:20.137990  5150 raft_consensus.cc:493] T 00000000000000000000000000000000 P feaa1e7a795c43dcbe606bab1ce26efa [term 0 FOLLOWER]: Starting leader election (no leader contacted us within the election timeout)
I20260608 12:50:20.138568  5150 raft_consensus.cc:3060] T 00000000000000000000000000000000 P feaa1e7a795c43dcbe606bab1ce26efa [term 0 FOLLOWER]: Advancing to term 1
I20260608 12:50:20.146937  5150 raft_consensus.cc:515] T 00000000000000000000000000000000 P feaa1e7a795c43dcbe606bab1ce26efa [term 1 FOLLOWER]: Starting leader election with config: opid_index: -1 OBSOLETE_local: false peers { permanent_uuid: "feaa1e7a795c43dcbe606bab1ce26efa" member_type: VOTER last_known_addr { host: "127.4.211.254" port: 37783 } } peers { permanent_uuid: "2fbf4e0f9f064fc6b8d3e49c9a6910cf" member_type: VOTER last_known_addr { host: "127.4.211.253" port: 42991 } } peers { permanent_uuid: "62541eaaeac143549c54e56ade3cd5f2" member_type: VOTER last_known_addr { host: "127.4.211.252" port: 39067 } }
I20260608 12:50:20.150069  5150 leader_election.cc:290] T 00000000000000000000000000000000 P feaa1e7a795c43dcbe606bab1ce26efa [CANDIDATE]: Term 1 election: Requested vote from peers 2fbf4e0f9f064fc6b8d3e49c9a6910cf (127.4.211.253:42991), 62541eaaeac143549c54e56ade3cd5f2 (127.4.211.252:39067)
I20260608 12:50:20.150838  5050 tablet_service.cc:1917] Received RequestConsensusVote() RPC: tablet_id: "00000000000000000000000000000000" candidate_uuid: "feaa1e7a795c43dcbe606bab1ce26efa" candidate_term: 1 candidate_status { last_received { term: 0 index: 0 } } ignore_live_leader: false dest_uuid: "2fbf4e0f9f064fc6b8d3e49c9a6910cf"
I20260608 12:50:20.151087  5116 tablet_service.cc:1917] Received RequestConsensusVote() RPC: tablet_id: "00000000000000000000000000000000" candidate_uuid: "feaa1e7a795c43dcbe606bab1ce26efa" candidate_term: 1 candidate_status { last_received { term: 0 index: 0 } } ignore_live_leader: false dest_uuid: "62541eaaeac143549c54e56ade3cd5f2"
I20260608 12:50:20.151476  5050 raft_consensus.cc:3060] T 00000000000000000000000000000000 P 2fbf4e0f9f064fc6b8d3e49c9a6910cf [term 0 FOLLOWER]: Advancing to term 1
I20260608 12:50:20.151736  5116 raft_consensus.cc:3060] T 00000000000000000000000000000000 P 62541eaaeac143549c54e56ade3cd5f2 [term 0 FOLLOWER]: Advancing to term 1
I20260608 12:50:20.159020  5050 raft_consensus.cc:2468] T 00000000000000000000000000000000 P 2fbf4e0f9f064fc6b8d3e49c9a6910cf [term 1 FOLLOWER]: Leader election vote request: Granting yes vote for candidate feaa1e7a795c43dcbe606bab1ce26efa in term 1.
I20260608 12:50:20.159618  5116 raft_consensus.cc:2468] T 00000000000000000000000000000000 P 62541eaaeac143549c54e56ade3cd5f2 [term 1 FOLLOWER]: Leader election vote request: Granting yes vote for candidate feaa1e7a795c43dcbe606bab1ce26efa in term 1.
I20260608 12:50:20.160535  4961 leader_election.cc:304] T 00000000000000000000000000000000 P feaa1e7a795c43dcbe606bab1ce26efa [CANDIDATE]: Term 1 election: Election decided. Result: candidate won. Election summary: received 2 responses out of 3 voters: 2 yes votes; 0 no votes. yes voters: 2fbf4e0f9f064fc6b8d3e49c9a6910cf, feaa1e7a795c43dcbe606bab1ce26efa; no voters: 
I20260608 12:50:20.162145  5150 raft_consensus.cc:2804] T 00000000000000000000000000000000 P feaa1e7a795c43dcbe606bab1ce26efa [term 1 FOLLOWER]: Leader election won for term 1
I20260608 12:50:20.165455  5150 raft_consensus.cc:697] T 00000000000000000000000000000000 P feaa1e7a795c43dcbe606bab1ce26efa [term 1 LEADER]: Becoming Leader. State: Replica: feaa1e7a795c43dcbe606bab1ce26efa, State: Running, Role: LEADER
I20260608 12:50:20.166857  5150 consensus_queue.cc:237] T 00000000000000000000000000000000 P feaa1e7a795c43dcbe606bab1ce26efa [LEADER]: Queue going to LEADER mode. State: All replicated index: 0, Majority replicated index: 0, Committed index: 0, Last appended: 0.0, Last appended by leader: 0, Current term: 1, Majority size: 2, State: 0, Mode: LEADER, active raft config: opid_index: -1 OBSOLETE_local: false peers { permanent_uuid: "feaa1e7a795c43dcbe606bab1ce26efa" member_type: VOTER last_known_addr { host: "127.4.211.254" port: 37783 } } peers { permanent_uuid: "2fbf4e0f9f064fc6b8d3e49c9a6910cf" member_type: VOTER last_known_addr { host: "127.4.211.253" port: 42991 } } peers { permanent_uuid: "62541eaaeac143549c54e56ade3cd5f2" member_type: VOTER last_known_addr { host: "127.4.211.252" port: 39067 } }
I20260608 12:50:20.177629  5235 sys_catalog.cc:455] T 00000000000000000000000000000000 P feaa1e7a795c43dcbe606bab1ce26efa [sys.catalog]: SysCatalogTable state changed. Reason: New leader feaa1e7a795c43dcbe606bab1ce26efa. Latest consensus state: current_term: 1 leader_uuid: "feaa1e7a795c43dcbe606bab1ce26efa" committed_config { opid_index: -1 OBSOLETE_local: false peers { permanent_uuid: "feaa1e7a795c43dcbe606bab1ce26efa" member_type: VOTER last_known_addr { host: "127.4.211.254" port: 37783 } } peers { permanent_uuid: "2fbf4e0f9f064fc6b8d3e49c9a6910cf" member_type: VOTER last_known_addr { host: "127.4.211.253" port: 42991 } } peers { permanent_uuid: "62541eaaeac143549c54e56ade3cd5f2" member_type: VOTER last_known_addr { host: "127.4.211.252" port: 39067 } } }
I20260608 12:50:20.178520  5235 sys_catalog.cc:458] T 00000000000000000000000000000000 P feaa1e7a795c43dcbe606bab1ce26efa [sys.catalog]: This master's current role is: LEADER
I20260608 12:50:20.188354  5243 catalog_manager.cc:1510] Loading table and tablet metadata into memory...
I20260608 12:50:20.197603  5243 catalog_manager.cc:1519] Initializing Kudu cluster ID...
I20260608 12:50:20.219559  5116 raft_consensus.cc:1275] T 00000000000000000000000000000000 P 62541eaaeac143549c54e56ade3cd5f2 [term 1 FOLLOWER]: Refusing update from remote peer feaa1e7a795c43dcbe606bab1ce26efa: Log matching property violated. Preceding OpId in replica: term: 0 index: 0. Preceding OpId from leader: term: 1 index: 2. (index mismatch)
I20260608 12:50:20.219902  5050 raft_consensus.cc:1275] T 00000000000000000000000000000000 P 2fbf4e0f9f064fc6b8d3e49c9a6910cf [term 1 FOLLOWER]: Refusing update from remote peer feaa1e7a795c43dcbe606bab1ce26efa: Log matching property violated. Preceding OpId in replica: term: 0 index: 0. Preceding OpId from leader: term: 1 index: 2. (index mismatch)
I20260608 12:50:20.222220  5235 consensus_queue.cc:1048] T 00000000000000000000000000000000 P feaa1e7a795c43dcbe606bab1ce26efa [LEADER]: Connected to new peer: Peer: permanent_uuid: "2fbf4e0f9f064fc6b8d3e49c9a6910cf" member_type: VOTER last_known_addr { host: "127.4.211.253" port: 42991 }, Status: LMP_MISMATCH, Last received: 0.0, Next index: 1, Last known committed idx: 0, Time since last communication: 0.001s
I20260608 12:50:20.223598  4943 rpc_server.cc:307] RPC server started. Bound to: 127.4.211.193:39097
I20260608 12:50:20.223855  5261 acceptor_pool.cc:272] collecting diagnostics on the listening RPC socket 127.4.211.193:39097 every 8 connection(s)
I20260608 12:50:20.224186  5150 consensus_queue.cc:1048] T 00000000000000000000000000000000 P feaa1e7a795c43dcbe606bab1ce26efa [LEADER]: Connected to new peer: Peer: permanent_uuid: "62541eaaeac143549c54e56ade3cd5f2" member_type: VOTER last_known_addr { host: "127.4.211.252" port: 39067 }, Status: LMP_MISMATCH, Last received: 0.0, Next index: 1, Last known committed idx: 0, Time since last communication: 0.000s
I20260608 12:50:20.258960  5151 sys_catalog.cc:455] T 00000000000000000000000000000000 P 2fbf4e0f9f064fc6b8d3e49c9a6910cf [sys.catalog]: SysCatalogTable state changed. Reason: New leader feaa1e7a795c43dcbe606bab1ce26efa. Latest consensus state: current_term: 1 leader_uuid: "feaa1e7a795c43dcbe606bab1ce26efa" committed_config { opid_index: -1 OBSOLETE_local: false peers { permanent_uuid: "feaa1e7a795c43dcbe606bab1ce26efa" member_type: VOTER last_known_addr { host: "127.4.211.254" port: 37783 } } peers { permanent_uuid: "2fbf4e0f9f064fc6b8d3e49c9a6910cf" member_type: VOTER last_known_addr { host: "127.4.211.253" port: 42991 } } peers { permanent_uuid: "62541eaaeac143549c54e56ade3cd5f2" member_type: VOTER last_known_addr { host: "127.4.211.252" port: 39067 } } }
I20260608 12:50:20.259855  5151 sys_catalog.cc:458] T 00000000000000000000000000000000 P 2fbf4e0f9f064fc6b8d3e49c9a6910cf [sys.catalog]: This master's current role is: FOLLOWER
I20260608 12:50:20.264330  5256 mvcc.cc:204] Tried to move back new op lower bound from 7294660690797101056 to 7294660690616815616. Current Snapshot: MvccSnapshot[applied={T|T < 7294660690797101056}]
I20260608 12:50:20.279537  5235 sys_catalog.cc:455] T 00000000000000000000000000000000 P feaa1e7a795c43dcbe606bab1ce26efa [sys.catalog]: SysCatalogTable state changed. Reason: Peer health change. Latest consensus state: current_term: 1 leader_uuid: "feaa1e7a795c43dcbe606bab1ce26efa" committed_config { opid_index: -1 OBSOLETE_local: false peers { permanent_uuid: "feaa1e7a795c43dcbe606bab1ce26efa" member_type: VOTER last_known_addr { host: "127.4.211.254" port: 37783 } } peers { permanent_uuid: "2fbf4e0f9f064fc6b8d3e49c9a6910cf" member_type: VOTER last_known_addr { host: "127.4.211.253" port: 42991 } } peers { permanent_uuid: "62541eaaeac143549c54e56ade3cd5f2" member_type: VOTER last_known_addr { host: "127.4.211.252" port: 39067 } } }
I20260608 12:50:20.286280  5235 sys_catalog.cc:458] T 00000000000000000000000000000000 P feaa1e7a795c43dcbe606bab1ce26efa [sys.catalog]: This master's current role is: LEADER
I20260608 12:50:20.289852  5151 sys_catalog.cc:455] T 00000000000000000000000000000000 P 2fbf4e0f9f064fc6b8d3e49c9a6910cf [sys.catalog]: SysCatalogTable state changed. Reason: Replicated consensus-only round. Latest consensus state: current_term: 1 leader_uuid: "feaa1e7a795c43dcbe606bab1ce26efa" committed_config { opid_index: -1 OBSOLETE_local: false peers { permanent_uuid: "feaa1e7a795c43dcbe606bab1ce26efa" member_type: VOTER last_known_addr { host: "127.4.211.254" port: 37783 } } peers { permanent_uuid: "2fbf4e0f9f064fc6b8d3e49c9a6910cf" member_type: VOTER last_known_addr { host: "127.4.211.253" port: 42991 } } peers { permanent_uuid: "62541eaaeac143549c54e56ade3cd5f2" member_type: VOTER last_known_addr { host: "127.4.211.252" port: 39067 } } }
I20260608 12:50:20.290719  5151 sys_catalog.cc:458] T 00000000000000000000000000000000 P 2fbf4e0f9f064fc6b8d3e49c9a6910cf [sys.catalog]: This master's current role is: FOLLOWER
I20260608 12:50:20.312369  5262 heartbeater.cc:344] Connected to a master server at 127.4.211.252:39067
