I20260608 12:52:29.291719  9816 tablet_copy_client.cc:538] T 1d36a1e7ad2940cf807392e99d7a758f P 73474cdc4f22470494c016968668464c: tablet copy: Tablet Copy complete. Replacing tablet superblock.
I20260608 12:52:29.299144  9818 tablet_bootstrap.cc:492] T b89009d68c4741b2bf25ccd0aa95bc36 P 73474cdc4f22470494c016968668464c: Bootstrap starting.
I20260608 12:52:29.300788  9816 tablet_bootstrap.cc:492] T 1d36a1e7ad2940cf807392e99d7a758f P 73474cdc4f22470494c016968668464c: Bootstrap starting.
I20260608 12:52:29.341444  9745 raft_consensus.cc:1217] T 7e57ac2a11df4049ad3cf23a70f6c2b6 P 7308baed178c4ac584b189f993466e42 [term 1 LEARNER]: Deduplicated request from leader. Original: 1.24->[1.25-1.25]   Dedup: 1.25->[]
I20260608 12:52:29.359982  9812 tablet_bootstrap.cc:492] T 41e779f2a1314de9b375a6a6a2cfac41 P 670e6b6d67b54cfb9b89097de757e8af: Bootstrap replayed 1/1 log segments. Stats: ops{read=26 overwritten=0 applied=26 ignored=0} inserts{seen=113 ignored=0} mutations{seen=0 ignored=0} orphaned_commits=0. Pending: 0 replicates
I20260608 12:52:29.361029  9812 tablet_bootstrap.cc:492] T 41e779f2a1314de9b375a6a6a2cfac41 P 670e6b6d67b54cfb9b89097de757e8af: Bootstrap complete.
I20260608 12:52:29.362031  9812 ts_tablet_manager.cc:1403] T 41e779f2a1314de9b375a6a6a2cfac41 P 670e6b6d67b54cfb9b89097de757e8af: Time spent bootstrapping tablet: real 0.167s	user 0.136s	sys 0.016s
I20260608 12:52:29.365712  9812 raft_consensus.cc:359] T 41e779f2a1314de9b375a6a6a2cfac41 P 670e6b6d67b54cfb9b89097de757e8af [term 1 LEARNER]: Replica starting. Triggering 0 pending ops. Active config: opid_index: 26 OBSOLETE_local: false peers { permanent_uuid: "578acb8152644846845c4ff36a01d45b" member_type: VOTER last_known_addr { host: "127.4.154.65" port: 42211 } } peers { permanent_uuid: "cf9d5f91113f4087b621202f0981573f" member_type: VOTER last_known_addr { host: "127.4.154.66" port: 41779 } attrs { replace: true } } peers { permanent_uuid: "253e8ea9b0b4485688bc18f3cbd7a106" member_type: VOTER last_known_addr { host: "127.4.154.67" port: 37273 } } peers { permanent_uuid: "670e6b6d67b54cfb9b89097de757e8af" member_type: NON_VOTER last_known_addr { host: "127.4.154.69" port: 38789 } attrs { promote: true } }
I20260608 12:52:29.366839  9812 raft_consensus.cc:740] T 41e779f2a1314de9b375a6a6a2cfac41 P 670e6b6d67b54cfb9b89097de757e8af [term 1 LEARNER]: Becoming Follower/Learner. State: Replica: 670e6b6d67b54cfb9b89097de757e8af, State: Initialized, Role: LEARNER
I20260608 12:52:29.367771  9812 consensus_queue.cc:260] T 41e779f2a1314de9b375a6a6a2cfac41 P 670e6b6d67b54cfb9b89097de757e8af [NON_LEADER]: Queue going to NON_LEADER mode. State: All replicated index: 0, Majority replicated index: 0, Committed index: 26, Last appended: 1.26, Last appended by leader: 26, Current term: 0, Majority size: -1, State: 0, Mode: NON_LEADER, active raft config: opid_index: 26 OBSOLETE_local: false peers { permanent_uuid: "578acb8152644846845c4ff36a01d45b" member_type: VOTER last_known_addr { host: "127.4.154.65" port: 42211 } } peers { permanent_uuid: "cf9d5f91113f4087b621202f0981573f" member_type: VOTER last_known_addr { host: "127.4.154.66" port: 41779 } attrs { replace: true } } peers { permanent_uuid: "253e8ea9b0b4485688bc18f3cbd7a106" member_type: VOTER last_known_addr { host: "127.4.154.67" port: 37273 } } peers { permanent_uuid: "670e6b6d67b54cfb9b89097de757e8af" member_type: NON_VOTER last_known_addr { host: "127.4.154.69" port: 38789 } attrs { promote: true } }
I20260608 12:52:29.370632  9812 ts_tablet_manager.cc:1434] T 41e779f2a1314de9b375a6a6a2cfac41 P 670e6b6d67b54cfb9b89097de757e8af: Time spent starting tablet: real 0.008s	user 0.007s	sys 0.000s
I20260608 12:52:29.372498  9325 tablet_copy_service.cc:342] P 253e8ea9b0b4485688bc18f3cbd7a106: Request end of tablet copy session 670e6b6d67b54cfb9b89097de757e8af-41e779f2a1314de9b375a6a6a2cfac41 received from {username='slave'} at 127.0.0.1:53460
I20260608 12:52:29.372949  9325 tablet_copy_service.cc:434] P 253e8ea9b0b4485688bc18f3cbd7a106: ending tablet copy session 670e6b6d67b54cfb9b89097de757e8af-41e779f2a1314de9b375a6a6a2cfac41 on tablet 41e779f2a1314de9b375a6a6a2cfac41 with peer 670e6b6d67b54cfb9b89097de757e8af
I20260608 12:52:29.431849  9671 raft_consensus.cc:1217] T 02ac35021bf54525b9b384ae8142d723 P 670e6b6d67b54cfb9b89097de757e8af [term 1 LEARNER]: Deduplicated request from leader. Original: 1.25->[1.26-1.26]   Dedup: 1.26->[]
I20260608 12:52:29.494935  9814 tablet_bootstrap.cc:492] T b411979638fe4265942dd0e9d9f5f511 P 7308baed178c4ac584b189f993466e42: Bootstrap replayed 1/1 log segments. Stats: ops{read=26 overwritten=0 applied=26 ignored=0} inserts{seen=118 ignored=0} mutations{seen=0 ignored=0} orphaned_commits=0. Pending: 0 replicates
I20260608 12:52:29.496057  9814 tablet_bootstrap.cc:492] T b411979638fe4265942dd0e9d9f5f511 P 7308baed178c4ac584b189f993466e42: Bootstrap complete.
I20260608 12:52:29.496819  9814 ts_tablet_manager.cc:1403] T b411979638fe4265942dd0e9d9f5f511 P 7308baed178c4ac584b189f993466e42: Time spent bootstrapping tablet: real 0.241s	user 0.141s	sys 0.028s
I20260608 12:52:29.504284  9814 raft_consensus.cc:359] T b411979638fe4265942dd0e9d9f5f511 P 7308baed178c4ac584b189f993466e42 [term 1 LEARNER]: Replica starting. Triggering 0 pending ops. Active config: opid_index: 26 OBSOLETE_local: false peers { permanent_uuid: "578acb8152644846845c4ff36a01d45b" member_type: VOTER last_known_addr { host: "127.4.154.65" port: 42211 } attrs { replace: true } } peers { permanent_uuid: "cf9d5f91113f4087b621202f0981573f" member_type: VOTER last_known_addr { host: "127.4.154.66" port: 41779 } } peers { permanent_uuid: "253e8ea9b0b4485688bc18f3cbd7a106" member_type: VOTER last_known_addr { host: "127.4.154.67" port: 37273 } } peers { permanent_uuid: "7308baed178c4ac584b189f993466e42" member_type: NON_VOTER last_known_addr { host: "127.4.154.70" port: 38089 } attrs { promote: true } }
I20260608 12:52:29.505218  9814 raft_consensus.cc:740] T b411979638fe4265942dd0e9d9f5f511 P 7308baed178c4ac584b189f993466e42 [term 1 LEARNER]: Becoming Follower/Learner. State: Replica: 7308baed178c4ac584b189f993466e42, State: Initialized, Role: LEARNER
I20260608 12:52:29.505929  9814 consensus_queue.cc:260] T b411979638fe4265942dd0e9d9f5f511 P 7308baed178c4ac584b189f993466e42 [NON_LEADER]: Queue going to NON_LEADER mode. State: All replicated index: 0, Majority replicated index: 0, Committed index: 26, Last appended: 1.26, Last appended by leader: 26, Current term: 0, Majority size: -1, State: 0, Mode: NON_LEADER, active raft config: opid_index: 26 OBSOLETE_local: false peers { permanent_uuid: "578acb8152644846845c4ff36a01d45b" member_type: VOTER last_known_addr { host: "127.4.154.65" port: 42211 } attrs { replace: true } } peers { permanent_uuid: "cf9d5f91113f4087b621202f0981573f" member_type: VOTER last_known_addr { host: "127.4.154.66" port: 41779 } } peers { permanent_uuid: "253e8ea9b0b4485688bc18f3cbd7a106" member_type: VOTER last_known_addr { host: "127.4.154.67" port: 37273 } } peers { permanent_uuid: "7308baed178c4ac584b189f993466e42" member_type: NON_VOTER last_known_addr { host: "127.4.154.70" port: 38089 } attrs { promote: true } }
I20260608 12:52:29.508545  9814 ts_tablet_manager.cc:1434] T b411979638fe4265942dd0e9d9f5f511 P 7308baed178c4ac584b189f993466e42: Time spent starting tablet: real 0.011s	user 0.006s	sys 0.000s
I20260608 12:52:29.510483  9325 tablet_copy_service.cc:342] P 253e8ea9b0b4485688bc18f3cbd7a106: Request end of tablet copy session 7308baed178c4ac584b189f993466e42-b411979638fe4265942dd0e9d9f5f511 received from {username='slave'} at 127.0.0.1:53462
I20260608 12:52:29.510950  9325 tablet_copy_service.cc:434] P 253e8ea9b0b4485688bc18f3cbd7a106: ending tablet copy session 7308baed178c4ac584b189f993466e42-b411979638fe4265942dd0e9d9f5f511 on tablet b411979638fe4265942dd0e9d9f5f511 with peer 7308baed178c4ac584b189f993466e42
I20260608 12:52:29.543617  9816 tablet_bootstrap.cc:492] T 1d36a1e7ad2940cf807392e99d7a758f P 73474cdc4f22470494c016968668464c: Bootstrap replayed 1/1 log segments. Stats: ops{read=26 overwritten=0 applied=26 ignored=0} inserts{seen=103 ignored=0} mutations{seen=0 ignored=0} orphaned_commits=0. Pending: 0 replicates
I20260608 12:52:29.544735  9816 tablet_bootstrap.cc:492] T 1d36a1e7ad2940cf807392e99d7a758f P 73474cdc4f22470494c016968668464c: Bootstrap complete.
I20260608 12:52:29.545517  9816 ts_tablet_manager.cc:1403] T 1d36a1e7ad2940cf807392e99d7a758f P 73474cdc4f22470494c016968668464c: Time spent bootstrapping tablet: real 0.245s	user 0.154s	sys 0.008s
I20260608 12:52:29.546988  9818 tablet_bootstrap.cc:492] T b89009d68c4741b2bf25ccd0aa95bc36 P 73474cdc4f22470494c016968668464c: Bootstrap replayed 1/1 log segments. Stats: ops{read=26 overwritten=0 applied=26 ignored=0} inserts{seen=84 ignored=0} mutations{seen=0 ignored=0} orphaned_commits=0. Pending: 0 replicates
I20260608 12:52:29.548013  9818 tablet_bootstrap.cc:492] T b89009d68c4741b2bf25ccd0aa95bc36 P 73474cdc4f22470494c016968668464c: Bootstrap complete.
I20260608 12:52:29.548686  9818 ts_tablet_manager.cc:1403] T b89009d68c4741b2bf25ccd0aa95bc36 P 73474cdc4f22470494c016968668464c: Time spent bootstrapping tablet: real 0.250s	user 0.141s	sys 0.034s
I20260608 12:52:29.548751  9816 raft_consensus.cc:359] T 1d36a1e7ad2940cf807392e99d7a758f P 73474cdc4f22470494c016968668464c [term 1 LEARNER]: Replica starting. Triggering 0 pending ops. Active config: opid_index: 26 OBSOLETE_local: false peers { permanent_uuid: "578acb8152644846845c4ff36a01d45b" member_type: VOTER last_known_addr { host: "127.4.154.65" port: 42211 } } peers { permanent_uuid: "cf9d5f91113f4087b621202f0981573f" member_type: VOTER last_known_addr { host: "127.4.154.66" port: 41779 } } peers { permanent_uuid: "253e8ea9b0b4485688bc18f3cbd7a106" member_type: VOTER last_known_addr { host: "127.4.154.67" port: 37273 } attrs { replace: true } } peers { permanent_uuid: "73474cdc4f22470494c016968668464c" member_type: NON_VOTER last_known_addr { host: "127.4.154.68" port: 45065 } attrs { promote: true } }
I20260608 12:52:29.549700  9816 raft_consensus.cc:740] T 1d36a1e7ad2940cf807392e99d7a758f P 73474cdc4f22470494c016968668464c [term 1 LEARNER]: Becoming Follower/Learner. State: Replica: 73474cdc4f22470494c016968668464c, State: Initialized, Role: LEARNER
I20260608 12:52:29.550391  9816 consensus_queue.cc:260] T 1d36a1e7ad2940cf807392e99d7a758f P 73474cdc4f22470494c016968668464c [NON_LEADER]: Queue going to NON_LEADER mode. State: All replicated index: 0, Majority replicated index: 0, Committed index: 26, Last appended: 1.26, Last appended by leader: 26, Current term: 0, Majority size: -1, State: 0, Mode: NON_LEADER, active raft config: opid_index: 26 OBSOLETE_local: false peers { permanent_uuid: "578acb8152644846845c4ff36a01d45b" member_type: VOTER last_known_addr { host: "127.4.154.65" port: 42211 } } peers { permanent_uuid: "cf9d5f91113f4087b621202f0981573f" member_type: VOTER last_known_addr { host: "127.4.154.66" port: 41779 } } peers { permanent_uuid: "253e8ea9b0b4485688bc18f3cbd7a106" member_type: VOTER last_known_addr { host: "127.4.154.67" port: 37273 } attrs { replace: true } } peers { permanent_uuid: "73474cdc4f22470494c016968668464c" member_type: NON_VOTER last_known_addr { host: "127.4.154.68" port: 45065 } attrs { promote: true } }
I20260608 12:52:29.552918  9818 raft_consensus.cc:359] T b89009d68c4741b2bf25ccd0aa95bc36 P 73474cdc4f22470494c016968668464c [term 1 LEARNER]: Replica starting. Triggering 0 pending ops. Active config: opid_index: 26 OBSOLETE_local: false peers { permanent_uuid: "578acb8152644846845c4ff36a01d45b" member_type: VOTER last_known_addr { host: "127.4.154.65" port: 42211 } } peers { permanent_uuid: "cf9d5f91113f4087b621202f0981573f" member_type: VOTER last_known_addr { host: "127.4.154.66" port: 41779 } } peers { permanent_uuid: "253e8ea9b0b4485688bc18f3cbd7a106" member_type: VOTER last_known_addr { host: "127.4.154.67" port: 37273 } attrs { replace: true } } peers { permanent_uuid: "73474cdc4f22470494c016968668464c" member_type: NON_VOTER last_known_addr { host: "127.4.154.68" port: 45065 } attrs { promote: true } }
I20260608 12:52:29.554419  9816 ts_tablet_manager.cc:1434] T 1d36a1e7ad2940cf807392e99d7a758f P 73474cdc4f22470494c016968668464c: Time spent starting tablet: real 0.008s	user 0.005s	sys 0.003s
I20260608 12:52:29.555546  9818 raft_consensus.cc:740] T b89009d68c4741b2bf25ccd0aa95bc36 P 73474cdc4f22470494c016968668464c [term 1 LEARNER]: Becoming Follower/Learner. State: Replica: 73474cdc4f22470494c016968668464c, State: Initialized, Role: LEARNER
I20260608 12:52:29.556329  9818 consensus_queue.cc:260] T b89009d68c4741b2bf25ccd0aa95bc36 P 73474cdc4f22470494c016968668464c [NON_LEADER]: Queue going to NON_LEADER mode. State: All replicated index: 0, Majority replicated index: 0, Committed index: 26, Last appended: 1.26, Last appended by leader: 26, Current term: 0, Majority size: -1, State: 0, Mode: NON_LEADER, active raft config: opid_index: 26 OBSOLETE_local: false peers { permanent_uuid: "578acb8152644846845c4ff36a01d45b" member_type: VOTER last_known_addr { host: "127.4.154.65" port: 42211 } } peers { permanent_uuid: "cf9d5f91113f4087b621202f0981573f" member_type: VOTER last_known_addr { host: "127.4.154.66" port: 41779 } } peers { permanent_uuid: "253e8ea9b0b4485688bc18f3cbd7a106" member_type: VOTER last_known_addr { host: "127.4.154.67" port: 37273 } attrs { replace: true } } peers { permanent_uuid: "73474cdc4f22470494c016968668464c" member_type: NON_VOTER last_known_addr { host: "127.4.154.68" port: 45065 } attrs { promote: true } }
I20260608 12:52:29.558348  9818 ts_tablet_manager.cc:1434] T b89009d68c4741b2bf25ccd0aa95bc36 P 73474cdc4f22470494c016968668464c: Time spent starting tablet: real 0.009s	user 0.002s	sys 0.004s
I20260608 12:52:29.558715  9250 tablet_copy_service.cc:342] P cf9d5f91113f4087b621202f0981573f: Request end of tablet copy session 73474cdc4f22470494c016968668464c-1d36a1e7ad2940cf807392e99d7a758f received from {username='slave'} at 127.0.0.1:34656
I20260608 12:52:29.559263  9250 tablet_copy_service.cc:434] P cf9d5f91113f4087b621202f0981573f: ending tablet copy session 73474cdc4f22470494c016968668464c-1d36a1e7ad2940cf807392e99d7a758f on tablet 1d36a1e7ad2940cf807392e99d7a758f with peer 73474cdc4f22470494c016968668464c
I20260608 12:52:29.560943  9250 tablet_copy_service.cc:342] P cf9d5f91113f4087b621202f0981573f: Request end of tablet copy session 73474cdc4f22470494c016968668464c-b89009d68c4741b2bf25ccd0aa95bc36 received from {username='slave'} at 127.0.0.1:34656
I20260608 12:52:29.561391  9250 tablet_copy_service.cc:434] P cf9d5f91113f4087b621202f0981573f: ending tablet copy session 73474cdc4f22470494c016968668464c-b89009d68c4741b2bf25ccd0aa95bc36 on tablet b89009d68c4741b2bf25ccd0aa95bc36 with peer 73474cdc4f22470494c016968668464c
I20260608 12:52:29.659111  9596 raft_consensus.cc:1217] T 1d36a1e7ad2940cf807392e99d7a758f P 73474cdc4f22470494c016968668464c [term 1 LEARNER]: Deduplicated request from leader. Original: 1.25->[1.26-1.26]   Dedup: 1.26->[]
I20260608 12:52:29.749610  9596 raft_consensus.cc:1217] T b89009d68c4741b2bf25ccd0aa95bc36 P 73474cdc4f22470494c016968668464c [term 1 LEARNER]: Deduplicated request from leader. Original: 1.25->[1.26-1.26]   Dedup: 1.26->[]
I20260608 12:52:29.753964  9671 raft_consensus.cc:1217] T 41e779f2a1314de9b375a6a6a2cfac41 P 670e6b6d67b54cfb9b89097de757e8af [term 1 LEARNER]: Deduplicated request from leader. Original: 1.25->[1.26-1.26]   Dedup: 1.26->[]
I20260608 12:52:29.880384  9745 raft_consensus.cc:1217] T b411979638fe4265942dd0e9d9f5f511 P 7308baed178c4ac584b189f993466e42 [term 1 LEARNER]: Deduplicated request from leader. Original: 1.25->[1.26-1.26]   Dedup: 1.26->[]
I20260608 12:52:29.907294  9822 raft_consensus.cc:1064] T 7e57ac2a11df4049ad3cf23a70f6c2b6 P 253e8ea9b0b4485688bc18f3cbd7a106: attempting to promote NON_VOTER 7308baed178c4ac584b189f993466e42 to VOTER
I20260608 12:52:29.909416  9822 consensus_queue.cc:237] T 7e57ac2a11df4049ad3cf23a70f6c2b6 P 253e8ea9b0b4485688bc18f3cbd7a106 [LEADER]: Queue going to LEADER mode. State: All replicated index: 0, Majority replicated index: 25, Committed index: 25, Last appended: 1.25, Last appended by leader: 0, Current term: 1, Majority size: 3, State: 0, Mode: LEADER, active raft config: opid_index: 26 OBSOLETE_local: false peers { permanent_uuid: "578acb8152644846845c4ff36a01d45b" member_type: VOTER last_known_addr { host: "127.4.154.65" port: 42211 } attrs { replace: true } } peers { permanent_uuid: "cf9d5f91113f4087b621202f0981573f" member_type: VOTER last_known_addr { host: "127.4.154.66" port: 41779 } } peers { permanent_uuid: "253e8ea9b0b4485688bc18f3cbd7a106" member_type: VOTER last_known_addr { host: "127.4.154.67" port: 37273 } } peers { permanent_uuid: "7308baed178c4ac584b189f993466e42" member_type: VOTER last_known_addr { host: "127.4.154.70" port: 38089 } attrs { promote: false } }
I20260608 12:52:29.917963  9240 raft_consensus.cc:1275] T 7e57ac2a11df4049ad3cf23a70f6c2b6 P cf9d5f91113f4087b621202f0981573f [term 1 FOLLOWER]: Refusing update from remote peer 253e8ea9b0b4485688bc18f3cbd7a106: Log matching property violated. Preceding OpId in replica: term: 1 index: 25. Preceding OpId from leader: term: 1 index: 26. (index mismatch)
I20260608 12:52:29.919706  9745 raft_consensus.cc:1275] T 7e57ac2a11df4049ad3cf23a70f6c2b6 P 7308baed178c4ac584b189f993466e42 [term 1 LEARNER]: Refusing update from remote peer 253e8ea9b0b4485688bc18f3cbd7a106: Log matching property violated. Preceding OpId in replica: term: 1 index: 25. Preceding OpId from leader: term: 1 index: 26. (index mismatch)
I20260608 12:52:29.919943  9823 consensus_queue.cc:1048] T 7e57ac2a11df4049ad3cf23a70f6c2b6 P 253e8ea9b0b4485688bc18f3cbd7a106 [LEADER]: Connected to new peer: Peer: permanent_uuid: "cf9d5f91113f4087b621202f0981573f" member_type: VOTER last_known_addr { host: "127.4.154.66" port: 41779 }, Status: LMP_MISMATCH, Last received: 0.0, Next index: 26, Last known committed idx: 25, Time since last communication: 0.000s
I20260608 12:52:29.921458  9822 consensus_queue.cc:1048] T 7e57ac2a11df4049ad3cf23a70f6c2b6 P 253e8ea9b0b4485688bc18f3cbd7a106 [LEADER]: Connected to new peer: Peer: permanent_uuid: "7308baed178c4ac584b189f993466e42" member_type: VOTER last_known_addr { host: "127.4.154.70" port: 38089 } attrs { promote: false }, Status: LMP_MISMATCH, Last received: 0.0, Next index: 26, Last known committed idx: 25, Time since last communication: 0.000s
I20260608 12:52:29.922746  9160 raft_consensus.cc:1275] T 7e57ac2a11df4049ad3cf23a70f6c2b6 P 578acb8152644846845c4ff36a01d45b [term 1 FOLLOWER]: Refusing update from remote peer 253e8ea9b0b4485688bc18f3cbd7a106: Log matching property violated. Preceding OpId in replica: term: 1 index: 25. Preceding OpId from leader: term: 1 index: 26. (index mismatch)
I20260608 12:52:29.924991  9837 consensus_queue.cc:1048] T 7e57ac2a11df4049ad3cf23a70f6c2b6 P 253e8ea9b0b4485688bc18f3cbd7a106 [LEADER]: Connected to new peer: Peer: permanent_uuid: "578acb8152644846845c4ff36a01d45b" member_type: VOTER last_known_addr { host: "127.4.154.65" port: 42211 } attrs { replace: true }, Status: LMP_MISMATCH, Last received: 0.0, Next index: 26, Last known committed idx: 25, Time since last communication: 0.000s
I20260608 12:52:29.933987  9837 raft_consensus.cc:2955] T 7e57ac2a11df4049ad3cf23a70f6c2b6 P 253e8ea9b0b4485688bc18f3cbd7a106 [term 1 LEADER]: Committing config change with OpId 1.26: config changed from index 25 to 26, 7308baed178c4ac584b189f993466e42 (127.4.154.70) changed from NON_VOTER to VOTER. New config: { opid_index: 26 OBSOLETE_local: false peers { permanent_uuid: "578acb8152644846845c4ff36a01d45b" member_type: VOTER last_known_addr { host: "127.4.154.65" port: 42211 } attrs { replace: true } } peers { permanent_uuid: "cf9d5f91113f4087b621202f0981573f" member_type: VOTER last_known_addr { host: "127.4.154.66" port: 41779 } } peers { permanent_uuid: "253e8ea9b0b4485688bc18f3cbd7a106" member_type: VOTER last_known_addr { host: "127.4.154.67" port: 37273 } } peers { permanent_uuid: "7308baed178c4ac584b189f993466e42" member_type: VOTER last_known_addr { host: "127.4.154.70" port: 38089 } attrs { promote: false } } }
I20260608 12:52:29.935989  9745 raft_consensus.cc:2955] T 7e57ac2a11df4049ad3cf23a70f6c2b6 P 7308baed178c4ac584b189f993466e42 [term 1 FOLLOWER]: Committing config change with OpId 1.26: config changed from index 25 to 26, 7308baed178c4ac584b189f993466e42 (127.4.154.70) changed from NON_VOTER to VOTER. New config: { opid_index: 26 OBSOLETE_local: false peers { permanent_uuid: "578acb8152644846845c4ff36a01d45b" member_type: VOTER last_known_addr { host: "127.4.154.65" port: 42211 } attrs { replace: true } } peers { permanent_uuid: "cf9d5f91113f4087b621202f0981573f" member_type: VOTER last_known_addr { host: "127.4.154.66" port: 41779 } } peers { permanent_uuid: "253e8ea9b0b4485688bc18f3cbd7a106" member_type: VOTER last_known_addr { host: "127.4.154.67" port: 37273 } } peers { permanent_uuid: "7308baed178c4ac584b189f993466e42" member_type: VOTER last_known_addr { host: "127.4.154.70" port: 38089 } attrs { promote: false } } }
I20260608 12:52:29.938462  9160 raft_consensus.cc:2955] T 7e57ac2a11df4049ad3cf23a70f6c2b6 P 578acb8152644846845c4ff36a01d45b [term 1 FOLLOWER]: Committing config change with OpId 1.26: config changed from index 25 to 26, 7308baed178c4ac584b189f993466e42 (127.4.154.70) changed from NON_VOTER to VOTER. New config: { opid_index: 26 OBSOLETE_local: false peers { permanent_uuid: "578acb8152644846845c4ff36a01d45b" member_type: VOTER last_known_addr { host: "127.4.154.65" port: 42211 } attrs { replace: true } } peers { permanent_uuid: "cf9d5f91113f4087b621202f0981573f" member_type: VOTER last_known_addr { host: "127.4.154.66" port: 41779 } } peers { permanent_uuid: "253e8ea9b0b4485688bc18f3cbd7a106" member_type: VOTER last_known_addr { host: "127.4.154.67" port: 37273 } } peers { permanent_uuid: "7308baed178c4ac584b189f993466e42" member_type: VOTER last_known_addr { host: "127.4.154.70" port: 38089 } attrs { promote: false } } }
I20260608 12:52:29.946888  9237 raft_consensus.cc:2955] T 7e57ac2a11df4049ad3cf23a70f6c2b6 P cf9d5f91113f4087b621202f0981573f [term 1 FOLLOWER]: Committing config change with OpId 1.26: config changed from index 25 to 26, 7308baed178c4ac584b189f993466e42 (127.4.154.70) changed from NON_VOTER to VOTER. New config: { opid_index: 26 OBSOLETE_local: false peers { permanent_uuid: "578acb8152644846845c4ff36a01d45b" member_type: VOTER last_known_addr { host: "127.4.154.65" port: 42211 } attrs { replace: true } } peers { permanent_uuid: "cf9d5f91113f4087b621202f0981573f" member_type: VOTER last_known_addr { host: "127.4.154.66" port: 41779 } } peers { permanent_uuid: "253e8ea9b0b4485688bc18f3cbd7a106" member_type: VOTER last_known_addr { host: "127.4.154.67" port: 37273 } } peers { permanent_uuid: "7308baed178c4ac584b189f993466e42" member_type: VOTER last_known_addr { host: "127.4.154.70" port: 38089 } attrs { promote: false } } }
I20260608 12:52:29.950564  9058 catalog_manager.cc:5696] T 7e57ac2a11df4049ad3cf23a70f6c2b6 P 253e8ea9b0b4485688bc18f3cbd7a106 reported cstate change: config changed from index 25 to 26, 7308baed178c4ac584b189f993466e42 (127.4.154.70) changed from NON_VOTER to VOTER. New cstate: current_term: 1 leader_uuid: "253e8ea9b0b4485688bc18f3cbd7a106" committed_config { opid_index: 26 OBSOLETE_local: false peers { permanent_uuid: "578acb8152644846845c4ff36a01d45b" member_type: VOTER last_known_addr { host: "127.4.154.65" port: 42211 } attrs { replace: true } health_report { overall_health: HEALTHY } } peers { permanent_uuid: "cf9d5f91113f4087b621202f0981573f" member_type: VOTER last_known_addr { host: "127.4.154.66" port: 41779 } health_report { overall_health: HEALTHY } } peers { permanent_uuid: "253e8ea9b0b4485688bc18f3cbd7a106" member_type: VOTER last_known_addr { host: "127.4.154.67" port: 37273 } health_report { overall_health: HEALTHY } } peers { permanent_uuid: "7308baed178c4ac584b189f993466e42" member_type: VOTER last_known_addr { host: "127.4.154.70" port: 38089 } attrs { promote: false } health_report { overall_health: HEALTHY } } }
I20260608 12:52:29.978128  9823 raft_consensus.cc:1064] T 02ac35021bf54525b9b384ae8142d723 P 253e8ea9b0b4485688bc18f3cbd7a106: attempting to promote NON_VOTER 670e6b6d67b54cfb9b89097de757e8af to VOTER
I20260608 12:52:29.980265  9312 consensus_queue.cc:237] T 7e57ac2a11df4049ad3cf23a70f6c2b6 P 253e8ea9b0b4485688bc18f3cbd7a106 [LEADER]: Queue going to LEADER mode. State: All replicated index: 0, Majority replicated index: 26, Committed index: 26, Last appended: 1.26, Last appended by leader: 0, Current term: 1, Majority size: 2, State: 0, Mode: LEADER, active raft config: opid_index: 27 OBSOLETE_local: false peers { permanent_uuid: "cf9d5f91113f4087b621202f0981573f" member_type: VOTER last_known_addr { host: "127.4.154.66" port: 41779 } } peers { permanent_uuid: "253e8ea9b0b4485688bc18f3cbd7a106" member_type: VOTER last_known_addr { host: "127.4.154.67" port: 37273 } } peers { permanent_uuid: "7308baed178c4ac584b189f993466e42" member_type: VOTER last_known_addr { host: "127.4.154.70" port: 38089 } attrs { promote: false } }
I20260608 12:52:29.982779  9823 consensus_queue.cc:237] T 02ac35021bf54525b9b384ae8142d723 P 253e8ea9b0b4485688bc18f3cbd7a106 [LEADER]: Queue going to LEADER mode. State: All replicated index: 0, Majority replicated index: 26, Committed index: 26, Last appended: 1.26, Last appended by leader: 0, Current term: 1, Majority size: 3, State: 0, Mode: LEADER, active raft config: opid_index: 27 OBSOLETE_local: false peers { permanent_uuid: "578acb8152644846845c4ff36a01d45b" member_type: VOTER last_known_addr { host: "127.4.154.65" port: 42211 } } peers { permanent_uuid: "cf9d5f91113f4087b621202f0981573f" member_type: VOTER last_known_addr { host: "127.4.154.66" port: 41779 } attrs { replace: true } } peers { permanent_uuid: "253e8ea9b0b4485688bc18f3cbd7a106" member_type: VOTER last_known_addr { host: "127.4.154.67" port: 37273 } } peers { permanent_uuid: "670e6b6d67b54cfb9b89097de757e8af" member_type: VOTER last_known_addr { host: "127.4.154.69" port: 38789 } attrs { promote: false } }
I20260608 12:52:29.987597  9745 raft_consensus.cc:1275] T 7e57ac2a11df4049ad3cf23a70f6c2b6 P 7308baed178c4ac584b189f993466e42 [term 1 FOLLOWER]: Refusing update from remote peer 253e8ea9b0b4485688bc18f3cbd7a106: Log matching property violated. Preceding OpId in replica: term: 1 index: 26. Preceding OpId from leader: term: 1 index: 27. (index mismatch)
I20260608 12:52:29.989176  9237 raft_consensus.cc:1275] T 7e57ac2a11df4049ad3cf23a70f6c2b6 P cf9d5f91113f4087b621202f0981573f [term 1 FOLLOWER]: Refusing update from remote peer 253e8ea9b0b4485688bc18f3cbd7a106: Log matching property violated. Preceding OpId in replica: term: 1 index: 26. Preceding OpId from leader: term: 1 index: 27. (index mismatch)
I20260608 12:52:29.989256  9837 consensus_queue.cc:1048] T 7e57ac2a11df4049ad3cf23a70f6c2b6 P 253e8ea9b0b4485688bc18f3cbd7a106 [LEADER]: Connected to new peer: Peer: permanent_uuid: "7308baed178c4ac584b189f993466e42" member_type: VOTER last_known_addr { host: "127.4.154.70" port: 38089 } attrs { promote: false }, Status: LMP_MISMATCH, Last received: 0.0, Next index: 27, Last known committed idx: 26, Time since last communication: 0.001s
I20260608 12:52:29.990888  9822 consensus_queue.cc:1048] T 7e57ac2a11df4049ad3cf23a70f6c2b6 P 253e8ea9b0b4485688bc18f3cbd7a106 [LEADER]: Connected to new peer: Peer: permanent_uuid: "cf9d5f91113f4087b621202f0981573f" member_type: VOTER last_known_addr { host: "127.4.154.66" port: 41779 }, Status: LMP_MISMATCH, Last received: 0.0, Next index: 27, Last known committed idx: 26, Time since last communication: 0.000s
I20260608 12:52:30.001708  9837 raft_consensus.cc:2955] T 7e57ac2a11df4049ad3cf23a70f6c2b6 P 253e8ea9b0b4485688bc18f3cbd7a106 [term 1 LEADER]: Committing config change with OpId 1.27: config changed from index 26 to 27, VOTER 578acb8152644846845c4ff36a01d45b (127.4.154.65) evicted. New config: { opid_index: 27 OBSOLETE_local: false peers { permanent_uuid: "cf9d5f91113f4087b621202f0981573f" member_type: VOTER last_known_addr { host: "127.4.154.66" port: 41779 } } peers { permanent_uuid: "253e8ea9b0b4485688bc18f3cbd7a106" member_type: VOTER last_known_addr { host: "127.4.154.67" port: 37273 } } peers { permanent_uuid: "7308baed178c4ac584b189f993466e42" member_type: VOTER last_known_addr { host: "127.4.154.70" port: 38089 } attrs { promote: false } } }
I20260608 12:52:30.008419  9745 raft_consensus.cc:2955] T 7e57ac2a11df4049ad3cf23a70f6c2b6 P 7308baed178c4ac584b189f993466e42 [term 1 FOLLOWER]: Committing config change with OpId 1.27: config changed from index 26 to 27, VOTER 578acb8152644846845c4ff36a01d45b (127.4.154.65) evicted. New config: { opid_index: 27 OBSOLETE_local: false peers { permanent_uuid: "cf9d5f91113f4087b621202f0981573f" member_type: VOTER last_known_addr { host: "127.4.154.66" port: 41779 } } peers { permanent_uuid: "253e8ea9b0b4485688bc18f3cbd7a106" member_type: VOTER last_known_addr { host: "127.4.154.67" port: 37273 } } peers { permanent_uuid: "7308baed178c4ac584b189f993466e42" member_type: VOTER last_known_addr { host: "127.4.154.70" port: 38089 } attrs { promote: false } } }
I20260608 12:52:30.042380  9671 raft_consensus.cc:1275] T 02ac35021bf54525b9b384ae8142d723 P 670e6b6d67b54cfb9b89097de757e8af [term 1 LEARNER]: Refusing update from remote peer 253e8ea9b0b4485688bc18f3cbd7a106: Log matching property violated. Preceding OpId in replica: term: 1 index: 26. Preceding OpId from leader: term: 1 index: 27. (index mismatch)
I20260608 12:52:30.038930  9237 raft_consensus.cc:2955] T 7e57ac2a11df4049ad3cf23a70f6c2b6 P cf9d5f91113f4087b621202f0981573f [term 1 FOLLOWER]: Committing config change with OpId 1.27: config changed from index 26 to 27, VOTER 578acb8152644846845c4ff36a01d45b (127.4.154.65) evicted. New config: { opid_index: 27 OBSOLETE_local: false peers { permanent_uuid: "cf9d5f91113f4087b621202f0981573f" member_type: VOTER last_known_addr { host: "127.4.154.66" port: 41779 } } peers { permanent_uuid: "253e8ea9b0b4485688bc18f3cbd7a106" member_type: VOTER last_known_addr { host: "127.4.154.67" port: 37273 } } peers { permanent_uuid: "7308baed178c4ac584b189f993466e42" member_type: VOTER last_known_addr { host: "127.4.154.70" port: 38089 } attrs { promote: false } } }
I20260608 12:52:30.044600  9160 raft_consensus.cc:1275] T 02ac35021bf54525b9b384ae8142d723 P 578acb8152644846845c4ff36a01d45b [term 1 FOLLOWER]: Refusing update from remote peer 253e8ea9b0b4485688bc18f3cbd7a106: Log matching property violated. Preceding OpId in replica: term: 1 index: 26. Preceding OpId from leader: term: 1 index: 27. (index mismatch)
I20260608 12:52:30.047189  9848 consensus_queue.cc:1048] T 02ac35021bf54525b9b384ae8142d723 P 253e8ea9b0b4485688bc18f3cbd7a106 [LEADER]: Connected to new peer: Peer: permanent_uuid: "578acb8152644846845c4ff36a01d45b" member_type: VOTER last_known_addr { host: "127.4.154.65" port: 42211 }, Status: LMP_MISMATCH, Last received: 0.0, Next index: 27, Last known committed idx: 26, Time since last communication: 0.001s
I20260608 12:52:30.052382  9240 raft_consensus.cc:1275] T 02ac35021bf54525b9b384ae8142d723 P cf9d5f91113f4087b621202f0981573f [term 1 FOLLOWER]: Refusing update from remote peer 253e8ea9b0b4485688bc18f3cbd7a106: Log matching property violated. Preceding OpId in replica: term: 1 index: 26. Preceding OpId from leader: term: 1 index: 27. (index mismatch)
I20260608 12:52:30.052598  9848 consensus_queue.cc:1048] T 02ac35021bf54525b9b384ae8142d723 P 253e8ea9b0b4485688bc18f3cbd7a106 [LEADER]: Connected to new peer: Peer: permanent_uuid: "670e6b6d67b54cfb9b89097de757e8af" member_type: VOTER last_known_addr { host: "127.4.154.69" port: 38789 } attrs { promote: false }, Status: LMP_MISMATCH, Last received: 0.0, Next index: 27, Last known committed idx: 26, Time since last communication: 0.000s
I20260608 12:52:30.054037  9051 catalog_manager.cc:5209] ChangeConfig:REMOVE_PEER RPC for tablet 7e57ac2a11df4049ad3cf23a70f6c2b6 with cas_config_opid_index 26: ChangeConfig:REMOVE_PEER succeeded (attempt 1)
I20260608 12:52:30.062001  9058 catalog_manager.cc:5696] T 7e57ac2a11df4049ad3cf23a70f6c2b6 P 253e8ea9b0b4485688bc18f3cbd7a106 reported cstate change: config changed from index 26 to 27, VOTER 578acb8152644846845c4ff36a01d45b (127.4.154.65) evicted. New cstate: current_term: 1 leader_uuid: "253e8ea9b0b4485688bc18f3cbd7a106" committed_config { opid_index: 27 OBSOLETE_local: false peers { permanent_uuid: "cf9d5f91113f4087b621202f0981573f" member_type: VOTER last_known_addr { host: "127.4.154.66" port: 41779 } health_report { overall_health: UNKNOWN } } peers { permanent_uuid: "253e8ea9b0b4485688bc18f3cbd7a106" member_type: VOTER last_known_addr { host: "127.4.154.67" port: 37273 } health_report { overall_health: HEALTHY } } peers { permanent_uuid: "7308baed178c4ac584b189f993466e42" member_type: VOTER last_known_addr { host: "127.4.154.70" port: 38089 } attrs { promote: false } health_report { overall_health: HEALTHY } } }
I20260608 12:52:30.079089  9156 tablet_service.cc:1558] Processing DeleteTablet for tablet 7e57ac2a11df4049ad3cf23a70f6c2b6 with delete_type TABLET_DATA_TOMBSTONED (TS 578acb8152644846845c4ff36a01d45b not found in new config with opid_index 27) from {username='slave'} at 127.0.0.1:33992
I20260608 12:52:30.075908  9849 consensus_queue.cc:1048] T 02ac35021bf54525b9b384ae8142d723 P 253e8ea9b0b4485688bc18f3cbd7a106 [LEADER]: Connected to new peer: Peer: permanent_uuid: "cf9d5f91113f4087b621202f0981573f" member_type: VOTER last_known_addr { host: "127.4.154.66" port: 41779 } attrs { replace: true }, Status: LMP_MISMATCH, Last received: 0.0, Next index: 27, Last known committed idx: 26, Time since last communication: 0.005s
I20260608 12:52:30.099730  9848 raft_consensus.cc:2955] T 02ac35021bf54525b9b384ae8142d723 P 253e8ea9b0b4485688bc18f3cbd7a106 [term 1 LEADER]: Committing config change with OpId 1.27: config changed from index 26 to 27, 670e6b6d67b54cfb9b89097de757e8af (127.4.154.69) changed from NON_VOTER to VOTER. New config: { opid_index: 27 OBSOLETE_local: false peers { permanent_uuid: "578acb8152644846845c4ff36a01d45b" member_type: VOTER last_known_addr { host: "127.4.154.65" port: 42211 } } peers { permanent_uuid: "cf9d5f91113f4087b621202f0981573f" member_type: VOTER last_known_addr { host: "127.4.154.66" port: 41779 } attrs { replace: true } } peers { permanent_uuid: "253e8ea9b0b4485688bc18f3cbd7a106" member_type: VOTER last_known_addr { host: "127.4.154.67" port: 37273 } } peers { permanent_uuid: "670e6b6d67b54cfb9b89097de757e8af" member_type: VOTER last_known_addr { host: "127.4.154.69" port: 38789 } attrs { promote: false } } }
I20260608 12:52:30.101174  9856 tablet_replica.cc:333] T 7e57ac2a11df4049ad3cf23a70f6c2b6 P 578acb8152644846845c4ff36a01d45b: stopping tablet replica
I20260608 12:52:30.116215  9856 raft_consensus.cc:2243] T 7e57ac2a11df4049ad3cf23a70f6c2b6 P 578acb8152644846845c4ff36a01d45b [term 1 FOLLOWER]: Raft consensus shutting down.
I20260608 12:52:30.117072  9856 raft_consensus.cc:2272] T 7e57ac2a11df4049ad3cf23a70f6c2b6 P 578acb8152644846845c4ff36a01d45b [term 1 FOLLOWER]: Raft consensus is shut down!
I20260608 12:52:30.104236  9160 raft_consensus.cc:2955] T 02ac35021bf54525b9b384ae8142d723 P 578acb8152644846845c4ff36a01d45b [term 1 FOLLOWER]: Committing config change with OpId 1.27: config changed from index 26 to 27, 670e6b6d67b54cfb9b89097de757e8af (127.4.154.69) changed from NON_VOTER to VOTER. New config: { opid_index: 27 OBSOLETE_local: false peers { permanent_uuid: "578acb8152644846845c4ff36a01d45b" member_type: VOTER last_known_addr { host: "127.4.154.65" port: 42211 } } peers { permanent_uuid: "cf9d5f91113f4087b621202f0981573f" member_type: VOTER last_known_addr { host: "127.4.154.66" port: 41779 } attrs { replace: true } } peers { permanent_uuid: "253e8ea9b0b4485688bc18f3cbd7a106" member_type: VOTER last_known_addr { host: "127.4.154.67" port: 37273 } } peers { permanent_uuid: "670e6b6d67b54cfb9b89097de757e8af" member_type: VOTER last_known_addr { host: "127.4.154.69" port: 38789 } attrs { promote: false } } }
I20260608 12:52:30.122094  9671 raft_consensus.cc:2955] T 02ac35021bf54525b9b384ae8142d723 P 670e6b6d67b54cfb9b89097de757e8af [term 1 FOLLOWER]: Committing config change with OpId 1.27: config changed from index 26 to 27, 670e6b6d67b54cfb9b89097de757e8af (127.4.154.69) changed from NON_VOTER to VOTER. New config: { opid_index: 27 OBSOLETE_local: false peers { permanent_uuid: "578acb8152644846845c4ff36a01d45b" member_type: VOTER last_known_addr { host: "127.4.154.65" port: 42211 } } peers { permanent_uuid: "cf9d5f91113f4087b621202f0981573f" member_type: VOTER last_known_addr { host: "127.4.154.66" port: 41779 } attrs { replace: true } } peers { permanent_uuid: "253e8ea9b0b4485688bc18f3cbd7a106" member_type: VOTER last_known_addr { host: "127.4.154.67" port: 37273 } } peers { permanent_uuid: "670e6b6d67b54cfb9b89097de757e8af" member_type: VOTER last_known_addr { host: "127.4.154.69" port: 38789 } attrs { promote: false } } }
I20260608 12:52:30.126859  9237 raft_consensus.cc:2955] T 02ac35021bf54525b9b384ae8142d723 P cf9d5f91113f4087b621202f0981573f [term 1 FOLLOWER]: Committing config change with OpId 1.27: config changed from index 26 to 27, 670e6b6d67b54cfb9b89097de757e8af (127.4.154.69) changed from NON_VOTER to VOTER. New config: { opid_index: 27 OBSOLETE_local: false peers { permanent_uuid: "578acb8152644846845c4ff36a01d45b" member_type: VOTER last_known_addr { host: "127.4.154.65" port: 42211 } } peers { permanent_uuid: "cf9d5f91113f4087b621202f0981573f" member_type: VOTER last_known_addr { host: "127.4.154.66" port: 41779 } attrs { replace: true } } peers { permanent_uuid: "253e8ea9b0b4485688bc18f3cbd7a106" member_type: VOTER last_known_addr { host: "127.4.154.67" port: 37273 } } peers { permanent_uuid: "670e6b6d67b54cfb9b89097de757e8af" member_type: VOTER last_known_addr { host: "127.4.154.69" port: 38789 } attrs { promote: false } } }
I20260608 12:52:30.142027  9825 raft_consensus.cc:1064] T 1d36a1e7ad2940cf807392e99d7a758f P cf9d5f91113f4087b621202f0981573f: attempting to promote NON_VOTER 73474cdc4f22470494c016968668464c to VOTER
I20260608 12:52:30.146217  9825 consensus_queue.cc:237] T 1d36a1e7ad2940cf807392e99d7a758f P cf9d5f91113f4087b621202f0981573f [LEADER]: Queue going to LEADER mode. State: All replicated index: 0, Majority replicated index: 26, Committed index: 26, Last appended: 1.26, Last appended by leader: 0, Current term: 1, Majority size: 3, State: 0, Mode: LEADER, active raft config: opid_index: 27 OBSOLETE_local: false peers { permanent_uuid: "578acb8152644846845c4ff36a01d45b" member_type: VOTER last_known_addr { host: "127.4.154.65" port: 42211 } } peers { permanent_uuid: "cf9d5f91113f4087b621202f0981573f" member_type: VOTER last_known_addr { host: "127.4.154.66" port: 41779 } } peers { permanent_uuid: "253e8ea9b0b4485688bc18f3cbd7a106" member_type: VOTER last_known_addr { host: "127.4.154.67" port: 37273 } attrs { replace: true } } peers { permanent_uuid: "73474cdc4f22470494c016968668464c" member_type: VOTER last_known_addr { host: "127.4.154.68" port: 45065 } attrs { promote: false } }
I20260608 12:52:30.147248  9060 catalog_manager.cc:5696] T 02ac35021bf54525b9b384ae8142d723 P 670e6b6d67b54cfb9b89097de757e8af reported cstate change: config changed from index 26 to 27, 670e6b6d67b54cfb9b89097de757e8af (127.4.154.69) changed from NON_VOTER to VOTER. New cstate: current_term: 1 leader_uuid: "253e8ea9b0b4485688bc18f3cbd7a106" committed_config { opid_index: 27 OBSOLETE_local: false peers { permanent_uuid: "578acb8152644846845c4ff36a01d45b" member_type: VOTER last_known_addr { host: "127.4.154.65" port: 42211 } } peers { permanent_uuid: "cf9d5f91113f4087b621202f0981573f" member_type: VOTER last_known_addr { host: "127.4.154.66" port: 41779 } attrs { replace: true } } peers { permanent_uuid: "253e8ea9b0b4485688bc18f3cbd7a106" member_type: VOTER last_known_addr { host: "127.4.154.67" port: 37273 } } peers { permanent_uuid: "670e6b6d67b54cfb9b89097de757e8af" member_type: VOTER last_known_addr { host: "127.4.154.69" port: 38789 } attrs { promote: false } } }
I20260608 12:52:30.150619  9856 ts_tablet_manager.cc:1916] T 7e57ac2a11df4049ad3cf23a70f6c2b6 P 578acb8152644846845c4ff36a01d45b: Deleting tablet data with delete state TABLET_DATA_TOMBSTONED
I20260608 12:52:30.162195  9596 raft_consensus.cc:1275] T 1d36a1e7ad2940cf807392e99d7a758f P 73474cdc4f22470494c016968668464c [term 1 LEARNER]: Refusing update from remote peer cf9d5f91113f4087b621202f0981573f: Log matching property violated. Preceding OpId in replica: term: 1 index: 26. Preceding OpId from leader: term: 1 index: 27. (index mismatch)
I20260608 12:52:30.164536  9853 consensus_queue.cc:1048] T 1d36a1e7ad2940cf807392e99d7a758f P cf9d5f91113f4087b621202f0981573f [LEADER]: Connected to new peer: Peer: permanent_uuid: "73474cdc4f22470494c016968668464c" member_type: VOTER last_known_addr { host: "127.4.154.68" port: 45065 } attrs { promote: false }, Status: LMP_MISMATCH, Last received: 0.0, Next index: 27, Last known committed idx: 26, Time since last communication: 0.000s
I20260608 12:52:30.174952  9314 raft_consensus.cc:1275] T 1d36a1e7ad2940cf807392e99d7a758f P 253e8ea9b0b4485688bc18f3cbd7a106 [term 1 FOLLOWER]: Refusing update from remote peer cf9d5f91113f4087b621202f0981573f: Log matching property violated. Preceding OpId in replica: term: 1 index: 26. Preceding OpId from leader: term: 1 index: 27. (index mismatch)
I20260608 12:52:30.175787  9312 consensus_queue.cc:237] T 02ac35021bf54525b9b384ae8142d723 P 253e8ea9b0b4485688bc18f3cbd7a106 [LEADER]: Queue going to LEADER mode. State: All replicated index: 0, Majority replicated index: 27, Committed index: 27, Last appended: 1.27, Last appended by leader: 0, Current term: 1, Majority size: 2, State: 0, Mode: LEADER, active raft config: opid_index: 28 OBSOLETE_local: false peers { permanent_uuid: "578acb8152644846845c4ff36a01d45b" member_type: VOTER last_known_addr { host: "127.4.154.65" port: 42211 } } peers { permanent_uuid: "253e8ea9b0b4485688bc18f3cbd7a106" member_type: VOTER last_known_addr { host: "127.4.154.67" port: 37273 } } peers { permanent_uuid: "670e6b6d67b54cfb9b89097de757e8af" member_type: VOTER last_known_addr { host: "127.4.154.69" port: 38789 } attrs { promote: false } }
I20260608 12:52:30.176810  9851 consensus_queue.cc:1048] T 1d36a1e7ad2940cf807392e99d7a758f P cf9d5f91113f4087b621202f0981573f [LEADER]: Connected to new peer: Peer: permanent_uuid: "253e8ea9b0b4485688bc18f3cbd7a106" member_type: VOTER last_known_addr { host: "127.4.154.67" port: 37273 } attrs { replace: true }, Status: LMP_MISMATCH, Last received: 0.0, Next index: 27, Last known committed idx: 26, Time since last communication: 0.000s
I20260608 12:52:30.183945  9671 raft_consensus.cc:1275] T 02ac35021bf54525b9b384ae8142d723 P 670e6b6d67b54cfb9b89097de757e8af [term 1 FOLLOWER]: Refusing update from remote peer 253e8ea9b0b4485688bc18f3cbd7a106: Log matching property violated. Preceding OpId in replica: term: 1 index: 27. Preceding OpId from leader: term: 1 index: 28. (index mismatch)
I20260608 12:52:30.184224  9160 raft_consensus.cc:1275] T 02ac35021bf54525b9b384ae8142d723 P 578acb8152644846845c4ff36a01d45b [term 1 FOLLOWER]: Refusing update from remote peer 253e8ea9b0b4485688bc18f3cbd7a106: Log matching property violated. Preceding OpId in replica: term: 1 index: 27. Preceding OpId from leader: term: 1 index: 28. (index mismatch)
I20260608 12:52:30.184345  9166 raft_consensus.cc:1275] T 1d36a1e7ad2940cf807392e99d7a758f P 578acb8152644846845c4ff36a01d45b [term 1 FOLLOWER]: Refusing update from remote peer cf9d5f91113f4087b621202f0981573f: Log matching property violated. Preceding OpId in replica: term: 1 index: 26. Preceding OpId from leader: term: 1 index: 27. (index mismatch)
I20260608 12:52:30.185956  9848 consensus_queue.cc:1048] T 02ac35021bf54525b9b384ae8142d723 P 253e8ea9b0b4485688bc18f3cbd7a106 [LEADER]: Connected to new peer: Peer: permanent_uuid: "670e6b6d67b54cfb9b89097de757e8af" member_type: VOTER last_known_addr { host: "127.4.154.69" port: 38789 } attrs { promote: false }, Status: LMP_MISMATCH, Last received: 0.0, Next index: 28, Last known committed idx: 27, Time since last communication: 0.000s
I20260608 12:52:30.186692  9853 consensus_queue.cc:1048] T 1d36a1e7ad2940cf807392e99d7a758f P cf9d5f91113f4087b621202f0981573f [LEADER]: Connected to new peer: Peer: permanent_uuid: "578acb8152644846845c4ff36a01d45b" member_type: VOTER last_known_addr { host: "127.4.154.65" port: 42211 }, Status: LMP_MISMATCH, Last received: 0.0, Next index: 27, Last known committed idx: 26, Time since last communication: 0.000s
I20260608 12:52:30.188879  9849 consensus_queue.cc:1048] T 02ac35021bf54525b9b384ae8142d723 P 253e8ea9b0b4485688bc18f3cbd7a106 [LEADER]: Connected to new peer: Peer: permanent_uuid: "578acb8152644846845c4ff36a01d45b" member_type: VOTER last_known_addr { host: "127.4.154.65" port: 42211 }, Status: LMP_MISMATCH, Last received: 0.0, Next index: 28, Last known committed idx: 27, Time since last communication: 0.000s
I20260608 12:52:30.197197  9848 raft_consensus.cc:2955] T 02ac35021bf54525b9b384ae8142d723 P 253e8ea9b0b4485688bc18f3cbd7a106 [term 1 LEADER]: Committing config change with OpId 1.28: config changed from index 27 to 28, VOTER cf9d5f91113f4087b621202f0981573f (127.4.154.66) evicted. New config: { opid_index: 28 OBSOLETE_local: false peers { permanent_uuid: "578acb8152644846845c4ff36a01d45b" member_type: VOTER last_known_addr { host: "127.4.154.65" port: 42211 } } peers { permanent_uuid: "253e8ea9b0b4485688bc18f3cbd7a106" member_type: VOTER last_known_addr { host: "127.4.154.67" port: 37273 } } peers { permanent_uuid: "670e6b6d67b54cfb9b89097de757e8af" member_type: VOTER last_known_addr { host: "127.4.154.69" port: 38789 } attrs { promote: false } } }
I20260608 12:52:30.200693  9856 ts_tablet_manager.cc:1929] T 7e57ac2a11df4049ad3cf23a70f6c2b6 P 578acb8152644846845c4ff36a01d45b: tablet deleted with delete type TABLET_DATA_TOMBSTONED: last-logged OpId 1.26
I20260608 12:52:30.203136  9160 raft_consensus.cc:2955] T 02ac35021bf54525b9b384ae8142d723 P 578acb8152644846845c4ff36a01d45b [term 1 FOLLOWER]: Committing config change with OpId 1.28: config changed from index 27 to 28, VOTER cf9d5f91113f4087b621202f0981573f (127.4.154.66) evicted. New config: { opid_index: 28 OBSOLETE_local: false peers { permanent_uuid: "578acb8152644846845c4ff36a01d45b" member_type: VOTER last_known_addr { host: "127.4.154.65" port: 42211 } } peers { permanent_uuid: "253e8ea9b0b4485688bc18f3cbd7a106" member_type: VOTER last_known_addr { host: "127.4.154.67" port: 37273 } } peers { permanent_uuid: "670e6b6d67b54cfb9b89097de757e8af" member_type: VOTER last_known_addr { host: "127.4.154.69" port: 38789 } attrs { promote: false } } }
I20260608 12:52:30.205118  9671 raft_consensus.cc:2955] T 02ac35021bf54525b9b384ae8142d723 P 670e6b6d67b54cfb9b89097de757e8af [term 1 FOLLOWER]: Committing config change with OpId 1.28: config changed from index 27 to 28, VOTER cf9d5f91113f4087b621202f0981573f (127.4.154.66) evicted. New config: { opid_index: 28 OBSOLETE_local: false peers { permanent_uuid: "578acb8152644846845c4ff36a01d45b" member_type: VOTER last_known_addr { host: "127.4.154.65" port: 42211 } } peers { permanent_uuid: "253e8ea9b0b4485688bc18f3cbd7a106" member_type: VOTER last_known_addr { host: "127.4.154.67" port: 37273 } } peers { permanent_uuid: "670e6b6d67b54cfb9b89097de757e8af" member_type: VOTER last_known_addr { host: "127.4.154.69" port: 38789 } attrs { promote: false } } }
I20260608 12:52:30.218335  9856 log.cc:1199] T 7e57ac2a11df4049ad3cf23a70f6c2b6 P 578acb8152644846845c4ff36a01d45b: Deleting WAL directory at /tmp/dist-test-taskyoN4BZ/test-tmp/auto_rebalancer-test.0.AutoRebalancerTest.TestMaxMovesPerServer.1780923015395348-4713-0/minicluster-data/ts-0-root/wals/7e57ac2a11df4049ad3cf23a70f6c2b6
I20260608 12:52:30.217418  9851 raft_consensus.cc:2955] T 1d36a1e7ad2940cf807392e99d7a758f P cf9d5f91113f4087b621202f0981573f [term 1 LEADER]: Committing config change with OpId 1.27: config changed from index 26 to 27, 73474cdc4f22470494c016968668464c (127.4.154.68) changed from NON_VOTER to VOTER. New config: { opid_index: 27 OBSOLETE_local: false peers { permanent_uuid: "578acb8152644846845c4ff36a01d45b" member_type: VOTER last_known_addr { host: "127.4.154.65" port: 42211 } } peers { permanent_uuid: "cf9d5f91113f4087b621202f0981573f" member_type: VOTER last_known_addr { host: "127.4.154.66" port: 41779 } } peers { permanent_uuid: "253e8ea9b0b4485688bc18f3cbd7a106" member_type: VOTER last_known_addr { host: "127.4.154.67" port: 37273 } attrs { replace: true } } peers { permanent_uuid: "73474cdc4f22470494c016968668464c" member_type: VOTER last_known_addr { host: "127.4.154.68" port: 45065 } attrs { promote: false } } }
I20260608 12:52:30.222548  9056 catalog_manager.cc:5696] T 02ac35021bf54525b9b384ae8142d723 P 578acb8152644846845c4ff36a01d45b reported cstate change: config changed from index 27 to 28, VOTER cf9d5f91113f4087b621202f0981573f (127.4.154.66) evicted. New cstate: current_term: 1 leader_uuid: "253e8ea9b0b4485688bc18f3cbd7a106" committed_config { opid_index: 28 OBSOLETE_local: false peers { permanent_uuid: "578acb8152644846845c4ff36a01d45b" member_type: VOTER last_known_addr { host: "127.4.154.65" port: 42211 } } peers { permanent_uuid: "253e8ea9b0b4485688bc18f3cbd7a106" member_type: VOTER last_known_addr { host: "127.4.154.67" port: 37273 } } peers { permanent_uuid: "670e6b6d67b54cfb9b89097de757e8af" member_type: VOTER last_known_addr { host: "127.4.154.69" port: 38789 } attrs { promote: false } } }
I20260608 12:52:30.224725  9048 catalog_manager.cc:5027] TS 578acb8152644846845c4ff36a01d45b (127.4.154.65:42211): tablet 7e57ac2a11df4049ad3cf23a70f6c2b6 (table test-workload [id=105e08e573b84500b3d08fe640ca0173]) successfully deleted
