I20260608 12:51:36.960932  4517 raft_consensus.cc:2243] T fa1df247d7e44d70b0697bddbc9970e2 P 2345d3231a1d4bb5af8c6e3a7849afe7 [term 1 FOLLOWER]: Raft consensus shutting down.
I20260608 12:51:36.961316  4517 raft_consensus.cc:2272] T fa1df247d7e44d70b0697bddbc9970e2 P 2345d3231a1d4bb5af8c6e3a7849afe7 [term 1 FOLLOWER]: Raft consensus is shut down!
W20260608 12:51:36.967033  7777 consensus_peers.cc:597] T 5237f783962f4f898e4ba5741229d259 P cfa0cf35d5bf4830b9a835cebfecce58 -> Peer 81f746447aa04bd39fb3c00da7961906 (127.4.105.66:33601): Couldn't send request to peer 81f746447aa04bd39fb3c00da7961906. Status: Network error: Client connection negotiation failed: client connection to 127.4.105.66:33601: connect: Connection refused (error 111). This is attempt 1: this message will repeat every 5th retry.
W20260608 12:51:36.988767  7777 consensus_peers.cc:597] T 3d962581273246cea7d4cae9521191ee P cfa0cf35d5bf4830b9a835cebfecce58 -> Peer 3e1c6dfcb0434b46b7e3ce4c40c8662b (127.4.105.65:42915): Couldn't send request to peer 3e1c6dfcb0434b46b7e3ce4c40c8662b. Status: Network error: Client connection negotiation failed: client connection to 127.4.105.65:42915: connect: Connection refused (error 111). This is attempt 1: this message will repeat every 5th retry.
I20260608 12:51:36.994797  4517 tablet_server.cc:196] TabletServer@127.4.105.67:0 shutdown complete.
I20260608 12:51:37.043835  4517 tablet_server.cc:179] TabletServer@127.4.105.68:0 shutting down...
I20260608 12:51:37.072548  4517 ts_tablet_manager.cc:1507] Shutting down tablet manager...
I20260608 12:51:37.073695  4517 tablet_replica.cc:333] T e53f312a4ae34b33aa6db917a8dbf502 P cfa0cf35d5bf4830b9a835cebfecce58: stopping tablet replica
I20260608 12:51:37.074738  4517 raft_consensus.cc:2243] T e53f312a4ae34b33aa6db917a8dbf502 P cfa0cf35d5bf4830b9a835cebfecce58 [term 1 FOLLOWER]: Raft consensus shutting down.
I20260608 12:51:37.075878  4517 raft_consensus.cc:2272] T e53f312a4ae34b33aa6db917a8dbf502 P cfa0cf35d5bf4830b9a835cebfecce58 [term 1 FOLLOWER]: Raft consensus is shut down!
I20260608 12:51:37.078390  4517 tablet_replica.cc:333] T ee25f61ce1bc4812a984ac4f0a8c25aa P cfa0cf35d5bf4830b9a835cebfecce58: stopping tablet replica
I20260608 12:51:37.079176  4517 raft_consensus.cc:2243] T ee25f61ce1bc4812a984ac4f0a8c25aa P cfa0cf35d5bf4830b9a835cebfecce58 [term 1 FOLLOWER]: Raft consensus shutting down.
I20260608 12:51:37.079989  4517 raft_consensus.cc:2272] T ee25f61ce1bc4812a984ac4f0a8c25aa P cfa0cf35d5bf4830b9a835cebfecce58 [term 1 FOLLOWER]: Raft consensus is shut down!
I20260608 12:51:37.082082  4517 tablet_replica.cc:333] T 260b0eef666f42cdbe24b0890ea71c66 P cfa0cf35d5bf4830b9a835cebfecce58: stopping tablet replica
I20260608 12:51:37.082782  4517 raft_consensus.cc:2243] T 260b0eef666f42cdbe24b0890ea71c66 P cfa0cf35d5bf4830b9a835cebfecce58 [term 2 LEADER]: Raft consensus shutting down.
I20260608 12:51:37.083913  4517 raft_consensus.cc:2272] T 260b0eef666f42cdbe24b0890ea71c66 P cfa0cf35d5bf4830b9a835cebfecce58 [term 2 FOLLOWER]: Raft consensus is shut down!
I20260608 12:51:37.085866  4517 tablet_replica.cc:333] T 49260c421d9d4334947c22331acb24a2 P cfa0cf35d5bf4830b9a835cebfecce58: stopping tablet replica
I20260608 12:51:37.086463  4517 raft_consensus.cc:2243] T 49260c421d9d4334947c22331acb24a2 P cfa0cf35d5bf4830b9a835cebfecce58 [term 1 FOLLOWER]: Raft consensus shutting down.
I20260608 12:51:37.086982  4517 raft_consensus.cc:2272] T 49260c421d9d4334947c22331acb24a2 P cfa0cf35d5bf4830b9a835cebfecce58 [term 1 FOLLOWER]: Raft consensus is shut down!
I20260608 12:51:37.088999  4517 tablet_replica.cc:333] T e67952294f5a499894a79ff01a4f45e2 P cfa0cf35d5bf4830b9a835cebfecce58: stopping tablet replica
I20260608 12:51:37.089604  4517 raft_consensus.cc:2243] T e67952294f5a499894a79ff01a4f45e2 P cfa0cf35d5bf4830b9a835cebfecce58 [term 1 FOLLOWER]: Raft consensus shutting down.
I20260608 12:51:37.090406  4517 raft_consensus.cc:2272] T e67952294f5a499894a79ff01a4f45e2 P cfa0cf35d5bf4830b9a835cebfecce58 [term 1 FOLLOWER]: Raft consensus is shut down!
I20260608 12:51:37.092461  4517 tablet_replica.cc:333] T ea839226e9094d45a878cd5ed6cb03c7 P cfa0cf35d5bf4830b9a835cebfecce58: stopping tablet replica
I20260608 12:51:37.093020  4517 raft_consensus.cc:2243] T ea839226e9094d45a878cd5ed6cb03c7 P cfa0cf35d5bf4830b9a835cebfecce58 [term 1 LEADER]: Raft consensus shutting down.
I20260608 12:51:37.094269  4517 raft_consensus.cc:2272] T ea839226e9094d45a878cd5ed6cb03c7 P cfa0cf35d5bf4830b9a835cebfecce58 [term 1 FOLLOWER]: Raft consensus is shut down!
I20260608 12:51:37.096199  4517 tablet_replica.cc:333] T bbb8e0c4f21b4cc0879ef2ef29c0fc7b P cfa0cf35d5bf4830b9a835cebfecce58: stopping tablet replica
I20260608 12:51:37.096706  4517 raft_consensus.cc:2243] T bbb8e0c4f21b4cc0879ef2ef29c0fc7b P cfa0cf35d5bf4830b9a835cebfecce58 [term 3 FOLLOWER]: Raft consensus shutting down.
I20260608 12:51:37.097476  4517 raft_consensus.cc:2272] T bbb8e0c4f21b4cc0879ef2ef29c0fc7b P cfa0cf35d5bf4830b9a835cebfecce58 [term 3 FOLLOWER]: Raft consensus is shut down!
I20260608 12:51:37.099397  4517 tablet_replica.cc:333] T fa1df247d7e44d70b0697bddbc9970e2 P cfa0cf35d5bf4830b9a835cebfecce58: stopping tablet replica
I20260608 12:51:37.099941  4517 raft_consensus.cc:2243] T fa1df247d7e44d70b0697bddbc9970e2 P cfa0cf35d5bf4830b9a835cebfecce58 [term 1 FOLLOWER]: Raft consensus shutting down.
I20260608 12:51:37.100448  4517 raft_consensus.cc:2272] T fa1df247d7e44d70b0697bddbc9970e2 P cfa0cf35d5bf4830b9a835cebfecce58 [term 1 FOLLOWER]: Raft consensus is shut down!
I20260608 12:51:37.102275  4517 tablet_replica.cc:333] T 5237f783962f4f898e4ba5741229d259 P cfa0cf35d5bf4830b9a835cebfecce58: stopping tablet replica
I20260608 12:51:37.102820  4517 raft_consensus.cc:2243] T 5237f783962f4f898e4ba5741229d259 P cfa0cf35d5bf4830b9a835cebfecce58 [term 2 LEADER]: Raft consensus shutting down.
I20260608 12:51:37.103880  4517 raft_consensus.cc:2272] T 5237f783962f4f898e4ba5741229d259 P cfa0cf35d5bf4830b9a835cebfecce58 [term 2 FOLLOWER]: Raft consensus is shut down!
I20260608 12:51:37.105749  4517 tablet_replica.cc:333] T 512e6ce280224d8381e636ec42742e25 P cfa0cf35d5bf4830b9a835cebfecce58: stopping tablet replica
I20260608 12:51:37.106244  4517 raft_consensus.cc:2243] T 512e6ce280224d8381e636ec42742e25 P cfa0cf35d5bf4830b9a835cebfecce58 [term 1 FOLLOWER]: Raft consensus shutting down.
I20260608 12:51:37.107075  4517 raft_consensus.cc:2272] T 512e6ce280224d8381e636ec42742e25 P cfa0cf35d5bf4830b9a835cebfecce58 [term 1 FOLLOWER]: Raft consensus is shut down!
I20260608 12:51:37.108928  4517 tablet_replica.cc:333] T f02b33e1af4e4c8597b0ad3185084f70 P cfa0cf35d5bf4830b9a835cebfecce58: stopping tablet replica
I20260608 12:51:37.109443  4517 raft_consensus.cc:2243] T f02b33e1af4e4c8597b0ad3185084f70 P cfa0cf35d5bf4830b9a835cebfecce58 [term 1 FOLLOWER]: Raft consensus shutting down.
I20260608 12:51:37.110250  4517 raft_consensus.cc:2272] T f02b33e1af4e4c8597b0ad3185084f70 P cfa0cf35d5bf4830b9a835cebfecce58 [term 1 FOLLOWER]: Raft consensus is shut down!
I20260608 12:51:37.112215  4517 tablet_replica.cc:333] T 3d962581273246cea7d4cae9521191ee P cfa0cf35d5bf4830b9a835cebfecce58: stopping tablet replica
I20260608 12:51:37.112661  4517 raft_consensus.cc:2243] T 3d962581273246cea7d4cae9521191ee P cfa0cf35d5bf4830b9a835cebfecce58 [term 1 LEADER]: Raft consensus shutting down.
I20260608 12:51:37.113767  4517 raft_consensus.cc:2272] T 3d962581273246cea7d4cae9521191ee P cfa0cf35d5bf4830b9a835cebfecce58 [term 1 FOLLOWER]: Raft consensus is shut down!
I20260608 12:51:37.148892  4517 tablet_server.cc:196] TabletServer@127.4.105.68:0 shutdown complete.
I20260608 12:51:37.180624  4517 master.cc:562] Master@127.4.105.126:40255 shutting down...
I20260608 12:51:37.203277  4517 raft_consensus.cc:2243] T 00000000000000000000000000000000 P 7aea92a7754749a287d5e744cba6bf28 [term 1 LEADER]: Raft consensus shutting down.
I20260608 12:51:37.204005  4517 raft_consensus.cc:2272] T 00000000000000000000000000000000 P 7aea92a7754749a287d5e744cba6bf28 [term 1 FOLLOWER]: Raft consensus is shut down!
I20260608 12:51:37.204375  4517 tablet_replica.cc:333] T 00000000000000000000000000000000 P 7aea92a7754749a287d5e744cba6bf28: stopping tablet replica
I20260608 12:51:37.247907  4517 master.cc:584] Master@127.4.105.126:40255 shutdown complete.
[       OK ] AutoRebalancerTest.RangeAwareRebalancesNewRangeReplicas (14212 ms)
[ RUN      ] AutoRebalancerTest.NoReplicaMovesIfLocationLoadSkewedByOne
I20260608 12:51:37.304699  4517 internal_mini_cluster.cc:156] Creating distributed mini masters. Addrs: 127.4.105.126:40467
I20260608 12:51:37.305908  4517 file_cache.cc:492] Constructed file cache file cache with capacity 419430
W20260608 12:51:37.311554  8111 instance_detector.cc:116] could not retrieve AWS instance metadata: Network error: curl error: HTTP response code said error: The requested URL returned error: 404
W20260608 12:51:37.312124  8112 instance_detector.cc:116] could not retrieve Azure instance metadata: Network error: curl error: HTTP response code said error: The requested URL returned error: 404
W20260608 12:51:37.312410  8114 instance_detector.cc:116] could not retrieve OpenStack instance metadata: Network error: curl error: HTTP response code said error: The requested URL returned error: 404
I20260608 12:51:37.314538  4517 server_base.cc:1061] running on GCE node
I20260608 12:51:37.316915  4517 hybrid_clock.cc:584] initializing the hybrid clock with 'system_unsync' time source
W20260608 12:51:37.317090  4517 system_unsync_time.cc:38] NTP support is disabled. Clock error bounds will not be accurate. This configuration is not suitable for distributed clusters.
I20260608 12:51:37.317276  4517 hybrid_clock.cc:648] HybridClock initialized: now 1780923097317245 us; error 0 us; skew 500 ppm
I20260608 12:51:37.317832  4517 server_base.cc:861] Flag tcmalloc_max_total_thread_cache_bytes is not working since tcmalloc is not enabled.
I20260608 12:51:37.320240  4517 webserver.cc:533] Webserver started at http://127.4.105.126:45639/ using document root <none> and password file <none>
I20260608 12:51:37.320750  4517 fs_manager.cc:362] Metadata directory not provided
I20260608 12:51:37.321135  4517 fs_manager.cc:368] Using write-ahead log directory (fs_wal_dir) as metadata directory
I20260608 12:51:37.321466  4517 server_base.cc:909] This appears to be a new deployment of Kudu; creating new FS layout
I20260608 12:51:37.322662  4517 fs_manager.cc:1068] Generated new instance metadata in path /tmp/dist-test-taskWTlhIU/test-tmp/auto_rebalancer-test.0.AutoRebalancerTest.NoReplicaMovesIfLocationLoadSkewedByOne.1780923006478292-4517-0/minicluster-data/master-0-root/instance:
uuid: "48988980d9a34aecab19ad6ccc1e4920"
format_stamp: "Formatted at 2026-06-08 12:51:37 on dist-test-slave-7czp"
I20260608 12:51:37.327076  4517 fs_manager.cc:696] Time spent creating directory manager: real 0.004s	user 0.005s	sys 0.000s
I20260608 12:51:37.330485  8119 log_block_manager.cc:4031] Time spent loading block containers with low live blocks: real 0.000s	user 0.000s	sys 0.000s
I20260608 12:51:37.331216  4517 fs_manager.cc:730] Time spent opening block manager: real 0.002s	user 0.001s	sys 0.000s
I20260608 12:51:37.331488  4517 fs_manager.cc:647] Opened local filesystem: /tmp/dist-test-taskWTlhIU/test-tmp/auto_rebalancer-test.0.AutoRebalancerTest.NoReplicaMovesIfLocationLoadSkewedByOne.1780923006478292-4517-0/minicluster-data/master-0-root
uuid: "48988980d9a34aecab19ad6ccc1e4920"
format_stamp: "Formatted at 2026-06-08 12:51:37 on dist-test-slave-7czp"
I20260608 12:51:37.331769  4517 fs_report.cc:389] FS layout report
--------------------
wal directory: /tmp/dist-test-taskWTlhIU/test-tmp/auto_rebalancer-test.0.AutoRebalancerTest.NoReplicaMovesIfLocationLoadSkewedByOne.1780923006478292-4517-0/minicluster-data/master-0-root
metadata directory: /tmp/dist-test-taskWTlhIU/test-tmp/auto_rebalancer-test.0.AutoRebalancerTest.NoReplicaMovesIfLocationLoadSkewedByOne.1780923006478292-4517-0/minicluster-data/master-0-root
1 data directories: /tmp/dist-test-taskWTlhIU/test-tmp/auto_rebalancer-test.0.AutoRebalancerTest.NoReplicaMovesIfLocationLoadSkewedByOne.1780923006478292-4517-0/minicluster-data/master-0-root/data
Total live blocks: 0
Total live bytes: 0
Total live bytes (after alignment): 0
Total number of LBM containers: 0 (0 full)
Did not check for missing blocks
Did not check for orphaned blocks
Total full LBM containers with extra space: 0 (0 repaired)
Total full LBM container extra space in bytes: 0 (0 repaired)
Total incomplete LBM containers: 0 (0 repaired)
Total LBM partial records: 0 (0 repaired)
Total corrupted LBM metadata records in RocksDB: 0 (0 repaired)
I20260608 12:51:37.344106  4517 rpc_server.cc:225] running with OpenSSL 1.1.1  11 Sep 2018
I20260608 12:51:37.345345  4517 kserver.cc:163] Server-wide thread pool size limit: 3276
I20260608 12:51:37.383100  4517 rpc_server.cc:307] RPC server started. Bound to: 127.4.105.126:40467
I20260608 12:51:37.383217  8170 acceptor_pool.cc:272] collecting diagnostics on the listening RPC socket 127.4.105.126:40467 every 8 connection(s)
I20260608 12:51:37.387365  8171 data_dirs.cc:400] Could only allocate 1 dirs of requested 3 for tablet 00000000000000000000000000000000. 1 dirs total, 0 dirs full, 0 dirs failed
I20260608 12:51:37.397733  8171 tablet_bootstrap.cc:492] T 00000000000000000000000000000000 P 48988980d9a34aecab19ad6ccc1e4920: Bootstrap starting.
I20260608 12:51:37.402575  8171 tablet_bootstrap.cc:654] T 00000000000000000000000000000000 P 48988980d9a34aecab19ad6ccc1e4920: Neither blocks nor log segments found. Creating new log.
I20260608 12:51:37.406653  8171 tablet_bootstrap.cc:492] T 00000000000000000000000000000000 P 48988980d9a34aecab19ad6ccc1e4920: No bootstrap required, opened a new log
I20260608 12:51:37.408877  8171 raft_consensus.cc:359] T 00000000000000000000000000000000 P 48988980d9a34aecab19ad6ccc1e4920 [term 0 FOLLOWER]: Replica starting. Triggering 0 pending ops. Active config: opid_index: -1 OBSOLETE_local: true peers { permanent_uuid: "48988980d9a34aecab19ad6ccc1e4920" member_type: VOTER }
I20260608 12:51:37.409315  8171 raft_consensus.cc:385] T 00000000000000000000000000000000 P 48988980d9a34aecab19ad6ccc1e4920 [term 0 FOLLOWER]: Consensus starting up: Expiring failure detector timer to make a prompt election more likely
I20260608 12:51:37.409550  8171 raft_consensus.cc:740] T 00000000000000000000000000000000 P 48988980d9a34aecab19ad6ccc1e4920 [term 0 FOLLOWER]: Becoming Follower/Learner. State: Replica: 48988980d9a34aecab19ad6ccc1e4920, State: Initialized, Role: FOLLOWER
I20260608 12:51:37.410218  8171 consensus_queue.cc:260] T 00000000000000000000000000000000 P 48988980d9a34aecab19ad6ccc1e4920 [NON_LEADER]: Queue going to NON_LEADER mode. State: All replicated index: 0, Majority replicated index: 0, Committed index: 0, Last appended: 0.0, Last appended by leader: 0, Current term: 0, Majority size: -1, State: 0, Mode: NON_LEADER, active raft config: opid_index: -1 OBSOLETE_local: true peers { permanent_uuid: "48988980d9a34aecab19ad6ccc1e4920" member_type: VOTER }
I20260608 12:51:37.410713  8171 raft_consensus.cc:399] T 00000000000000000000000000000000 P 48988980d9a34aecab19ad6ccc1e4920 [term 0 FOLLOWER]: Only one voter in the Raft config. Triggering election immediately
I20260608 12:51:37.410938  8171 raft_consensus.cc:493] T 00000000000000000000000000000000 P 48988980d9a34aecab19ad6ccc1e4920 [term 0 FOLLOWER]: Starting leader election (initial election of a single-replica configuration)
I20260608 12:51:37.411266  8171 raft_consensus.cc:3060] T 00000000000000000000000000000000 P 48988980d9a34aecab19ad6ccc1e4920 [term 0 FOLLOWER]: Advancing to term 1
I20260608 12:51:37.415728  8171 raft_consensus.cc:515] T 00000000000000000000000000000000 P 48988980d9a34aecab19ad6ccc1e4920 [term 1 FOLLOWER]: Starting leader election with config: opid_index: -1 OBSOLETE_local: true peers { permanent_uuid: "48988980d9a34aecab19ad6ccc1e4920" member_type: VOTER }
I20260608 12:51:37.416254  8171 leader_election.cc:304] T 00000000000000000000000000000000 P 48988980d9a34aecab19ad6ccc1e4920 [CANDIDATE]: Term 1 election: Election decided. Result: candidate won. Election summary: received 1 responses out of 1 voters: 1 yes votes; 0 no votes. yes voters: 48988980d9a34aecab19ad6ccc1e4920; no voters: 
I20260608 12:51:37.417399  8171 leader_election.cc:290] T 00000000000000000000000000000000 P 48988980d9a34aecab19ad6ccc1e4920 [CANDIDATE]: Term 1 election: Requested vote from peers 
I20260608 12:51:37.417829  8174 raft_consensus.cc:2804] T 00000000000000000000000000000000 P 48988980d9a34aecab19ad6ccc1e4920 [term 1 FOLLOWER]: Leader election won for term 1
I20260608 12:51:37.419181  8174 raft_consensus.cc:697] T 00000000000000000000000000000000 P 48988980d9a34aecab19ad6ccc1e4920 [term 1 LEADER]: Becoming Leader. State: Replica: 48988980d9a34aecab19ad6ccc1e4920, State: Running, Role: LEADER
I20260608 12:51:37.419931  8174 consensus_queue.cc:237] T 00000000000000000000000000000000 P 48988980d9a34aecab19ad6ccc1e4920 [LEADER]: Queue going to LEADER mode. State: All replicated index: 0, Majority replicated index: 0, Committed index: 0, Last appended: 0.0, Last appended by leader: 0, Current term: 1, Majority size: 1, State: 0, Mode: LEADER, active raft config: opid_index: -1 OBSOLETE_local: true peers { permanent_uuid: "48988980d9a34aecab19ad6ccc1e4920" member_type: VOTER }
I20260608 12:51:37.420501  8171 sys_catalog.cc:565] T 00000000000000000000000000000000 P 48988980d9a34aecab19ad6ccc1e4920 [sys.catalog]: configured and running, proceeding with master startup.
I20260608 12:51:37.426831  8176 sys_catalog.cc:455] T 00000000000000000000000000000000 P 48988980d9a34aecab19ad6ccc1e4920 [sys.catalog]: SysCatalogTable state changed. Reason: New leader 48988980d9a34aecab19ad6ccc1e4920. Latest consensus state: current_term: 1 leader_uuid: "48988980d9a34aecab19ad6ccc1e4920" committed_config { opid_index: -1 OBSOLETE_local: true peers { permanent_uuid: "48988980d9a34aecab19ad6ccc1e4920" member_type: VOTER } }
I20260608 12:51:37.427568  8176 sys_catalog.cc:458] T 00000000000000000000000000000000 P 48988980d9a34aecab19ad6ccc1e4920 [sys.catalog]: This master's current role is: LEADER
I20260608 12:51:37.427873  8175 sys_catalog.cc:455] T 00000000000000000000000000000000 P 48988980d9a34aecab19ad6ccc1e4920 [sys.catalog]: SysCatalogTable state changed. Reason: RaftConsensus started. Latest consensus state: current_term: 1 leader_uuid: "48988980d9a34aecab19ad6ccc1e4920" committed_config { opid_index: -1 OBSOLETE_local: true peers { permanent_uuid: "48988980d9a34aecab19ad6ccc1e4920" member_type: VOTER } }
I20260608 12:51:37.428440  8175 sys_catalog.cc:458] T 00000000000000000000000000000000 P 48988980d9a34aecab19ad6ccc1e4920 [sys.catalog]: This master's current role is: LEADER
I20260608 12:51:37.429775  8183 catalog_manager.cc:1510] Loading table and tablet metadata into memory...
I20260608 12:51:37.435067  8183 catalog_manager.cc:1519] Initializing Kudu cluster ID...
I20260608 12:51:37.436899  4517 internal_mini_cluster.cc:184] Waiting to initialize catalog manager on master 0
I20260608 12:51:37.444473  8183 catalog_manager.cc:1382] Generated new cluster ID: 19619e2bc1a240a8914429721be64470
I20260608 12:51:37.444746  8183 catalog_manager.cc:1530] Initializing Kudu internal certificate authority...
I20260608 12:51:37.463860  8183 catalog_manager.cc:1405] Generated new certificate authority record
I20260608 12:51:37.465183  8183 catalog_manager.cc:1539] Loading token signing keys...
I20260608 12:51:37.482101  8183 catalog_manager.cc:6069] T 00000000000000000000000000000000 P 48988980d9a34aecab19ad6ccc1e4920: Generated new TSK 0
I20260608 12:51:37.482693  8183 catalog_manager.cc:1549] Initializing in-progress tserver states...
I20260608 12:51:37.503171  4517 file_cache.cc:492] Constructed file cache file cache with capacity 419430
W20260608 12:51:37.509156  8192 instance_detector.cc:116] could not retrieve AWS instance metadata: Network error: curl error: HTTP response code said error: The requested URL returned error: 404
W20260608 12:51:37.510744  8193 instance_detector.cc:116] could not retrieve Azure instance metadata: Network error: curl error: HTTP response code said error: The requested URL returned error: 404
I20260608 12:51:37.512153  4517 server_base.cc:1061] running on GCE node
W20260608 12:51:37.512080  8195 instance_detector.cc:116] could not retrieve OpenStack instance metadata: Network error: curl error: HTTP response code said error: The requested URL returned error: 404
I20260608 12:51:37.513358  4517 hybrid_clock.cc:584] initializing the hybrid clock with 'system_unsync' time source
W20260608 12:51:37.513589  4517 system_unsync_time.cc:38] NTP support is disabled. Clock error bounds will not be accurate. This configuration is not suitable for distributed clusters.
I20260608 12:51:37.513767  4517 hybrid_clock.cc:648] HybridClock initialized: now 1780923097513748 us; error 0 us; skew 500 ppm
I20260608 12:51:37.514349  4517 server_base.cc:861] Flag tcmalloc_max_total_thread_cache_bytes is not working since tcmalloc is not enabled.
I20260608 12:51:37.516649  4517 webserver.cc:533] Webserver started at http://127.4.105.65:32933/ using document root <none> and password file <none>
I20260608 12:51:37.517233  4517 fs_manager.cc:362] Metadata directory not provided
I20260608 12:51:37.517447  4517 fs_manager.cc:368] Using write-ahead log directory (fs_wal_dir) as metadata directory
I20260608 12:51:37.517730  4517 server_base.cc:909] This appears to be a new deployment of Kudu; creating new FS layout
I20260608 12:51:37.518837  4517 fs_manager.cc:1068] Generated new instance metadata in path /tmp/dist-test-taskWTlhIU/test-tmp/auto_rebalancer-test.0.AutoRebalancerTest.NoReplicaMovesIfLocationLoadSkewedByOne.1780923006478292-4517-0/minicluster-data/ts-0-root/instance:
uuid: "d380f4d5df674a6193971f72415547dc"
format_stamp: "Formatted at 2026-06-08 12:51:37 on dist-test-slave-7czp"
I20260608 12:51:37.523617  4517 fs_manager.cc:696] Time spent creating directory manager: real 0.004s	user 0.006s	sys 0.000s
I20260608 12:51:37.527067  8200 log_block_manager.cc:4031] Time spent loading block containers with low live blocks: real 0.000s	user 0.000s	sys 0.000s
I20260608 12:51:37.527932  4517 fs_manager.cc:730] Time spent opening block manager: real 0.002s	user 0.002s	sys 0.000s
I20260608 12:51:37.528188  4517 fs_manager.cc:647] Opened local filesystem: /tmp/dist-test-taskWTlhIU/test-tmp/auto_rebalancer-test.0.AutoRebalancerTest.NoReplicaMovesIfLocationLoadSkewedByOne.1780923006478292-4517-0/minicluster-data/ts-0-root
uuid: "d380f4d5df674a6193971f72415547dc"
format_stamp: "Formatted at 2026-06-08 12:51:37 on dist-test-slave-7czp"
I20260608 12:51:37.528422  4517 fs_report.cc:389] FS layout report
--------------------
wal directory: /tmp/dist-test-taskWTlhIU/test-tmp/auto_rebalancer-test.0.AutoRebalancerTest.NoReplicaMovesIfLocationLoadSkewedByOne.1780923006478292-4517-0/minicluster-data/ts-0-root
metadata directory: /tmp/dist-test-taskWTlhIU/test-tmp/auto_rebalancer-test.0.AutoRebalancerTest.NoReplicaMovesIfLocationLoadSkewedByOne.1780923006478292-4517-0/minicluster-data/ts-0-root
1 data directories: /tmp/dist-test-taskWTlhIU/test-tmp/auto_rebalancer-test.0.AutoRebalancerTest.NoReplicaMovesIfLocationLoadSkewedByOne.1780923006478292-4517-0/minicluster-data/ts-0-root/data
Total live blocks: 0
Total live bytes: 0
Total live bytes (after alignment): 0
Total number of LBM containers: 0 (0 full)
Did not check for missing blocks
Did not check for orphaned blocks
Total full LBM containers with extra space: 0 (0 repaired)
Total full LBM container extra space in bytes: 0 (0 repaired)
Total incomplete LBM containers: 0 (0 repaired)
Total LBM partial records: 0 (0 repaired)
Total corrupted LBM metadata records in RocksDB: 0 (0 repaired)
I20260608 12:51:37.543220  4517 rpc_server.cc:225] running with OpenSSL 1.1.1  11 Sep 2018
I20260608 12:51:37.544389  4517 kserver.cc:163] Server-wide thread pool size limit: 3276
I20260608 12:51:37.545850  4517 txn_system_client.cc:432] TxnSystemClient initialization is disabled...
I20260608 12:51:37.548151  4517 ts_tablet_manager.cc:585] Loaded tablet metadata (0 total tablets, 0 live tablets)
I20260608 12:51:37.548369  4517 ts_tablet_manager.cc:531] Time spent load tablet metadata: real 0.000s	user 0.000s	sys 0.000s
I20260608 12:51:37.548604  4517 ts_tablet_manager.cc:616] Registered 0 tablets
I20260608 12:51:37.548803  4517 ts_tablet_manager.cc:595] Time spent register tablets: real 0.000s	user 0.000s	sys 0.000s
I20260608 12:51:37.588582  4517 rpc_server.cc:307] RPC server started. Bound to: 127.4.105.65:41927
I20260608 12:51:37.588703  8262 acceptor_pool.cc:272] collecting diagnostics on the listening RPC socket 127.4.105.65:41927 every 8 connection(s)
I20260608 12:51:37.594053  4517 file_cache.cc:492] Constructed file cache file cache with capacity 419430
W20260608 12:51:37.602213  8267 instance_detector.cc:116] could not retrieve AWS instance metadata: Network error: curl error: HTTP response code said error: The requested URL returned error: 404
W20260608 12:51:37.603966  8268 instance_detector.cc:116] could not retrieve Azure instance metadata: Network error: curl error: HTTP response code said error: The requested URL returned error: 404
W20260608 12:51:37.606724  8270 instance_detector.cc:116] could not retrieve OpenStack instance metadata: Network error: curl error: HTTP response code said error: The requested URL returned error: 404
I20260608 12:51:37.606923  4517 server_base.cc:1061] running on GCE node
I20260608 12:51:37.607983  4517 hybrid_clock.cc:584] initializing the hybrid clock with 'system_unsync' time source
W20260608 12:51:37.608170  4517 system_unsync_time.cc:38] NTP support is disabled. Clock error bounds will not be accurate. This configuration is not suitable for distributed clusters.
I20260608 12:51:37.608408  4517 hybrid_clock.cc:648] HybridClock initialized: now 1780923097608388 us; error 0 us; skew 500 ppm
I20260608 12:51:37.609180  4517 server_base.cc:861] Flag tcmalloc_max_total_thread_cache_bytes is not working since tcmalloc is not enabled.
I20260608 12:51:37.610874  8263 heartbeater.cc:344] Connected to a master server at 127.4.105.126:40467
I20260608 12:51:37.611264  8263 heartbeater.cc:461] Registering TS with master...
I20260608 12:51:37.611963  4517 webserver.cc:533] Webserver started at http://127.4.105.66:39877/ using document root <none> and password file <none>
I20260608 12:51:37.611970  8263 heartbeater.cc:507] Master 127.4.105.126:40467 requested a full tablet report, sending...
I20260608 12:51:37.612653  4517 fs_manager.cc:362] Metadata directory not provided
I20260608 12:51:37.612923  4517 fs_manager.cc:368] Using write-ahead log directory (fs_wal_dir) as metadata directory
I20260608 12:51:37.613204  4517 server_base.cc:909] This appears to be a new deployment of Kudu; creating new FS layout
I20260608 12:51:37.614609  8136 ts_manager.cc:194] Registered new tserver with Master: d380f4d5df674a6193971f72415547dc (127.4.105.65:41927)
I20260608 12:51:37.614691  4517 fs_manager.cc:1068] Generated new instance metadata in path /tmp/dist-test-taskWTlhIU/test-tmp/auto_rebalancer-test.0.AutoRebalancerTest.NoReplicaMovesIfLocationLoadSkewedByOne.1780923006478292-4517-0/minicluster-data/ts-1-root/instance:
uuid: "14a4e498946749948cac41fc037f4b31"
format_stamp: "Formatted at 2026-06-08 12:51:37 on dist-test-slave-7czp"
I20260608 12:51:37.617383  8136 master_service.cc:502] Signed X509 certificate for tserver {username='slave'} at 127.0.0.1:56856
I20260608 12:51:37.620604  4517 fs_manager.cc:696] Time spent creating directory manager: real 0.005s	user 0.006s	sys 0.000s
I20260608 12:51:37.624035  8275 log_block_manager.cc:4031] Time spent loading block containers with low live blocks: real 0.000s	user 0.000s	sys 0.000s
I20260608 12:51:37.624789  4517 fs_manager.cc:730] Time spent opening block manager: real 0.002s	user 0.003s	sys 0.000s
I20260608 12:51:37.625113  4517 fs_manager.cc:647] Opened local filesystem: /tmp/dist-test-taskWTlhIU/test-tmp/auto_rebalancer-test.0.AutoRebalancerTest.NoReplicaMovesIfLocationLoadSkewedByOne.1780923006478292-4517-0/minicluster-data/ts-1-root
uuid: "14a4e498946749948cac41fc037f4b31"
format_stamp: "Formatted at 2026-06-08 12:51:37 on dist-test-slave-7czp"
I20260608 12:51:37.625365  4517 fs_report.cc:389] FS layout report
--------------------
wal directory: /tmp/dist-test-taskWTlhIU/test-tmp/auto_rebalancer-test.0.AutoRebalancerTest.NoReplicaMovesIfLocationLoadSkewedByOne.1780923006478292-4517-0/minicluster-data/ts-1-root
metadata directory: /tmp/dist-test-taskWTlhIU/test-tmp/auto_rebalancer-test.0.AutoRebalancerTest.NoReplicaMovesIfLocationLoadSkewedByOne.1780923006478292-4517-0/minicluster-data/ts-1-root
1 data directories: /tmp/dist-test-taskWTlhIU/test-tmp/auto_rebalancer-test.0.AutoRebalancerTest.NoReplicaMovesIfLocationLoadSkewedByOne.1780923006478292-4517-0/minicluster-data/ts-1-root/data
Total live blocks: 0
Total live bytes: 0
Total live bytes (after alignment): 0
Total number of LBM containers: 0 (0 full)
Did not check for missing blocks
Did not check for orphaned blocks
Total full LBM containers with extra space: 0 (0 repaired)
Total full LBM container extra space in bytes: 0 (0 repaired)
Total incomplete LBM containers: 0 (0 repaired)
Total LBM partial records: 0 (0 repaired)
Total corrupted LBM metadata records in RocksDB: 0 (0 repaired)
I20260608 12:51:37.643946  4517 rpc_server.cc:225] running with OpenSSL 1.1.1  11 Sep 2018
I20260608 12:51:37.645180  4517 kserver.cc:163] Server-wide thread pool size limit: 3276
I20260608 12:51:37.646620  4517 txn_system_client.cc:432] TxnSystemClient initialization is disabled...
I20260608 12:51:37.648881  4517 ts_tablet_manager.cc:585] Loaded tablet metadata (0 total tablets, 0 live tablets)
I20260608 12:51:37.649075  4517 ts_tablet_manager.cc:531] Time spent load tablet metadata: real 0.000s	user 0.000s	sys 0.000s
I20260608 12:51:37.649330  4517 ts_tablet_manager.cc:616] Registered 0 tablets
I20260608 12:51:37.649489  4517 ts_tablet_manager.cc:595] Time spent register tablets: real 0.000s	user 0.000s	sys 0.000s
I20260608 12:51:37.689232  4517 rpc_server.cc:307] RPC server started. Bound to: 127.4.105.66:45381
I20260608 12:51:37.689349  8337 acceptor_pool.cc:272] collecting diagnostics on the listening RPC socket 127.4.105.66:45381 every 8 connection(s)
I20260608 12:51:37.694252  4517 file_cache.cc:492] Constructed file cache file cache with capacity 419430
W20260608 12:51:37.701555  8341 instance_detector.cc:116] could not retrieve AWS instance metadata: Network error: curl error: HTTP response code said error: The requested URL returned error: 404
W20260608 12:51:37.702782  8342 instance_detector.cc:116] could not retrieve Azure instance metadata: Network error: curl error: HTTP response code said error: The requested URL returned error: 404
W20260608 12:51:37.706457  8344 instance_detector.cc:116] could not retrieve OpenStack instance metadata: Network error: curl error: HTTP response code said error: The requested URL returned error: 404
I20260608 12:51:37.706542  4517 server_base.cc:1061] running on GCE node
I20260608 12:51:37.707736  4517 hybrid_clock.cc:584] initializing the hybrid clock with 'system_unsync' time source
I20260608 12:51:37.707808  8338 heartbeater.cc:344] Connected to a master server at 127.4.105.126:40467
W20260608 12:51:37.708047  4517 system_unsync_time.cc:38] NTP support is disabled. Clock error bounds will not be accurate. This configuration is not suitable for distributed clusters.
I20260608 12:51:37.708325  8338 heartbeater.cc:461] Registering TS with master...
I20260608 12:51:37.708331  4517 hybrid_clock.cc:648] HybridClock initialized: now 1780923097708310 us; error 0 us; skew 500 ppm
I20260608 12:51:37.709249  4517 server_base.cc:861] Flag tcmalloc_max_total_thread_cache_bytes is not working since tcmalloc is not enabled.
I20260608 12:51:37.709401  8338 heartbeater.cc:507] Master 127.4.105.126:40467 requested a full tablet report, sending...
I20260608 12:51:37.711700  8136 ts_manager.cc:194] Registered new tserver with Master: 14a4e498946749948cac41fc037f4b31 (127.4.105.66:45381)
I20260608 12:51:37.712007  4517 webserver.cc:533] Webserver started at http://127.4.105.67:37687/ using document root <none> and password file <none>
I20260608 12:51:37.712694  4517 fs_manager.cc:362] Metadata directory not provided
I20260608 12:51:37.712958  4517 fs_manager.cc:368] Using write-ahead log directory (fs_wal_dir) as metadata directory
I20260608 12:51:37.713289  4517 server_base.cc:909] This appears to be a new deployment of Kudu; creating new FS layout
I20260608 12:51:37.713568  8136 master_service.cc:502] Signed X509 certificate for tserver {username='slave'} at 127.0.0.1:56866
I20260608 12:51:37.714913  4517 fs_manager.cc:1068] Generated new instance metadata in path /tmp/dist-test-taskWTlhIU/test-tmp/auto_rebalancer-test.0.AutoRebalancerTest.NoReplicaMovesIfLocationLoadSkewedByOne.1780923006478292-4517-0/minicluster-data/ts-2-root/instance:
uuid: "7d1cf38ec5be4ee3871efb901f0fbe48"
format_stamp: "Formatted at 2026-06-08 12:51:37 on dist-test-slave-7czp"
I20260608 12:51:37.719448  4517 fs_manager.cc:696] Time spent creating directory manager: real 0.004s	user 0.006s	sys 0.000s
I20260608 12:51:37.722846  8349 log_block_manager.cc:4031] Time spent loading block containers with low live blocks: real 0.000s	user 0.000s	sys 0.000s
I20260608 12:51:37.723572  4517 fs_manager.cc:730] Time spent opening block manager: real 0.002s	user 0.001s	sys 0.000s
I20260608 12:51:37.723867  4517 fs_manager.cc:647] Opened local filesystem: /tmp/dist-test-taskWTlhIU/test-tmp/auto_rebalancer-test.0.AutoRebalancerTest.NoReplicaMovesIfLocationLoadSkewedByOne.1780923006478292-4517-0/minicluster-data/ts-2-root
uuid: "7d1cf38ec5be4ee3871efb901f0fbe48"
format_stamp: "Formatted at 2026-06-08 12:51:37 on dist-test-slave-7czp"
I20260608 12:51:37.724123  4517 fs_report.cc:389] FS layout report
--------------------
wal directory: /tmp/dist-test-taskWTlhIU/test-tmp/auto_rebalancer-test.0.AutoRebalancerTest.NoReplicaMovesIfLocationLoadSkewedByOne.1780923006478292-4517-0/minicluster-data/ts-2-root
metadata directory: /tmp/dist-test-taskWTlhIU/test-tmp/auto_rebalancer-test.0.AutoRebalancerTest.NoReplicaMovesIfLocationLoadSkewedByOne.1780923006478292-4517-0/minicluster-data/ts-2-root
1 data directories: /tmp/dist-test-taskWTlhIU/test-tmp/auto_rebalancer-test.0.AutoRebalancerTest.NoReplicaMovesIfLocationLoadSkewedByOne.1780923006478292-4517-0/minicluster-data/ts-2-root/data
Total live blocks: 0
Total live bytes: 0
Total live bytes (after alignment): 0
Total number of LBM containers: 0 (0 full)
Did not check for missing blocks
Did not check for orphaned blocks
Total full LBM containers with extra space: 0 (0 repaired)
Total full LBM container extra space in bytes: 0 (0 repaired)
Total incomplete LBM containers: 0 (0 repaired)
Total LBM partial records: 0 (0 repaired)
Total corrupted LBM metadata records in RocksDB: 0 (0 repaired)
I20260608 12:51:37.740901  4517 rpc_server.cc:225] running with OpenSSL 1.1.1  11 Sep 2018
I20260608 12:51:37.742044  4517 kserver.cc:163] Server-wide thread pool size limit: 3276
I20260608 12:51:37.743417  4517 txn_system_client.cc:432] TxnSystemClient initialization is disabled...
I20260608 12:51:37.745671  4517 ts_tablet_manager.cc:585] Loaded tablet metadata (0 total tablets, 0 live tablets)
I20260608 12:51:37.745869  4517 ts_tablet_manager.cc:531] Time spent load tablet metadata: real 0.000s	user 0.000s	sys 0.000s
I20260608 12:51:37.746140  4517 ts_tablet_manager.cc:616] Registered 0 tablets
I20260608 12:51:37.746304  4517 ts_tablet_manager.cc:595] Time spent register tablets: real 0.000s	user 0.000s	sys 0.000s
I20260608 12:51:37.788972  4517 rpc_server.cc:307] RPC server started. Bound to: 127.4.105.67:36071
I20260608 12:51:37.789114  8411 acceptor_pool.cc:272] collecting diagnostics on the listening RPC socket 127.4.105.67:36071 every 8 connection(s)
I20260608 12:51:37.794219  4517 file_cache.cc:492] Constructed file cache file cache with capacity 419430
W20260608 12:51:37.802040  8415 instance_detector.cc:116] could not retrieve AWS instance metadata: Network error: curl error: HTTP response code said error: The requested URL returned error: 404
W20260608 12:51:37.803211  8416 instance_detector.cc:116] could not retrieve Azure instance metadata: Network error: curl error: HTTP response code said error: The requested URL returned error: 404
I20260608 12:51:37.806180  8412 heartbeater.cc:344] Connected to a master server at 127.4.105.126:40467
I20260608 12:51:37.806567  8412 heartbeater.cc:461] Registering TS with master...
I20260608 12:51:37.807301  8412 heartbeater.cc:507] Master 127.4.105.126:40467 requested a full tablet report, sending...
I20260608 12:51:37.809515  4517 server_base.cc:1061] running on GCE node
I20260608 12:51:37.809631  8136 ts_manager.cc:194] Registered new tserver with Master: 7d1cf38ec5be4ee3871efb901f0fbe48 (127.4.105.67:36071)
W20260608 12:51:37.810503  8418 instance_detector.cc:116] could not retrieve OpenStack instance metadata: Network error: curl error: HTTP response code said error: The requested URL returned error: 404
I20260608 12:51:37.811380  4517 hybrid_clock.cc:584] initializing the hybrid clock with 'system_unsync' time source
I20260608 12:51:37.811396  8136 master_service.cc:502] Signed X509 certificate for tserver {username='slave'} at 127.0.0.1:56874
W20260608 12:51:37.811697  4517 system_unsync_time.cc:38] NTP support is disabled. Clock error bounds will not be accurate. This configuration is not suitable for distributed clusters.
I20260608 12:51:37.811985  4517 hybrid_clock.cc:648] HybridClock initialized: now 1780923097811964 us; error 0 us; skew 500 ppm
I20260608 12:51:37.812844  4517 server_base.cc:861] Flag tcmalloc_max_total_thread_cache_bytes is not working since tcmalloc is not enabled.
I20260608 12:51:37.815349  4517 webserver.cc:533] Webserver started at http://127.4.105.68:36687/ using document root <none> and password file <none>
I20260608 12:51:37.815879  4517 fs_manager.cc:362] Metadata directory not provided
I20260608 12:51:37.816075  4517 fs_manager.cc:368] Using write-ahead log directory (fs_wal_dir) as metadata directory
I20260608 12:51:37.816362  4517 server_base.cc:909] This appears to be a new deployment of Kudu; creating new FS layout
I20260608 12:51:37.817569  4517 fs_manager.cc:1068] Generated new instance metadata in path /tmp/dist-test-taskWTlhIU/test-tmp/auto_rebalancer-test.0.AutoRebalancerTest.NoReplicaMovesIfLocationLoadSkewedByOne.1780923006478292-4517-0/minicluster-data/ts-3-root/instance:
uuid: "3cf1b514ea5d41beadd23394e37a847c"
format_stamp: "Formatted at 2026-06-08 12:51:37 on dist-test-slave-7czp"
I20260608 12:51:37.822054  4517 fs_manager.cc:696] Time spent creating directory manager: real 0.004s	user 0.004s	sys 0.000s
I20260608 12:51:37.825395  8423 log_block_manager.cc:4031] Time spent loading block containers with low live blocks: real 0.000s	user 0.000s	sys 0.000s
I20260608 12:51:37.826335  4517 fs_manager.cc:730] Time spent opening block manager: real 0.002s	user 0.002s	sys 0.001s
I20260608 12:51:37.826650  4517 fs_manager.cc:647] Opened local filesystem: /tmp/dist-test-taskWTlhIU/test-tmp/auto_rebalancer-test.0.AutoRebalancerTest.NoReplicaMovesIfLocationLoadSkewedByOne.1780923006478292-4517-0/minicluster-data/ts-3-root
uuid: "3cf1b514ea5d41beadd23394e37a847c"
format_stamp: "Formatted at 2026-06-08 12:51:37 on dist-test-slave-7czp"
I20260608 12:51:37.826925  4517 fs_report.cc:389] FS layout report
--------------------
wal directory: /tmp/dist-test-taskWTlhIU/test-tmp/auto_rebalancer-test.0.AutoRebalancerTest.NoReplicaMovesIfLocationLoadSkewedByOne.1780923006478292-4517-0/minicluster-data/ts-3-root
metadata directory: /tmp/dist-test-taskWTlhIU/test-tmp/auto_rebalancer-test.0.AutoRebalancerTest.NoReplicaMovesIfLocationLoadSkewedByOne.1780923006478292-4517-0/minicluster-data/ts-3-root
1 data directories: /tmp/dist-test-taskWTlhIU/test-tmp/auto_rebalancer-test.0.AutoRebalancerTest.NoReplicaMovesIfLocationLoadSkewedByOne.1780923006478292-4517-0/minicluster-data/ts-3-root/data
Total live blocks: 0
Total live bytes: 0
Total live bytes (after alignment): 0
Total number of LBM containers: 0 (0 full)
Did not check for missing blocks
Did not check for orphaned blocks
Total full LBM containers with extra space: 0 (0 repaired)
Total full LBM container extra space in bytes: 0 (0 repaired)
Total incomplete LBM containers: 0 (0 repaired)
Total LBM partial records: 0 (0 repaired)
Total corrupted LBM metadata records in RocksDB: 0 (0 repaired)
I20260608 12:51:37.841382  4517 rpc_server.cc:225] running with OpenSSL 1.1.1  11 Sep 2018
I20260608 12:51:37.842533  4517 kserver.cc:163] Server-wide thread pool size limit: 3276
I20260608 12:51:37.843931  4517 txn_system_client.cc:432] TxnSystemClient initialization is disabled...
I20260608 12:51:37.846269  4517 ts_tablet_manager.cc:585] Loaded tablet metadata (0 total tablets, 0 live tablets)
I20260608 12:51:37.846482  4517 ts_tablet_manager.cc:531] Time spent load tablet metadata: real 0.000s	user 0.000s	sys 0.000s
I20260608 12:51:37.846735  4517 ts_tablet_manager.cc:616] Registered 0 tablets
I20260608 12:51:37.846902  4517 ts_tablet_manager.cc:595] Time spent register tablets: real 0.000s	user 0.000s	sys 0.000s
I20260608 12:51:37.886078  4517 rpc_server.cc:307] RPC server started. Bound to: 127.4.105.68:34691
I20260608 12:51:37.886193  8485 acceptor_pool.cc:272] collecting diagnostics on the listening RPC socket 127.4.105.68:34691 every 8 connection(s)
I20260608 12:51:37.900259  8486 heartbeater.cc:344] Connected to a master server at 127.4.105.126:40467
I20260608 12:51:37.900658  8486 heartbeater.cc:461] Registering TS with master...
I20260608 12:51:37.901441  8486 heartbeater.cc:507] Master 127.4.105.126:40467 requested a full tablet report, sending...
I20260608 12:51:37.903458  8136 ts_manager.cc:194] Registered new tserver with Master: 3cf1b514ea5d41beadd23394e37a847c (127.4.105.68:34691)
I20260608 12:51:37.904608  4517 internal_mini_cluster.cc:371] 4 TS(s) registered with all masters after 0.015130916s
I20260608 12:51:37.904968  8136 master_service.cc:502] Signed X509 certificate for tserver {username='slave'} at 127.0.0.1:56888
I20260608 12:51:38.620237  8263 heartbeater.cc:499] Master 127.4.105.126:40467 was elected leader, sending a full tablet report...
I20260608 12:51:38.716161  8338 heartbeater.cc:499] Master 127.4.105.126:40467 was elected leader, sending a full tablet report...
I20260608 12:51:38.814276  8412 heartbeater.cc:499] Master 127.4.105.126:40467 was elected leader, sending a full tablet report...
I20260608 12:51:38.907860  8486 heartbeater.cc:499] Master 127.4.105.126:40467 was elected leader, sending a full tablet report...
I20260608 12:51:38.971451  8136 catalog_manager.cc:2282] Servicing CreateTable request from {username='slave'} at 127.0.0.1:56918:
name: "test-workload"
schema {
  columns {
    name: "key"
    type: INT32
    is_key: true
    is_nullable: false
    encoding: AUTO_ENCODING
    compression: DEFAULT_COMPRESSION
    cfile_block_size: 0
    immutable: false
  }
  columns {
    name: "int_val"
    type: INT32
    is_key: false
    is_nullable: false
    encoding: AUTO_ENCODING
    compression: DEFAULT_COMPRESSION
    cfile_block_size: 0
    immutable: false
  }
  columns {
    name: "string_val"
    type: STRING
    is_key: false
    is_nullable: true
    encoding: AUTO_ENCODING
    compression: DEFAULT_COMPRESSION
    cfile_block_size: 0
    immutable: false
  }
}
num_replicas: 3
split_rows_range_bounds {
}
partition_schema {
  range_schema {
    columns {
      name: "key"
    }
  }
}
I20260608 12:51:39.018714  8451 tablet_service.cc:1511] Processing CreateTablet for tablet 4e5b0483c32240cba0bc7cf48b7b3ecc (DEFAULT_TABLE table=test-workload [id=68369a7f273c464a844bbe1fd9534c1f]), partition=RANGE (key) PARTITION UNBOUNDED
I20260608 12:51:39.020175  8451 data_dirs.cc:400] Could only allocate 1 dirs of requested 3 for tablet 4e5b0483c32240cba0bc7cf48b7b3ecc. 1 dirs total, 0 dirs full, 0 dirs failed
I20260608 12:51:39.022957  8228 tablet_service.cc:1511] Processing CreateTablet for tablet 4e5b0483c32240cba0bc7cf48b7b3ecc (DEFAULT_TABLE table=test-workload [id=68369a7f273c464a844bbe1fd9534c1f]), partition=RANGE (key) PARTITION UNBOUNDED
I20260608 12:51:39.023298  8377 tablet_service.cc:1511] Processing CreateTablet for tablet 4e5b0483c32240cba0bc7cf48b7b3ecc (DEFAULT_TABLE table=test-workload [id=68369a7f273c464a844bbe1fd9534c1f]), partition=RANGE (key) PARTITION UNBOUNDED
I20260608 12:51:39.024006  8228 data_dirs.cc:400] Could only allocate 1 dirs of requested 3 for tablet 4e5b0483c32240cba0bc7cf48b7b3ecc. 1 dirs total, 0 dirs full, 0 dirs failed
I20260608 12:51:39.024602  8377 data_dirs.cc:400] Could only allocate 1 dirs of requested 3 for tablet 4e5b0483c32240cba0bc7cf48b7b3ecc. 1 dirs total, 0 dirs full, 0 dirs failed
I20260608 12:51:39.037812  8507 tablet_bootstrap.cc:492] T 4e5b0483c32240cba0bc7cf48b7b3ecc P 3cf1b514ea5d41beadd23394e37a847c: Bootstrap starting.
I20260608 12:51:39.039316  8508 tablet_bootstrap.cc:492] T 4e5b0483c32240cba0bc7cf48b7b3ecc P d380f4d5df674a6193971f72415547dc: Bootstrap starting.
I20260608 12:51:39.041633  8509 tablet_bootstrap.cc:492] T 4e5b0483c32240cba0bc7cf48b7b3ecc P 7d1cf38ec5be4ee3871efb901f0fbe48: Bootstrap starting.
I20260608 12:51:39.046090  8508 tablet_bootstrap.cc:654] T 4e5b0483c32240cba0bc7cf48b7b3ecc P d380f4d5df674a6193971f72415547dc: Neither blocks nor log segments found. Creating new log.
I20260608 12:51:39.046288  8507 tablet_bootstrap.cc:654] T 4e5b0483c32240cba0bc7cf48b7b3ecc P 3cf1b514ea5d41beadd23394e37a847c: Neither blocks nor log segments found. Creating new log.
I20260608 12:51:39.048892  8509 tablet_bootstrap.cc:654] T 4e5b0483c32240cba0bc7cf48b7b3ecc P 7d1cf38ec5be4ee3871efb901f0fbe48: Neither blocks nor log segments found. Creating new log.
I20260608 12:51:39.051024  8508 tablet_bootstrap.cc:492] T 4e5b0483c32240cba0bc7cf48b7b3ecc P d380f4d5df674a6193971f72415547dc: No bootstrap required, opened a new log
I20260608 12:51:39.051532  8508 ts_tablet_manager.cc:1403] T 4e5b0483c32240cba0bc7cf48b7b3ecc P d380f4d5df674a6193971f72415547dc: Time spent bootstrapping tablet: real 0.012s	user 0.011s	sys 0.000s
I20260608 12:51:39.054255  8507 tablet_bootstrap.cc:492] T 4e5b0483c32240cba0bc7cf48b7b3ecc P 3cf1b514ea5d41beadd23394e37a847c: No bootstrap required, opened a new log
I20260608 12:51:39.054862  8507 ts_tablet_manager.cc:1403] T 4e5b0483c32240cba0bc7cf48b7b3ecc P 3cf1b514ea5d41beadd23394e37a847c: Time spent bootstrapping tablet: real 0.017s	user 0.004s	sys 0.008s
I20260608 12:51:39.054708  8508 raft_consensus.cc:359] T 4e5b0483c32240cba0bc7cf48b7b3ecc P d380f4d5df674a6193971f72415547dc [term 0 FOLLOWER]: Replica starting. Triggering 0 pending ops. Active config: opid_index: -1 OBSOLETE_local: false peers { permanent_uuid: "3cf1b514ea5d41beadd23394e37a847c" member_type: VOTER last_known_addr { host: "127.4.105.68" port: 34691 } } peers { permanent_uuid: "d380f4d5df674a6193971f72415547dc" member_type: VOTER last_known_addr { host: "127.4.105.65" port: 41927 } } peers { permanent_uuid: "7d1cf38ec5be4ee3871efb901f0fbe48" member_type: VOTER last_known_addr { host: "127.4.105.67" port: 36071 } }
I20260608 12:51:39.055641  8508 raft_consensus.cc:385] T 4e5b0483c32240cba0bc7cf48b7b3ecc P d380f4d5df674a6193971f72415547dc [term 0 FOLLOWER]: Consensus starting up: Expiring failure detector timer to make a prompt election more likely
I20260608 12:51:39.055998  8508 raft_consensus.cc:740] T 4e5b0483c32240cba0bc7cf48b7b3ecc P d380f4d5df674a6193971f72415547dc [term 0 FOLLOWER]: Becoming Follower/Learner. State: Replica: d380f4d5df674a6193971f72415547dc, State: Initialized, Role: FOLLOWER
I20260608 12:51:39.056730  8508 consensus_queue.cc:260] T 4e5b0483c32240cba0bc7cf48b7b3ecc P d380f4d5df674a6193971f72415547dc [NON_LEADER]: Queue going to NON_LEADER mode. State: All replicated index: 0, Majority replicated index: 0, Committed index: 0, Last appended: 0.0, Last appended by leader: 0, Current term: 0, Majority size: -1, State: 0, Mode: NON_LEADER, active raft config: opid_index: -1 OBSOLETE_local: false peers { permanent_uuid: "3cf1b514ea5d41beadd23394e37a847c" member_type: VOTER last_known_addr { host: "127.4.105.68" port: 34691 } } peers { permanent_uuid: "d380f4d5df674a6193971f72415547dc" member_type: VOTER last_known_addr { host: "127.4.105.65" port: 41927 } } peers { permanent_uuid: "7d1cf38ec5be4ee3871efb901f0fbe48" member_type: VOTER last_known_addr { host: "127.4.105.67" port: 36071 } }
I20260608 12:51:39.057298  8509 tablet_bootstrap.cc:492] T 4e5b0483c32240cba0bc7cf48b7b3ecc P 7d1cf38ec5be4ee3871efb901f0fbe48: No bootstrap required, opened a new log
I20260608 12:51:39.057792  8509 ts_tablet_manager.cc:1403] T 4e5b0483c32240cba0bc7cf48b7b3ecc P 7d1cf38ec5be4ee3871efb901f0fbe48: Time spent bootstrapping tablet: real 0.017s	user 0.005s	sys 0.010s
I20260608 12:51:39.058037  8507 raft_consensus.cc:359] T 4e5b0483c32240cba0bc7cf48b7b3ecc P 3cf1b514ea5d41beadd23394e37a847c [term 0 FOLLOWER]: Replica starting. Triggering 0 pending ops. Active config: opid_index: -1 OBSOLETE_local: false peers { permanent_uuid: "3cf1b514ea5d41beadd23394e37a847c" member_type: VOTER last_known_addr { host: "127.4.105.68" port: 34691 } } peers { permanent_uuid: "d380f4d5df674a6193971f72415547dc" member_type: VOTER last_known_addr { host: "127.4.105.65" port: 41927 } } peers { permanent_uuid: "7d1cf38ec5be4ee3871efb901f0fbe48" member_type: VOTER last_known_addr { host: "127.4.105.67" port: 36071 } }
