I20260608 12:51:58.232437  9449 raft_consensus.cc:515] T 12ba22de71df4587ac67e37f6c6abf5f P f307866ae491427c8bf5ede0970b1610 [term 1 FOLLOWER]: Starting leader election with config: opid_index: -1 OBSOLETE_local: false peers { permanent_uuid: "9e7df86f70554ea8a87ac33fb032235e" member_type: VOTER last_known_addr { host: "127.4.179.65" port: 40235 } } peers { permanent_uuid: "ee70d3e8b88040bda831faf119c8528c" member_type: VOTER last_known_addr { host: "127.4.179.66" port: 36379 } } peers { permanent_uuid: "f307866ae491427c8bf5ede0970b1610" member_type: VOTER last_known_addr { host: "127.4.179.67" port: 43359 } }
I20260608 12:51:58.236188  9460 raft_consensus.cc:493] T 0232a53713b2467e9a6ad529f169d8ad P f307866ae491427c8bf5ede0970b1610 [term 0 FOLLOWER]: Starting pre-election (no leader contacted us within the election timeout)
I20260608 12:51:58.236752  9460 raft_consensus.cc:515] T 0232a53713b2467e9a6ad529f169d8ad P f307866ae491427c8bf5ede0970b1610 [term 0 FOLLOWER]: Starting pre-election with config: opid_index: -1 OBSOLETE_local: false peers { permanent_uuid: "9e7df86f70554ea8a87ac33fb032235e" member_type: VOTER last_known_addr { host: "127.4.179.65" port: 40235 } } peers { permanent_uuid: "ee70d3e8b88040bda831faf119c8528c" member_type: VOTER last_known_addr { host: "127.4.179.66" port: 36379 } } peers { permanent_uuid: "f307866ae491427c8bf5ede0970b1610" member_type: VOTER last_known_addr { host: "127.4.179.67" port: 43359 } }
I20260608 12:51:58.237872  9443 tablet_bootstrap.cc:492] T 51002beeef38449a9bef83cfcbcac44c P f307866ae491427c8bf5ede0970b1610: No bootstrap required, opened a new log
I20260608 12:51:58.238281  9449 leader_election.cc:290] T 12ba22de71df4587ac67e37f6c6abf5f P f307866ae491427c8bf5ede0970b1610 [CANDIDATE]: Term 1 election: Requested vote from peers 9e7df86f70554ea8a87ac33fb032235e (127.4.179.65:40235), ee70d3e8b88040bda831faf119c8528c (127.4.179.66:36379)
I20260608 12:51:58.233842  9442 tablet_bootstrap.cc:654] T 51002beeef38449a9bef83cfcbcac44c P 9e7df86f70554ea8a87ac33fb032235e: Neither blocks nor log segments found. Creating new log.
I20260608 12:51:58.234820  9441 ts_tablet_manager.cc:1434] T 6b11c66c35234c88879ef3b778e0591b P ee70d3e8b88040bda831faf119c8528c: Time spent starting tablet: real 0.011s	user 0.005s	sys 0.005s
I20260608 12:51:58.239383  9247 tablet_service.cc:1917] Received RequestConsensusVote() RPC: tablet_id: "12ba22de71df4587ac67e37f6c6abf5f" candidate_uuid: "f307866ae491427c8bf5ede0970b1610" candidate_term: 1 candidate_status { last_received { term: 0 index: 0 } } ignore_live_leader: false dest_uuid: "9e7df86f70554ea8a87ac33fb032235e"
I20260608 12:51:58.239604  9443 ts_tablet_manager.cc:1403] T 51002beeef38449a9bef83cfcbcac44c P f307866ae491427c8bf5ede0970b1610: Time spent bootstrapping tablet: real 0.064s	user 0.004s	sys 0.011s
I20260608 12:51:58.239986  9441 tablet_bootstrap.cc:492] T 932515e12c7c4559ae43f8d818fb4706 P ee70d3e8b88040bda831faf119c8528c: Bootstrap starting.
I20260608 12:51:58.239383  9322 tablet_service.cc:1917] Received RequestConsensusVote() RPC: tablet_id: "12ba22de71df4587ac67e37f6c6abf5f" candidate_uuid: "f307866ae491427c8bf5ede0970b1610" candidate_term: 1 candidate_status { last_received { term: 0 index: 0 } } ignore_live_leader: false dest_uuid: "ee70d3e8b88040bda831faf119c8528c"
W20260608 12:51:58.241780  9359 leader_election.cc:343] T 12ba22de71df4587ac67e37f6c6abf5f P f307866ae491427c8bf5ede0970b1610 [CANDIDATE]: Term 1 election: Tablet error from VoteRequest() call to peer ee70d3e8b88040bda831faf119c8528c (127.4.179.66:36379): Illegal state: must be running to vote when last-logged opid is not known
I20260608 12:51:58.242967  9443 raft_consensus.cc:359] T 51002beeef38449a9bef83cfcbcac44c P f307866ae491427c8bf5ede0970b1610 [term 0 FOLLOWER]: Replica starting. Triggering 0 pending ops. Active config: opid_index: -1 OBSOLETE_local: false peers { permanent_uuid: "9e7df86f70554ea8a87ac33fb032235e" member_type: VOTER last_known_addr { host: "127.4.179.65" port: 40235 } } peers { permanent_uuid: "ee70d3e8b88040bda831faf119c8528c" member_type: VOTER last_known_addr { host: "127.4.179.66" port: 36379 } } peers { permanent_uuid: "f307866ae491427c8bf5ede0970b1610" member_type: VOTER last_known_addr { host: "127.4.179.67" port: 43359 } }
I20260608 12:51:58.243752  9246 tablet_service.cc:1917] Received RequestConsensusVote() RPC: tablet_id: "0232a53713b2467e9a6ad529f169d8ad" candidate_uuid: "f307866ae491427c8bf5ede0970b1610" candidate_term: 1 candidate_status { last_received { term: 0 index: 0 } } ignore_live_leader: false dest_uuid: "9e7df86f70554ea8a87ac33fb032235e" is_pre_election: true
W20260608 12:51:58.245404  9361 leader_election.cc:343] T 0232a53713b2467e9a6ad529f169d8ad P f307866ae491427c8bf5ede0970b1610 [CANDIDATE]: Term 1 pre-election: Tablet error from VoteRequest() call to peer 9e7df86f70554ea8a87ac33fb032235e (127.4.179.65:40235): Illegal state: must be running to vote when last-logged opid is not known
I20260608 12:51:58.243731  9443 raft_consensus.cc:385] T 51002beeef38449a9bef83cfcbcac44c P f307866ae491427c8bf5ede0970b1610 [term 0 FOLLOWER]: Consensus starting up: Expiring failure detector timer to make a prompt election more likely
I20260608 12:51:58.240020  9247 raft_consensus.cc:3060] T 12ba22de71df4587ac67e37f6c6abf5f P 9e7df86f70554ea8a87ac33fb032235e [term 0 FOLLOWER]: Advancing to term 1
I20260608 12:51:58.246126  9443 raft_consensus.cc:740] T 51002beeef38449a9bef83cfcbcac44c P f307866ae491427c8bf5ede0970b1610 [term 0 FOLLOWER]: Becoming Follower/Learner. State: Replica: f307866ae491427c8bf5ede0970b1610, State: Initialized, Role: FOLLOWER
I20260608 12:51:58.247045  9442 tablet_bootstrap.cc:492] T 51002beeef38449a9bef83cfcbcac44c P 9e7df86f70554ea8a87ac33fb032235e: No bootstrap required, opened a new log
I20260608 12:51:58.247088  9443 consensus_queue.cc:260] T 51002beeef38449a9bef83cfcbcac44c P f307866ae491427c8bf5ede0970b1610 [NON_LEADER]: Queue going to NON_LEADER mode. State: All replicated index: 0, Majority replicated index: 0, Committed index: 0, Last appended: 0.0, Last appended by leader: 0, Current term: 0, Majority size: -1, State: 0, Mode: NON_LEADER, active raft config: opid_index: -1 OBSOLETE_local: false peers { permanent_uuid: "9e7df86f70554ea8a87ac33fb032235e" member_type: VOTER last_known_addr { host: "127.4.179.65" port: 40235 } } peers { permanent_uuid: "ee70d3e8b88040bda831faf119c8528c" member_type: VOTER last_known_addr { host: "127.4.179.66" port: 36379 } } peers { permanent_uuid: "f307866ae491427c8bf5ede0970b1610" member_type: VOTER last_known_addr { host: "127.4.179.67" port: 43359 } }
I20260608 12:51:58.247773  9442 ts_tablet_manager.cc:1403] T 51002beeef38449a9bef83cfcbcac44c P 9e7df86f70554ea8a87ac33fb032235e: Time spent bootstrapping tablet: real 0.031s	user 0.008s	sys 0.006s
I20260608 12:51:58.250021  9443 ts_tablet_manager.cc:1434] T 51002beeef38449a9bef83cfcbcac44c P f307866ae491427c8bf5ede0970b1610: Time spent starting tablet: real 0.010s	user 0.006s	sys 0.000s
I20260608 12:51:58.251109  9443 tablet_bootstrap.cc:492] T 9e4883e09cb74b0eac2bf56f92ab0250 P f307866ae491427c8bf5ede0970b1610: Bootstrap starting.
I20260608 12:51:58.251614  9442 raft_consensus.cc:359] T 51002beeef38449a9bef83cfcbcac44c P 9e7df86f70554ea8a87ac33fb032235e [term 0 FOLLOWER]: Replica starting. Triggering 0 pending ops. Active config: opid_index: -1 OBSOLETE_local: false peers { permanent_uuid: "9e7df86f70554ea8a87ac33fb032235e" member_type: VOTER last_known_addr { host: "127.4.179.65" port: 40235 } } peers { permanent_uuid: "ee70d3e8b88040bda831faf119c8528c" member_type: VOTER last_known_addr { host: "127.4.179.66" port: 36379 } } peers { permanent_uuid: "f307866ae491427c8bf5ede0970b1610" member_type: VOTER last_known_addr { host: "127.4.179.67" port: 43359 } }
I20260608 12:51:58.252468  9442 raft_consensus.cc:385] T 51002beeef38449a9bef83cfcbcac44c P 9e7df86f70554ea8a87ac33fb032235e [term 0 FOLLOWER]: Consensus starting up: Expiring failure detector timer to make a prompt election more likely
I20260608 12:51:58.252790  9442 raft_consensus.cc:740] T 51002beeef38449a9bef83cfcbcac44c P 9e7df86f70554ea8a87ac33fb032235e [term 0 FOLLOWER]: Becoming Follower/Learner. State: Replica: 9e7df86f70554ea8a87ac33fb032235e, State: Initialized, Role: FOLLOWER
I20260608 12:51:58.253079  9441 tablet_bootstrap.cc:654] T 932515e12c7c4559ae43f8d818fb4706 P ee70d3e8b88040bda831faf119c8528c: Neither blocks nor log segments found. Creating new log.
I20260608 12:51:58.253892  9442 consensus_queue.cc:260] T 51002beeef38449a9bef83cfcbcac44c P 9e7df86f70554ea8a87ac33fb032235e [NON_LEADER]: Queue going to NON_LEADER mode. State: All replicated index: 0, Majority replicated index: 0, Committed index: 0, Last appended: 0.0, Last appended by leader: 0, Current term: 0, Majority size: -1, State: 0, Mode: NON_LEADER, active raft config: opid_index: -1 OBSOLETE_local: false peers { permanent_uuid: "9e7df86f70554ea8a87ac33fb032235e" member_type: VOTER last_known_addr { host: "127.4.179.65" port: 40235 } } peers { permanent_uuid: "ee70d3e8b88040bda831faf119c8528c" member_type: VOTER last_known_addr { host: "127.4.179.66" port: 36379 } } peers { permanent_uuid: "f307866ae491427c8bf5ede0970b1610" member_type: VOTER last_known_addr { host: "127.4.179.67" port: 43359 } }
I20260608 12:51:58.259534  9443 tablet_bootstrap.cc:654] T 9e4883e09cb74b0eac2bf56f92ab0250 P f307866ae491427c8bf5ede0970b1610: Neither blocks nor log segments found. Creating new log.
I20260608 12:51:58.260602  9460 leader_election.cc:290] T 0232a53713b2467e9a6ad529f169d8ad P f307866ae491427c8bf5ede0970b1610 [CANDIDATE]: Term 1 pre-election: Requested pre-vote from peers 9e7df86f70554ea8a87ac33fb032235e (127.4.179.65:40235), ee70d3e8b88040bda831faf119c8528c (127.4.179.66:36379)
I20260608 12:51:58.261729  9442 ts_tablet_manager.cc:1434] T 51002beeef38449a9bef83cfcbcac44c P 9e7df86f70554ea8a87ac33fb032235e: Time spent starting tablet: real 0.013s	user 0.007s	sys 0.000s
I20260608 12:51:58.263013  9442 tablet_bootstrap.cc:492] T 0232a53713b2467e9a6ad529f169d8ad P 9e7df86f70554ea8a87ac33fb032235e: Bootstrap starting.
I20260608 12:51:58.264290  9247 raft_consensus.cc:2468] T 12ba22de71df4587ac67e37f6c6abf5f P 9e7df86f70554ea8a87ac33fb032235e [term 1 FOLLOWER]: Leader election vote request: Granting yes vote for candidate f307866ae491427c8bf5ede0970b1610 in term 1.
I20260608 12:51:58.267558  9460 raft_consensus.cc:493] T 51002beeef38449a9bef83cfcbcac44c P f307866ae491427c8bf5ede0970b1610 [term 0 FOLLOWER]: Starting pre-election (no leader contacted us within the election timeout)
I20260608 12:51:58.272253  9442 tablet_bootstrap.cc:654] T 0232a53713b2467e9a6ad529f169d8ad P 9e7df86f70554ea8a87ac33fb032235e: Neither blocks nor log segments found. Creating new log.
I20260608 12:51:58.272693  9460 raft_consensus.cc:515] T 51002beeef38449a9bef83cfcbcac44c P f307866ae491427c8bf5ede0970b1610 [term 0 FOLLOWER]: Starting pre-election with config: opid_index: -1 OBSOLETE_local: false peers { permanent_uuid: "9e7df86f70554ea8a87ac33fb032235e" member_type: VOTER last_known_addr { host: "127.4.179.65" port: 40235 } } peers { permanent_uuid: "ee70d3e8b88040bda831faf119c8528c" member_type: VOTER last_known_addr { host: "127.4.179.66" port: 36379 } } peers { permanent_uuid: "f307866ae491427c8bf5ede0970b1610" member_type: VOTER last_known_addr { host: "127.4.179.67" port: 43359 } }
I20260608 12:51:58.265146  9447 raft_consensus.cc:493] T 7e3c3a7192fc4a408caf6136c2bb33b2 P 9e7df86f70554ea8a87ac33fb032235e [term 0 FOLLOWER]: Starting pre-election (no leader contacted us within the election timeout)
I20260608 12:51:58.274467  9447 raft_consensus.cc:515] T 7e3c3a7192fc4a408caf6136c2bb33b2 P 9e7df86f70554ea8a87ac33fb032235e [term 0 FOLLOWER]: Starting pre-election with config: opid_index: -1 OBSOLETE_local: false peers { permanent_uuid: "9e7df86f70554ea8a87ac33fb032235e" member_type: VOTER last_known_addr { host: "127.4.179.65" port: 40235 } } peers { permanent_uuid: "ee70d3e8b88040bda831faf119c8528c" member_type: VOTER last_known_addr { host: "127.4.179.66" port: 36379 } } peers { permanent_uuid: "f307866ae491427c8bf5ede0970b1610" member_type: VOTER last_known_addr { host: "127.4.179.67" port: 43359 } }
I20260608 12:51:58.264269  9322 tablet_service.cc:1917] Received RequestConsensusVote() RPC: tablet_id: "0232a53713b2467e9a6ad529f169d8ad" candidate_uuid: "f307866ae491427c8bf5ede0970b1610" candidate_term: 1 candidate_status { last_received { term: 0 index: 0 } } ignore_live_leader: false dest_uuid: "ee70d3e8b88040bda831faf119c8528c" is_pre_election: true
I20260608 12:51:58.283025  9460 leader_election.cc:290] T 51002beeef38449a9bef83cfcbcac44c P f307866ae491427c8bf5ede0970b1610 [CANDIDATE]: Term 1 pre-election: Requested pre-vote from peers 9e7df86f70554ea8a87ac33fb032235e (127.4.179.65:40235), ee70d3e8b88040bda831faf119c8528c (127.4.179.66:36379)
I20260608 12:51:58.278200  9447 leader_election.cc:290] T 7e3c3a7192fc4a408caf6136c2bb33b2 P 9e7df86f70554ea8a87ac33fb032235e [CANDIDATE]: Term 1 pre-election: Requested pre-vote from peers ee70d3e8b88040bda831faf119c8528c (127.4.179.66:36379), f307866ae491427c8bf5ede0970b1610 (127.4.179.67:43359)
I20260608 12:51:58.284220  9361 leader_election.cc:304] T 12ba22de71df4587ac67e37f6c6abf5f P f307866ae491427c8bf5ede0970b1610 [CANDIDATE]: Term 1 election: Election decided. Result: candidate won. Election summary: received 3 responses out of 3 voters: 2 yes votes; 1 no votes. yes voters: 9e7df86f70554ea8a87ac33fb032235e, f307866ae491427c8bf5ede0970b1610; no voters: ee70d3e8b88040bda831faf119c8528c
I20260608 12:51:58.285686  9460 raft_consensus.cc:2804] T 12ba22de71df4587ac67e37f6c6abf5f P f307866ae491427c8bf5ede0970b1610 [term 1 FOLLOWER]: Leader election won for term 1
I20260608 12:51:58.286653  9460 raft_consensus.cc:697] T 12ba22de71df4587ac67e37f6c6abf5f P f307866ae491427c8bf5ede0970b1610 [term 1 LEADER]: Becoming Leader. State: Replica: f307866ae491427c8bf5ede0970b1610, State: Running, Role: LEADER
I20260608 12:51:58.287793  9460 consensus_queue.cc:237] T 12ba22de71df4587ac67e37f6c6abf5f P f307866ae491427c8bf5ede0970b1610 [LEADER]: Queue going to LEADER mode. State: All replicated index: 0, Majority replicated index: 0, Committed index: 0, Last appended: 0.0, Last appended by leader: 0, Current term: 1, Majority size: 2, State: 0, Mode: LEADER, active raft config: opid_index: -1 OBSOLETE_local: false peers { permanent_uuid: "9e7df86f70554ea8a87ac33fb032235e" member_type: VOTER last_known_addr { host: "127.4.179.65" port: 40235 } } peers { permanent_uuid: "ee70d3e8b88040bda831faf119c8528c" member_type: VOTER last_known_addr { host: "127.4.179.66" port: 36379 } } peers { permanent_uuid: "f307866ae491427c8bf5ede0970b1610" member_type: VOTER last_known_addr { host: "127.4.179.67" port: 43359 } }
I20260608 12:51:58.289202  9322 tablet_service.cc:1917] Received RequestConsensusVote() RPC: tablet_id: "51002beeef38449a9bef83cfcbcac44c" candidate_uuid: "f307866ae491427c8bf5ede0970b1610" candidate_term: 1 candidate_status { last_received { term: 0 index: 0 } } ignore_live_leader: false dest_uuid: "ee70d3e8b88040bda831faf119c8528c" is_pre_election: true
I20260608 12:51:58.292779  9441 tablet_bootstrap.cc:492] T 932515e12c7c4559ae43f8d818fb4706 P ee70d3e8b88040bda831faf119c8528c: No bootstrap required, opened a new log
I20260608 12:51:58.293525  9441 ts_tablet_manager.cc:1403] T 932515e12c7c4559ae43f8d818fb4706 P ee70d3e8b88040bda831faf119c8528c: Time spent bootstrapping tablet: real 0.054s	user 0.003s	sys 0.012s
W20260608 12:51:58.287899  9359 leader_election.cc:343] T 0232a53713b2467e9a6ad529f169d8ad P f307866ae491427c8bf5ede0970b1610 [CANDIDATE]: Term 1 pre-election: Tablet error from VoteRequest() call to peer ee70d3e8b88040bda831faf119c8528c (127.4.179.66:36379): Illegal state: must be running to vote when last-logged opid is not known
I20260608 12:51:58.298903  9247 tablet_service.cc:1917] Received RequestConsensusVote() RPC: tablet_id: "51002beeef38449a9bef83cfcbcac44c" candidate_uuid: "f307866ae491427c8bf5ede0970b1610" candidate_term: 1 candidate_status { last_received { term: 0 index: 0 } } ignore_live_leader: false dest_uuid: "9e7df86f70554ea8a87ac33fb032235e" is_pre_election: true
I20260608 12:51:58.299216  9359 leader_election.cc:304] T 0232a53713b2467e9a6ad529f169d8ad P f307866ae491427c8bf5ede0970b1610 [CANDIDATE]: Term 1 pre-election: Election decided. Result: candidate lost. Election summary: received 3 responses out of 3 voters: 1 yes votes; 2 no votes. yes voters: f307866ae491427c8bf5ede0970b1610; no voters: 9e7df86f70554ea8a87ac33fb032235e, ee70d3e8b88040bda831faf119c8528c
I20260608 12:51:58.299647  9247 raft_consensus.cc:2468] T 51002beeef38449a9bef83cfcbcac44c P 9e7df86f70554ea8a87ac33fb032235e [term 0 FOLLOWER]: Leader pre-election vote request: Granting yes vote for candidate f307866ae491427c8bf5ede0970b1610 in term 0.
I20260608 12:51:58.300431  9449 raft_consensus.cc:2749] T 0232a53713b2467e9a6ad529f169d8ad P f307866ae491427c8bf5ede0970b1610 [term 0 FOLLOWER]: Leader pre-election lost for term 1. Reason: could not achieve majority
I20260608 12:51:58.300858  9361 leader_election.cc:304] T 51002beeef38449a9bef83cfcbcac44c P f307866ae491427c8bf5ede0970b1610 [CANDIDATE]: Term 1 pre-election: Election decided. Result: candidate won. Election summary: received 2 responses out of 3 voters: 2 yes votes; 0 no votes. yes voters: 9e7df86f70554ea8a87ac33fb032235e, f307866ae491427c8bf5ede0970b1610; no voters: 
W20260608 12:51:58.301963  9359 leader_election.cc:343] T 51002beeef38449a9bef83cfcbcac44c P f307866ae491427c8bf5ede0970b1610 [CANDIDATE]: Term 1 pre-election: Tablet error from VoteRequest() call to peer ee70d3e8b88040bda831faf119c8528c (127.4.179.66:36379): Illegal state: must be running to vote when last-logged opid is not known
I20260608 12:51:58.302054  9449 raft_consensus.cc:2804] T 51002beeef38449a9bef83cfcbcac44c P f307866ae491427c8bf5ede0970b1610 [term 0 FOLLOWER]: Leader pre-election won for term 1
I20260608 12:51:58.302670  9449 raft_consensus.cc:493] T 51002beeef38449a9bef83cfcbcac44c P f307866ae491427c8bf5ede0970b1610 [term 0 FOLLOWER]: Starting leader election (no leader contacted us within the election timeout)
I20260608 12:51:58.303166  9449 raft_consensus.cc:3060] T 51002beeef38449a9bef83cfcbcac44c P f307866ae491427c8bf5ede0970b1610 [term 0 FOLLOWER]: Advancing to term 1
I20260608 12:51:58.306370  9443 tablet_bootstrap.cc:492] T 9e4883e09cb74b0eac2bf56f92ab0250 P f307866ae491427c8bf5ede0970b1610: No bootstrap required, opened a new log
I20260608 12:51:58.307644  9443 ts_tablet_manager.cc:1403] T 9e4883e09cb74b0eac2bf56f92ab0250 P f307866ae491427c8bf5ede0970b1610: Time spent bootstrapping tablet: real 0.057s	user 0.010s	sys 0.024s
I20260608 12:51:58.310961  9443 raft_consensus.cc:359] T 9e4883e09cb74b0eac2bf56f92ab0250 P f307866ae491427c8bf5ede0970b1610 [term 0 FOLLOWER]: Replica starting. Triggering 0 pending ops. Active config: opid_index: -1 OBSOLETE_local: false peers { permanent_uuid: "9e7df86f70554ea8a87ac33fb032235e" member_type: VOTER last_known_addr { host: "127.4.179.65" port: 40235 } } peers { permanent_uuid: "ee70d3e8b88040bda831faf119c8528c" member_type: VOTER last_known_addr { host: "127.4.179.66" port: 36379 } } peers { permanent_uuid: "f307866ae491427c8bf5ede0970b1610" member_type: VOTER last_known_addr { host: "127.4.179.67" port: 43359 } }
I20260608 12:51:58.311863  9443 raft_consensus.cc:385] T 9e4883e09cb74b0eac2bf56f92ab0250 P f307866ae491427c8bf5ede0970b1610 [term 0 FOLLOWER]: Consensus starting up: Expiring failure detector timer to make a prompt election more likely
I20260608 12:51:58.312283  9443 raft_consensus.cc:740] T 9e4883e09cb74b0eac2bf56f92ab0250 P f307866ae491427c8bf5ede0970b1610 [term 0 FOLLOWER]: Becoming Follower/Learner. State: Replica: f307866ae491427c8bf5ede0970b1610, State: Initialized, Role: FOLLOWER
I20260608 12:51:58.313167  9443 consensus_queue.cc:260] T 9e4883e09cb74b0eac2bf56f92ab0250 P f307866ae491427c8bf5ede0970b1610 [NON_LEADER]: Queue going to NON_LEADER mode. State: All replicated index: 0, Majority replicated index: 0, Committed index: 0, Last appended: 0.0, Last appended by leader: 0, Current term: 0, Majority size: -1, State: 0, Mode: NON_LEADER, active raft config: opid_index: -1 OBSOLETE_local: false peers { permanent_uuid: "9e7df86f70554ea8a87ac33fb032235e" member_type: VOTER last_known_addr { host: "127.4.179.65" port: 40235 } } peers { permanent_uuid: "ee70d3e8b88040bda831faf119c8528c" member_type: VOTER last_known_addr { host: "127.4.179.66" port: 36379 } } peers { permanent_uuid: "f307866ae491427c8bf5ede0970b1610" member_type: VOTER last_known_addr { host: "127.4.179.67" port: 43359 } }
I20260608 12:51:58.300840  9441 raft_consensus.cc:359] T 932515e12c7c4559ae43f8d818fb4706 P ee70d3e8b88040bda831faf119c8528c [term 0 FOLLOWER]: Replica starting. Triggering 0 pending ops. Active config: opid_index: -1 OBSOLETE_local: false peers { permanent_uuid: "9e7df86f70554ea8a87ac33fb032235e" member_type: VOTER last_known_addr { host: "127.4.179.65" port: 40235 } } peers { permanent_uuid: "ee70d3e8b88040bda831faf119c8528c" member_type: VOTER last_known_addr { host: "127.4.179.66" port: 36379 } } peers { permanent_uuid: "f307866ae491427c8bf5ede0970b1610" member_type: VOTER last_known_addr { host: "127.4.179.67" port: 43359 } }
I20260608 12:51:58.316226  9441 raft_consensus.cc:385] T 932515e12c7c4559ae43f8d818fb4706 P ee70d3e8b88040bda831faf119c8528c [term 0 FOLLOWER]: Consensus starting up: Expiring failure detector timer to make a prompt election more likely
I20260608 12:51:58.316607  9441 raft_consensus.cc:740] T 932515e12c7c4559ae43f8d818fb4706 P ee70d3e8b88040bda831faf119c8528c [term 0 FOLLOWER]: Becoming Follower/Learner. State: Replica: ee70d3e8b88040bda831faf119c8528c, State: Initialized, Role: FOLLOWER
I20260608 12:51:58.319561  9449 raft_consensus.cc:515] T 51002beeef38449a9bef83cfcbcac44c P f307866ae491427c8bf5ede0970b1610 [term 1 FOLLOWER]: Starting leader election with config: opid_index: -1 OBSOLETE_local: false peers { permanent_uuid: "9e7df86f70554ea8a87ac33fb032235e" member_type: VOTER last_known_addr { host: "127.4.179.65" port: 40235 } } peers { permanent_uuid: "ee70d3e8b88040bda831faf119c8528c" member_type: VOTER last_known_addr { host: "127.4.179.66" port: 36379 } } peers { permanent_uuid: "f307866ae491427c8bf5ede0970b1610" member_type: VOTER last_known_addr { host: "127.4.179.67" port: 43359 } }
I20260608 12:51:58.320181  9442 tablet_bootstrap.cc:492] T 0232a53713b2467e9a6ad529f169d8ad P 9e7df86f70554ea8a87ac33fb032235e: No bootstrap required, opened a new log
I20260608 12:51:58.320696  9442 ts_tablet_manager.cc:1403] T 0232a53713b2467e9a6ad529f169d8ad P 9e7df86f70554ea8a87ac33fb032235e: Time spent bootstrapping tablet: real 0.058s	user 0.017s	sys 0.037s
I20260608 12:51:58.322353  9441 consensus_queue.cc:260] T 932515e12c7c4559ae43f8d818fb4706 P ee70d3e8b88040bda831faf119c8528c [NON_LEADER]: Queue going to NON_LEADER mode. State: All replicated index: 0, Majority replicated index: 0, Committed index: 0, Last appended: 0.0, Last appended by leader: 0, Current term: 0, Majority size: -1, State: 0, Mode: NON_LEADER, active raft config: opid_index: -1 OBSOLETE_local: false peers { permanent_uuid: "9e7df86f70554ea8a87ac33fb032235e" member_type: VOTER last_known_addr { host: "127.4.179.65" port: 40235 } } peers { permanent_uuid: "ee70d3e8b88040bda831faf119c8528c" member_type: VOTER last_known_addr { host: "127.4.179.66" port: 36379 } } peers { permanent_uuid: "f307866ae491427c8bf5ede0970b1610" member_type: VOTER last_known_addr { host: "127.4.179.67" port: 43359 } }
I20260608 12:51:58.324025  9396 tablet_service.cc:1917] Received RequestConsensusVote() RPC: tablet_id: "7e3c3a7192fc4a408caf6136c2bb33b2" candidate_uuid: "9e7df86f70554ea8a87ac33fb032235e" candidate_term: 1 candidate_status { last_received { term: 0 index: 0 } } ignore_live_leader: false dest_uuid: "f307866ae491427c8bf5ede0970b1610" is_pre_election: true
I20260608 12:51:58.324255  9442 raft_consensus.cc:359] T 0232a53713b2467e9a6ad529f169d8ad P 9e7df86f70554ea8a87ac33fb032235e [term 0 FOLLOWER]: Replica starting. Triggering 0 pending ops. Active config: opid_index: -1 OBSOLETE_local: false peers { permanent_uuid: "9e7df86f70554ea8a87ac33fb032235e" member_type: VOTER last_known_addr { host: "127.4.179.65" port: 40235 } } peers { permanent_uuid: "ee70d3e8b88040bda831faf119c8528c" member_type: VOTER last_known_addr { host: "127.4.179.66" port: 36379 } } peers { permanent_uuid: "f307866ae491427c8bf5ede0970b1610" member_type: VOTER last_known_addr { host: "127.4.179.67" port: 43359 } }
I20260608 12:51:58.325018  9442 raft_consensus.cc:385] T 0232a53713b2467e9a6ad529f169d8ad P 9e7df86f70554ea8a87ac33fb032235e [term 0 FOLLOWER]: Consensus starting up: Expiring failure detector timer to make a prompt election more likely
I20260608 12:51:58.324967  9396 raft_consensus.cc:2468] T 7e3c3a7192fc4a408caf6136c2bb33b2 P f307866ae491427c8bf5ede0970b1610 [term 0 FOLLOWER]: Leader pre-election vote request: Granting yes vote for candidate 9e7df86f70554ea8a87ac33fb032235e in term 0.
I20260608 12:51:58.327368  9212 leader_election.cc:304] T 7e3c3a7192fc4a408caf6136c2bb33b2 P 9e7df86f70554ea8a87ac33fb032235e [CANDIDATE]: Term 1 pre-election: Election decided. Result: candidate won. Election summary: received 2 responses out of 3 voters: 2 yes votes; 0 no votes. yes voters: 9e7df86f70554ea8a87ac33fb032235e, f307866ae491427c8bf5ede0970b1610; no voters: 
I20260608 12:51:58.325600  9442 raft_consensus.cc:740] T 0232a53713b2467e9a6ad529f169d8ad P 9e7df86f70554ea8a87ac33fb032235e [term 0 FOLLOWER]: Becoming Follower/Learner. State: Replica: 9e7df86f70554ea8a87ac33fb032235e, State: Initialized, Role: FOLLOWER
I20260608 12:51:58.328454  9447 raft_consensus.cc:2804] T 7e3c3a7192fc4a408caf6136c2bb33b2 P 9e7df86f70554ea8a87ac33fb032235e [term 0 FOLLOWER]: Leader pre-election won for term 1
I20260608 12:51:58.328913  9447 raft_consensus.cc:493] T 7e3c3a7192fc4a408caf6136c2bb33b2 P 9e7df86f70554ea8a87ac33fb032235e [term 0 FOLLOWER]: Starting leader election (no leader contacted us within the election timeout)
I20260608 12:51:58.329305  9447 raft_consensus.cc:3060] T 7e3c3a7192fc4a408caf6136c2bb33b2 P 9e7df86f70554ea8a87ac33fb032235e [term 0 FOLLOWER]: Advancing to term 1
I20260608 12:51:58.329674  9443 ts_tablet_manager.cc:1434] T 9e4883e09cb74b0eac2bf56f92ab0250 P f307866ae491427c8bf5ede0970b1610: Time spent starting tablet: real 0.022s	user 0.017s	sys 0.003s
I20260608 12:51:58.329370  9442 consensus_queue.cc:260] T 0232a53713b2467e9a6ad529f169d8ad P 9e7df86f70554ea8a87ac33fb032235e [NON_LEADER]: Queue going to NON_LEADER mode. State: All replicated index: 0, Majority replicated index: 0, Committed index: 0, Last appended: 0.0, Last appended by leader: 0, Current term: 0, Majority size: -1, State: 0, Mode: NON_LEADER, active raft config: opid_index: -1 OBSOLETE_local: false peers { permanent_uuid: "9e7df86f70554ea8a87ac33fb032235e" member_type: VOTER last_known_addr { host: "127.4.179.65" port: 40235 } } peers { permanent_uuid: "ee70d3e8b88040bda831faf119c8528c" member_type: VOTER last_known_addr { host: "127.4.179.66" port: 36379 } } peers { permanent_uuid: "f307866ae491427c8bf5ede0970b1610" member_type: VOTER last_known_addr { host: "127.4.179.67" port: 43359 } }
I20260608 12:51:58.330912  9443 tablet_bootstrap.cc:492] T 1bafc1e8e0b14815957a80fa8f7e9f4f P f307866ae491427c8bf5ede0970b1610: Bootstrap starting.
I20260608 12:51:58.333250  9441 ts_tablet_manager.cc:1434] T 932515e12c7c4559ae43f8d818fb4706 P ee70d3e8b88040bda831faf119c8528c: Time spent starting tablet: real 0.039s	user 0.004s	sys 0.006s
I20260608 12:51:58.336938  9247 tablet_service.cc:1917] Received RequestConsensusVote() RPC: tablet_id: "51002beeef38449a9bef83cfcbcac44c" candidate_uuid: "f307866ae491427c8bf5ede0970b1610" candidate_term: 1 candidate_status { last_received { term: 0 index: 0 } } ignore_live_leader: false dest_uuid: "9e7df86f70554ea8a87ac33fb032235e"
I20260608 12:51:58.337627  9247 raft_consensus.cc:3060] T 51002beeef38449a9bef83cfcbcac44c P 9e7df86f70554ea8a87ac33fb032235e [term 0 FOLLOWER]: Advancing to term 1
I20260608 12:51:58.338661  9443 tablet_bootstrap.cc:654] T 1bafc1e8e0b14815957a80fa8f7e9f4f P f307866ae491427c8bf5ede0970b1610: Neither blocks nor log segments found. Creating new log.
I20260608 12:51:58.339004  9442 ts_tablet_manager.cc:1434] T 0232a53713b2467e9a6ad529f169d8ad P 9e7df86f70554ea8a87ac33fb032235e: Time spent starting tablet: real 0.018s	user 0.005s	sys 0.008s
I20260608 12:51:58.342321  9144 catalog_manager.cc:5696] T 12ba22de71df4587ac67e37f6c6abf5f P f307866ae491427c8bf5ede0970b1610 reported cstate change: term changed from 0 to 1, leader changed from <none> to f307866ae491427c8bf5ede0970b1610 (127.4.179.67). New cstate: current_term: 1 leader_uuid: "f307866ae491427c8bf5ede0970b1610" committed_config { opid_index: -1 OBSOLETE_local: false peers { permanent_uuid: "9e7df86f70554ea8a87ac33fb032235e" member_type: VOTER last_known_addr { host: "127.4.179.65" port: 40235 } health_report { overall_health: UNKNOWN } } peers { permanent_uuid: "ee70d3e8b88040bda831faf119c8528c" member_type: VOTER last_known_addr { host: "127.4.179.66" port: 36379 } health_report { overall_health: UNKNOWN } } peers { permanent_uuid: "f307866ae491427c8bf5ede0970b1610" member_type: VOTER last_known_addr { host: "127.4.179.67" port: 43359 } health_report { overall_health: HEALTHY } } }
I20260608 12:51:58.344640  9442 tablet_bootstrap.cc:492] T d949dbf7aea94cd9bf7b0c79d51a2f6b P 9e7df86f70554ea8a87ac33fb032235e: Bootstrap starting.
I20260608 12:51:58.346437  9247 raft_consensus.cc:2468] T 51002beeef38449a9bef83cfcbcac44c P 9e7df86f70554ea8a87ac33fb032235e [term 1 FOLLOWER]: Leader election vote request: Granting yes vote for candidate f307866ae491427c8bf5ede0970b1610 in term 1.
I20260608 12:51:58.348138  9361 leader_election.cc:304] T 51002beeef38449a9bef83cfcbcac44c P f307866ae491427c8bf5ede0970b1610 [CANDIDATE]: Term 1 election: Election decided. Result: candidate won. Election summary: received 2 responses out of 3 voters: 2 yes votes; 0 no votes. yes voters: 9e7df86f70554ea8a87ac33fb032235e, f307866ae491427c8bf5ede0970b1610; no voters: 
I20260608 12:51:58.349840  9449 leader_election.cc:290] T 51002beeef38449a9bef83cfcbcac44c P f307866ae491427c8bf5ede0970b1610 [CANDIDATE]: Term 1 election: Requested vote from peers 9e7df86f70554ea8a87ac33fb032235e (127.4.179.65:40235), ee70d3e8b88040bda831faf119c8528c (127.4.179.66:36379)
I20260608 12:51:58.350414  9449 raft_consensus.cc:2804] T 51002beeef38449a9bef83cfcbcac44c P f307866ae491427c8bf5ede0970b1610 [term 1 FOLLOWER]: Leader election won for term 1
I20260608 12:51:58.350904  9449 raft_consensus.cc:697] T 51002beeef38449a9bef83cfcbcac44c P f307866ae491427c8bf5ede0970b1610 [term 1 LEADER]: Becoming Leader. State: Replica: f307866ae491427c8bf5ede0970b1610, State: Running, Role: LEADER
I20260608 12:51:58.351337  9322 tablet_service.cc:1917] Received RequestConsensusVote() RPC: tablet_id: "51002beeef38449a9bef83cfcbcac44c" candidate_uuid: "f307866ae491427c8bf5ede0970b1610" candidate_term: 1 candidate_status { last_received { term: 0 index: 0 } } ignore_live_leader: false dest_uuid: "ee70d3e8b88040bda831faf119c8528c"
I20260608 12:51:58.351769  9449 consensus_queue.cc:237] T 51002beeef38449a9bef83cfcbcac44c P f307866ae491427c8bf5ede0970b1610 [LEADER]: Queue going to LEADER mode. State: All replicated index: 0, Majority replicated index: 0, Committed index: 0, Last appended: 0.0, Last appended by leader: 0, Current term: 1, Majority size: 2, State: 0, Mode: LEADER, active raft config: opid_index: -1 OBSOLETE_local: false peers { permanent_uuid: "9e7df86f70554ea8a87ac33fb032235e" member_type: VOTER last_known_addr { host: "127.4.179.65" port: 40235 } } peers { permanent_uuid: "ee70d3e8b88040bda831faf119c8528c" member_type: VOTER last_known_addr { host: "127.4.179.66" port: 36379 } } peers { permanent_uuid: "f307866ae491427c8bf5ede0970b1610" member_type: VOTER last_known_addr { host: "127.4.179.67" port: 43359 } }
W20260608 12:51:58.353384  9359 leader_election.cc:343] T 51002beeef38449a9bef83cfcbcac44c P f307866ae491427c8bf5ede0970b1610 [CANDIDATE]: Term 1 election: Tablet error from VoteRequest() call to peer ee70d3e8b88040bda831faf119c8528c (127.4.179.66:36379): Illegal state: must be running to vote when last-logged opid is not known
I20260608 12:51:58.354914  9447 raft_consensus.cc:515] T 7e3c3a7192fc4a408caf6136c2bb33b2 P 9e7df86f70554ea8a87ac33fb032235e [term 1 FOLLOWER]: Starting leader election with config: opid_index: -1 OBSOLETE_local: false peers { permanent_uuid: "9e7df86f70554ea8a87ac33fb032235e" member_type: VOTER last_known_addr { host: "127.4.179.65" port: 40235 } } peers { permanent_uuid: "ee70d3e8b88040bda831faf119c8528c" member_type: VOTER last_known_addr { host: "127.4.179.66" port: 36379 } } peers { permanent_uuid: "f307866ae491427c8bf5ede0970b1610" member_type: VOTER last_known_addr { host: "127.4.179.67" port: 43359 } }
I20260608 12:51:58.357825  9441 tablet_bootstrap.cc:492] T 0232a53713b2467e9a6ad529f169d8ad P ee70d3e8b88040bda831faf119c8528c: Bootstrap starting.
I20260608 12:51:58.358129  9442 tablet_bootstrap.cc:654] T d949dbf7aea94cd9bf7b0c79d51a2f6b P 9e7df86f70554ea8a87ac33fb032235e: Neither blocks nor log segments found. Creating new log.
I20260608 12:51:58.363061  9396 tablet_service.cc:1917] Received RequestConsensusVote() RPC: tablet_id: "7e3c3a7192fc4a408caf6136c2bb33b2" candidate_uuid: "9e7df86f70554ea8a87ac33fb032235e" candidate_term: 1 candidate_status { last_received { term: 0 index: 0 } } ignore_live_leader: false dest_uuid: "f307866ae491427c8bf5ede0970b1610"
I20260608 12:51:58.363889  9396 raft_consensus.cc:3060] T 7e3c3a7192fc4a408caf6136c2bb33b2 P f307866ae491427c8bf5ede0970b1610 [term 0 FOLLOWER]: Advancing to term 1
I20260608 12:51:58.368984  9447 leader_election.cc:290] T 7e3c3a7192fc4a408caf6136c2bb33b2 P 9e7df86f70554ea8a87ac33fb032235e [CANDIDATE]: Term 1 election: Requested vote from peers ee70d3e8b88040bda831faf119c8528c (127.4.179.66:36379), f307866ae491427c8bf5ede0970b1610 (127.4.179.67:43359)
I20260608 12:51:58.370617  9442 tablet_bootstrap.cc:492] T d949dbf7aea94cd9bf7b0c79d51a2f6b P 9e7df86f70554ea8a87ac33fb032235e: No bootstrap required, opened a new log
I20260608 12:51:58.370728  9441 tablet_bootstrap.cc:654] T 0232a53713b2467e9a6ad529f169d8ad P ee70d3e8b88040bda831faf119c8528c: Neither blocks nor log segments found. Creating new log.
I20260608 12:51:58.371239  9442 ts_tablet_manager.cc:1403] T d949dbf7aea94cd9bf7b0c79d51a2f6b P 9e7df86f70554ea8a87ac33fb032235e: Time spent bootstrapping tablet: real 0.027s	user 0.007s	sys 0.010s
I20260608 12:51:58.374176  9322 tablet_service.cc:1917] Received RequestConsensusVote() RPC: tablet_id: "7e3c3a7192fc4a408caf6136c2bb33b2" candidate_uuid: "9e7df86f70554ea8a87ac33fb032235e" candidate_term: 1 candidate_status { last_received { term: 0 index: 0 } } ignore_live_leader: false dest_uuid: "ee70d3e8b88040bda831faf119c8528c" is_pre_election: true
I20260608 12:51:58.374924  9322 raft_consensus.cc:2468] T 7e3c3a7192fc4a408caf6136c2bb33b2 P ee70d3e8b88040bda831faf119c8528c [term 0 FOLLOWER]: Leader pre-election vote request: Granting yes vote for candidate 9e7df86f70554ea8a87ac33fb032235e in term 0.
I20260608 12:51:58.374805  9442 raft_consensus.cc:359] T d949dbf7aea94cd9bf7b0c79d51a2f6b P 9e7df86f70554ea8a87ac33fb032235e [term 0 FOLLOWER]: Replica starting. Triggering 0 pending ops. Active config: opid_index: -1 OBSOLETE_local: false peers { permanent_uuid: "9e7df86f70554ea8a87ac33fb032235e" member_type: VOTER last_known_addr { host: "127.4.179.65" port: 40235 } } peers { permanent_uuid: "ee70d3e8b88040bda831faf119c8528c" member_type: VOTER last_known_addr { host: "127.4.179.66" port: 36379 } } peers { permanent_uuid: "f307866ae491427c8bf5ede0970b1610" member_type: VOTER last_known_addr { host: "127.4.179.67" port: 43359 } }
I20260608 12:51:58.375663  9442 raft_consensus.cc:385] T d949dbf7aea94cd9bf7b0c79d51a2f6b P 9e7df86f70554ea8a87ac33fb032235e [term 0 FOLLOWER]: Consensus starting up: Expiring failure detector timer to make a prompt election more likely
I20260608 12:51:58.375989  9442 raft_consensus.cc:740] T d949dbf7aea94cd9bf7b0c79d51a2f6b P 9e7df86f70554ea8a87ac33fb032235e [term 0 FOLLOWER]: Becoming Follower/Learner. State: Replica: 9e7df86f70554ea8a87ac33fb032235e, State: Initialized, Role: FOLLOWER
I20260608 12:51:58.377113  9443 tablet_bootstrap.cc:492] T 1bafc1e8e0b14815957a80fa8f7e9f4f P f307866ae491427c8bf5ede0970b1610: No bootstrap required, opened a new log
I20260608 12:51:58.376950  9442 consensus_queue.cc:260] T d949dbf7aea94cd9bf7b0c79d51a2f6b P 9e7df86f70554ea8a87ac33fb032235e [NON_LEADER]: Queue going to NON_LEADER mode. State: All replicated index: 0, Majority replicated index: 0, Committed index: 0, Last appended: 0.0, Last appended by leader: 0, Current term: 0, Majority size: -1, State: 0, Mode: NON_LEADER, active raft config: opid_index: -1 OBSOLETE_local: false peers { permanent_uuid: "9e7df86f70554ea8a87ac33fb032235e" member_type: VOTER last_known_addr { host: "127.4.179.65" port: 40235 } } peers { permanent_uuid: "ee70d3e8b88040bda831faf119c8528c" member_type: VOTER last_known_addr { host: "127.4.179.66" port: 36379 } } peers { permanent_uuid: "f307866ae491427c8bf5ede0970b1610" member_type: VOTER last_known_addr { host: "127.4.179.67" port: 43359 } }
I20260608 12:51:58.377767  9443 ts_tablet_manager.cc:1403] T 1bafc1e8e0b14815957a80fa8f7e9f4f P f307866ae491427c8bf5ede0970b1610: Time spent bootstrapping tablet: real 0.047s	user 0.005s	sys 0.023s
I20260608 12:51:58.378286  9321 tablet_service.cc:1917] Received RequestConsensusVote() RPC: tablet_id: "7e3c3a7192fc4a408caf6136c2bb33b2" candidate_uuid: "9e7df86f70554ea8a87ac33fb032235e" candidate_term: 1 candidate_status { last_received { term: 0 index: 0 } } ignore_live_leader: false dest_uuid: "ee70d3e8b88040bda831faf119c8528c"
I20260608 12:51:58.378912  9321 raft_consensus.cc:3060] T 7e3c3a7192fc4a408caf6136c2bb33b2 P ee70d3e8b88040bda831faf119c8528c [term 0 FOLLOWER]: Advancing to term 1
I20260608 12:51:58.381268  9443 raft_consensus.cc:359] T 1bafc1e8e0b14815957a80fa8f7e9f4f P f307866ae491427c8bf5ede0970b1610 [term 0 FOLLOWER]: Replica starting. Triggering 0 pending ops. Active config: opid_index: -1 OBSOLETE_local: false peers { permanent_uuid: "9e7df86f70554ea8a87ac33fb032235e" member_type: VOTER last_known_addr { host: "127.4.179.65" port: 40235 } } peers { permanent_uuid: "ee70d3e8b88040bda831faf119c8528c" member_type: VOTER last_known_addr { host: "127.4.179.66" port: 36379 } } peers { permanent_uuid: "f307866ae491427c8bf5ede0970b1610" member_type: VOTER last_known_addr { host: "127.4.179.67" port: 43359 } }
I20260608 12:51:58.381811  9396 raft_consensus.cc:2468] T 7e3c3a7192fc4a408caf6136c2bb33b2 P f307866ae491427c8bf5ede0970b1610 [term 1 FOLLOWER]: Leader election vote request: Granting yes vote for candidate 9e7df86f70554ea8a87ac33fb032235e in term 1.
I20260608 12:51:58.382279  9443 raft_consensus.cc:385] T 1bafc1e8e0b14815957a80fa8f7e9f4f P f307866ae491427c8bf5ede0970b1610 [term 0 FOLLOWER]: Consensus starting up: Expiring failure detector timer to make a prompt election more likely
I20260608 12:51:58.382686  9443 raft_consensus.cc:740] T 1bafc1e8e0b14815957a80fa8f7e9f4f P f307866ae491427c8bf5ede0970b1610 [term 0 FOLLOWER]: Becoming Follower/Learner. State: Replica: f307866ae491427c8bf5ede0970b1610, State: Initialized, Role: FOLLOWER
I20260608 12:51:58.383169  9212 leader_election.cc:304] T 7e3c3a7192fc4a408caf6136c2bb33b2 P 9e7df86f70554ea8a87ac33fb032235e [CANDIDATE]: Term 1 election: Election decided. Result: candidate won. Election summary: received 2 responses out of 3 voters: 2 yes votes; 0 no votes. yes voters: 9e7df86f70554ea8a87ac33fb032235e, f307866ae491427c8bf5ede0970b1610; no voters: 
I20260608 12:51:58.383562  9443 consensus_queue.cc:260] T 1bafc1e8e0b14815957a80fa8f7e9f4f P f307866ae491427c8bf5ede0970b1610 [NON_LEADER]: Queue going to NON_LEADER mode. State: All replicated index: 0, Majority replicated index: 0, Committed index: 0, Last appended: 0.0, Last appended by leader: 0, Current term: 0, Majority size: -1, State: 0, Mode: NON_LEADER, active raft config: opid_index: -1 OBSOLETE_local: false peers { permanent_uuid: "9e7df86f70554ea8a87ac33fb032235e" member_type: VOTER last_known_addr { host: "127.4.179.65" port: 40235 } } peers { permanent_uuid: "ee70d3e8b88040bda831faf119c8528c" member_type: VOTER last_known_addr { host: "127.4.179.66" port: 36379 } } peers { permanent_uuid: "f307866ae491427c8bf5ede0970b1610" member_type: VOTER last_known_addr { host: "127.4.179.67" port: 43359 } }
I20260608 12:51:58.384279  9447 raft_consensus.cc:2804] T 7e3c3a7192fc4a408caf6136c2bb33b2 P 9e7df86f70554ea8a87ac33fb032235e [term 1 FOLLOWER]: Leader election won for term 1
I20260608 12:51:58.385222  9447 raft_consensus.cc:697] T 7e3c3a7192fc4a408caf6136c2bb33b2 P 9e7df86f70554ea8a87ac33fb032235e [term 1 LEADER]: Becoming Leader. State: Replica: 9e7df86f70554ea8a87ac33fb032235e, State: Running, Role: LEADER
I20260608 12:51:58.386286  9443 ts_tablet_manager.cc:1434] T 1bafc1e8e0b14815957a80fa8f7e9f4f P f307866ae491427c8bf5ede0970b1610: Time spent starting tablet: real 0.008s	user 0.003s	sys 0.004s
I20260608 12:51:58.386075  9447 consensus_queue.cc:237] T 7e3c3a7192fc4a408caf6136c2bb33b2 P 9e7df86f70554ea8a87ac33fb032235e [LEADER]: Queue going to LEADER mode. State: All replicated index: 0, Majority replicated index: 0, Committed index: 0, Last appended: 0.0, Last appended by leader: 0, Current term: 1, Majority size: 2, State: 0, Mode: LEADER, active raft config: opid_index: -1 OBSOLETE_local: false peers { permanent_uuid: "9e7df86f70554ea8a87ac33fb032235e" member_type: VOTER last_known_addr { host: "127.4.179.65" port: 40235 } } peers { permanent_uuid: "ee70d3e8b88040bda831faf119c8528c" member_type: VOTER last_known_addr { host: "127.4.179.66" port: 36379 } } peers { permanent_uuid: "f307866ae491427c8bf5ede0970b1610" member_type: VOTER last_known_addr { host: "127.4.179.67" port: 43359 } }
I20260608 12:51:58.387449  9443 tablet_bootstrap.cc:492] T 932515e12c7c4559ae43f8d818fb4706 P f307866ae491427c8bf5ede0970b1610: Bootstrap starting.
I20260608 12:51:58.388003  9442 ts_tablet_manager.cc:1434] T d949dbf7aea94cd9bf7b0c79d51a2f6b P 9e7df86f70554ea8a87ac33fb032235e: Time spent starting tablet: real 0.016s	user 0.004s	sys 0.004s
I20260608 12:51:58.387357  9321 raft_consensus.cc:2468] T 7e3c3a7192fc4a408caf6136c2bb33b2 P ee70d3e8b88040bda831faf119c8528c [term 1 FOLLOWER]: Leader election vote request: Granting yes vote for candidate 9e7df86f70554ea8a87ac33fb032235e in term 1.
I20260608 12:51:58.389175  9442 tablet_bootstrap.cc:492] T 9e4883e09cb74b0eac2bf56f92ab0250 P 9e7df86f70554ea8a87ac33fb032235e: Bootstrap starting.
I20260608 12:51:58.396472  9443 tablet_bootstrap.cc:654] T 932515e12c7c4559ae43f8d818fb4706 P f307866ae491427c8bf5ede0970b1610: Neither blocks nor log segments found. Creating new log.
I20260608 12:51:58.396993  9442 tablet_bootstrap.cc:654] T 9e4883e09cb74b0eac2bf56f92ab0250 P 9e7df86f70554ea8a87ac33fb032235e: Neither blocks nor log segments found. Creating new log.
I20260608 12:51:58.423933  9143 catalog_manager.cc:5696] T 51002beeef38449a9bef83cfcbcac44c P f307866ae491427c8bf5ede0970b1610 reported cstate change: term changed from 0 to 1, leader changed from <none> to f307866ae491427c8bf5ede0970b1610 (127.4.179.67). New cstate: current_term: 1 leader_uuid: "f307866ae491427c8bf5ede0970b1610" committed_config { opid_index: -1 OBSOLETE_local: false peers { permanent_uuid: "9e7df86f70554ea8a87ac33fb032235e" member_type: VOTER last_known_addr { host: "127.4.179.65" port: 40235 } health_report { overall_health: UNKNOWN } } peers { permanent_uuid: "ee70d3e8b88040bda831faf119c8528c" member_type: VOTER last_known_addr { host: "127.4.179.66" port: 36379 } health_report { overall_health: UNKNOWN } } peers { permanent_uuid: "f307866ae491427c8bf5ede0970b1610" member_type: VOTER last_known_addr { host: "127.4.179.67" port: 43359 } health_report { overall_health: HEALTHY } } }
I20260608 12:51:58.419236  9144 catalog_manager.cc:5696] T 7e3c3a7192fc4a408caf6136c2bb33b2 P 9e7df86f70554ea8a87ac33fb032235e reported cstate change: term changed from 0 to 1, leader changed from <none> to 9e7df86f70554ea8a87ac33fb032235e (127.4.179.65). New cstate: current_term: 1 leader_uuid: "9e7df86f70554ea8a87ac33fb032235e" committed_config { opid_index: -1 OBSOLETE_local: false peers { permanent_uuid: "9e7df86f70554ea8a87ac33fb032235e" member_type: VOTER last_known_addr { host: "127.4.179.65" port: 40235 } health_report { overall_health: HEALTHY } } peers { permanent_uuid: "ee70d3e8b88040bda831faf119c8528c" member_type: VOTER last_known_addr { host: "127.4.179.66" port: 36379 } health_report { overall_health: UNKNOWN } } peers { permanent_uuid: "f307866ae491427c8bf5ede0970b1610" member_type: VOTER last_known_addr { host: "127.4.179.67" port: 43359 } health_report { overall_health: UNKNOWN } } }
I20260608 12:51:58.438489  9447 raft_consensus.cc:493] T d949dbf7aea94cd9bf7b0c79d51a2f6b P 9e7df86f70554ea8a87ac33fb032235e [term 0 FOLLOWER]: Starting pre-election (no leader contacted us within the election timeout)
I20260608 12:51:58.439350  9447 raft_consensus.cc:515] T d949dbf7aea94cd9bf7b0c79d51a2f6b P 9e7df86f70554ea8a87ac33fb032235e [term 0 FOLLOWER]: Starting pre-election with config: opid_index: -1 OBSOLETE_local: false peers { permanent_uuid: "9e7df86f70554ea8a87ac33fb032235e" member_type: VOTER last_known_addr { host: "127.4.179.65" port: 40235 } } peers { permanent_uuid: "ee70d3e8b88040bda831faf119c8528c" member_type: VOTER last_known_addr { host: "127.4.179.66" port: 36379 } } peers { permanent_uuid: "f307866ae491427c8bf5ede0970b1610" member_type: VOTER last_known_addr { host: "127.4.179.67" port: 43359 } }
I20260608 12:51:58.443605  9321 tablet_service.cc:1917] Received RequestConsensusVote() RPC: tablet_id: "d949dbf7aea94cd9bf7b0c79d51a2f6b" candidate_uuid: "9e7df86f70554ea8a87ac33fb032235e" candidate_term: 1 candidate_status { last_received { term: 0 index: 0 } } ignore_live_leader: false dest_uuid: "ee70d3e8b88040bda831faf119c8528c" is_pre_election: true
I20260608 12:51:58.444015  9396 tablet_service.cc:1917] Received RequestConsensusVote() RPC: tablet_id: "d949dbf7aea94cd9bf7b0c79d51a2f6b" candidate_uuid: "9e7df86f70554ea8a87ac33fb032235e" candidate_term: 1 candidate_status { last_received { term: 0 index: 0 } } ignore_live_leader: false dest_uuid: "f307866ae491427c8bf5ede0970b1610" is_pre_election: true
I20260608 12:51:58.445256  9443 tablet_bootstrap.cc:492] T 932515e12c7c4559ae43f8d818fb4706 P f307866ae491427c8bf5ede0970b1610: No bootstrap required, opened a new log
W20260608 12:51:58.445514  9212 leader_election.cc:343] T d949dbf7aea94cd9bf7b0c79d51a2f6b P 9e7df86f70554ea8a87ac33fb032235e [CANDIDATE]: Term 1 pre-election: Tablet error from VoteRequest() call to peer f307866ae491427c8bf5ede0970b1610 (127.4.179.67:43359): Illegal state: must be running to vote when last-logged opid is not known
I20260608 12:51:58.445873  9443 ts_tablet_manager.cc:1403] T 932515e12c7c4559ae43f8d818fb4706 P f307866ae491427c8bf5ede0970b1610: Time spent bootstrapping tablet: real 0.059s	user 0.016s	sys 0.037s
I20260608 12:51:58.445523  9447 leader_election.cc:290] T d949dbf7aea94cd9bf7b0c79d51a2f6b P 9e7df86f70554ea8a87ac33fb032235e [CANDIDATE]: Term 1 pre-election: Requested pre-vote from peers ee70d3e8b88040bda831faf119c8528c (127.4.179.66:36379), f307866ae491427c8bf5ede0970b1610 (127.4.179.67:43359)
W20260608 12:51:58.449261  9210 leader_election.cc:343] T d949dbf7aea94cd9bf7b0c79d51a2f6b P 9e7df86f70554ea8a87ac33fb032235e [CANDIDATE]: Term 1 pre-election: Tablet error from VoteRequest() call to peer ee70d3e8b88040bda831faf119c8528c (127.4.179.66:36379): Illegal state: must be running to vote when last-logged opid is not known
I20260608 12:51:58.449541  9443 raft_consensus.cc:359] T 932515e12c7c4559ae43f8d818fb4706 P f307866ae491427c8bf5ede0970b1610 [term 0 FOLLOWER]: Replica starting. Triggering 0 pending ops. Active config: opid_index: -1 OBSOLETE_local: false peers { permanent_uuid: "9e7df86f70554ea8a87ac33fb032235e" member_type: VOTER last_known_addr { host: "127.4.179.65" port: 40235 } } peers { permanent_uuid: "ee70d3e8b88040bda831faf119c8528c" member_type: VOTER last_known_addr { host: "127.4.179.66" port: 36379 } } peers { permanent_uuid: "f307866ae491427c8bf5ede0970b1610" member_type: VOTER last_known_addr { host: "127.4.179.67" port: 43359 } }
I20260608 12:51:58.450479  9210 leader_election.cc:304] T d949dbf7aea94cd9bf7b0c79d51a2f6b P 9e7df86f70554ea8a87ac33fb032235e [CANDIDATE]: Term 1 pre-election: Election decided. Result: candidate lost. Election summary: received 3 responses out of 3 voters: 1 yes votes; 2 no votes. yes voters: 9e7df86f70554ea8a87ac33fb032235e; no voters: ee70d3e8b88040bda831faf119c8528c, f307866ae491427c8bf5ede0970b1610
I20260608 12:51:58.450708  9443 raft_consensus.cc:385] T 932515e12c7c4559ae43f8d818fb4706 P f307866ae491427c8bf5ede0970b1610 [term 0 FOLLOWER]: Consensus starting up: Expiring failure detector timer to make a prompt election more likely
I20260608 12:51:58.451066  9441 tablet_bootstrap.cc:492] T 0232a53713b2467e9a6ad529f169d8ad P ee70d3e8b88040bda831faf119c8528c: No bootstrap required, opened a new log
I20260608 12:51:58.451195  9443 raft_consensus.cc:740] T 932515e12c7c4559ae43f8d818fb4706 P f307866ae491427c8bf5ede0970b1610 [term 0 FOLLOWER]: Becoming Follower/Learner. State: Replica: f307866ae491427c8bf5ede0970b1610, State: Initialized, Role: FOLLOWER
I20260608 12:51:58.451696  9441 ts_tablet_manager.cc:1403] T 0232a53713b2467e9a6ad529f169d8ad P ee70d3e8b88040bda831faf119c8528c: Time spent bootstrapping tablet: real 0.094s	user 0.033s	sys 0.015s
