I20260608 12:39:02.867537  3622 consensus_queue.cc:260] T 44cc1ef42ab14ed58203b894a5ac2723 P c7b7b07e36e74da7a56d7a0eeab84562 [NON_LEADER]: Queue going to NON_LEADER mode. State: All replicated index: 0, Majority replicated index: 0, Committed index: 0, Last appended: 0.0, Last appended by leader: 0, Current term: 0, Majority size: -1, State: 0, Mode: NON_LEADER, active raft config: opid_index: -1 OBSOLETE_local: false peers { permanent_uuid: "c7b7b07e36e74da7a56d7a0eeab84562" member_type: VOTER last_known_addr { host: "127.0.107.194" port: 46459 } } peers { permanent_uuid: "970b5eecbcbd4fcd9f10e92c7ecdce43" member_type: VOTER last_known_addr { host: "127.0.107.193" port: 34703 } } peers { permanent_uuid: "a18a1322c86048969191fffa9891f336" member_type: VOTER last_known_addr { host: "127.0.107.195" port: 41829 } }
I20260608 12:39:02.868124  3624 raft_consensus.cc:385] T 60de21ee54b94fa69687ccad6edc55a9 P 970b5eecbcbd4fcd9f10e92c7ecdce43 [term 0 FOLLOWER]: Consensus starting up: Expiring failure detector timer to make a prompt election more likely
I20260608 12:39:02.868479  3624 raft_consensus.cc:740] T 60de21ee54b94fa69687ccad6edc55a9 P 970b5eecbcbd4fcd9f10e92c7ecdce43 [term 0 FOLLOWER]: Becoming Follower/Learner. State: Replica: 970b5eecbcbd4fcd9f10e92c7ecdce43, State: Initialized, Role: FOLLOWER
I20260608 12:39:02.869904  3622 ts_tablet_manager.cc:1434] T 44cc1ef42ab14ed58203b894a5ac2723 P c7b7b07e36e74da7a56d7a0eeab84562: Time spent starting tablet: real 0.008s	user 0.008s	sys 0.000s
I20260608 12:39:02.871034  3622 tablet_bootstrap.cc:492] T 60de21ee54b94fa69687ccad6edc55a9 P c7b7b07e36e74da7a56d7a0eeab84562: Bootstrap starting.
I20260608 12:39:02.872794  3623 tablet_bootstrap.cc:492] T 60de21ee54b94fa69687ccad6edc55a9 P a18a1322c86048969191fffa9891f336: No bootstrap required, opened a new log
I20260608 12:39:02.873437  3623 ts_tablet_manager.cc:1403] T 60de21ee54b94fa69687ccad6edc55a9 P a18a1322c86048969191fffa9891f336: Time spent bootstrapping tablet: real 0.028s	user 0.014s	sys 0.008s
I20260608 12:39:02.874401  3577 tablet_service.cc:1917] Received RequestConsensusVote() RPC: tablet_id: "a893bf5577034d0b835c556f1d895aac" candidate_uuid: "970b5eecbcbd4fcd9f10e92c7ecdce43" candidate_term: 1 candidate_status { last_received { term: 0 index: 0 } } ignore_live_leader: false dest_uuid: "a18a1322c86048969191fffa9891f336" is_pre_election: true
W20260608 12:39:02.876389  3391 leader_election.cc:343] T a893bf5577034d0b835c556f1d895aac P 970b5eecbcbd4fcd9f10e92c7ecdce43 [CANDIDATE]: Term 1 pre-election: Tablet error from VoteRequest() call to peer a18a1322c86048969191fffa9891f336 (127.0.107.195:41829): Illegal state: must be running to vote when last-logged opid is not known
I20260608 12:39:02.876931  3391 leader_election.cc:304] T a893bf5577034d0b835c556f1d895aac P 970b5eecbcbd4fcd9f10e92c7ecdce43 [CANDIDATE]: Term 1 pre-election: Election decided. Result: candidate lost. Election summary: received 3 responses out of 3 voters: 1 yes votes; 2 no votes. yes voters: 970b5eecbcbd4fcd9f10e92c7ecdce43; no voters: a18a1322c86048969191fffa9891f336, c7b7b07e36e74da7a56d7a0eeab84562
I20260608 12:39:02.876992  3623 raft_consensus.cc:359] T 60de21ee54b94fa69687ccad6edc55a9 P a18a1322c86048969191fffa9891f336 [term 0 FOLLOWER]: Replica starting. Triggering 0 pending ops. Active config: opid_index: -1 OBSOLETE_local: false peers { permanent_uuid: "970b5eecbcbd4fcd9f10e92c7ecdce43" member_type: VOTER last_known_addr { host: "127.0.107.193" port: 34703 } } peers { permanent_uuid: "c7b7b07e36e74da7a56d7a0eeab84562" member_type: VOTER last_known_addr { host: "127.0.107.194" port: 46459 } } peers { permanent_uuid: "a18a1322c86048969191fffa9891f336" member_type: VOTER last_known_addr { host: "127.0.107.195" port: 41829 } }
I20260608 12:39:02.877954  3622 tablet_bootstrap.cc:654] T 60de21ee54b94fa69687ccad6edc55a9 P c7b7b07e36e74da7a56d7a0eeab84562: Neither blocks nor log segments found. Creating new log.
I20260608 12:39:02.878207  3628 raft_consensus.cc:2749] T a893bf5577034d0b835c556f1d895aac P 970b5eecbcbd4fcd9f10e92c7ecdce43 [term 0 FOLLOWER]: Leader pre-election lost for term 1. Reason: could not achieve majority
I20260608 12:39:02.877985  3623 raft_consensus.cc:385] T 60de21ee54b94fa69687ccad6edc55a9 P a18a1322c86048969191fffa9891f336 [term 0 FOLLOWER]: Consensus starting up: Expiring failure detector timer to make a prompt election more likely
I20260608 12:39:02.879456  3624 consensus_queue.cc:260] T 60de21ee54b94fa69687ccad6edc55a9 P 970b5eecbcbd4fcd9f10e92c7ecdce43 [NON_LEADER]: Queue going to NON_LEADER mode. State: All replicated index: 0, Majority replicated index: 0, Committed index: 0, Last appended: 0.0, Last appended by leader: 0, Current term: 0, Majority size: -1, State: 0, Mode: NON_LEADER, active raft config: opid_index: -1 OBSOLETE_local: false peers { permanent_uuid: "970b5eecbcbd4fcd9f10e92c7ecdce43" member_type: VOTER last_known_addr { host: "127.0.107.193" port: 34703 } } peers { permanent_uuid: "c7b7b07e36e74da7a56d7a0eeab84562" member_type: VOTER last_known_addr { host: "127.0.107.194" port: 46459 } } peers { permanent_uuid: "a18a1322c86048969191fffa9891f336" member_type: VOTER last_known_addr { host: "127.0.107.195" port: 41829 } }
I20260608 12:39:02.880345  3623 raft_consensus.cc:740] T 60de21ee54b94fa69687ccad6edc55a9 P a18a1322c86048969191fffa9891f336 [term 0 FOLLOWER]: Becoming Follower/Learner. State: Replica: a18a1322c86048969191fffa9891f336, State: Initialized, Role: FOLLOWER
I20260608 12:39:02.882288  3624 ts_tablet_manager.cc:1434] T 60de21ee54b94fa69687ccad6edc55a9 P 970b5eecbcbd4fcd9f10e92c7ecdce43: Time spent starting tablet: real 0.018s	user 0.007s	sys 0.000s
I20260608 12:39:02.881856  3623 consensus_queue.cc:260] T 60de21ee54b94fa69687ccad6edc55a9 P a18a1322c86048969191fffa9891f336 [NON_LEADER]: Queue going to NON_LEADER mode. State: All replicated index: 0, Majority replicated index: 0, Committed index: 0, Last appended: 0.0, Last appended by leader: 0, Current term: 0, Majority size: -1, State: 0, Mode: NON_LEADER, active raft config: opid_index: -1 OBSOLETE_local: false peers { permanent_uuid: "970b5eecbcbd4fcd9f10e92c7ecdce43" member_type: VOTER last_known_addr { host: "127.0.107.193" port: 34703 } } peers { permanent_uuid: "c7b7b07e36e74da7a56d7a0eeab84562" member_type: VOTER last_known_addr { host: "127.0.107.194" port: 46459 } } peers { permanent_uuid: "a18a1322c86048969191fffa9891f336" member_type: VOTER last_known_addr { host: "127.0.107.195" port: 41829 } }
I20260608 12:39:02.883327  3624 tablet_bootstrap.cc:492] T 44cc1ef42ab14ed58203b894a5ac2723 P 970b5eecbcbd4fcd9f10e92c7ecdce43: Bootstrap starting.
I20260608 12:39:02.889181  3623 ts_tablet_manager.cc:1434] T 60de21ee54b94fa69687ccad6edc55a9 P a18a1322c86048969191fffa9891f336: Time spent starting tablet: real 0.015s	user 0.006s	sys 0.002s
I20260608 12:39:02.890259  3624 tablet_bootstrap.cc:654] T 44cc1ef42ab14ed58203b894a5ac2723 P 970b5eecbcbd4fcd9f10e92c7ecdce43: Neither blocks nor log segments found. Creating new log.
I20260608 12:39:02.890887  3623 tablet_bootstrap.cc:492] T a893bf5577034d0b835c556f1d895aac P a18a1322c86048969191fffa9891f336: Bootstrap starting.
I20260608 12:39:02.901286  3623 tablet_bootstrap.cc:654] T a893bf5577034d0b835c556f1d895aac P a18a1322c86048969191fffa9891f336: Neither blocks nor log segments found. Creating new log.
I20260608 12:39:02.916064  3623 tablet_bootstrap.cc:492] T a893bf5577034d0b835c556f1d895aac P a18a1322c86048969191fffa9891f336: No bootstrap required, opened a new log
I20260608 12:39:02.916900  3623 ts_tablet_manager.cc:1403] T a893bf5577034d0b835c556f1d895aac P a18a1322c86048969191fffa9891f336: Time spent bootstrapping tablet: real 0.026s	user 0.019s	sys 0.004s
I20260608 12:39:02.919864  3622 tablet_bootstrap.cc:492] T 60de21ee54b94fa69687ccad6edc55a9 P c7b7b07e36e74da7a56d7a0eeab84562: No bootstrap required, opened a new log
I20260608 12:39:02.919689  3623 raft_consensus.cc:359] T a893bf5577034d0b835c556f1d895aac P a18a1322c86048969191fffa9891f336 [term 0 FOLLOWER]: Replica starting. Triggering 0 pending ops. Active config: opid_index: -1 OBSOLETE_local: false peers { permanent_uuid: "c7b7b07e36e74da7a56d7a0eeab84562" member_type: VOTER last_known_addr { host: "127.0.107.194" port: 46459 } } peers { permanent_uuid: "970b5eecbcbd4fcd9f10e92c7ecdce43" member_type: VOTER last_known_addr { host: "127.0.107.193" port: 34703 } } peers { permanent_uuid: "a18a1322c86048969191fffa9891f336" member_type: VOTER last_known_addr { host: "127.0.107.195" port: 41829 } }
I20260608 12:39:02.920405  3622 ts_tablet_manager.cc:1403] T 60de21ee54b94fa69687ccad6edc55a9 P c7b7b07e36e74da7a56d7a0eeab84562: Time spent bootstrapping tablet: real 0.050s	user 0.031s	sys 0.016s
I20260608 12:39:02.920454  3623 raft_consensus.cc:385] T a893bf5577034d0b835c556f1d895aac P a18a1322c86048969191fffa9891f336 [term 0 FOLLOWER]: Consensus starting up: Expiring failure detector timer to make a prompt election more likely
I20260608 12:39:02.920624  3624 tablet_bootstrap.cc:492] T 44cc1ef42ab14ed58203b894a5ac2723 P 970b5eecbcbd4fcd9f10e92c7ecdce43: No bootstrap required, opened a new log
I20260608 12:39:02.920992  3623 raft_consensus.cc:740] T a893bf5577034d0b835c556f1d895aac P a18a1322c86048969191fffa9891f336 [term 0 FOLLOWER]: Becoming Follower/Learner. State: Replica: a18a1322c86048969191fffa9891f336, State: Initialized, Role: FOLLOWER
I20260608 12:39:02.921283  3624 ts_tablet_manager.cc:1403] T 44cc1ef42ab14ed58203b894a5ac2723 P 970b5eecbcbd4fcd9f10e92c7ecdce43: Time spent bootstrapping tablet: real 0.038s	user 0.026s	sys 0.012s
I20260608 12:39:02.921916  3623 consensus_queue.cc:260] T a893bf5577034d0b835c556f1d895aac P a18a1322c86048969191fffa9891f336 [NON_LEADER]: Queue going to NON_LEADER mode. State: All replicated index: 0, Majority replicated index: 0, Committed index: 0, Last appended: 0.0, Last appended by leader: 0, Current term: 0, Majority size: -1, State: 0, Mode: NON_LEADER, active raft config: opid_index: -1 OBSOLETE_local: false peers { permanent_uuid: "c7b7b07e36e74da7a56d7a0eeab84562" member_type: VOTER last_known_addr { host: "127.0.107.194" port: 46459 } } peers { permanent_uuid: "970b5eecbcbd4fcd9f10e92c7ecdce43" member_type: VOTER last_known_addr { host: "127.0.107.193" port: 34703 } } peers { permanent_uuid: "a18a1322c86048969191fffa9891f336" member_type: VOTER last_known_addr { host: "127.0.107.195" port: 41829 } }
I20260608 12:39:02.923503  3622 raft_consensus.cc:359] T 60de21ee54b94fa69687ccad6edc55a9 P c7b7b07e36e74da7a56d7a0eeab84562 [term 0 FOLLOWER]: Replica starting. Triggering 0 pending ops. Active config: opid_index: -1 OBSOLETE_local: false peers { permanent_uuid: "970b5eecbcbd4fcd9f10e92c7ecdce43" member_type: VOTER last_known_addr { host: "127.0.107.193" port: 34703 } } peers { permanent_uuid: "c7b7b07e36e74da7a56d7a0eeab84562" member_type: VOTER last_known_addr { host: "127.0.107.194" port: 46459 } } peers { permanent_uuid: "a18a1322c86048969191fffa9891f336" member_type: VOTER last_known_addr { host: "127.0.107.195" port: 41829 } }
I20260608 12:39:02.924217  3623 ts_tablet_manager.cc:1434] T a893bf5577034d0b835c556f1d895aac P a18a1322c86048969191fffa9891f336: Time spent starting tablet: real 0.007s	user 0.007s	sys 0.000s
I20260608 12:39:02.924300  3622 raft_consensus.cc:385] T 60de21ee54b94fa69687ccad6edc55a9 P c7b7b07e36e74da7a56d7a0eeab84562 [term 0 FOLLOWER]: Consensus starting up: Expiring failure detector timer to make a prompt election more likely
I20260608 12:39:02.923962  3624 raft_consensus.cc:359] T 44cc1ef42ab14ed58203b894a5ac2723 P 970b5eecbcbd4fcd9f10e92c7ecdce43 [term 0 FOLLOWER]: Replica starting. Triggering 0 pending ops. Active config: opid_index: -1 OBSOLETE_local: false peers { permanent_uuid: "c7b7b07e36e74da7a56d7a0eeab84562" member_type: VOTER last_known_addr { host: "127.0.107.194" port: 46459 } } peers { permanent_uuid: "970b5eecbcbd4fcd9f10e92c7ecdce43" member_type: VOTER last_known_addr { host: "127.0.107.193" port: 34703 } } peers { permanent_uuid: "a18a1322c86048969191fffa9891f336" member_type: VOTER last_known_addr { host: "127.0.107.195" port: 41829 } }
I20260608 12:39:02.924746  3622 raft_consensus.cc:740] T 60de21ee54b94fa69687ccad6edc55a9 P c7b7b07e36e74da7a56d7a0eeab84562 [term 0 FOLLOWER]: Becoming Follower/Learner. State: Replica: c7b7b07e36e74da7a56d7a0eeab84562, State: Initialized, Role: FOLLOWER
I20260608 12:39:02.924899  3624 raft_consensus.cc:385] T 44cc1ef42ab14ed58203b894a5ac2723 P 970b5eecbcbd4fcd9f10e92c7ecdce43 [term 0 FOLLOWER]: Consensus starting up: Expiring failure detector timer to make a prompt election more likely
I20260608 12:39:02.925390  3623 tablet_bootstrap.cc:492] T ebd622cb2054457cb1d88f8705ee5874 P a18a1322c86048969191fffa9891f336: Bootstrap starting.
I20260608 12:39:02.925436  3624 raft_consensus.cc:740] T 44cc1ef42ab14ed58203b894a5ac2723 P 970b5eecbcbd4fcd9f10e92c7ecdce43 [term 0 FOLLOWER]: Becoming Follower/Learner. State: Replica: 970b5eecbcbd4fcd9f10e92c7ecdce43, State: Initialized, Role: FOLLOWER
I20260608 12:39:02.925712  3622 consensus_queue.cc:260] T 60de21ee54b94fa69687ccad6edc55a9 P c7b7b07e36e74da7a56d7a0eeab84562 [NON_LEADER]: Queue going to NON_LEADER mode. State: All replicated index: 0, Majority replicated index: 0, Committed index: 0, Last appended: 0.0, Last appended by leader: 0, Current term: 0, Majority size: -1, State: 0, Mode: NON_LEADER, active raft config: opid_index: -1 OBSOLETE_local: false peers { permanent_uuid: "970b5eecbcbd4fcd9f10e92c7ecdce43" member_type: VOTER last_known_addr { host: "127.0.107.193" port: 34703 } } peers { permanent_uuid: "c7b7b07e36e74da7a56d7a0eeab84562" member_type: VOTER last_known_addr { host: "127.0.107.194" port: 46459 } } peers { permanent_uuid: "a18a1322c86048969191fffa9891f336" member_type: VOTER last_known_addr { host: "127.0.107.195" port: 41829 } }
I20260608 12:39:02.926681  3624 consensus_queue.cc:260] T 44cc1ef42ab14ed58203b894a5ac2723 P 970b5eecbcbd4fcd9f10e92c7ecdce43 [NON_LEADER]: Queue going to NON_LEADER mode. State: All replicated index: 0, Majority replicated index: 0, Committed index: 0, Last appended: 0.0, Last appended by leader: 0, Current term: 0, Majority size: -1, State: 0, Mode: NON_LEADER, active raft config: opid_index: -1 OBSOLETE_local: false peers { permanent_uuid: "c7b7b07e36e74da7a56d7a0eeab84562" member_type: VOTER last_known_addr { host: "127.0.107.194" port: 46459 } } peers { permanent_uuid: "970b5eecbcbd4fcd9f10e92c7ecdce43" member_type: VOTER last_known_addr { host: "127.0.107.193" port: 34703 } } peers { permanent_uuid: "a18a1322c86048969191fffa9891f336" member_type: VOTER last_known_addr { host: "127.0.107.195" port: 41829 } }
I20260608 12:39:02.931270  3624 ts_tablet_manager.cc:1434] T 44cc1ef42ab14ed58203b894a5ac2723 P 970b5eecbcbd4fcd9f10e92c7ecdce43: Time spent starting tablet: real 0.010s	user 0.006s	sys 0.000s
I20260608 12:39:02.932183  3622 ts_tablet_manager.cc:1434] T 60de21ee54b94fa69687ccad6edc55a9 P c7b7b07e36e74da7a56d7a0eeab84562: Time spent starting tablet: real 0.011s	user 0.006s	sys 0.002s
I20260608 12:39:02.932296  3623 tablet_bootstrap.cc:654] T ebd622cb2054457cb1d88f8705ee5874 P a18a1322c86048969191fffa9891f336: Neither blocks nor log segments found. Creating new log.
I20260608 12:39:02.932374  3624 tablet_bootstrap.cc:492] T cb2c0998587848a986013e09ac346acd P 970b5eecbcbd4fcd9f10e92c7ecdce43: Bootstrap starting.
I20260608 12:39:02.933362  3622 tablet_bootstrap.cc:492] T ebd622cb2054457cb1d88f8705ee5874 P c7b7b07e36e74da7a56d7a0eeab84562: Bootstrap starting.
I20260608 12:39:02.939711  3624 tablet_bootstrap.cc:654] T cb2c0998587848a986013e09ac346acd P 970b5eecbcbd4fcd9f10e92c7ecdce43: Neither blocks nor log segments found. Creating new log.
I20260608 12:39:02.942369  3622 tablet_bootstrap.cc:654] T ebd622cb2054457cb1d88f8705ee5874 P c7b7b07e36e74da7a56d7a0eeab84562: Neither blocks nor log segments found. Creating new log.
I20260608 12:39:02.952443  3624 tablet_bootstrap.cc:492] T cb2c0998587848a986013e09ac346acd P 970b5eecbcbd4fcd9f10e92c7ecdce43: No bootstrap required, opened a new log
I20260608 12:39:02.953078  3624 ts_tablet_manager.cc:1403] T cb2c0998587848a986013e09ac346acd P 970b5eecbcbd4fcd9f10e92c7ecdce43: Time spent bootstrapping tablet: real 0.021s	user 0.007s	sys 0.011s
I20260608 12:39:02.956223  3624 raft_consensus.cc:359] T cb2c0998587848a986013e09ac346acd P 970b5eecbcbd4fcd9f10e92c7ecdce43 [term 0 FOLLOWER]: Replica starting. Triggering 0 pending ops. Active config: opid_index: -1 OBSOLETE_local: false peers { permanent_uuid: "a18a1322c86048969191fffa9891f336" member_type: VOTER last_known_addr { host: "127.0.107.195" port: 41829 } } peers { permanent_uuid: "970b5eecbcbd4fcd9f10e92c7ecdce43" member_type: VOTER last_known_addr { host: "127.0.107.193" port: 34703 } } peers { permanent_uuid: "c7b7b07e36e74da7a56d7a0eeab84562" member_type: VOTER last_known_addr { host: "127.0.107.194" port: 46459 } }
I20260608 12:39:02.957084  3624 raft_consensus.cc:385] T cb2c0998587848a986013e09ac346acd P 970b5eecbcbd4fcd9f10e92c7ecdce43 [term 0 FOLLOWER]: Consensus starting up: Expiring failure detector timer to make a prompt election more likely
I20260608 12:39:02.957476  3624 raft_consensus.cc:740] T cb2c0998587848a986013e09ac346acd P 970b5eecbcbd4fcd9f10e92c7ecdce43 [term 0 FOLLOWER]: Becoming Follower/Learner. State: Replica: 970b5eecbcbd4fcd9f10e92c7ecdce43, State: Initialized, Role: FOLLOWER
I20260608 12:39:02.958393  3624 consensus_queue.cc:260] T cb2c0998587848a986013e09ac346acd P 970b5eecbcbd4fcd9f10e92c7ecdce43 [NON_LEADER]: Queue going to NON_LEADER mode. State: All replicated index: 0, Majority replicated index: 0, Committed index: 0, Last appended: 0.0, Last appended by leader: 0, Current term: 0, Majority size: -1, State: 0, Mode: NON_LEADER, active raft config: opid_index: -1 OBSOLETE_local: false peers { permanent_uuid: "a18a1322c86048969191fffa9891f336" member_type: VOTER last_known_addr { host: "127.0.107.195" port: 41829 } } peers { permanent_uuid: "970b5eecbcbd4fcd9f10e92c7ecdce43" member_type: VOTER last_known_addr { host: "127.0.107.193" port: 34703 } } peers { permanent_uuid: "c7b7b07e36e74da7a56d7a0eeab84562" member_type: VOTER last_known_addr { host: "127.0.107.194" port: 46459 } }
I20260608 12:39:02.959789  3622 tablet_bootstrap.cc:492] T ebd622cb2054457cb1d88f8705ee5874 P c7b7b07e36e74da7a56d7a0eeab84562: No bootstrap required, opened a new log
I20260608 12:39:02.960327  3622 ts_tablet_manager.cc:1403] T ebd622cb2054457cb1d88f8705ee5874 P c7b7b07e36e74da7a56d7a0eeab84562: Time spent bootstrapping tablet: real 0.027s	user 0.010s	sys 0.011s
I20260608 12:39:02.960770  3624 ts_tablet_manager.cc:1434] T cb2c0998587848a986013e09ac346acd P 970b5eecbcbd4fcd9f10e92c7ecdce43: Time spent starting tablet: real 0.007s	user 0.006s	sys 0.000s
I20260608 12:39:02.961643  3624 tablet_bootstrap.cc:492] T ebd622cb2054457cb1d88f8705ee5874 P 970b5eecbcbd4fcd9f10e92c7ecdce43: Bootstrap starting.
I20260608 12:39:02.963274  3623 tablet_bootstrap.cc:492] T ebd622cb2054457cb1d88f8705ee5874 P a18a1322c86048969191fffa9891f336: No bootstrap required, opened a new log
I20260608 12:39:02.964860  3623 ts_tablet_manager.cc:1403] T ebd622cb2054457cb1d88f8705ee5874 P a18a1322c86048969191fffa9891f336: Time spent bootstrapping tablet: real 0.040s	user 0.012s	sys 0.022s
I20260608 12:39:02.963375  3622 raft_consensus.cc:359] T ebd622cb2054457cb1d88f8705ee5874 P c7b7b07e36e74da7a56d7a0eeab84562 [term 0 FOLLOWER]: Replica starting. Triggering 0 pending ops. Active config: opid_index: -1 OBSOLETE_local: false peers { permanent_uuid: "970b5eecbcbd4fcd9f10e92c7ecdce43" member_type: VOTER last_known_addr { host: "127.0.107.193" port: 34703 } } peers { permanent_uuid: "c7b7b07e36e74da7a56d7a0eeab84562" member_type: VOTER last_known_addr { host: "127.0.107.194" port: 46459 } } peers { permanent_uuid: "a18a1322c86048969191fffa9891f336" member_type: VOTER last_known_addr { host: "127.0.107.195" port: 41829 } }
I20260608 12:39:02.965226  3622 raft_consensus.cc:385] T ebd622cb2054457cb1d88f8705ee5874 P c7b7b07e36e74da7a56d7a0eeab84562 [term 0 FOLLOWER]: Consensus starting up: Expiring failure detector timer to make a prompt election more likely
I20260608 12:39:02.965561  3622 raft_consensus.cc:740] T ebd622cb2054457cb1d88f8705ee5874 P c7b7b07e36e74da7a56d7a0eeab84562 [term 0 FOLLOWER]: Becoming Follower/Learner. State: Replica: c7b7b07e36e74da7a56d7a0eeab84562, State: Initialized, Role: FOLLOWER
I20260608 12:39:02.966481  3622 consensus_queue.cc:260] T ebd622cb2054457cb1d88f8705ee5874 P c7b7b07e36e74da7a56d7a0eeab84562 [NON_LEADER]: Queue going to NON_LEADER mode. State: All replicated index: 0, Majority replicated index: 0, Committed index: 0, Last appended: 0.0, Last appended by leader: 0, Current term: 0, Majority size: -1, State: 0, Mode: NON_LEADER, active raft config: opid_index: -1 OBSOLETE_local: false peers { permanent_uuid: "970b5eecbcbd4fcd9f10e92c7ecdce43" member_type: VOTER last_known_addr { host: "127.0.107.193" port: 34703 } } peers { permanent_uuid: "c7b7b07e36e74da7a56d7a0eeab84562" member_type: VOTER last_known_addr { host: "127.0.107.194" port: 46459 } } peers { permanent_uuid: "a18a1322c86048969191fffa9891f336" member_type: VOTER last_known_addr { host: "127.0.107.195" port: 41829 } }
I20260608 12:39:02.968597  3624 tablet_bootstrap.cc:654] T ebd622cb2054457cb1d88f8705ee5874 P 970b5eecbcbd4fcd9f10e92c7ecdce43: Neither blocks nor log segments found. Creating new log.
I20260608 12:39:02.969120  3622 ts_tablet_manager.cc:1434] T ebd622cb2054457cb1d88f8705ee5874 P c7b7b07e36e74da7a56d7a0eeab84562: Time spent starting tablet: real 0.008s	user 0.004s	sys 0.003s
I20260608 12:39:02.970161  3622 tablet_bootstrap.cc:492] T 58e2d7a52059499f8824ca38a6505d53 P c7b7b07e36e74da7a56d7a0eeab84562: Bootstrap starting.
I20260608 12:39:02.971016  3623 raft_consensus.cc:359] T ebd622cb2054457cb1d88f8705ee5874 P a18a1322c86048969191fffa9891f336 [term 0 FOLLOWER]: Replica starting. Triggering 0 pending ops. Active config: opid_index: -1 OBSOLETE_local: false peers { permanent_uuid: "970b5eecbcbd4fcd9f10e92c7ecdce43" member_type: VOTER last_known_addr { host: "127.0.107.193" port: 34703 } } peers { permanent_uuid: "c7b7b07e36e74da7a56d7a0eeab84562" member_type: VOTER last_known_addr { host: "127.0.107.194" port: 46459 } } peers { permanent_uuid: "a18a1322c86048969191fffa9891f336" member_type: VOTER last_known_addr { host: "127.0.107.195" port: 41829 } }
I20260608 12:39:02.971737  3623 raft_consensus.cc:385] T ebd622cb2054457cb1d88f8705ee5874 P a18a1322c86048969191fffa9891f336 [term 0 FOLLOWER]: Consensus starting up: Expiring failure detector timer to make a prompt election more likely
I20260608 12:39:02.972055  3623 raft_consensus.cc:740] T ebd622cb2054457cb1d88f8705ee5874 P a18a1322c86048969191fffa9891f336 [term 0 FOLLOWER]: Becoming Follower/Learner. State: Replica: a18a1322c86048969191fffa9891f336, State: Initialized, Role: FOLLOWER
I20260608 12:39:02.972971  3623 consensus_queue.cc:260] T ebd622cb2054457cb1d88f8705ee5874 P a18a1322c86048969191fffa9891f336 [NON_LEADER]: Queue going to NON_LEADER mode. State: All replicated index: 0, Majority replicated index: 0, Committed index: 0, Last appended: 0.0, Last appended by leader: 0, Current term: 0, Majority size: -1, State: 0, Mode: NON_LEADER, active raft config: opid_index: -1 OBSOLETE_local: false peers { permanent_uuid: "970b5eecbcbd4fcd9f10e92c7ecdce43" member_type: VOTER last_known_addr { host: "127.0.107.193" port: 34703 } } peers { permanent_uuid: "c7b7b07e36e74da7a56d7a0eeab84562" member_type: VOTER last_known_addr { host: "127.0.107.194" port: 46459 } } peers { permanent_uuid: "a18a1322c86048969191fffa9891f336" member_type: VOTER last_known_addr { host: "127.0.107.195" port: 41829 } }
I20260608 12:39:02.975487  3623 ts_tablet_manager.cc:1434] T ebd622cb2054457cb1d88f8705ee5874 P a18a1322c86048969191fffa9891f336: Time spent starting tablet: real 0.010s	user 0.006s	sys 0.001s
I20260608 12:39:02.976557  3623 tablet_bootstrap.cc:492] T 58e2d7a52059499f8824ca38a6505d53 P a18a1322c86048969191fffa9891f336: Bootstrap starting.
I20260608 12:39:02.977394  3622 tablet_bootstrap.cc:654] T 58e2d7a52059499f8824ca38a6505d53 P c7b7b07e36e74da7a56d7a0eeab84562: Neither blocks nor log segments found. Creating new log.
I20260608 12:39:02.981805  3632 raft_consensus.cc:493] T 60de21ee54b94fa69687ccad6edc55a9 P a18a1322c86048969191fffa9891f336 [term 0 FOLLOWER]: Starting pre-election (no leader contacted us within the election timeout)
I20260608 12:39:02.982563  3624 tablet_bootstrap.cc:492] T ebd622cb2054457cb1d88f8705ee5874 P 970b5eecbcbd4fcd9f10e92c7ecdce43: No bootstrap required, opened a new log
I20260608 12:39:02.982326  3632 raft_consensus.cc:515] T 60de21ee54b94fa69687ccad6edc55a9 P a18a1322c86048969191fffa9891f336 [term 0 FOLLOWER]: Starting pre-election with config: opid_index: -1 OBSOLETE_local: false peers { permanent_uuid: "970b5eecbcbd4fcd9f10e92c7ecdce43" member_type: VOTER last_known_addr { host: "127.0.107.193" port: 34703 } } peers { permanent_uuid: "c7b7b07e36e74da7a56d7a0eeab84562" member_type: VOTER last_known_addr { host: "127.0.107.194" port: 46459 } } peers { permanent_uuid: "a18a1322c86048969191fffa9891f336" member_type: VOTER last_known_addr { host: "127.0.107.195" port: 41829 } }
I20260608 12:39:02.983055  3624 ts_tablet_manager.cc:1403] T ebd622cb2054457cb1d88f8705ee5874 P 970b5eecbcbd4fcd9f10e92c7ecdce43: Time spent bootstrapping tablet: real 0.022s	user 0.008s	sys 0.009s
I20260608 12:39:02.984876  3623 tablet_bootstrap.cc:654] T 58e2d7a52059499f8824ca38a6505d53 P a18a1322c86048969191fffa9891f336: Neither blocks nor log segments found. Creating new log.
I20260608 12:39:02.986392  3624 raft_consensus.cc:359] T ebd622cb2054457cb1d88f8705ee5874 P 970b5eecbcbd4fcd9f10e92c7ecdce43 [term 0 FOLLOWER]: Replica starting. Triggering 0 pending ops. Active config: opid_index: -1 OBSOLETE_local: false peers { permanent_uuid: "970b5eecbcbd4fcd9f10e92c7ecdce43" member_type: VOTER last_known_addr { host: "127.0.107.193" port: 34703 } } peers { permanent_uuid: "c7b7b07e36e74da7a56d7a0eeab84562" member_type: VOTER last_known_addr { host: "127.0.107.194" port: 46459 } } peers { permanent_uuid: "a18a1322c86048969191fffa9891f336" member_type: VOTER last_known_addr { host: "127.0.107.195" port: 41829 } }
I20260608 12:39:02.987112  3624 raft_consensus.cc:385] T ebd622cb2054457cb1d88f8705ee5874 P 970b5eecbcbd4fcd9f10e92c7ecdce43 [term 0 FOLLOWER]: Consensus starting up: Expiring failure detector timer to make a prompt election more likely
I20260608 12:39:02.988214  3624 raft_consensus.cc:740] T ebd622cb2054457cb1d88f8705ee5874 P 970b5eecbcbd4fcd9f10e92c7ecdce43 [term 0 FOLLOWER]: Becoming Follower/Learner. State: Replica: 970b5eecbcbd4fcd9f10e92c7ecdce43, State: Initialized, Role: FOLLOWER
I20260608 12:39:02.989185  3624 consensus_queue.cc:260] T ebd622cb2054457cb1d88f8705ee5874 P 970b5eecbcbd4fcd9f10e92c7ecdce43 [NON_LEADER]: Queue going to NON_LEADER mode. State: All replicated index: 0, Majority replicated index: 0, Committed index: 0, Last appended: 0.0, Last appended by leader: 0, Current term: 0, Majority size: -1, State: 0, Mode: NON_LEADER, active raft config: opid_index: -1 OBSOLETE_local: false peers { permanent_uuid: "970b5eecbcbd4fcd9f10e92c7ecdce43" member_type: VOTER last_known_addr { host: "127.0.107.193" port: 34703 } } peers { permanent_uuid: "c7b7b07e36e74da7a56d7a0eeab84562" member_type: VOTER last_known_addr { host: "127.0.107.194" port: 46459 } } peers { permanent_uuid: "a18a1322c86048969191fffa9891f336" member_type: VOTER last_known_addr { host: "127.0.107.195" port: 41829 } }
I20260608 12:39:02.996323  3624 ts_tablet_manager.cc:1434] T ebd622cb2054457cb1d88f8705ee5874 P 970b5eecbcbd4fcd9f10e92c7ecdce43: Time spent starting tablet: real 0.013s	user 0.007s	sys 0.002s
I20260608 12:39:02.997516  3624 tablet_bootstrap.cc:492] T 58e2d7a52059499f8824ca38a6505d53 P 970b5eecbcbd4fcd9f10e92c7ecdce43: Bootstrap starting.
I20260608 12:39:02.998391  3628 raft_consensus.cc:493] T 60de21ee54b94fa69687ccad6edc55a9 P 970b5eecbcbd4fcd9f10e92c7ecdce43 [term 0 FOLLOWER]: Starting pre-election (no leader contacted us within the election timeout)
I20260608 12:39:02.999082  3628 raft_consensus.cc:515] T 60de21ee54b94fa69687ccad6edc55a9 P 970b5eecbcbd4fcd9f10e92c7ecdce43 [term 0 FOLLOWER]: Starting pre-election with config: opid_index: -1 OBSOLETE_local: false peers { permanent_uuid: "970b5eecbcbd4fcd9f10e92c7ecdce43" member_type: VOTER last_known_addr { host: "127.0.107.193" port: 34703 } } peers { permanent_uuid: "c7b7b07e36e74da7a56d7a0eeab84562" member_type: VOTER last_known_addr { host: "127.0.107.194" port: 46459 } } peers { permanent_uuid: "a18a1322c86048969191fffa9891f336" member_type: VOTER last_known_addr { host: "127.0.107.195" port: 41829 } }
I20260608 12:39:03.002413  3622 tablet_bootstrap.cc:492] T 58e2d7a52059499f8824ca38a6505d53 P c7b7b07e36e74da7a56d7a0eeab84562: No bootstrap required, opened a new log
I20260608 12:39:03.002491  3503 tablet_service.cc:1917] Received RequestConsensusVote() RPC: tablet_id: "60de21ee54b94fa69687ccad6edc55a9" candidate_uuid: "970b5eecbcbd4fcd9f10e92c7ecdce43" candidate_term: 1 candidate_status { last_received { term: 0 index: 0 } } ignore_live_leader: false dest_uuid: "c7b7b07e36e74da7a56d7a0eeab84562" is_pre_election: true
I20260608 12:39:03.002888  3577 tablet_service.cc:1917] Received RequestConsensusVote() RPC: tablet_id: "60de21ee54b94fa69687ccad6edc55a9" candidate_uuid: "970b5eecbcbd4fcd9f10e92c7ecdce43" candidate_term: 1 candidate_status { last_received { term: 0 index: 0 } } ignore_live_leader: false dest_uuid: "a18a1322c86048969191fffa9891f336" is_pre_election: true
I20260608 12:39:03.003118  3622 ts_tablet_manager.cc:1403] T 58e2d7a52059499f8824ca38a6505d53 P c7b7b07e36e74da7a56d7a0eeab84562: Time spent bootstrapping tablet: real 0.033s	user 0.020s	sys 0.008s
I20260608 12:39:03.003428  3577 raft_consensus.cc:2468] T 60de21ee54b94fa69687ccad6edc55a9 P a18a1322c86048969191fffa9891f336 [term 0 FOLLOWER]: Leader pre-election vote request: Granting yes vote for candidate 970b5eecbcbd4fcd9f10e92c7ecdce43 in term 0.
I20260608 12:39:03.004769  3628 leader_election.cc:290] T 60de21ee54b94fa69687ccad6edc55a9 P 970b5eecbcbd4fcd9f10e92c7ecdce43 [CANDIDATE]: Term 1 pre-election: Requested pre-vote from peers c7b7b07e36e74da7a56d7a0eeab84562 (127.0.107.194:46459), a18a1322c86048969191fffa9891f336 (127.0.107.195:41829)
I20260608 12:39:03.006124  3623 tablet_bootstrap.cc:492] T 58e2d7a52059499f8824ca38a6505d53 P a18a1322c86048969191fffa9891f336: No bootstrap required, opened a new log
I20260608 12:39:03.006285  3622 raft_consensus.cc:359] T 58e2d7a52059499f8824ca38a6505d53 P c7b7b07e36e74da7a56d7a0eeab84562 [term 0 FOLLOWER]: Replica starting. Triggering 0 pending ops. Active config: opid_index: -1 OBSOLETE_local: false peers { permanent_uuid: "970b5eecbcbd4fcd9f10e92c7ecdce43" member_type: VOTER last_known_addr { host: "127.0.107.193" port: 34703 } } peers { permanent_uuid: "c7b7b07e36e74da7a56d7a0eeab84562" member_type: VOTER last_known_addr { host: "127.0.107.194" port: 46459 } } peers { permanent_uuid: "a18a1322c86048969191fffa9891f336" member_type: VOTER last_known_addr { host: "127.0.107.195" port: 41829 } }
I20260608 12:39:03.006814  3623 ts_tablet_manager.cc:1403] T 58e2d7a52059499f8824ca38a6505d53 P a18a1322c86048969191fffa9891f336: Time spent bootstrapping tablet: real 0.030s	user 0.018s	sys 0.003s
I20260608 12:39:03.006222  3632 leader_election.cc:290] T 60de21ee54b94fa69687ccad6edc55a9 P a18a1322c86048969191fffa9891f336 [CANDIDATE]: Term 1 pre-election: Requested pre-vote from peers 970b5eecbcbd4fcd9f10e92c7ecdce43 (127.0.107.193:34703), c7b7b07e36e74da7a56d7a0eeab84562 (127.0.107.194:46459)
I20260608 12:39:03.007293  3391 leader_election.cc:304] T 60de21ee54b94fa69687ccad6edc55a9 P 970b5eecbcbd4fcd9f10e92c7ecdce43 [CANDIDATE]: Term 1 pre-election: Election decided. Result: candidate won. Election summary: received 2 responses out of 3 voters: 2 yes votes; 0 no votes. yes voters: 970b5eecbcbd4fcd9f10e92c7ecdce43, a18a1322c86048969191fffa9891f336; no voters: 
I20260608 12:39:03.008383  3628 raft_consensus.cc:2804] T 60de21ee54b94fa69687ccad6edc55a9 P 970b5eecbcbd4fcd9f10e92c7ecdce43 [term 0 FOLLOWER]: Leader pre-election won for term 1
I20260608 12:39:03.008764  3628 raft_consensus.cc:493] T 60de21ee54b94fa69687ccad6edc55a9 P 970b5eecbcbd4fcd9f10e92c7ecdce43 [term 0 FOLLOWER]: Starting leader election (no leader contacted us within the election timeout)
I20260608 12:39:03.009136  3628 raft_consensus.cc:3060] T 60de21ee54b94fa69687ccad6edc55a9 P 970b5eecbcbd4fcd9f10e92c7ecdce43 [term 0 FOLLOWER]: Advancing to term 1
I20260608 12:39:03.010572  3623 raft_consensus.cc:359] T 58e2d7a52059499f8824ca38a6505d53 P a18a1322c86048969191fffa9891f336 [term 0 FOLLOWER]: Replica starting. Triggering 0 pending ops. Active config: opid_index: -1 OBSOLETE_local: false peers { permanent_uuid: "970b5eecbcbd4fcd9f10e92c7ecdce43" member_type: VOTER last_known_addr { host: "127.0.107.193" port: 34703 } } peers { permanent_uuid: "c7b7b07e36e74da7a56d7a0eeab84562" member_type: VOTER last_known_addr { host: "127.0.107.194" port: 46459 } } peers { permanent_uuid: "a18a1322c86048969191fffa9891f336" member_type: VOTER last_known_addr { host: "127.0.107.195" port: 41829 } }
I20260608 12:39:03.011382  3623 raft_consensus.cc:385] T 58e2d7a52059499f8824ca38a6505d53 P a18a1322c86048969191fffa9891f336 [term 0 FOLLOWER]: Consensus starting up: Expiring failure detector timer to make a prompt election more likely
I20260608 12:39:03.011806  3623 raft_consensus.cc:740] T 58e2d7a52059499f8824ca38a6505d53 P a18a1322c86048969191fffa9891f336 [term 0 FOLLOWER]: Becoming Follower/Learner. State: Replica: a18a1322c86048969191fffa9891f336, State: Initialized, Role: FOLLOWER
I20260608 12:39:03.012914  3623 consensus_queue.cc:260] T 58e2d7a52059499f8824ca38a6505d53 P a18a1322c86048969191fffa9891f336 [NON_LEADER]: Queue going to NON_LEADER mode. State: All replicated index: 0, Majority replicated index: 0, Committed index: 0, Last appended: 0.0, Last appended by leader: 0, Current term: 0, Majority size: -1, State: 0, Mode: NON_LEADER, active raft config: opid_index: -1 OBSOLETE_local: false peers { permanent_uuid: "970b5eecbcbd4fcd9f10e92c7ecdce43" member_type: VOTER last_known_addr { host: "127.0.107.193" port: 34703 } } peers { permanent_uuid: "c7b7b07e36e74da7a56d7a0eeab84562" member_type: VOTER last_known_addr { host: "127.0.107.194" port: 46459 } } peers { permanent_uuid: "a18a1322c86048969191fffa9891f336" member_type: VOTER last_known_addr { host: "127.0.107.195" port: 41829 } }
I20260608 12:39:03.013686  3624 tablet_bootstrap.cc:654] T 58e2d7a52059499f8824ca38a6505d53 P 970b5eecbcbd4fcd9f10e92c7ecdce43: Neither blocks nor log segments found. Creating new log.
I20260608 12:39:03.015844  3623 ts_tablet_manager.cc:1434] T 58e2d7a52059499f8824ca38a6505d53 P a18a1322c86048969191fffa9891f336: Time spent starting tablet: real 0.009s	user 0.006s	sys 0.001s
I20260608 12:39:03.007189  3622 raft_consensus.cc:385] T 58e2d7a52059499f8824ca38a6505d53 P c7b7b07e36e74da7a56d7a0eeab84562 [term 0 FOLLOWER]: Consensus starting up: Expiring failure detector timer to make a prompt election more likely
I20260608 12:39:03.003328  3503 raft_consensus.cc:2468] T 60de21ee54b94fa69687ccad6edc55a9 P c7b7b07e36e74da7a56d7a0eeab84562 [term 0 FOLLOWER]: Leader pre-election vote request: Granting yes vote for candidate 970b5eecbcbd4fcd9f10e92c7ecdce43 in term 0.
I20260608 12:39:03.017066  3623 tablet_bootstrap.cc:492] T cb2c0998587848a986013e09ac346acd P a18a1322c86048969191fffa9891f336: Bootstrap starting.
I20260608 12:39:03.016964  3622 raft_consensus.cc:740] T 58e2d7a52059499f8824ca38a6505d53 P c7b7b07e36e74da7a56d7a0eeab84562 [term 0 FOLLOWER]: Becoming Follower/Learner. State: Replica: c7b7b07e36e74da7a56d7a0eeab84562, State: Initialized, Role: FOLLOWER
I20260608 12:39:03.017985  3622 consensus_queue.cc:260] T 58e2d7a52059499f8824ca38a6505d53 P c7b7b07e36e74da7a56d7a0eeab84562 [NON_LEADER]: Queue going to NON_LEADER mode. State: All replicated index: 0, Majority replicated index: 0, Committed index: 0, Last appended: 0.0, Last appended by leader: 0, Current term: 0, Majority size: -1, State: 0, Mode: NON_LEADER, active raft config: opid_index: -1 OBSOLETE_local: false peers { permanent_uuid: "970b5eecbcbd4fcd9f10e92c7ecdce43" member_type: VOTER last_known_addr { host: "127.0.107.193" port: 34703 } } peers { permanent_uuid: "c7b7b07e36e74da7a56d7a0eeab84562" member_type: VOTER last_known_addr { host: "127.0.107.194" port: 46459 } } peers { permanent_uuid: "a18a1322c86048969191fffa9891f336" member_type: VOTER last_known_addr { host: "127.0.107.195" port: 41829 } }
I20260608 12:39:03.020373  3622 ts_tablet_manager.cc:1434] T 58e2d7a52059499f8824ca38a6505d53 P c7b7b07e36e74da7a56d7a0eeab84562: Time spent starting tablet: real 0.017s	user 0.007s	sys 0.002s
I20260608 12:39:03.020788  3628 raft_consensus.cc:515] T 60de21ee54b94fa69687ccad6edc55a9 P 970b5eecbcbd4fcd9f10e92c7ecdce43 [term 1 FOLLOWER]: Starting leader election with config: opid_index: -1 OBSOLETE_local: false peers { permanent_uuid: "970b5eecbcbd4fcd9f10e92c7ecdce43" member_type: VOTER last_known_addr { host: "127.0.107.193" port: 34703 } } peers { permanent_uuid: "c7b7b07e36e74da7a56d7a0eeab84562" member_type: VOTER last_known_addr { host: "127.0.107.194" port: 46459 } } peers { permanent_uuid: "a18a1322c86048969191fffa9891f336" member_type: VOTER last_known_addr { host: "127.0.107.195" port: 41829 } }
I20260608 12:39:03.021477  3622 tablet_bootstrap.cc:492] T a893bf5577034d0b835c556f1d895aac P c7b7b07e36e74da7a56d7a0eeab84562: Bootstrap starting.
I20260608 12:39:03.023984  3503 tablet_service.cc:1917] Received RequestConsensusVote() RPC: tablet_id: "60de21ee54b94fa69687ccad6edc55a9" candidate_uuid: "970b5eecbcbd4fcd9f10e92c7ecdce43" candidate_term: 1 candidate_status { last_received { term: 0 index: 0 } } ignore_live_leader: false dest_uuid: "c7b7b07e36e74da7a56d7a0eeab84562"
I20260608 12:39:03.024593  3503 raft_consensus.cc:3060] T 60de21ee54b94fa69687ccad6edc55a9 P c7b7b07e36e74da7a56d7a0eeab84562 [term 0 FOLLOWER]: Advancing to term 1
I20260608 12:39:03.032805  3622 tablet_bootstrap.cc:654] T a893bf5577034d0b835c556f1d895aac P c7b7b07e36e74da7a56d7a0eeab84562: Neither blocks nor log segments found. Creating new log.
I20260608 12:39:03.032907  3503 raft_consensus.cc:2468] T 60de21ee54b94fa69687ccad6edc55a9 P c7b7b07e36e74da7a56d7a0eeab84562 [term 1 FOLLOWER]: Leader election vote request: Granting yes vote for candidate 970b5eecbcbd4fcd9f10e92c7ecdce43 in term 1.
I20260608 12:39:03.035322  3577 tablet_service.cc:1917] Received RequestConsensusVote() RPC: tablet_id: "60de21ee54b94fa69687ccad6edc55a9" candidate_uuid: "970b5eecbcbd4fcd9f10e92c7ecdce43" candidate_term: 1 candidate_status { last_received { term: 0 index: 0 } } ignore_live_leader: false dest_uuid: "a18a1322c86048969191fffa9891f336"
I20260608 12:39:03.038264  3577 raft_consensus.cc:3060] T 60de21ee54b94fa69687ccad6edc55a9 P a18a1322c86048969191fffa9891f336 [term 0 FOLLOWER]: Advancing to term 1
W20260608 12:39:03.046864  3374 auto_rebalancer.cc:259] Could not retrieve cluster info: Service unavailable: Tablet not running
I20260608 12:39:03.046983  3622 tablet_bootstrap.cc:492] T a893bf5577034d0b835c556f1d895aac P c7b7b07e36e74da7a56d7a0eeab84562: No bootstrap required, opened a new log
I20260608 12:39:03.047678  3622 ts_tablet_manager.cc:1403] T a893bf5577034d0b835c556f1d895aac P c7b7b07e36e74da7a56d7a0eeab84562: Time spent bootstrapping tablet: real 0.026s	user 0.012s	sys 0.006s
I20260608 12:39:03.049690  3379 auto_leader_rebalancer.cc:140] leader rebalance for table range_aware_rebalance_new_range
W20260608 12:39:03.050740  3379 auto_leader_rebalancer.cc:460] the master instance isn't leader: Service unavailable: Tablet not running
I20260608 12:39:03.036661  3628 leader_election.cc:290] T 60de21ee54b94fa69687ccad6edc55a9 P 970b5eecbcbd4fcd9f10e92c7ecdce43 [CANDIDATE]: Term 1 election: Requested vote from peers c7b7b07e36e74da7a56d7a0eeab84562 (127.0.107.194:46459), a18a1322c86048969191fffa9891f336 (127.0.107.195:41829)
I20260608 12:39:03.037317  3623 tablet_bootstrap.cc:654] T cb2c0998587848a986013e09ac346acd P a18a1322c86048969191fffa9891f336: Neither blocks nor log segments found. Creating new log.
I20260608 12:39:03.052474  3394 leader_election.cc:304] T 60de21ee54b94fa69687ccad6edc55a9 P 970b5eecbcbd4fcd9f10e92c7ecdce43 [CANDIDATE]: Term 1 election: Election decided. Result: candidate won. Election summary: received 2 responses out of 3 voters: 2 yes votes; 0 no votes. yes voters: 970b5eecbcbd4fcd9f10e92c7ecdce43, c7b7b07e36e74da7a56d7a0eeab84562; no voters: 
I20260608 12:39:03.053917  3628 raft_consensus.cc:2804] T 60de21ee54b94fa69687ccad6edc55a9 P 970b5eecbcbd4fcd9f10e92c7ecdce43 [term 1 FOLLOWER]: Leader election won for term 1
I20260608 12:39:03.054417  3577 raft_consensus.cc:2468] T 60de21ee54b94fa69687ccad6edc55a9 P a18a1322c86048969191fffa9891f336 [term 1 FOLLOWER]: Leader election vote request: Granting yes vote for candidate 970b5eecbcbd4fcd9f10e92c7ecdce43 in term 1.
I20260608 12:39:03.055594  3628 raft_consensus.cc:697] T 60de21ee54b94fa69687ccad6edc55a9 P 970b5eecbcbd4fcd9f10e92c7ecdce43 [term 1 LEADER]: Becoming Leader. State: Replica: 970b5eecbcbd4fcd9f10e92c7ecdce43, State: Running, Role: LEADER
I20260608 12:39:03.056972  3624 tablet_bootstrap.cc:492] T 58e2d7a52059499f8824ca38a6505d53 P 970b5eecbcbd4fcd9f10e92c7ecdce43: No bootstrap required, opened a new log
I20260608 12:39:03.057559  3624 ts_tablet_manager.cc:1403] T 58e2d7a52059499f8824ca38a6505d53 P 970b5eecbcbd4fcd9f10e92c7ecdce43: Time spent bootstrapping tablet: real 0.060s	user 0.015s	sys 0.018s
I20260608 12:39:03.056826  3628 consensus_queue.cc:237] T 60de21ee54b94fa69687ccad6edc55a9 P 970b5eecbcbd4fcd9f10e92c7ecdce43 [LEADER]: Queue going to LEADER mode. State: All replicated index: 0, Majority replicated index: 0, Committed index: 0, Last appended: 0.0, Last appended by leader: 0, Current term: 1, Majority size: 2, State: 0, Mode: LEADER, active raft config: opid_index: -1 OBSOLETE_local: false peers { permanent_uuid: "970b5eecbcbd4fcd9f10e92c7ecdce43" member_type: VOTER last_known_addr { host: "127.0.107.193" port: 34703 } } peers { permanent_uuid: "c7b7b07e36e74da7a56d7a0eeab84562" member_type: VOTER last_known_addr { host: "127.0.107.194" port: 46459 } } peers { permanent_uuid: "a18a1322c86048969191fffa9891f336" member_type: VOTER last_known_addr { host: "127.0.107.195" port: 41829 } }
I20260608 12:39:03.051239  3622 raft_consensus.cc:359] T a893bf5577034d0b835c556f1d895aac P c7b7b07e36e74da7a56d7a0eeab84562 [term 0 FOLLOWER]: Replica starting. Triggering 0 pending ops. Active config: opid_index: -1 OBSOLETE_local: false peers { permanent_uuid: "c7b7b07e36e74da7a56d7a0eeab84562" member_type: VOTER last_known_addr { host: "127.0.107.194" port: 46459 } } peers { permanent_uuid: "970b5eecbcbd4fcd9f10e92c7ecdce43" member_type: VOTER last_known_addr { host: "127.0.107.193" port: 34703 } } peers { permanent_uuid: "a18a1322c86048969191fffa9891f336" member_type: VOTER last_known_addr { host: "127.0.107.195" port: 41829 } }
I20260608 12:39:03.058286  3622 raft_consensus.cc:385] T a893bf5577034d0b835c556f1d895aac P c7b7b07e36e74da7a56d7a0eeab84562 [term 0 FOLLOWER]: Consensus starting up: Expiring failure detector timer to make a prompt election more likely
I20260608 12:39:03.058588  3622 raft_consensus.cc:740] T a893bf5577034d0b835c556f1d895aac P c7b7b07e36e74da7a56d7a0eeab84562 [term 0 FOLLOWER]: Becoming Follower/Learner. State: Replica: c7b7b07e36e74da7a56d7a0eeab84562, State: Initialized, Role: FOLLOWER
I20260608 12:39:03.059358  3622 consensus_queue.cc:260] T a893bf5577034d0b835c556f1d895aac P c7b7b07e36e74da7a56d7a0eeab84562 [NON_LEADER]: Queue going to NON_LEADER mode. State: All replicated index: 0, Majority replicated index: 0, Committed index: 0, Last appended: 0.0, Last appended by leader: 0, Current term: 0, Majority size: -1, State: 0, Mode: NON_LEADER, active raft config: opid_index: -1 OBSOLETE_local: false peers { permanent_uuid: "c7b7b07e36e74da7a56d7a0eeab84562" member_type: VOTER last_known_addr { host: "127.0.107.194" port: 46459 } } peers { permanent_uuid: "970b5eecbcbd4fcd9f10e92c7ecdce43" member_type: VOTER last_known_addr { host: "127.0.107.193" port: 34703 } } peers { permanent_uuid: "a18a1322c86048969191fffa9891f336" member_type: VOTER last_known_addr { host: "127.0.107.195" port: 41829 } }
I20260608 12:39:03.061034  3624 raft_consensus.cc:359] T 58e2d7a52059499f8824ca38a6505d53 P 970b5eecbcbd4fcd9f10e92c7ecdce43 [term 0 FOLLOWER]: Replica starting. Triggering 0 pending ops. Active config: opid_index: -1 OBSOLETE_local: false peers { permanent_uuid: "970b5eecbcbd4fcd9f10e92c7ecdce43" member_type: VOTER last_known_addr { host: "127.0.107.193" port: 34703 } } peers { permanent_uuid: "c7b7b07e36e74da7a56d7a0eeab84562" member_type: VOTER last_known_addr { host: "127.0.107.194" port: 46459 } } peers { permanent_uuid: "a18a1322c86048969191fffa9891f336" member_type: VOTER last_known_addr { host: "127.0.107.195" port: 41829 } }
I20260608 12:39:03.061705  3624 raft_consensus.cc:385] T 58e2d7a52059499f8824ca38a6505d53 P 970b5eecbcbd4fcd9f10e92c7ecdce43 [term 0 FOLLOWER]: Consensus starting up: Expiring failure detector timer to make a prompt election more likely
I20260608 12:39:03.061899  3622 ts_tablet_manager.cc:1434] T a893bf5577034d0b835c556f1d895aac P c7b7b07e36e74da7a56d7a0eeab84562: Time spent starting tablet: real 0.014s	user 0.006s	sys 0.000s
I20260608 12:39:03.061964  3624 raft_consensus.cc:740] T 58e2d7a52059499f8824ca38a6505d53 P 970b5eecbcbd4fcd9f10e92c7ecdce43 [term 0 FOLLOWER]: Becoming Follower/Learner. State: Replica: 970b5eecbcbd4fcd9f10e92c7ecdce43, State: Initialized, Role: FOLLOWER
I20260608 12:39:03.063210  3622 tablet_bootstrap.cc:492] T 7566e54035ff4b5aab8b649e293f62a9 P c7b7b07e36e74da7a56d7a0eeab84562: Bootstrap starting.
I20260608 12:39:03.063086  3428 tablet_service.cc:1917] Received RequestConsensusVote() RPC: tablet_id: "60de21ee54b94fa69687ccad6edc55a9" candidate_uuid: "a18a1322c86048969191fffa9891f336" candidate_term: 1 candidate_status { last_received { term: 0 index: 0 } } ignore_live_leader: false dest_uuid: "970b5eecbcbd4fcd9f10e92c7ecdce43" is_pre_election: true
I20260608 12:39:03.062976  3624 consensus_queue.cc:260] T 58e2d7a52059499f8824ca38a6505d53 P 970b5eecbcbd4fcd9f10e92c7ecdce43 [NON_LEADER]: Queue going to NON_LEADER mode. State: All replicated index: 0, Majority replicated index: 0, Committed index: 0, Last appended: 0.0, Last appended by leader: 0, Current term: 0, Majority size: -1, State: 0, Mode: NON_LEADER, active raft config: opid_index: -1 OBSOLETE_local: false peers { permanent_uuid: "970b5eecbcbd4fcd9f10e92c7ecdce43" member_type: VOTER last_known_addr { host: "127.0.107.193" port: 34703 } } peers { permanent_uuid: "c7b7b07e36e74da7a56d7a0eeab84562" member_type: VOTER last_known_addr { host: "127.0.107.194" port: 46459 } } peers { permanent_uuid: "a18a1322c86048969191fffa9891f336" member_type: VOTER last_known_addr { host: "127.0.107.195" port: 41829 } }
I20260608 12:39:03.065614  3624 ts_tablet_manager.cc:1434] T 58e2d7a52059499f8824ca38a6505d53 P 970b5eecbcbd4fcd9f10e92c7ecdce43: Time spent starting tablet: real 0.008s	user 0.007s	sys 0.000s
I20260608 12:39:03.066669  3624 tablet_bootstrap.cc:492] T 7566e54035ff4b5aab8b649e293f62a9 P 970b5eecbcbd4fcd9f10e92c7ecdce43: Bootstrap starting.
I20260608 12:39:03.081073  3624 tablet_bootstrap.cc:654] T 7566e54035ff4b5aab8b649e293f62a9 P 970b5eecbcbd4fcd9f10e92c7ecdce43: Neither blocks nor log segments found. Creating new log.
I20260608 12:39:03.083155  3622 tablet_bootstrap.cc:654] T 7566e54035ff4b5aab8b649e293f62a9 P c7b7b07e36e74da7a56d7a0eeab84562: Neither blocks nor log segments found. Creating new log.
I20260608 12:39:03.085562  3503 tablet_service.cc:1917] Received RequestConsensusVote() RPC: tablet_id: "60de21ee54b94fa69687ccad6edc55a9" candidate_uuid: "a18a1322c86048969191fffa9891f336" candidate_term: 1 candidate_status { last_received { term: 0 index: 0 } } ignore_live_leader: false dest_uuid: "c7b7b07e36e74da7a56d7a0eeab84562" is_pre_election: true
I20260608 12:39:03.086526  3503 raft_consensus.cc:2393] T 60de21ee54b94fa69687ccad6edc55a9 P c7b7b07e36e74da7a56d7a0eeab84562 [term 1 FOLLOWER]: Leader pre-election vote request: Denying vote to candidate a18a1322c86048969191fffa9891f336 in current term 1: Already voted for candidate 970b5eecbcbd4fcd9f10e92c7ecdce43 in this term.
I20260608 12:39:03.087604  3623 tablet_bootstrap.cc:492] T cb2c0998587848a986013e09ac346acd P a18a1322c86048969191fffa9891f336: No bootstrap required, opened a new log
I20260608 12:39:03.088292  3623 ts_tablet_manager.cc:1403] T cb2c0998587848a986013e09ac346acd P a18a1322c86048969191fffa9891f336: Time spent bootstrapping tablet: real 0.072s	user 0.017s	sys 0.010s
I20260608 12:39:03.093288  3623 raft_consensus.cc:359] T cb2c0998587848a986013e09ac346acd P a18a1322c86048969191fffa9891f336 [term 0 FOLLOWER]: Replica starting. Triggering 0 pending ops. Active config: opid_index: -1 OBSOLETE_local: false peers { permanent_uuid: "a18a1322c86048969191fffa9891f336" member_type: VOTER last_known_addr { host: "127.0.107.195" port: 41829 } } peers { permanent_uuid: "970b5eecbcbd4fcd9f10e92c7ecdce43" member_type: VOTER last_known_addr { host: "127.0.107.193" port: 34703 } } peers { permanent_uuid: "c7b7b07e36e74da7a56d7a0eeab84562" member_type: VOTER last_known_addr { host: "127.0.107.194" port: 46459 } }
I20260608 12:39:03.094312  3623 raft_consensus.cc:385] T cb2c0998587848a986013e09ac346acd P a18a1322c86048969191fffa9891f336 [term 0 FOLLOWER]: Consensus starting up: Expiring failure detector timer to make a prompt election more likely
