I20260608 12:49:48.037377  4881 hybrid_clock.cc:584] initializing the hybrid clock with 'system_unsync' time source
W20260608 12:49:48.037650  4881 system_unsync_time.cc:38] NTP support is disabled. Clock error bounds will not be accurate. This configuration is not suitable for distributed clusters.
I20260608 12:49:48.037812  4881 hybrid_clock.cc:648] HybridClock initialized: now 1780922988037798 us; error 0 us; skew 500 ppm
I20260608 12:49:48.038466  4881 server_base.cc:861] Flag tcmalloc_max_total_thread_cache_bytes is not working since tcmalloc is not enabled.
I20260608 12:49:48.040980  4881 webserver.cc:533] Webserver started at http://127.4.196.126:43937/ using document root <none> and password file <none>
I20260608 12:49:48.041512  4881 fs_manager.cc:362] Metadata directory not provided
I20260608 12:49:48.041672  4881 fs_manager.cc:368] Using write-ahead log directory (fs_wal_dir) as metadata directory
I20260608 12:49:48.041998  4881 server_base.cc:909] This appears to be a new deployment of Kudu; creating new FS layout
I20260608 12:49:48.043114  4881 fs_manager.cc:1068] Generated new instance metadata in path /tmp/dist-test-task5AtSL6/test-tmp/auto_rebalancer-test.0.AutoRebalancerTest.AutoRebalancingTurnOffAndOn.1780922981842046-4881-0/minicluster-data/master-0-root/instance:
uuid: "0ae96be9e8cd4e64b4e07d053a2ceb06"
format_stamp: "Formatted at 2026-06-08 12:49:48 on dist-test-slave-mlsq"
I20260608 12:49:48.047914  4881 fs_manager.cc:696] Time spent creating directory manager: real 0.004s	user 0.004s	sys 0.000s
I20260608 12:49:48.051486  5432 log_block_manager.cc:4031] Time spent loading block containers with low live blocks: real 0.000s	user 0.000s	sys 0.000s
I20260608 12:49:48.052385  4881 fs_manager.cc:730] Time spent opening block manager: real 0.002s	user 0.002s	sys 0.001s
I20260608 12:49:48.052743  4881 fs_manager.cc:647] Opened local filesystem: /tmp/dist-test-task5AtSL6/test-tmp/auto_rebalancer-test.0.AutoRebalancerTest.AutoRebalancingTurnOffAndOn.1780922981842046-4881-0/minicluster-data/master-0-root
uuid: "0ae96be9e8cd4e64b4e07d053a2ceb06"
format_stamp: "Formatted at 2026-06-08 12:49:48 on dist-test-slave-mlsq"
I20260608 12:49:48.053006  4881 fs_report.cc:389] FS layout report
--------------------
wal directory: /tmp/dist-test-task5AtSL6/test-tmp/auto_rebalancer-test.0.AutoRebalancerTest.AutoRebalancingTurnOffAndOn.1780922981842046-4881-0/minicluster-data/master-0-root
metadata directory: /tmp/dist-test-task5AtSL6/test-tmp/auto_rebalancer-test.0.AutoRebalancerTest.AutoRebalancingTurnOffAndOn.1780922981842046-4881-0/minicluster-data/master-0-root
1 data directories: /tmp/dist-test-task5AtSL6/test-tmp/auto_rebalancer-test.0.AutoRebalancerTest.AutoRebalancingTurnOffAndOn.1780922981842046-4881-0/minicluster-data/master-0-root/data
Total live blocks: 0
Total live bytes: 0
Total live bytes (after alignment): 0
Total number of LBM containers: 0 (0 full)
Did not check for missing blocks
Did not check for orphaned blocks
Total full LBM containers with extra space: 0 (0 repaired)
Total full LBM container extra space in bytes: 0 (0 repaired)
Total incomplete LBM containers: 0 (0 repaired)
Total LBM partial records: 0 (0 repaired)
Total corrupted LBM metadata records in RocksDB: 0 (0 repaired)
I20260608 12:49:48.064997  4881 rpc_server.cc:225] running with OpenSSL 1.1.1  11 Sep 2018
I20260608 12:49:48.066099  4881 kserver.cc:163] Server-wide thread pool size limit: 3276
I20260608 12:49:48.104691  4881 rpc_server.cc:307] RPC server started. Bound to: 127.4.196.126:35341
I20260608 12:49:48.104801  5483 acceptor_pool.cc:272] collecting diagnostics on the listening RPC socket 127.4.196.126:35341 every 8 connection(s)
I20260608 12:49:48.108884  5484 data_dirs.cc:400] Could only allocate 1 dirs of requested 3 for tablet 00000000000000000000000000000000. 1 dirs total, 0 dirs full, 0 dirs failed
I20260608 12:49:48.118427  5484 tablet_bootstrap.cc:492] T 00000000000000000000000000000000 P 0ae96be9e8cd4e64b4e07d053a2ceb06: Bootstrap starting.
I20260608 12:49:48.122838  5484 tablet_bootstrap.cc:654] T 00000000000000000000000000000000 P 0ae96be9e8cd4e64b4e07d053a2ceb06: Neither blocks nor log segments found. Creating new log.
I20260608 12:49:48.127177  5484 tablet_bootstrap.cc:492] T 00000000000000000000000000000000 P 0ae96be9e8cd4e64b4e07d053a2ceb06: No bootstrap required, opened a new log
I20260608 12:49:48.129345  5484 raft_consensus.cc:359] T 00000000000000000000000000000000 P 0ae96be9e8cd4e64b4e07d053a2ceb06 [term 0 FOLLOWER]: Replica starting. Triggering 0 pending ops. Active config: opid_index: -1 OBSOLETE_local: true peers { permanent_uuid: "0ae96be9e8cd4e64b4e07d053a2ceb06" member_type: VOTER }
I20260608 12:49:48.129801  5484 raft_consensus.cc:385] T 00000000000000000000000000000000 P 0ae96be9e8cd4e64b4e07d053a2ceb06 [term 0 FOLLOWER]: Consensus starting up: Expiring failure detector timer to make a prompt election more likely
I20260608 12:49:48.130072  5484 raft_consensus.cc:740] T 00000000000000000000000000000000 P 0ae96be9e8cd4e64b4e07d053a2ceb06 [term 0 FOLLOWER]: Becoming Follower/Learner. State: Replica: 0ae96be9e8cd4e64b4e07d053a2ceb06, State: Initialized, Role: FOLLOWER
I20260608 12:49:48.130761  5484 consensus_queue.cc:260] T 00000000000000000000000000000000 P 0ae96be9e8cd4e64b4e07d053a2ceb06 [NON_LEADER]: Queue going to NON_LEADER mode. State: All replicated index: 0, Majority replicated index: 0, Committed index: 0, Last appended: 0.0, Last appended by leader: 0, Current term: 0, Majority size: -1, State: 0, Mode: NON_LEADER, active raft config: opid_index: -1 OBSOLETE_local: true peers { permanent_uuid: "0ae96be9e8cd4e64b4e07d053a2ceb06" member_type: VOTER }
I20260608 12:49:48.131259  5484 raft_consensus.cc:399] T 00000000000000000000000000000000 P 0ae96be9e8cd4e64b4e07d053a2ceb06 [term 0 FOLLOWER]: Only one voter in the Raft config. Triggering election immediately
I20260608 12:49:48.131534  5484 raft_consensus.cc:493] T 00000000000000000000000000000000 P 0ae96be9e8cd4e64b4e07d053a2ceb06 [term 0 FOLLOWER]: Starting leader election (initial election of a single-replica configuration)
I20260608 12:49:48.131819  5484 raft_consensus.cc:3060] T 00000000000000000000000000000000 P 0ae96be9e8cd4e64b4e07d053a2ceb06 [term 0 FOLLOWER]: Advancing to term 1
I20260608 12:49:48.136112  5484 raft_consensus.cc:515] T 00000000000000000000000000000000 P 0ae96be9e8cd4e64b4e07d053a2ceb06 [term 1 FOLLOWER]: Starting leader election with config: opid_index: -1 OBSOLETE_local: true peers { permanent_uuid: "0ae96be9e8cd4e64b4e07d053a2ceb06" member_type: VOTER }
I20260608 12:49:48.136735  5484 leader_election.cc:304] T 00000000000000000000000000000000 P 0ae96be9e8cd4e64b4e07d053a2ceb06 [CANDIDATE]: Term 1 election: Election decided. Result: candidate won. Election summary: received 1 responses out of 1 voters: 1 yes votes; 0 no votes. yes voters: 0ae96be9e8cd4e64b4e07d053a2ceb06; no voters: 
I20260608 12:49:48.138020  5484 leader_election.cc:290] T 00000000000000000000000000000000 P 0ae96be9e8cd4e64b4e07d053a2ceb06 [CANDIDATE]: Term 1 election: Requested vote from peers 
I20260608 12:49:48.138459  5487 raft_consensus.cc:2804] T 00000000000000000000000000000000 P 0ae96be9e8cd4e64b4e07d053a2ceb06 [term 1 FOLLOWER]: Leader election won for term 1
I20260608 12:49:48.140033  5487 raft_consensus.cc:697] T 00000000000000000000000000000000 P 0ae96be9e8cd4e64b4e07d053a2ceb06 [term 1 LEADER]: Becoming Leader. State: Replica: 0ae96be9e8cd4e64b4e07d053a2ceb06, State: Running, Role: LEADER
I20260608 12:49:48.140765  5487 consensus_queue.cc:237] T 00000000000000000000000000000000 P 0ae96be9e8cd4e64b4e07d053a2ceb06 [LEADER]: Queue going to LEADER mode. State: All replicated index: 0, Majority replicated index: 0, Committed index: 0, Last appended: 0.0, Last appended by leader: 0, Current term: 1, Majority size: 1, State: 0, Mode: LEADER, active raft config: opid_index: -1 OBSOLETE_local: true peers { permanent_uuid: "0ae96be9e8cd4e64b4e07d053a2ceb06" member_type: VOTER }
I20260608 12:49:48.141083  5484 sys_catalog.cc:565] T 00000000000000000000000000000000 P 0ae96be9e8cd4e64b4e07d053a2ceb06 [sys.catalog]: configured and running, proceeding with master startup.
I20260608 12:49:48.143893  5488 sys_catalog.cc:455] T 00000000000000000000000000000000 P 0ae96be9e8cd4e64b4e07d053a2ceb06 [sys.catalog]: SysCatalogTable state changed. Reason: RaftConsensus started. Latest consensus state: current_term: 1 leader_uuid: "0ae96be9e8cd4e64b4e07d053a2ceb06" committed_config { opid_index: -1 OBSOLETE_local: true peers { permanent_uuid: "0ae96be9e8cd4e64b4e07d053a2ceb06" member_type: VOTER } }
I20260608 12:49:48.143904  5489 sys_catalog.cc:455] T 00000000000000000000000000000000 P 0ae96be9e8cd4e64b4e07d053a2ceb06 [sys.catalog]: SysCatalogTable state changed. Reason: New leader 0ae96be9e8cd4e64b4e07d053a2ceb06. Latest consensus state: current_term: 1 leader_uuid: "0ae96be9e8cd4e64b4e07d053a2ceb06" committed_config { opid_index: -1 OBSOLETE_local: true peers { permanent_uuid: "0ae96be9e8cd4e64b4e07d053a2ceb06" member_type: VOTER } }
I20260608 12:49:48.144726  5488 sys_catalog.cc:458] T 00000000000000000000000000000000 P 0ae96be9e8cd4e64b4e07d053a2ceb06 [sys.catalog]: This master's current role is: LEADER
I20260608 12:49:48.144747  5489 sys_catalog.cc:458] T 00000000000000000000000000000000 P 0ae96be9e8cd4e64b4e07d053a2ceb06 [sys.catalog]: This master's current role is: LEADER
I20260608 12:49:48.149701  5492 catalog_manager.cc:1510] Loading table and tablet metadata into memory...
I20260608 12:49:48.155185  5492 catalog_manager.cc:1519] Initializing Kudu cluster ID...
I20260608 12:49:48.157892  4881 internal_mini_cluster.cc:184] Waiting to initialize catalog manager on master 0
I20260608 12:49:48.165647  5492 catalog_manager.cc:1382] Generated new cluster ID: b165a592eb604df887c248499ed26b3e
I20260608 12:49:48.165947  5492 catalog_manager.cc:1530] Initializing Kudu internal certificate authority...
I20260608 12:49:48.181766  5492 catalog_manager.cc:1405] Generated new certificate authority record
I20260608 12:49:48.183007  5492 catalog_manager.cc:1539] Loading token signing keys...
I20260608 12:49:48.200311  5492 catalog_manager.cc:6069] T 00000000000000000000000000000000 P 0ae96be9e8cd4e64b4e07d053a2ceb06: Generated new TSK 0
I20260608 12:49:48.200965  5492 catalog_manager.cc:1549] Initializing in-progress tserver states...
I20260608 12:49:48.228223  4881 file_cache.cc:492] Constructed file cache file cache with capacity 419430
W20260608 12:49:48.234539  5505 instance_detector.cc:116] could not retrieve AWS instance metadata: Network error: curl error: HTTP response code said error: The requested URL returned error: 404
W20260608 12:49:48.235829  5506 instance_detector.cc:116] could not retrieve Azure instance metadata: Network error: curl error: HTTP response code said error: The requested URL returned error: 404
W20260608 12:49:48.238310  5508 instance_detector.cc:116] could not retrieve OpenStack instance metadata: Network error: curl error: HTTP response code said error: The requested URL returned error: 404
I20260608 12:49:48.238682  4881 server_base.cc:1061] running on GCE node
I20260608 12:49:48.239702  4881 hybrid_clock.cc:584] initializing the hybrid clock with 'system_unsync' time source
W20260608 12:49:48.239892  4881 system_unsync_time.cc:38] NTP support is disabled. Clock error bounds will not be accurate. This configuration is not suitable for distributed clusters.
I20260608 12:49:48.240118  4881 hybrid_clock.cc:648] HybridClock initialized: now 1780922988240080 us; error 0 us; skew 500 ppm
I20260608 12:49:48.240746  4881 server_base.cc:861] Flag tcmalloc_max_total_thread_cache_bytes is not working since tcmalloc is not enabled.
I20260608 12:49:48.243593  4881 webserver.cc:533] Webserver started at http://127.4.196.65:37331/ using document root <none> and password file <none>
I20260608 12:49:48.244196  4881 fs_manager.cc:362] Metadata directory not provided
I20260608 12:49:48.244638  4881 fs_manager.cc:368] Using write-ahead log directory (fs_wal_dir) as metadata directory
I20260608 12:49:48.244963  4881 server_base.cc:909] This appears to be a new deployment of Kudu; creating new FS layout
I20260608 12:49:48.246122  4881 fs_manager.cc:1068] Generated new instance metadata in path /tmp/dist-test-task5AtSL6/test-tmp/auto_rebalancer-test.0.AutoRebalancerTest.AutoRebalancingTurnOffAndOn.1780922981842046-4881-0/minicluster-data/ts-0-root/instance:
uuid: "5703ab6fb6da490da90b339dde2c274e"
format_stamp: "Formatted at 2026-06-08 12:49:48 on dist-test-slave-mlsq"
I20260608 12:49:48.250993  4881 fs_manager.cc:696] Time spent creating directory manager: real 0.004s	user 0.000s	sys 0.006s
I20260608 12:49:48.255227  5513 log_block_manager.cc:4031] Time spent loading block containers with low live blocks: real 0.000s	user 0.000s	sys 0.000s
I20260608 12:49:48.256148  4881 fs_manager.cc:730] Time spent opening block manager: real 0.003s	user 0.003s	sys 0.000s
I20260608 12:49:48.256492  4881 fs_manager.cc:647] Opened local filesystem: /tmp/dist-test-task5AtSL6/test-tmp/auto_rebalancer-test.0.AutoRebalancerTest.AutoRebalancingTurnOffAndOn.1780922981842046-4881-0/minicluster-data/ts-0-root
uuid: "5703ab6fb6da490da90b339dde2c274e"
format_stamp: "Formatted at 2026-06-08 12:49:48 on dist-test-slave-mlsq"
I20260608 12:49:48.256809  4881 fs_report.cc:389] FS layout report
--------------------
wal directory: /tmp/dist-test-task5AtSL6/test-tmp/auto_rebalancer-test.0.AutoRebalancerTest.AutoRebalancingTurnOffAndOn.1780922981842046-4881-0/minicluster-data/ts-0-root
metadata directory: /tmp/dist-test-task5AtSL6/test-tmp/auto_rebalancer-test.0.AutoRebalancerTest.AutoRebalancingTurnOffAndOn.1780922981842046-4881-0/minicluster-data/ts-0-root
1 data directories: /tmp/dist-test-task5AtSL6/test-tmp/auto_rebalancer-test.0.AutoRebalancerTest.AutoRebalancingTurnOffAndOn.1780922981842046-4881-0/minicluster-data/ts-0-root/data
Total live blocks: 0
Total live bytes: 0
Total live bytes (after alignment): 0
Total number of LBM containers: 0 (0 full)
Did not check for missing blocks
Did not check for orphaned blocks
Total full LBM containers with extra space: 0 (0 repaired)
Total full LBM container extra space in bytes: 0 (0 repaired)
Total incomplete LBM containers: 0 (0 repaired)
Total LBM partial records: 0 (0 repaired)
Total corrupted LBM metadata records in RocksDB: 0 (0 repaired)
I20260608 12:49:48.271075  4881 rpc_server.cc:225] running with OpenSSL 1.1.1  11 Sep 2018
I20260608 12:49:48.272255  4881 kserver.cc:163] Server-wide thread pool size limit: 3276
I20260608 12:49:48.273739  4881 txn_system_client.cc:432] TxnSystemClient initialization is disabled...
I20260608 12:49:48.276142  4881 ts_tablet_manager.cc:585] Loaded tablet metadata (0 total tablets, 0 live tablets)
I20260608 12:49:48.276397  4881 ts_tablet_manager.cc:531] Time spent load tablet metadata: real 0.000s	user 0.000s	sys 0.000s
I20260608 12:49:48.276664  4881 ts_tablet_manager.cc:616] Registered 0 tablets
I20260608 12:49:48.276860  4881 ts_tablet_manager.cc:595] Time spent register tablets: real 0.000s	user 0.000s	sys 0.000s
I20260608 12:49:48.320770  4881 rpc_server.cc:307] RPC server started. Bound to: 127.4.196.65:41199
I20260608 12:49:48.320851  5575 acceptor_pool.cc:272] collecting diagnostics on the listening RPC socket 127.4.196.65:41199 every 8 connection(s)
I20260608 12:49:48.326345  4881 file_cache.cc:492] Constructed file cache file cache with capacity 419430
W20260608 12:49:48.333428  5580 instance_detector.cc:116] could not retrieve AWS instance metadata: Network error: curl error: HTTP response code said error: The requested URL returned error: 404
W20260608 12:49:48.334105  5581 instance_detector.cc:116] could not retrieve Azure instance metadata: Network error: curl error: HTTP response code said error: The requested URL returned error: 404
W20260608 12:49:48.337556  5583 instance_detector.cc:116] could not retrieve OpenStack instance metadata: Network error: curl error: HTTP response code said error: The requested URL returned error: 404
I20260608 12:49:48.338294  4881 server_base.cc:1061] running on GCE node
I20260608 12:49:48.339480  4881 hybrid_clock.cc:584] initializing the hybrid clock with 'system_unsync' time source
W20260608 12:49:48.339797  4881 system_unsync_time.cc:38] NTP support is disabled. Clock error bounds will not be accurate. This configuration is not suitable for distributed clusters.
I20260608 12:49:48.339984  4881 hybrid_clock.cc:648] HybridClock initialized: now 1780922988339963 us; error 0 us; skew 500 ppm
I20260608 12:49:48.340567  4881 server_base.cc:861] Flag tcmalloc_max_total_thread_cache_bytes is not working since tcmalloc is not enabled.
I20260608 12:49:48.341275  5576 heartbeater.cc:344] Connected to a master server at 127.4.196.126:35341
I20260608 12:49:48.341662  5576 heartbeater.cc:461] Registering TS with master...
I20260608 12:49:48.342497  5576 heartbeater.cc:507] Master 127.4.196.126:35341 requested a full tablet report, sending...
I20260608 12:49:48.345052  5449 ts_manager.cc:194] Registered new tserver with Master: 5703ab6fb6da490da90b339dde2c274e (127.4.196.65:41199)
I20260608 12:49:48.345950  4881 webserver.cc:533] Webserver started at http://127.4.196.66:39567/ using document root <none> and password file <none>
I20260608 12:49:48.346704  4881 fs_manager.cc:362] Metadata directory not provided
I20260608 12:49:48.346956  4881 fs_manager.cc:368] Using write-ahead log directory (fs_wal_dir) as metadata directory
I20260608 12:49:48.347275  4881 server_base.cc:909] This appears to be a new deployment of Kudu; creating new FS layout
I20260608 12:49:48.347739  5449 master_service.cc:502] Signed X509 certificate for tserver {username='slave'} at 127.0.0.1:54124
I20260608 12:49:48.348732  4881 fs_manager.cc:1068] Generated new instance metadata in path /tmp/dist-test-task5AtSL6/test-tmp/auto_rebalancer-test.0.AutoRebalancerTest.AutoRebalancingTurnOffAndOn.1780922981842046-4881-0/minicluster-data/ts-1-root/instance:
uuid: "6a27b62824514299bdd6ade866fa2e0f"
format_stamp: "Formatted at 2026-06-08 12:49:48 on dist-test-slave-mlsq"
I20260608 12:49:48.354094  4881 fs_manager.cc:696] Time spent creating directory manager: real 0.005s	user 0.006s	sys 0.000s
I20260608 12:49:48.357940  5588 log_block_manager.cc:4031] Time spent loading block containers with low live blocks: real 0.000s	user 0.000s	sys 0.000s
I20260608 12:49:48.359067  4881 fs_manager.cc:730] Time spent opening block manager: real 0.003s	user 0.002s	sys 0.000s
I20260608 12:49:48.359431  4881 fs_manager.cc:647] Opened local filesystem: /tmp/dist-test-task5AtSL6/test-tmp/auto_rebalancer-test.0.AutoRebalancerTest.AutoRebalancingTurnOffAndOn.1780922981842046-4881-0/minicluster-data/ts-1-root
uuid: "6a27b62824514299bdd6ade866fa2e0f"
format_stamp: "Formatted at 2026-06-08 12:49:48 on dist-test-slave-mlsq"
I20260608 12:49:48.359700  4881 fs_report.cc:389] FS layout report
--------------------
wal directory: /tmp/dist-test-task5AtSL6/test-tmp/auto_rebalancer-test.0.AutoRebalancerTest.AutoRebalancingTurnOffAndOn.1780922981842046-4881-0/minicluster-data/ts-1-root
metadata directory: /tmp/dist-test-task5AtSL6/test-tmp/auto_rebalancer-test.0.AutoRebalancerTest.AutoRebalancingTurnOffAndOn.1780922981842046-4881-0/minicluster-data/ts-1-root
1 data directories: /tmp/dist-test-task5AtSL6/test-tmp/auto_rebalancer-test.0.AutoRebalancerTest.AutoRebalancingTurnOffAndOn.1780922981842046-4881-0/minicluster-data/ts-1-root/data
Total live blocks: 0
Total live bytes: 0
Total live bytes (after alignment): 0
Total number of LBM containers: 0 (0 full)
Did not check for missing blocks
Did not check for orphaned blocks
Total full LBM containers with extra space: 0 (0 repaired)
Total full LBM container extra space in bytes: 0 (0 repaired)
Total incomplete LBM containers: 0 (0 repaired)
Total LBM partial records: 0 (0 repaired)
Total corrupted LBM metadata records in RocksDB: 0 (0 repaired)
I20260608 12:49:48.376731  4881 rpc_server.cc:225] running with OpenSSL 1.1.1  11 Sep 2018
I20260608 12:49:48.377863  4881 kserver.cc:163] Server-wide thread pool size limit: 3276
I20260608 12:49:48.379267  4881 txn_system_client.cc:432] TxnSystemClient initialization is disabled...
I20260608 12:49:48.381657  4881 ts_tablet_manager.cc:585] Loaded tablet metadata (0 total tablets, 0 live tablets)
I20260608 12:49:48.381843  4881 ts_tablet_manager.cc:531] Time spent load tablet metadata: real 0.000s	user 0.000s	sys 0.000s
I20260608 12:49:48.382121  4881 ts_tablet_manager.cc:616] Registered 0 tablets
I20260608 12:49:48.382365  4881 ts_tablet_manager.cc:595] Time spent register tablets: real 0.000s	user 0.000s	sys 0.000s
I20260608 12:49:48.439612  4881 rpc_server.cc:307] RPC server started. Bound to: 127.4.196.66:33301
I20260608 12:49:48.439746  5650 acceptor_pool.cc:272] collecting diagnostics on the listening RPC socket 127.4.196.66:33301 every 8 connection(s)
I20260608 12:49:48.447364  4881 file_cache.cc:492] Constructed file cache file cache with capacity 419430
W20260608 12:49:48.454510  5654 instance_detector.cc:116] could not retrieve AWS instance metadata: Network error: curl error: HTTP response code said error: The requested URL returned error: 404
W20260608 12:49:48.456583  5655 instance_detector.cc:116] could not retrieve Azure instance metadata: Network error: curl error: HTTP response code said error: The requested URL returned error: 404
I20260608 12:49:48.460968  5651 heartbeater.cc:344] Connected to a master server at 127.4.196.126:35341
I20260608 12:49:48.461467  5651 heartbeater.cc:461] Registering TS with master...
W20260608 12:49:48.462420  5657 instance_detector.cc:116] could not retrieve OpenStack instance metadata: Network error: curl error: HTTP response code said error: The requested URL returned error: 404
I20260608 12:49:48.462636  5651 heartbeater.cc:507] Master 127.4.196.126:35341 requested a full tablet report, sending...
I20260608 12:49:48.464931  4881 server_base.cc:1061] running on GCE node
I20260608 12:49:48.465693  5449 ts_manager.cc:194] Registered new tserver with Master: 6a27b62824514299bdd6ade866fa2e0f (127.4.196.66:33301)
I20260608 12:49:48.466073  4881 hybrid_clock.cc:584] initializing the hybrid clock with 'system_unsync' time source
W20260608 12:49:48.466404  4881 system_unsync_time.cc:38] NTP support is disabled. Clock error bounds will not be accurate. This configuration is not suitable for distributed clusters.
I20260608 12:49:48.466624  4881 hybrid_clock.cc:648] HybridClock initialized: now 1780922988466604 us; error 0 us; skew 500 ppm
I20260608 12:49:48.467753  4881 server_base.cc:861] Flag tcmalloc_max_total_thread_cache_bytes is not working since tcmalloc is not enabled.
I20260608 12:49:48.468192  5449 master_service.cc:502] Signed X509 certificate for tserver {username='slave'} at 127.0.0.1:54136
I20260608 12:49:48.471170  4881 webserver.cc:533] Webserver started at http://127.4.196.67:34357/ using document root <none> and password file <none>
I20260608 12:49:48.471765  4881 fs_manager.cc:362] Metadata directory not provided
I20260608 12:49:48.471937  4881 fs_manager.cc:368] Using write-ahead log directory (fs_wal_dir) as metadata directory
I20260608 12:49:48.472160  4881 server_base.cc:909] This appears to be a new deployment of Kudu; creating new FS layout
I20260608 12:49:48.473198  4881 fs_manager.cc:1068] Generated new instance metadata in path /tmp/dist-test-task5AtSL6/test-tmp/auto_rebalancer-test.0.AutoRebalancerTest.AutoRebalancingTurnOffAndOn.1780922981842046-4881-0/minicluster-data/ts-2-root/instance:
uuid: "a48544a171774ebe84f41286a1ec917b"
format_stamp: "Formatted at 2026-06-08 12:49:48 on dist-test-slave-mlsq"
I20260608 12:49:48.477941  4881 fs_manager.cc:696] Time spent creating directory manager: real 0.004s	user 0.004s	sys 0.002s
I20260608 12:49:48.481647  5662 log_block_manager.cc:4031] Time spent loading block containers with low live blocks: real 0.000s	user 0.000s	sys 0.000s
I20260608 12:49:48.482565  4881 fs_manager.cc:730] Time spent opening block manager: real 0.002s	user 0.002s	sys 0.000s
I20260608 12:49:48.482924  4881 fs_manager.cc:647] Opened local filesystem: /tmp/dist-test-task5AtSL6/test-tmp/auto_rebalancer-test.0.AutoRebalancerTest.AutoRebalancingTurnOffAndOn.1780922981842046-4881-0/minicluster-data/ts-2-root
uuid: "a48544a171774ebe84f41286a1ec917b"
format_stamp: "Formatted at 2026-06-08 12:49:48 on dist-test-slave-mlsq"
I20260608 12:49:48.483243  4881 fs_report.cc:389] FS layout report
--------------------
wal directory: /tmp/dist-test-task5AtSL6/test-tmp/auto_rebalancer-test.0.AutoRebalancerTest.AutoRebalancingTurnOffAndOn.1780922981842046-4881-0/minicluster-data/ts-2-root
metadata directory: /tmp/dist-test-task5AtSL6/test-tmp/auto_rebalancer-test.0.AutoRebalancerTest.AutoRebalancingTurnOffAndOn.1780922981842046-4881-0/minicluster-data/ts-2-root
1 data directories: /tmp/dist-test-task5AtSL6/test-tmp/auto_rebalancer-test.0.AutoRebalancerTest.AutoRebalancingTurnOffAndOn.1780922981842046-4881-0/minicluster-data/ts-2-root/data
Total live blocks: 0
Total live bytes: 0
Total live bytes (after alignment): 0
Total number of LBM containers: 0 (0 full)
Did not check for missing blocks
Did not check for orphaned blocks
Total full LBM containers with extra space: 0 (0 repaired)
Total full LBM container extra space in bytes: 0 (0 repaired)
Total incomplete LBM containers: 0 (0 repaired)
Total LBM partial records: 0 (0 repaired)
Total corrupted LBM metadata records in RocksDB: 0 (0 repaired)
I20260608 12:49:48.516687  4881 rpc_server.cc:225] running with OpenSSL 1.1.1  11 Sep 2018
I20260608 12:49:48.517881  4881 kserver.cc:163] Server-wide thread pool size limit: 3276
I20260608 12:49:48.519573  4881 txn_system_client.cc:432] TxnSystemClient initialization is disabled...
I20260608 12:49:48.522169  4881 ts_tablet_manager.cc:585] Loaded tablet metadata (0 total tablets, 0 live tablets)
I20260608 12:49:48.522434  4881 ts_tablet_manager.cc:531] Time spent load tablet metadata: real 0.000s	user 0.000s	sys 0.000s
I20260608 12:49:48.522697  4881 ts_tablet_manager.cc:616] Registered 0 tablets
I20260608 12:49:48.522873  4881 ts_tablet_manager.cc:595] Time spent register tablets: real 0.000s	user 0.000s	sys 0.000s
I20260608 12:49:48.565811  4881 rpc_server.cc:307] RPC server started. Bound to: 127.4.196.67:39605
I20260608 12:49:48.565941  5724 acceptor_pool.cc:272] collecting diagnostics on the listening RPC socket 127.4.196.67:39605 every 8 connection(s)
I20260608 12:49:48.584607  5725 heartbeater.cc:344] Connected to a master server at 127.4.196.126:35341
I20260608 12:49:48.585120  5725 heartbeater.cc:461] Registering TS with master...
I20260608 12:49:48.585961  5725 heartbeater.cc:507] Master 127.4.196.126:35341 requested a full tablet report, sending...
I20260608 12:49:48.588119  5449 ts_manager.cc:194] Registered new tserver with Master: a48544a171774ebe84f41286a1ec917b (127.4.196.67:39605)
I20260608 12:49:48.588744  4881 internal_mini_cluster.cc:371] 3 TS(s) registered with all masters after 0.019375314s
I20260608 12:49:48.589501  5449 master_service.cc:502] Signed X509 certificate for tserver {username='slave'} at 127.0.0.1:54138
I20260608 12:49:49.350822  5576 heartbeater.cc:499] Master 127.4.196.126:35341 was elected leader, sending a full tablet report...
I20260608 12:49:49.471535  5651 heartbeater.cc:499] Master 127.4.196.126:35341 was elected leader, sending a full tablet report...
I20260608 12:49:49.592326  5725 heartbeater.cc:499] Master 127.4.196.126:35341 was elected leader, sending a full tablet report...
I20260608 12:49:49.647325  5449 catalog_manager.cc:2282] Servicing CreateTable request from {username='slave'} at 127.0.0.1:54140:
name: "test-workload"
schema {
  columns {
    name: "key"
    type: INT32
    is_key: true
    is_nullable: false
    encoding: AUTO_ENCODING
    compression: DEFAULT_COMPRESSION
    cfile_block_size: 0
    immutable: false
  }
  columns {
    name: "int_val"
    type: INT32
    is_key: false
    is_nullable: false
    encoding: AUTO_ENCODING
    compression: DEFAULT_COMPRESSION
    cfile_block_size: 0
    immutable: false
  }
  columns {
    name: "string_val"
    type: STRING
    is_key: false
    is_nullable: true
    encoding: AUTO_ENCODING
    compression: DEFAULT_COMPRESSION
    cfile_block_size: 0
    immutable: false
  }
}
num_replicas: 3
split_rows_range_bounds {
  rows: "\004\001\000\377\377\377\017\004\001\000\376\377\377\037\004\001\000\375\377\377/\004\001\000\374\377\377?\004\001\000\373\377\377O\004\001\000\372\377\377_\004\001\000\371\377\377o""\004\001\000\377\377\377\017\004\001\000\376\377\377\037\004\001\000\375\377\377/\004\001\000\374\377\377?\004\001\000\373\377\377O\004\001\000\372\377\377_\004\001\000\371\377\377o"
  indirect_data: """"
}
partition_schema {
  range_schema {
    columns {
      name: "key"
    }
  }
}
W20260608 12:49:49.650038  5449 catalog_manager.cc:7076] The number of live tablet servers is not enough to re-replicate a tablet replica of the newly created table test-workload in case of a server failure: 4 tablet servers would be needed, 3 are available. Consider bringing up more tablet servers.
I20260608 12:49:49.726236  5541 tablet_service.cc:1511] Processing CreateTablet for tablet 4108a17d1b1e4160ad25940391f2604a (DEFAULT_TABLE table=test-workload [id=c023c5fce4cd4ab9becca55b75086507]), partition=RANGE (key) PARTITION VALUES < 268435455
I20260608 12:49:49.727236  5539 tablet_service.cc:1511] Processing CreateTablet for tablet 60708feac0c6400788c4d742fd71ae4f (DEFAULT_TABLE table=test-workload [id=c023c5fce4cd4ab9becca55b75086507]), partition=RANGE (key) PARTITION 536870910 <= VALUES < 805306365
I20260608 12:49:49.729348  5538 tablet_service.cc:1511] Processing CreateTablet for tablet e364213deab9488ebdb19edcc67e20d5 (DEFAULT_TABLE table=test-workload [id=c023c5fce4cd4ab9becca55b75086507]), partition=RANGE (key) PARTITION 805306365 <= VALUES < 1073741820
I20260608 12:49:49.729710  5540 tablet_service.cc:1511] Processing CreateTablet for tablet 490a4a7b20c2404093f074e50bf8c69f (DEFAULT_TABLE table=test-workload [id=c023c5fce4cd4ab9becca55b75086507]), partition=RANGE (key) PARTITION 268435455 <= VALUES < 536870910
I20260608 12:49:49.736997  5537 tablet_service.cc:1511] Processing CreateTablet for tablet e88278cfbb39423f8a9d4eb913c99405 (DEFAULT_TABLE table=test-workload [id=c023c5fce4cd4ab9becca55b75086507]), partition=RANGE (key) PARTITION 1073741820 <= VALUES < 1342177275
I20260608 12:49:49.741189  5541 data_dirs.cc:400] Could only allocate 1 dirs of requested 3 for tablet 4108a17d1b1e4160ad25940391f2604a. 1 dirs total, 0 dirs full, 0 dirs failed
I20260608 12:49:49.743199  5538 data_dirs.cc:400] Could only allocate 1 dirs of requested 3 for tablet e364213deab9488ebdb19edcc67e20d5. 1 dirs total, 0 dirs full, 0 dirs failed
I20260608 12:49:49.753113  5686 tablet_service.cc:1511] Processing CreateTablet for tablet e88278cfbb39423f8a9d4eb913c99405 (DEFAULT_TABLE table=test-workload [id=c023c5fce4cd4ab9becca55b75086507]), partition=RANGE (key) PARTITION 1073741820 <= VALUES < 1342177275
I20260608 12:49:49.754685  5686 data_dirs.cc:400] Could only allocate 1 dirs of requested 3 for tablet e88278cfbb39423f8a9d4eb913c99405. 1 dirs total, 0 dirs full, 0 dirs failed
I20260608 12:49:49.744081  5690 tablet_service.cc:1511] Processing CreateTablet for tablet 4108a17d1b1e4160ad25940391f2604a (DEFAULT_TABLE table=test-workload [id=c023c5fce4cd4ab9becca55b75086507]), partition=RANGE (key) PARTITION VALUES < 268435455
I20260608 12:49:49.756350  5690 data_dirs.cc:400] Could only allocate 1 dirs of requested 3 for tablet 4108a17d1b1e4160ad25940391f2604a. 1 dirs total, 0 dirs full, 0 dirs failed
I20260608 12:49:49.757357  5614 tablet_service.cc:1511] Processing CreateTablet for tablet 60708feac0c6400788c4d742fd71ae4f (DEFAULT_TABLE table=test-workload [id=c023c5fce4cd4ab9becca55b75086507]), partition=RANGE (key) PARTITION 536870910 <= VALUES < 805306365
I20260608 12:49:49.757357  5613 tablet_service.cc:1511] Processing CreateTablet for tablet e364213deab9488ebdb19edcc67e20d5 (DEFAULT_TABLE table=test-workload [id=c023c5fce4cd4ab9becca55b75086507]), partition=RANGE (key) PARTITION 805306365 <= VALUES < 1073741820
I20260608 12:49:49.758853  5614 data_dirs.cc:400] Could only allocate 1 dirs of requested 3 for tablet 60708feac0c6400788c4d742fd71ae4f. 1 dirs total, 0 dirs full, 0 dirs failed
I20260608 12:49:49.760990  5613 data_dirs.cc:400] Could only allocate 1 dirs of requested 3 for tablet e364213deab9488ebdb19edcc67e20d5. 1 dirs total, 0 dirs full, 0 dirs failed
I20260608 12:49:49.761968  5616 tablet_service.cc:1511] Processing CreateTablet for tablet 4108a17d1b1e4160ad25940391f2604a (DEFAULT_TABLE table=test-workload [id=c023c5fce4cd4ab9becca55b75086507]), partition=RANGE (key) PARTITION VALUES < 268435455
I20260608 12:49:49.760634  5615 tablet_service.cc:1511] Processing CreateTablet for tablet 490a4a7b20c2404093f074e50bf8c69f (DEFAULT_TABLE table=test-workload [id=c023c5fce4cd4ab9becca55b75086507]), partition=RANGE (key) PARTITION 268435455 <= VALUES < 536870910
I20260608 12:49:49.764038  5616 data_dirs.cc:400] Could only allocate 1 dirs of requested 3 for tablet 4108a17d1b1e4160ad25940391f2604a. 1 dirs total, 0 dirs full, 0 dirs failed
I20260608 12:49:49.764103  5535 tablet_service.cc:1511] Processing CreateTablet for tablet 6a497656667146f0adb7b5f705b80ec7 (DEFAULT_TABLE table=test-workload [id=c023c5fce4cd4ab9becca55b75086507]), partition=RANGE (key) PARTITION 1610612730 <= VALUES < 1879048185
I20260608 12:49:49.764860  5615 data_dirs.cc:400] Could only allocate 1 dirs of requested 3 for tablet 490a4a7b20c2404093f074e50bf8c69f. 1 dirs total, 0 dirs full, 0 dirs failed
I20260608 12:49:49.748791  5688 tablet_service.cc:1511] Processing CreateTablet for tablet 60708feac0c6400788c4d742fd71ae4f (DEFAULT_TABLE table=test-workload [id=c023c5fce4cd4ab9becca55b75086507]), partition=RANGE (key) PARTITION 536870910 <= VALUES < 805306365
I20260608 12:49:49.768332  5688 data_dirs.cc:400] Could only allocate 1 dirs of requested 3 for tablet 60708feac0c6400788c4d742fd71ae4f. 1 dirs total, 0 dirs full, 0 dirs failed
I20260608 12:49:49.768659  5534 tablet_service.cc:1511] Processing CreateTablet for tablet 3de64430a9014ad088a9a01481615506 (DEFAULT_TABLE table=test-workload [id=c023c5fce4cd4ab9becca55b75086507]), partition=RANGE (key) PARTITION 1879048185 <= VALUES
I20260608 12:49:49.746388  5689 tablet_service.cc:1511] Processing CreateTablet for tablet 490a4a7b20c2404093f074e50bf8c69f (DEFAULT_TABLE table=test-workload [id=c023c5fce4cd4ab9becca55b75086507]), partition=RANGE (key) PARTITION 268435455 <= VALUES < 536870910
I20260608 12:49:49.753623  5539 data_dirs.cc:400] Could only allocate 1 dirs of requested 3 for tablet 60708feac0c6400788c4d742fd71ae4f. 1 dirs total, 0 dirs full, 0 dirs failed
I20260608 12:49:49.770543  5689 data_dirs.cc:400] Could only allocate 1 dirs of requested 3 for tablet 490a4a7b20c2404093f074e50bf8c69f. 1 dirs total, 0 dirs full, 0 dirs failed
I20260608 12:49:49.760629  5536 tablet_service.cc:1511] Processing CreateTablet for tablet d71b429b74c642a9b1910eb71523020b (DEFAULT_TABLE table=test-workload [id=c023c5fce4cd4ab9becca55b75086507]), partition=RANGE (key) PARTITION 1342177275 <= VALUES < 1610612730
I20260608 12:49:49.772217  5536 data_dirs.cc:400] Could only allocate 1 dirs of requested 3 for tablet d71b429b74c642a9b1910eb71523020b. 1 dirs total, 0 dirs full, 0 dirs failed
I20260608 12:49:49.751029  5687 tablet_service.cc:1511] Processing CreateTablet for tablet e364213deab9488ebdb19edcc67e20d5 (DEFAULT_TABLE table=test-workload [id=c023c5fce4cd4ab9becca55b75086507]), partition=RANGE (key) PARTITION 805306365 <= VALUES < 1073741820
I20260608 12:49:49.774006  5687 data_dirs.cc:400] Could only allocate 1 dirs of requested 3 for tablet e364213deab9488ebdb19edcc67e20d5. 1 dirs total, 0 dirs full, 0 dirs failed
I20260608 12:49:49.760622  5612 tablet_service.cc:1511] Processing CreateTablet for tablet e88278cfbb39423f8a9d4eb913c99405 (DEFAULT_TABLE table=test-workload [id=c023c5fce4cd4ab9becca55b75086507]), partition=RANGE (key) PARTITION 1073741820 <= VALUES < 1342177275
I20260608 12:49:49.775818  5535 data_dirs.cc:400] Could only allocate 1 dirs of requested 3 for tablet 6a497656667146f0adb7b5f705b80ec7. 1 dirs total, 0 dirs full, 0 dirs failed
I20260608 12:49:49.776225  5612 data_dirs.cc:400] Could only allocate 1 dirs of requested 3 for tablet e88278cfbb39423f8a9d4eb913c99405. 1 dirs total, 0 dirs full, 0 dirs failed
I20260608 12:49:49.779616  5534 data_dirs.cc:400] Could only allocate 1 dirs of requested 3 for tablet 3de64430a9014ad088a9a01481615506. 1 dirs total, 0 dirs full, 0 dirs failed
I20260608 12:49:49.781903  5685 tablet_service.cc:1511] Processing CreateTablet for tablet d71b429b74c642a9b1910eb71523020b (DEFAULT_TABLE table=test-workload [id=c023c5fce4cd4ab9becca55b75086507]), partition=RANGE (key) PARTITION 1342177275 <= VALUES < 1610612730
I20260608 12:49:49.784660  5684 tablet_service.cc:1511] Processing CreateTablet for tablet 6a497656667146f0adb7b5f705b80ec7 (DEFAULT_TABLE table=test-workload [id=c023c5fce4cd4ab9becca55b75086507]), partition=RANGE (key) PARTITION 1610612730 <= VALUES < 1879048185
I20260608 12:49:49.786085  5610 tablet_service.cc:1511] Processing CreateTablet for tablet 6a497656667146f0adb7b5f705b80ec7 (DEFAULT_TABLE table=test-workload [id=c023c5fce4cd4ab9becca55b75086507]), partition=RANGE (key) PARTITION 1610612730 <= VALUES < 1879048185
I20260608 12:49:49.787182  5684 data_dirs.cc:400] Could only allocate 1 dirs of requested 3 for tablet 6a497656667146f0adb7b5f705b80ec7. 1 dirs total, 0 dirs full, 0 dirs failed
I20260608 12:49:49.788115  5610 data_dirs.cc:400] Could only allocate 1 dirs of requested 3 for tablet 6a497656667146f0adb7b5f705b80ec7. 1 dirs total, 0 dirs full, 0 dirs failed
I20260608 12:49:49.789219  5685 data_dirs.cc:400] Could only allocate 1 dirs of requested 3 for tablet d71b429b74c642a9b1910eb71523020b. 1 dirs total, 0 dirs full, 0 dirs failed
I20260608 12:49:49.791441  5611 tablet_service.cc:1511] Processing CreateTablet for tablet d71b429b74c642a9b1910eb71523020b (DEFAULT_TABLE table=test-workload [id=c023c5fce4cd4ab9becca55b75086507]), partition=RANGE (key) PARTITION 1342177275 <= VALUES < 1610612730
I20260608 12:49:49.792917  5611 data_dirs.cc:400] Could only allocate 1 dirs of requested 3 for tablet d71b429b74c642a9b1910eb71523020b. 1 dirs total, 0 dirs full, 0 dirs failed
I20260608 12:49:49.795012  5540 data_dirs.cc:400] Could only allocate 1 dirs of requested 3 for tablet 490a4a7b20c2404093f074e50bf8c69f. 1 dirs total, 0 dirs full, 0 dirs failed
I20260608 12:49:49.797290  5609 tablet_service.cc:1511] Processing CreateTablet for tablet 3de64430a9014ad088a9a01481615506 (DEFAULT_TABLE table=test-workload [id=c023c5fce4cd4ab9becca55b75086507]), partition=RANGE (key) PARTITION 1879048185 <= VALUES
I20260608 12:49:49.799430  5609 data_dirs.cc:400] Could only allocate 1 dirs of requested 3 for tablet 3de64430a9014ad088a9a01481615506. 1 dirs total, 0 dirs full, 0 dirs failed
I20260608 12:49:49.797130  5683 tablet_service.cc:1511] Processing CreateTablet for tablet 3de64430a9014ad088a9a01481615506 (DEFAULT_TABLE table=test-workload [id=c023c5fce4cd4ab9becca55b75086507]), partition=RANGE (key) PARTITION 1879048185 <= VALUES
I20260608 12:49:49.803052  5683 data_dirs.cc:400] Could only allocate 1 dirs of requested 3 for tablet 3de64430a9014ad088a9a01481615506. 1 dirs total, 0 dirs full, 0 dirs failed
I20260608 12:49:49.808866  5537 data_dirs.cc:400] Could only allocate 1 dirs of requested 3 for tablet e88278cfbb39423f8a9d4eb913c99405. 1 dirs total, 0 dirs full, 0 dirs failed
I20260608 12:49:49.877718  5747 tablet_bootstrap.cc:492] T e364213deab9488ebdb19edcc67e20d5 P 5703ab6fb6da490da90b339dde2c274e: Bootstrap starting.
I20260608 12:49:49.877821  5746 tablet_bootstrap.cc:492] T e364213deab9488ebdb19edcc67e20d5 P a48544a171774ebe84f41286a1ec917b: Bootstrap starting.
I20260608 12:49:49.887609  5747 tablet_bootstrap.cc:654] T e364213deab9488ebdb19edcc67e20d5 P 5703ab6fb6da490da90b339dde2c274e: Neither blocks nor log segments found. Creating new log.
I20260608 12:49:49.893900  5745 tablet_bootstrap.cc:492] T 6a497656667146f0adb7b5f705b80ec7 P 6a27b62824514299bdd6ade866fa2e0f: Bootstrap starting.
I20260608 12:49:49.912096  5747 tablet_bootstrap.cc:492] T e364213deab9488ebdb19edcc67e20d5 P 5703ab6fb6da490da90b339dde2c274e: No bootstrap required, opened a new log
I20260608 12:49:49.912689  5747 ts_tablet_manager.cc:1403] T e364213deab9488ebdb19edcc67e20d5 P 5703ab6fb6da490da90b339dde2c274e: Time spent bootstrapping tablet: real 0.035s	user 0.007s	sys 0.009s
I20260608 12:49:49.916038  5747 raft_consensus.cc:359] T e364213deab9488ebdb19edcc67e20d5 P 5703ab6fb6da490da90b339dde2c274e [term 0 FOLLOWER]: Replica starting. Triggering 0 pending ops. Active config: opid_index: -1 OBSOLETE_local: false peers { permanent_uuid: "5703ab6fb6da490da90b339dde2c274e" member_type: VOTER last_known_addr { host: "127.4.196.65" port: 41199 } } peers { permanent_uuid: "6a27b62824514299bdd6ade866fa2e0f" member_type: VOTER last_known_addr { host: "127.4.196.66" port: 33301 } } peers { permanent_uuid: "a48544a171774ebe84f41286a1ec917b" member_type: VOTER last_known_addr { host: "127.4.196.67" port: 39605 } }
I20260608 12:49:49.916854  5747 raft_consensus.cc:385] T e364213deab9488ebdb19edcc67e20d5 P 5703ab6fb6da490da90b339dde2c274e [term 0 FOLLOWER]: Consensus starting up: Expiring failure detector timer to make a prompt election more likely
I20260608 12:49:49.917186  5747 raft_consensus.cc:740] T e364213deab9488ebdb19edcc67e20d5 P 5703ab6fb6da490da90b339dde2c274e [term 0 FOLLOWER]: Becoming Follower/Learner. State: Replica: 5703ab6fb6da490da90b339dde2c274e, State: Initialized, Role: FOLLOWER
I20260608 12:49:49.917557  5746 tablet_bootstrap.cc:654] T e364213deab9488ebdb19edcc67e20d5 P a48544a171774ebe84f41286a1ec917b: Neither blocks nor log segments found. Creating new log.
I20260608 12:49:49.917876  5747 consensus_queue.cc:260] T e364213deab9488ebdb19edcc67e20d5 P 5703ab6fb6da490da90b339dde2c274e [NON_LEADER]: Queue going to NON_LEADER mode. State: All replicated index: 0, Majority replicated index: 0, Committed index: 0, Last appended: 0.0, Last appended by leader: 0, Current term: 0, Majority size: -1, State: 0, Mode: NON_LEADER, active raft config: opid_index: -1 OBSOLETE_local: false peers { permanent_uuid: "5703ab6fb6da490da90b339dde2c274e" member_type: VOTER last_known_addr { host: "127.4.196.65" port: 41199 } } peers { permanent_uuid: "6a27b62824514299bdd6ade866fa2e0f" member_type: VOTER last_known_addr { host: "127.4.196.66" port: 33301 } } peers { permanent_uuid: "a48544a171774ebe84f41286a1ec917b" member_type: VOTER last_known_addr { host: "127.4.196.67" port: 39605 } }
I20260608 12:49:49.920867  5747 ts_tablet_manager.cc:1434] T e364213deab9488ebdb19edcc67e20d5 P 5703ab6fb6da490da90b339dde2c274e: Time spent starting tablet: real 0.008s	user 0.008s	sys 0.000s
I20260608 12:49:49.921801  5745 tablet_bootstrap.cc:654] T 6a497656667146f0adb7b5f705b80ec7 P 6a27b62824514299bdd6ade866fa2e0f: Neither blocks nor log segments found. Creating new log.
I20260608 12:49:49.921919  5747 tablet_bootstrap.cc:492] T 4108a17d1b1e4160ad25940391f2604a P 5703ab6fb6da490da90b339dde2c274e: Bootstrap starting.
I20260608 12:49:49.929261  5747 tablet_bootstrap.cc:654] T 4108a17d1b1e4160ad25940391f2604a P 5703ab6fb6da490da90b339dde2c274e: Neither blocks nor log segments found. Creating new log.
I20260608 12:49:49.929816  5746 tablet_bootstrap.cc:492] T e364213deab9488ebdb19edcc67e20d5 P a48544a171774ebe84f41286a1ec917b: No bootstrap required, opened a new log
I20260608 12:49:49.930549  5746 ts_tablet_manager.cc:1403] T e364213deab9488ebdb19edcc67e20d5 P a48544a171774ebe84f41286a1ec917b: Time spent bootstrapping tablet: real 0.053s	user 0.006s	sys 0.011s
I20260608 12:49:49.934736  5746 raft_consensus.cc:359] T e364213deab9488ebdb19edcc67e20d5 P a48544a171774ebe84f41286a1ec917b [term 0 FOLLOWER]: Replica starting. Triggering 0 pending ops. Active config: opid_index: -1 OBSOLETE_local: false peers { permanent_uuid: "5703ab6fb6da490da90b339dde2c274e" member_type: VOTER last_known_addr { host: "127.4.196.65" port: 41199 } } peers { permanent_uuid: "6a27b62824514299bdd6ade866fa2e0f" member_type: VOTER last_known_addr { host: "127.4.196.66" port: 33301 } } peers { permanent_uuid: "a48544a171774ebe84f41286a1ec917b" member_type: VOTER last_known_addr { host: "127.4.196.67" port: 39605 } }
I20260608 12:49:49.935887  5746 raft_consensus.cc:385] T e364213deab9488ebdb19edcc67e20d5 P a48544a171774ebe84f41286a1ec917b [term 0 FOLLOWER]: Consensus starting up: Expiring failure detector timer to make a prompt election more likely
I20260608 12:49:49.936429  5746 raft_consensus.cc:740] T e364213deab9488ebdb19edcc67e20d5 P a48544a171774ebe84f41286a1ec917b [term 0 FOLLOWER]: Becoming Follower/Learner. State: Replica: a48544a171774ebe84f41286a1ec917b, State: Initialized, Role: FOLLOWER
I20260608 12:49:49.937737  5746 consensus_queue.cc:260] T e364213deab9488ebdb19edcc67e20d5 P a48544a171774ebe84f41286a1ec917b [NON_LEADER]: Queue going to NON_LEADER mode. State: All replicated index: 0, Majority replicated index: 0, Committed index: 0, Last appended: 0.0, Last appended by leader: 0, Current term: 0, Majority size: -1, State: 0, Mode: NON_LEADER, active raft config: opid_index: -1 OBSOLETE_local: false peers { permanent_uuid: "5703ab6fb6da490da90b339dde2c274e" member_type: VOTER last_known_addr { host: "127.4.196.65" port: 41199 } } peers { permanent_uuid: "6a27b62824514299bdd6ade866fa2e0f" member_type: VOTER last_known_addr { host: "127.4.196.66" port: 33301 } } peers { permanent_uuid: "a48544a171774ebe84f41286a1ec917b" member_type: VOTER last_known_addr { host: "127.4.196.67" port: 39605 } }
I20260608 12:49:49.940805  5746 ts_tablet_manager.cc:1434] T e364213deab9488ebdb19edcc67e20d5 P a48544a171774ebe84f41286a1ec917b: Time spent starting tablet: real 0.010s	user 0.009s	sys 0.003s
I20260608 12:49:49.941772  5745 tablet_bootstrap.cc:492] T 6a497656667146f0adb7b5f705b80ec7 P 6a27b62824514299bdd6ade866fa2e0f: No bootstrap required, opened a new log
I20260608 12:49:49.941895  5746 tablet_bootstrap.cc:492] T 60708feac0c6400788c4d742fd71ae4f P a48544a171774ebe84f41286a1ec917b: Bootstrap starting.
I20260608 12:49:49.943526  5745 ts_tablet_manager.cc:1403] T 6a497656667146f0adb7b5f705b80ec7 P 6a27b62824514299bdd6ade866fa2e0f: Time spent bootstrapping tablet: real 0.050s	user 0.023s	sys 0.004s
I20260608 12:49:49.945952  5747 tablet_bootstrap.cc:492] T 4108a17d1b1e4160ad25940391f2604a P 5703ab6fb6da490da90b339dde2c274e: No bootstrap required, opened a new log
I20260608 12:49:49.946470  5747 ts_tablet_manager.cc:1403] T 4108a17d1b1e4160ad25940391f2604a P 5703ab6fb6da490da90b339dde2c274e: Time spent bootstrapping tablet: real 0.025s	user 0.019s	sys 0.003s
I20260608 12:49:49.946691  5745 raft_consensus.cc:359] T 6a497656667146f0adb7b5f705b80ec7 P 6a27b62824514299bdd6ade866fa2e0f [term 0 FOLLOWER]: Replica starting. Triggering 0 pending ops. Active config: opid_index: -1 OBSOLETE_local: false peers { permanent_uuid: "5703ab6fb6da490da90b339dde2c274e" member_type: VOTER last_known_addr { host: "127.4.196.65" port: 41199 } } peers { permanent_uuid: "6a27b62824514299bdd6ade866fa2e0f" member_type: VOTER last_known_addr { host: "127.4.196.66" port: 33301 } } peers { permanent_uuid: "a48544a171774ebe84f41286a1ec917b" member_type: VOTER last_known_addr { host: "127.4.196.67" port: 39605 } }
I20260608 12:49:49.947557  5745 raft_consensus.cc:385] T 6a497656667146f0adb7b5f705b80ec7 P 6a27b62824514299bdd6ade866fa2e0f [term 0 FOLLOWER]: Consensus starting up: Expiring failure detector timer to make a prompt election more likely
I20260608 12:49:49.947875  5745 raft_consensus.cc:740] T 6a497656667146f0adb7b5f705b80ec7 P 6a27b62824514299bdd6ade866fa2e0f [term 0 FOLLOWER]: Becoming Follower/Learner. State: Replica: 6a27b62824514299bdd6ade866fa2e0f, State: Initialized, Role: FOLLOWER
I20260608 12:49:49.949059  5746 tablet_bootstrap.cc:654] T 60708feac0c6400788c4d742fd71ae4f P a48544a171774ebe84f41286a1ec917b: Neither blocks nor log segments found. Creating new log.
I20260608 12:49:49.948727  5745 consensus_queue.cc:260] T 6a497656667146f0adb7b5f705b80ec7 P 6a27b62824514299bdd6ade866fa2e0f [NON_LEADER]: Queue going to NON_LEADER mode. State: All replicated index: 0, Majority replicated index: 0, Committed index: 0, Last appended: 0.0, Last appended by leader: 0, Current term: 0, Majority size: -1, State: 0, Mode: NON_LEADER, active raft config: opid_index: -1 OBSOLETE_local: false peers { permanent_uuid: "5703ab6fb6da490da90b339dde2c274e" member_type: VOTER last_known_addr { host: "127.4.196.65" port: 41199 } } peers { permanent_uuid: "6a27b62824514299bdd6ade866fa2e0f" member_type: VOTER last_known_addr { host: "127.4.196.66" port: 33301 } } peers { permanent_uuid: "a48544a171774ebe84f41286a1ec917b" member_type: VOTER last_known_addr { host: "127.4.196.67" port: 39605 } }
I20260608 12:49:49.950889  5747 raft_consensus.cc:359] T 4108a17d1b1e4160ad25940391f2604a P 5703ab6fb6da490da90b339dde2c274e [term 0 FOLLOWER]: Replica starting. Triggering 0 pending ops. Active config: opid_index: -1 OBSOLETE_local: false peers { permanent_uuid: "5703ab6fb6da490da90b339dde2c274e" member_type: VOTER last_known_addr { host: "127.4.196.65" port: 41199 } } peers { permanent_uuid: "a48544a171774ebe84f41286a1ec917b" member_type: VOTER last_known_addr { host: "127.4.196.67" port: 39605 } } peers { permanent_uuid: "6a27b62824514299bdd6ade866fa2e0f" member_type: VOTER last_known_addr { host: "127.4.196.66" port: 33301 } }
I20260608 12:49:49.952087  5747 raft_consensus.cc:385] T 4108a17d1b1e4160ad25940391f2604a P 5703ab6fb6da490da90b339dde2c274e [term 0 FOLLOWER]: Consensus starting up: Expiring failure detector timer to make a prompt election more likely
