I20260608 12:50:57.443097  7937 raft_consensus.cc:515] T c0359a172cdb4a90bb40a36eaf1132aa P 50d9a95671a54eccaa756bf8f3d658c2 [term 2 FOLLOWER]: Starting forced leader election with config: opid_index: 4 OBSOLETE_local: false peers { permanent_uuid: "b9eb91484e524fcfa7cc3984aee4498e" member_type: VOTER last_known_addr { host: "127.4.144.1" port: 32925 } } peers { permanent_uuid: "fa7c38949d734f1896303be19b9f79b3" member_type: VOTER last_known_addr { host: "127.4.144.3" port: 41553 } } peers { permanent_uuid: "50d9a95671a54eccaa756bf8f3d658c2" member_type: VOTER last_known_addr { host: "127.4.144.4" port: 43143 } attrs { promote: false } }
I20260608 12:50:57.444891  7937 leader_election.cc:290] T c0359a172cdb4a90bb40a36eaf1132aa P 50d9a95671a54eccaa756bf8f3d658c2 [CANDIDATE]: Term 2 election: Requested vote from peers b9eb91484e524fcfa7cc3984aee4498e (127.4.144.1:32925), fa7c38949d734f1896303be19b9f79b3 (127.4.144.3:41553)
I20260608 12:50:57.445752  7640 tablet_service.cc:1917] Received RequestConsensusVote() RPC: tablet_id: "c0359a172cdb4a90bb40a36eaf1132aa" candidate_uuid: "50d9a95671a54eccaa756bf8f3d658c2" candidate_term: 2 candidate_status { last_received { term: 1 index: 4 } } ignore_live_leader: true dest_uuid: "b9eb91484e524fcfa7cc3984aee4498e"
I20260608 12:50:57.446022  7789 tablet_service.cc:1917] Received RequestConsensusVote() RPC: tablet_id: "c0359a172cdb4a90bb40a36eaf1132aa" candidate_uuid: "50d9a95671a54eccaa756bf8f3d658c2" candidate_term: 2 candidate_status { last_received { term: 1 index: 4 } } ignore_live_leader: true dest_uuid: "fa7c38949d734f1896303be19b9f79b3"
I20260608 12:50:57.446414  7640 raft_consensus.cc:3055] T c0359a172cdb4a90bb40a36eaf1132aa P b9eb91484e524fcfa7cc3984aee4498e [term 1 LEADER]: Stepping down as leader of term 1
I20260608 12:50:57.446583  7789 raft_consensus.cc:3060] T c0359a172cdb4a90bb40a36eaf1132aa P fa7c38949d734f1896303be19b9f79b3 [term 1 FOLLOWER]: Advancing to term 2
I20260608 12:50:57.446822  7640 raft_consensus.cc:740] T c0359a172cdb4a90bb40a36eaf1132aa P b9eb91484e524fcfa7cc3984aee4498e [term 1 LEADER]: Becoming Follower/Learner. State: Replica: b9eb91484e524fcfa7cc3984aee4498e, State: Running, Role: LEADER
I20260608 12:50:57.447989  7640 consensus_queue.cc:260] T c0359a172cdb4a90bb40a36eaf1132aa P b9eb91484e524fcfa7cc3984aee4498e [NON_LEADER]: Queue going to NON_LEADER mode. State: All replicated index: 0, Majority replicated index: 4, Committed index: 4, Last appended: 1.4, Last appended by leader: 4, Current term: 1, Majority size: -1, State: 0, Mode: NON_LEADER, active raft config: opid_index: 4 OBSOLETE_local: false peers { permanent_uuid: "b9eb91484e524fcfa7cc3984aee4498e" member_type: VOTER last_known_addr { host: "127.4.144.1" port: 32925 } } peers { permanent_uuid: "fa7c38949d734f1896303be19b9f79b3" member_type: VOTER last_known_addr { host: "127.4.144.3" port: 41553 } } peers { permanent_uuid: "50d9a95671a54eccaa756bf8f3d658c2" member_type: VOTER last_known_addr { host: "127.4.144.4" port: 43143 } attrs { promote: false } }
I20260608 12:50:57.449083  7640 raft_consensus.cc:3060] T c0359a172cdb4a90bb40a36eaf1132aa P b9eb91484e524fcfa7cc3984aee4498e [term 1 FOLLOWER]: Advancing to term 2
I20260608 12:50:57.452258  7789 raft_consensus.cc:2468] T c0359a172cdb4a90bb40a36eaf1132aa P fa7c38949d734f1896303be19b9f79b3 [term 2 FOLLOWER]: Leader election vote request: Granting yes vote for candidate 50d9a95671a54eccaa756bf8f3d658c2 in term 2.
I20260608 12:50:57.453480  7905 leader_election.cc:304] T c0359a172cdb4a90bb40a36eaf1132aa P 50d9a95671a54eccaa756bf8f3d658c2 [CANDIDATE]: Term 2 election: Election decided. Result: candidate won. Election summary: received 2 responses out of 3 voters: 2 yes votes; 0 no votes. yes voters: 50d9a95671a54eccaa756bf8f3d658c2, fa7c38949d734f1896303be19b9f79b3; no voters: 
I20260608 12:50:57.453622  7640 raft_consensus.cc:2468] T c0359a172cdb4a90bb40a36eaf1132aa P b9eb91484e524fcfa7cc3984aee4498e [term 2 FOLLOWER]: Leader election vote request: Granting yes vote for candidate 50d9a95671a54eccaa756bf8f3d658c2 in term 2.
I20260608 12:50:57.454334  8150 raft_consensus.cc:2804] T c0359a172cdb4a90bb40a36eaf1132aa P 50d9a95671a54eccaa756bf8f3d658c2 [term 2 FOLLOWER]: Leader election won for term 2
I20260608 12:50:57.454814  8150 raft_consensus.cc:697] T c0359a172cdb4a90bb40a36eaf1132aa P 50d9a95671a54eccaa756bf8f3d658c2 [term 2 LEADER]: Becoming Leader. State: Replica: 50d9a95671a54eccaa756bf8f3d658c2, State: Running, Role: LEADER
I20260608 12:50:57.455653  8150 consensus_queue.cc:237] T c0359a172cdb4a90bb40a36eaf1132aa P 50d9a95671a54eccaa756bf8f3d658c2 [LEADER]: Queue going to LEADER mode. State: All replicated index: 0, Majority replicated index: 4, Committed index: 4, Last appended: 1.4, Last appended by leader: 4, Current term: 2, Majority size: 2, State: 0, Mode: LEADER, active raft config: opid_index: 4 OBSOLETE_local: false peers { permanent_uuid: "b9eb91484e524fcfa7cc3984aee4498e" member_type: VOTER last_known_addr { host: "127.4.144.1" port: 32925 } } peers { permanent_uuid: "fa7c38949d734f1896303be19b9f79b3" member_type: VOTER last_known_addr { host: "127.4.144.3" port: 41553 } } peers { permanent_uuid: "50d9a95671a54eccaa756bf8f3d658c2" member_type: VOTER last_known_addr { host: "127.4.144.4" port: 43143 } attrs { promote: false } }
I20260608 12:50:57.461704  7536 catalog_manager.cc:5696] T c0359a172cdb4a90bb40a36eaf1132aa P 50d9a95671a54eccaa756bf8f3d658c2 reported cstate change: term changed from 1 to 2, leader changed from b9eb91484e524fcfa7cc3984aee4498e (127.4.144.1) to 50d9a95671a54eccaa756bf8f3d658c2 (127.4.144.4). New cstate: current_term: 2 leader_uuid: "50d9a95671a54eccaa756bf8f3d658c2" committed_config { opid_index: 4 OBSOLETE_local: false peers { permanent_uuid: "b9eb91484e524fcfa7cc3984aee4498e" member_type: VOTER last_known_addr { host: "127.4.144.1" port: 32925 } health_report { overall_health: UNKNOWN } } peers { permanent_uuid: "fa7c38949d734f1896303be19b9f79b3" member_type: VOTER last_known_addr { host: "127.4.144.3" port: 41553 } health_report { overall_health: UNKNOWN } } peers { permanent_uuid: "50d9a95671a54eccaa756bf8f3d658c2" member_type: VOTER last_known_addr { host: "127.4.144.4" port: 43143 } attrs { promote: false } health_report { overall_health: HEALTHY } } }
I20260608 12:50:57.917466  7789 raft_consensus.cc:1275] T c0359a172cdb4a90bb40a36eaf1132aa P fa7c38949d734f1896303be19b9f79b3 [term 2 FOLLOWER]: Refusing update from remote peer 50d9a95671a54eccaa756bf8f3d658c2: Log matching property violated. Preceding OpId in replica: term: 1 index: 4. Preceding OpId from leader: term: 2 index: 5. (index mismatch)
I20260608 12:50:57.919018  8150 consensus_queue.cc:1048] T c0359a172cdb4a90bb40a36eaf1132aa P 50d9a95671a54eccaa756bf8f3d658c2 [LEADER]: Connected to new peer: Peer: permanent_uuid: "fa7c38949d734f1896303be19b9f79b3" member_type: VOTER last_known_addr { host: "127.4.144.3" port: 41553 }, Status: LMP_MISMATCH, Last received: 0.0, Next index: 5, Last known committed idx: 4, Time since last communication: 0.000s
I20260608 12:50:57.933425  7640 raft_consensus.cc:1275] T c0359a172cdb4a90bb40a36eaf1132aa P b9eb91484e524fcfa7cc3984aee4498e [term 2 FOLLOWER]: Refusing update from remote peer 50d9a95671a54eccaa756bf8f3d658c2: Log matching property violated. Preceding OpId in replica: term: 1 index: 4. Preceding OpId from leader: term: 2 index: 5. (index mismatch)
I20260608 12:50:57.935210  8110 consensus_queue.cc:1048] T c0359a172cdb4a90bb40a36eaf1132aa P 50d9a95671a54eccaa756bf8f3d658c2 [LEADER]: Connected to new peer: Peer: permanent_uuid: "b9eb91484e524fcfa7cc3984aee4498e" member_type: VOTER last_known_addr { host: "127.4.144.1" port: 32925 }, Status: LMP_MISMATCH, Last received: 0.0, Next index: 5, Last known committed idx: 4, Time since last communication: 0.000s
I20260608 12:50:58.096122  7715 consensus_queue.cc:237] T fabb5d28901248d8a1b0df5d8156d571 P bf15880d46224195ab69ec5321e59913 [LEADER]: Queue going to LEADER mode. State: All replicated index: 0, Majority replicated index: 1, Committed index: 1, Last appended: 1.1, Last appended by leader: 0, Current term: 1, Majority size: 2, State: 0, Mode: LEADER, active raft config: opid_index: 2 OBSOLETE_local: false peers { permanent_uuid: "bf15880d46224195ab69ec5321e59913" member_type: VOTER last_known_addr { host: "127.4.144.2" port: 35727 } } peers { permanent_uuid: "b9eb91484e524fcfa7cc3984aee4498e" member_type: VOTER last_known_addr { host: "127.4.144.1" port: 32925 } attrs { replace: true } } peers { permanent_uuid: "fa7c38949d734f1896303be19b9f79b3" member_type: VOTER last_known_addr { host: "127.4.144.3" port: 41553 } } peers { permanent_uuid: "50d9a95671a54eccaa756bf8f3d658c2" member_type: NON_VOTER last_known_addr { host: "127.4.144.4" port: 43143 } attrs { promote: true } }
W20260608 12:50:58.104102  7682 consensus_peers.cc:597] T fabb5d28901248d8a1b0df5d8156d571 P bf15880d46224195ab69ec5321e59913 -> Peer 50d9a95671a54eccaa756bf8f3d658c2 (127.4.144.4:43143): Couldn't send request to peer 50d9a95671a54eccaa756bf8f3d658c2. Error code: TABLET_NOT_FOUND (6). Status: Not found: Tablet not found: fabb5d28901248d8a1b0df5d8156d571. This is attempt 1: this message will repeat every 5th retry.
I20260608 12:50:58.104564  7789 raft_consensus.cc:1275] T fabb5d28901248d8a1b0df5d8156d571 P fa7c38949d734f1896303be19b9f79b3 [term 1 FOLLOWER]: Refusing update from remote peer bf15880d46224195ab69ec5321e59913: Log matching property violated. Preceding OpId in replica: term: 1 index: 1. Preceding OpId from leader: term: 1 index: 2. (index mismatch)
I20260608 12:50:58.104864  7640 raft_consensus.cc:1275] T fabb5d28901248d8a1b0df5d8156d571 P b9eb91484e524fcfa7cc3984aee4498e [term 1 FOLLOWER]: Refusing update from remote peer bf15880d46224195ab69ec5321e59913: Log matching property violated. Preceding OpId in replica: term: 1 index: 1. Preceding OpId from leader: term: 1 index: 2. (index mismatch)
I20260608 12:50:58.105980  8156 consensus_queue.cc:1048] T fabb5d28901248d8a1b0df5d8156d571 P bf15880d46224195ab69ec5321e59913 [LEADER]: Connected to new peer: Peer: permanent_uuid: "fa7c38949d734f1896303be19b9f79b3" member_type: VOTER last_known_addr { host: "127.4.144.3" port: 41553 }, Status: LMP_MISMATCH, Last received: 0.0, Next index: 2, Last known committed idx: 1, Time since last communication: 0.000s
I20260608 12:50:58.106783  8132 consensus_queue.cc:1048] T fabb5d28901248d8a1b0df5d8156d571 P bf15880d46224195ab69ec5321e59913 [LEADER]: Connected to new peer: Peer: permanent_uuid: "b9eb91484e524fcfa7cc3984aee4498e" member_type: VOTER last_known_addr { host: "127.4.144.1" port: 32925 } attrs { replace: true }, Status: LMP_MISMATCH, Last received: 0.0, Next index: 2, Last known committed idx: 1, Time since last communication: 0.000s
I20260608 12:50:58.116000  8156 raft_consensus.cc:2955] T fabb5d28901248d8a1b0df5d8156d571 P bf15880d46224195ab69ec5321e59913 [term 1 LEADER]: Committing config change with OpId 1.2: config changed from index -1 to 2, NON_VOTER 50d9a95671a54eccaa756bf8f3d658c2 (127.4.144.4) added. New config: { opid_index: 2 OBSOLETE_local: false peers { permanent_uuid: "bf15880d46224195ab69ec5321e59913" member_type: VOTER last_known_addr { host: "127.4.144.2" port: 35727 } } peers { permanent_uuid: "b9eb91484e524fcfa7cc3984aee4498e" member_type: VOTER last_known_addr { host: "127.4.144.1" port: 32925 } attrs { replace: true } } peers { permanent_uuid: "fa7c38949d734f1896303be19b9f79b3" member_type: VOTER last_known_addr { host: "127.4.144.3" port: 41553 } } peers { permanent_uuid: "50d9a95671a54eccaa756bf8f3d658c2" member_type: NON_VOTER last_known_addr { host: "127.4.144.4" port: 43143 } attrs { promote: true } } }
I20260608 12:50:58.117776  7640 raft_consensus.cc:2955] T fabb5d28901248d8a1b0df5d8156d571 P b9eb91484e524fcfa7cc3984aee4498e [term 1 FOLLOWER]: Committing config change with OpId 1.2: config changed from index -1 to 2, NON_VOTER 50d9a95671a54eccaa756bf8f3d658c2 (127.4.144.4) added. New config: { opid_index: 2 OBSOLETE_local: false peers { permanent_uuid: "bf15880d46224195ab69ec5321e59913" member_type: VOTER last_known_addr { host: "127.4.144.2" port: 35727 } } peers { permanent_uuid: "b9eb91484e524fcfa7cc3984aee4498e" member_type: VOTER last_known_addr { host: "127.4.144.1" port: 32925 } attrs { replace: true } } peers { permanent_uuid: "fa7c38949d734f1896303be19b9f79b3" member_type: VOTER last_known_addr { host: "127.4.144.3" port: 41553 } } peers { permanent_uuid: "50d9a95671a54eccaa756bf8f3d658c2" member_type: NON_VOTER last_known_addr { host: "127.4.144.4" port: 43143 } attrs { promote: true } } }
I20260608 12:50:58.118942  7789 raft_consensus.cc:2955] T fabb5d28901248d8a1b0df5d8156d571 P fa7c38949d734f1896303be19b9f79b3 [term 1 FOLLOWER]: Committing config change with OpId 1.2: config changed from index -1 to 2, NON_VOTER 50d9a95671a54eccaa756bf8f3d658c2 (127.4.144.4) added. New config: { opid_index: 2 OBSOLETE_local: false peers { permanent_uuid: "bf15880d46224195ab69ec5321e59913" member_type: VOTER last_known_addr { host: "127.4.144.2" port: 35727 } } peers { permanent_uuid: "b9eb91484e524fcfa7cc3984aee4498e" member_type: VOTER last_known_addr { host: "127.4.144.1" port: 32925 } attrs { replace: true } } peers { permanent_uuid: "fa7c38949d734f1896303be19b9f79b3" member_type: VOTER last_known_addr { host: "127.4.144.3" port: 41553 } } peers { permanent_uuid: "50d9a95671a54eccaa756bf8f3d658c2" member_type: NON_VOTER last_known_addr { host: "127.4.144.4" port: 43143 } attrs { promote: true } } }
I20260608 12:50:58.130712  7536 catalog_manager.cc:5696] T fabb5d28901248d8a1b0df5d8156d571 P bf15880d46224195ab69ec5321e59913 reported cstate change: config changed from index -1 to 2, NON_VOTER 50d9a95671a54eccaa756bf8f3d658c2 (127.4.144.4) added. New cstate: current_term: 1 leader_uuid: "bf15880d46224195ab69ec5321e59913" committed_config { opid_index: 2 OBSOLETE_local: false peers { permanent_uuid: "bf15880d46224195ab69ec5321e59913" member_type: VOTER last_known_addr { host: "127.4.144.2" port: 35727 } health_report { overall_health: HEALTHY } } peers { permanent_uuid: "b9eb91484e524fcfa7cc3984aee4498e" member_type: VOTER last_known_addr { host: "127.4.144.1" port: 32925 } attrs { replace: true } health_report { overall_health: HEALTHY } } peers { permanent_uuid: "fa7c38949d734f1896303be19b9f79b3" member_type: VOTER last_known_addr { host: "127.4.144.3" port: 41553 } health_report { overall_health: HEALTHY } } peers { permanent_uuid: "50d9a95671a54eccaa756bf8f3d658c2" member_type: NON_VOTER last_known_addr { host: "127.4.144.4" port: 43143 } attrs { promote: true } health_report { overall_health: UNKNOWN } } }
I20260608 12:50:58.134380  7715 consensus_queue.cc:237] T ec50e26b099c4aa78ecfbc41b2aab7dd P bf15880d46224195ab69ec5321e59913 [LEADER]: Queue going to LEADER mode. State: All replicated index: 0, Majority replicated index: 1, Committed index: 1, Last appended: 1.1, Last appended by leader: 0, Current term: 1, Majority size: 2, State: 0, Mode: LEADER, active raft config: opid_index: 2 OBSOLETE_local: false peers { permanent_uuid: "50d9a95671a54eccaa756bf8f3d658c2" member_type: VOTER last_known_addr { host: "127.4.144.4" port: 43143 } attrs { replace: true } } peers { permanent_uuid: "bf15880d46224195ab69ec5321e59913" member_type: VOTER last_known_addr { host: "127.4.144.2" port: 35727 } } peers { permanent_uuid: "b9eb91484e524fcfa7cc3984aee4498e" member_type: VOTER last_known_addr { host: "127.4.144.1" port: 32925 } } peers { permanent_uuid: "fa7c38949d734f1896303be19b9f79b3" member_type: NON_VOTER last_known_addr { host: "127.4.144.3" port: 41553 } attrs { promote: true } }
I20260608 12:50:58.145370  7640 raft_consensus.cc:1275] T ec50e26b099c4aa78ecfbc41b2aab7dd P b9eb91484e524fcfa7cc3984aee4498e [term 1 FOLLOWER]: Refusing update from remote peer bf15880d46224195ab69ec5321e59913: Log matching property violated. Preceding OpId in replica: term: 1 index: 1. Preceding OpId from leader: term: 1 index: 2. (index mismatch)
W20260608 12:50:58.146314  7682 consensus_peers.cc:597] T ec50e26b099c4aa78ecfbc41b2aab7dd P bf15880d46224195ab69ec5321e59913 -> Peer fa7c38949d734f1896303be19b9f79b3 (127.4.144.3:41553): Couldn't send request to peer fa7c38949d734f1896303be19b9f79b3. Error code: TABLET_NOT_FOUND (6). Status: Not found: Tablet not found: ec50e26b099c4aa78ecfbc41b2aab7dd. This is attempt 1: this message will repeat every 5th retry.
I20260608 12:50:58.146987  8156 consensus_queue.cc:1048] T ec50e26b099c4aa78ecfbc41b2aab7dd P bf15880d46224195ab69ec5321e59913 [LEADER]: Connected to new peer: Peer: permanent_uuid: "b9eb91484e524fcfa7cc3984aee4498e" member_type: VOTER last_known_addr { host: "127.4.144.1" port: 32925 }, Status: LMP_MISMATCH, Last received: 0.0, Next index: 2, Last known committed idx: 1, Time since last communication: 0.000s
I20260608 12:50:58.147408  7937 raft_consensus.cc:1275] T ec50e26b099c4aa78ecfbc41b2aab7dd P 50d9a95671a54eccaa756bf8f3d658c2 [term 1 FOLLOWER]: Refusing update from remote peer bf15880d46224195ab69ec5321e59913: Log matching property violated. Preceding OpId in replica: term: 1 index: 1. Preceding OpId from leader: term: 1 index: 2. (index mismatch)
I20260608 12:50:58.149789  8156 consensus_queue.cc:1048] T ec50e26b099c4aa78ecfbc41b2aab7dd P bf15880d46224195ab69ec5321e59913 [LEADER]: Connected to new peer: Peer: permanent_uuid: "50d9a95671a54eccaa756bf8f3d658c2" member_type: VOTER last_known_addr { host: "127.4.144.4" port: 43143 } attrs { replace: true }, Status: LMP_MISMATCH, Last received: 0.0, Next index: 2, Last known committed idx: 1, Time since last communication: 0.000s
I20260608 12:50:58.160120  8160 raft_consensus.cc:2955] T ec50e26b099c4aa78ecfbc41b2aab7dd P bf15880d46224195ab69ec5321e59913 [term 1 LEADER]: Committing config change with OpId 1.2: config changed from index -1 to 2, NON_VOTER fa7c38949d734f1896303be19b9f79b3 (127.4.144.3) added. New config: { opid_index: 2 OBSOLETE_local: false peers { permanent_uuid: "50d9a95671a54eccaa756bf8f3d658c2" member_type: VOTER last_known_addr { host: "127.4.144.4" port: 43143 } attrs { replace: true } } peers { permanent_uuid: "bf15880d46224195ab69ec5321e59913" member_type: VOTER last_known_addr { host: "127.4.144.2" port: 35727 } } peers { permanent_uuid: "b9eb91484e524fcfa7cc3984aee4498e" member_type: VOTER last_known_addr { host: "127.4.144.1" port: 32925 } } peers { permanent_uuid: "fa7c38949d734f1896303be19b9f79b3" member_type: NON_VOTER last_known_addr { host: "127.4.144.3" port: 41553 } attrs { promote: true } } }
I20260608 12:50:58.163466  7640 raft_consensus.cc:2955] T ec50e26b099c4aa78ecfbc41b2aab7dd P b9eb91484e524fcfa7cc3984aee4498e [term 1 FOLLOWER]: Committing config change with OpId 1.2: config changed from index -1 to 2, NON_VOTER fa7c38949d734f1896303be19b9f79b3 (127.4.144.3) added. New config: { opid_index: 2 OBSOLETE_local: false peers { permanent_uuid: "50d9a95671a54eccaa756bf8f3d658c2" member_type: VOTER last_known_addr { host: "127.4.144.4" port: 43143 } attrs { replace: true } } peers { permanent_uuid: "bf15880d46224195ab69ec5321e59913" member_type: VOTER last_known_addr { host: "127.4.144.2" port: 35727 } } peers { permanent_uuid: "b9eb91484e524fcfa7cc3984aee4498e" member_type: VOTER last_known_addr { host: "127.4.144.1" port: 32925 } } peers { permanent_uuid: "fa7c38949d734f1896303be19b9f79b3" member_type: NON_VOTER last_known_addr { host: "127.4.144.3" port: 41553 } attrs { promote: true } } }
I20260608 12:50:58.166304  7937 raft_consensus.cc:2955] T ec50e26b099c4aa78ecfbc41b2aab7dd P 50d9a95671a54eccaa756bf8f3d658c2 [term 1 FOLLOWER]: Committing config change with OpId 1.2: config changed from index -1 to 2, NON_VOTER fa7c38949d734f1896303be19b9f79b3 (127.4.144.3) added. New config: { opid_index: 2 OBSOLETE_local: false peers { permanent_uuid: "50d9a95671a54eccaa756bf8f3d658c2" member_type: VOTER last_known_addr { host: "127.4.144.4" port: 43143 } attrs { replace: true } } peers { permanent_uuid: "bf15880d46224195ab69ec5321e59913" member_type: VOTER last_known_addr { host: "127.4.144.2" port: 35727 } } peers { permanent_uuid: "b9eb91484e524fcfa7cc3984aee4498e" member_type: VOTER last_known_addr { host: "127.4.144.1" port: 32925 } } peers { permanent_uuid: "fa7c38949d734f1896303be19b9f79b3" member_type: NON_VOTER last_known_addr { host: "127.4.144.3" port: 41553 } attrs { promote: true } } }
I20260608 12:50:58.176329  7640 consensus_queue.cc:237] T adc8e1fa1c734d76bd588e9daae054c0 P b9eb91484e524fcfa7cc3984aee4498e [LEADER]: Queue going to LEADER mode. State: All replicated index: 0, Majority replicated index: 2, Committed index: 2, Last appended: 2.2, Last appended by leader: 1, Current term: 2, Majority size: 2, State: 0, Mode: LEADER, active raft config: opid_index: 3 OBSOLETE_local: false peers { permanent_uuid: "bf15880d46224195ab69ec5321e59913" member_type: VOTER last_known_addr { host: "127.4.144.2" port: 35727 } } peers { permanent_uuid: "fa7c38949d734f1896303be19b9f79b3" member_type: VOTER last_known_addr { host: "127.4.144.3" port: 41553 } attrs { replace: true } } peers { permanent_uuid: "b9eb91484e524fcfa7cc3984aee4498e" member_type: VOTER last_known_addr { host: "127.4.144.1" port: 32925 } } peers { permanent_uuid: "50d9a95671a54eccaa756bf8f3d658c2" member_type: NON_VOTER last_known_addr { host: "127.4.144.4" port: 43143 } attrs { promote: true } }
I20260608 12:50:58.176381  7539 catalog_manager.cc:5696] T ec50e26b099c4aa78ecfbc41b2aab7dd P bf15880d46224195ab69ec5321e59913 reported cstate change: config changed from index -1 to 2, NON_VOTER fa7c38949d734f1896303be19b9f79b3 (127.4.144.3) added. New cstate: current_term: 1 leader_uuid: "bf15880d46224195ab69ec5321e59913" committed_config { opid_index: 2 OBSOLETE_local: false peers { permanent_uuid: "50d9a95671a54eccaa756bf8f3d658c2" member_type: VOTER last_known_addr { host: "127.4.144.4" port: 43143 } attrs { replace: true } health_report { overall_health: HEALTHY } } peers { permanent_uuid: "bf15880d46224195ab69ec5321e59913" member_type: VOTER last_known_addr { host: "127.4.144.2" port: 35727 } health_report { overall_health: HEALTHY } } peers { permanent_uuid: "b9eb91484e524fcfa7cc3984aee4498e" member_type: VOTER last_known_addr { host: "127.4.144.1" port: 32925 } health_report { overall_health: HEALTHY } } peers { permanent_uuid: "fa7c38949d734f1896303be19b9f79b3" member_type: NON_VOTER last_known_addr { host: "127.4.144.3" port: 41553 } attrs { promote: true } health_report { overall_health: UNKNOWN } } }
I20260608 12:50:58.184223  7789 raft_consensus.cc:1275] T adc8e1fa1c734d76bd588e9daae054c0 P fa7c38949d734f1896303be19b9f79b3 [term 2 FOLLOWER]: Refusing update from remote peer b9eb91484e524fcfa7cc3984aee4498e: Log matching property violated. Preceding OpId in replica: term: 2 index: 2. Preceding OpId from leader: term: 2 index: 3. (index mismatch)
W20260608 12:50:58.184369  7607 consensus_peers.cc:597] T adc8e1fa1c734d76bd588e9daae054c0 P b9eb91484e524fcfa7cc3984aee4498e -> Peer 50d9a95671a54eccaa756bf8f3d658c2 (127.4.144.4:43143): Couldn't send request to peer 50d9a95671a54eccaa756bf8f3d658c2. Error code: TABLET_NOT_FOUND (6). Status: Not found: Tablet not found: adc8e1fa1c734d76bd588e9daae054c0. This is attempt 1: this message will repeat every 5th retry.
I20260608 12:50:58.186977  8125 consensus_queue.cc:1048] T adc8e1fa1c734d76bd588e9daae054c0 P b9eb91484e524fcfa7cc3984aee4498e [LEADER]: Connected to new peer: Peer: permanent_uuid: "fa7c38949d734f1896303be19b9f79b3" member_type: VOTER last_known_addr { host: "127.4.144.3" port: 41553 } attrs { replace: true }, Status: LMP_MISMATCH, Last received: 0.0, Next index: 3, Last known committed idx: 2, Time since last communication: 0.000s
I20260608 12:50:58.187494  7715 raft_consensus.cc:1275] T adc8e1fa1c734d76bd588e9daae054c0 P bf15880d46224195ab69ec5321e59913 [term 2 FOLLOWER]: Refusing update from remote peer b9eb91484e524fcfa7cc3984aee4498e: Log matching property violated. Preceding OpId in replica: term: 2 index: 2. Preceding OpId from leader: term: 2 index: 3. (index mismatch)
I20260608 12:50:58.189796  8125 consensus_queue.cc:1048] T adc8e1fa1c734d76bd588e9daae054c0 P b9eb91484e524fcfa7cc3984aee4498e [LEADER]: Connected to new peer: Peer: permanent_uuid: "bf15880d46224195ab69ec5321e59913" member_type: VOTER last_known_addr { host: "127.4.144.2" port: 35727 }, Status: LMP_MISMATCH, Last received: 0.0, Next index: 3, Last known committed idx: 2, Time since last communication: 0.000s
I20260608 12:50:58.196841  8168 raft_consensus.cc:2955] T adc8e1fa1c734d76bd588e9daae054c0 P b9eb91484e524fcfa7cc3984aee4498e [term 2 LEADER]: Committing config change with OpId 2.3: config changed from index -1 to 3, NON_VOTER 50d9a95671a54eccaa756bf8f3d658c2 (127.4.144.4) added. New config: { opid_index: 3 OBSOLETE_local: false peers { permanent_uuid: "bf15880d46224195ab69ec5321e59913" member_type: VOTER last_known_addr { host: "127.4.144.2" port: 35727 } } peers { permanent_uuid: "fa7c38949d734f1896303be19b9f79b3" member_type: VOTER last_known_addr { host: "127.4.144.3" port: 41553 } attrs { replace: true } } peers { permanent_uuid: "b9eb91484e524fcfa7cc3984aee4498e" member_type: VOTER last_known_addr { host: "127.4.144.1" port: 32925 } } peers { permanent_uuid: "50d9a95671a54eccaa756bf8f3d658c2" member_type: NON_VOTER last_known_addr { host: "127.4.144.4" port: 43143 } attrs { promote: true } } }
I20260608 12:50:58.198669  7789 raft_consensus.cc:2955] T adc8e1fa1c734d76bd588e9daae054c0 P fa7c38949d734f1896303be19b9f79b3 [term 2 FOLLOWER]: Committing config change with OpId 2.3: config changed from index -1 to 3, NON_VOTER 50d9a95671a54eccaa756bf8f3d658c2 (127.4.144.4) added. New config: { opid_index: 3 OBSOLETE_local: false peers { permanent_uuid: "bf15880d46224195ab69ec5321e59913" member_type: VOTER last_known_addr { host: "127.4.144.2" port: 35727 } } peers { permanent_uuid: "fa7c38949d734f1896303be19b9f79b3" member_type: VOTER last_known_addr { host: "127.4.144.3" port: 41553 } attrs { replace: true } } peers { permanent_uuid: "b9eb91484e524fcfa7cc3984aee4498e" member_type: VOTER last_known_addr { host: "127.4.144.1" port: 32925 } } peers { permanent_uuid: "50d9a95671a54eccaa756bf8f3d658c2" member_type: NON_VOTER last_known_addr { host: "127.4.144.4" port: 43143 } attrs { promote: true } } }
I20260608 12:50:58.200244  7715 raft_consensus.cc:2955] T adc8e1fa1c734d76bd588e9daae054c0 P bf15880d46224195ab69ec5321e59913 [term 2 FOLLOWER]: Committing config change with OpId 2.3: config changed from index -1 to 3, NON_VOTER 50d9a95671a54eccaa756bf8f3d658c2 (127.4.144.4) added. New config: { opid_index: 3 OBSOLETE_local: false peers { permanent_uuid: "bf15880d46224195ab69ec5321e59913" member_type: VOTER last_known_addr { host: "127.4.144.2" port: 35727 } } peers { permanent_uuid: "fa7c38949d734f1896303be19b9f79b3" member_type: VOTER last_known_addr { host: "127.4.144.3" port: 41553 } attrs { replace: true } } peers { permanent_uuid: "b9eb91484e524fcfa7cc3984aee4498e" member_type: VOTER last_known_addr { host: "127.4.144.1" port: 32925 } } peers { permanent_uuid: "50d9a95671a54eccaa756bf8f3d658c2" member_type: NON_VOTER last_known_addr { host: "127.4.144.4" port: 43143 } attrs { promote: true } } }
I20260608 12:50:58.211882  7536 catalog_manager.cc:5696] T adc8e1fa1c734d76bd588e9daae054c0 P b9eb91484e524fcfa7cc3984aee4498e reported cstate change: config changed from index -1 to 3, NON_VOTER 50d9a95671a54eccaa756bf8f3d658c2 (127.4.144.4) added. New cstate: current_term: 2 leader_uuid: "b9eb91484e524fcfa7cc3984aee4498e" committed_config { opid_index: 3 OBSOLETE_local: false peers { permanent_uuid: "bf15880d46224195ab69ec5321e59913" member_type: VOTER last_known_addr { host: "127.4.144.2" port: 35727 } health_report { overall_health: HEALTHY } } peers { permanent_uuid: "fa7c38949d734f1896303be19b9f79b3" member_type: VOTER last_known_addr { host: "127.4.144.3" port: 41553 } attrs { replace: true } health_report { overall_health: HEALTHY } } peers { permanent_uuid: "b9eb91484e524fcfa7cc3984aee4498e" member_type: VOTER last_known_addr { host: "127.4.144.1" port: 32925 } health_report { overall_health: HEALTHY } } peers { permanent_uuid: "50d9a95671a54eccaa756bf8f3d658c2" member_type: NON_VOTER last_known_addr { host: "127.4.144.4" port: 43143 } attrs { promote: true } health_report { overall_health: UNKNOWN } } }
I20260608 12:50:58.214793  7789 consensus_queue.cc:237] T 65d0f6190c664590aa8e89ed0c9ce0f7 P fa7c38949d734f1896303be19b9f79b3 [LEADER]: Queue going to LEADER mode. State: All replicated index: 0, Majority replicated index: 1, Committed index: 1, Last appended: 1.1, Last appended by leader: 0, Current term: 1, Majority size: 2, State: 0, Mode: LEADER, active raft config: opid_index: 2 OBSOLETE_local: false peers { permanent_uuid: "50d9a95671a54eccaa756bf8f3d658c2" member_type: VOTER last_known_addr { host: "127.4.144.4" port: 43143 } attrs { replace: true } } peers { permanent_uuid: "b9eb91484e524fcfa7cc3984aee4498e" member_type: VOTER last_known_addr { host: "127.4.144.1" port: 32925 } } peers { permanent_uuid: "fa7c38949d734f1896303be19b9f79b3" member_type: VOTER last_known_addr { host: "127.4.144.3" port: 41553 } } peers { permanent_uuid: "bf15880d46224195ab69ec5321e59913" member_type: NON_VOTER last_known_addr { host: "127.4.144.2" port: 35727 } attrs { promote: true } }
W20260608 12:50:58.223731  7757 consensus_peers.cc:597] T 65d0f6190c664590aa8e89ed0c9ce0f7 P fa7c38949d734f1896303be19b9f79b3 -> Peer bf15880d46224195ab69ec5321e59913 (127.4.144.2:35727): Couldn't send request to peer bf15880d46224195ab69ec5321e59913. Error code: TABLET_NOT_FOUND (6). Status: Not found: Tablet not found: 65d0f6190c664590aa8e89ed0c9ce0f7. This is attempt 1: this message will repeat every 5th retry.
I20260608 12:50:58.226720  7640 raft_consensus.cc:1275] T 65d0f6190c664590aa8e89ed0c9ce0f7 P b9eb91484e524fcfa7cc3984aee4498e [term 1 FOLLOWER]: Refusing update from remote peer fa7c38949d734f1896303be19b9f79b3: Log matching property violated. Preceding OpId in replica: term: 1 index: 1. Preceding OpId from leader: term: 1 index: 2. (index mismatch)
I20260608 12:50:58.229029  7937 raft_consensus.cc:1275] T 65d0f6190c664590aa8e89ed0c9ce0f7 P 50d9a95671a54eccaa756bf8f3d658c2 [term 1 FOLLOWER]: Refusing update from remote peer fa7c38949d734f1896303be19b9f79b3: Log matching property violated. Preceding OpId in replica: term: 1 index: 1. Preceding OpId from leader: term: 1 index: 2. (index mismatch)
I20260608 12:50:58.228973  8172 consensus_queue.cc:1048] T 65d0f6190c664590aa8e89ed0c9ce0f7 P fa7c38949d734f1896303be19b9f79b3 [LEADER]: Connected to new peer: Peer: permanent_uuid: "b9eb91484e524fcfa7cc3984aee4498e" member_type: VOTER last_known_addr { host: "127.4.144.1" port: 32925 }, Status: LMP_MISMATCH, Last received: 0.0, Next index: 2, Last known committed idx: 1, Time since last communication: 0.001s
I20260608 12:50:58.230880  8126 consensus_queue.cc:1048] T 65d0f6190c664590aa8e89ed0c9ce0f7 P fa7c38949d734f1896303be19b9f79b3 [LEADER]: Connected to new peer: Peer: permanent_uuid: "50d9a95671a54eccaa756bf8f3d658c2" member_type: VOTER last_known_addr { host: "127.4.144.4" port: 43143 } attrs { replace: true }, Status: LMP_MISMATCH, Last received: 0.0, Next index: 2, Last known committed idx: 1, Time since last communication: 0.000s
I20260608 12:50:58.239544  8172 raft_consensus.cc:2955] T 65d0f6190c664590aa8e89ed0c9ce0f7 P fa7c38949d734f1896303be19b9f79b3 [term 1 LEADER]: Committing config change with OpId 1.2: config changed from index -1 to 2, NON_VOTER bf15880d46224195ab69ec5321e59913 (127.4.144.2) added. New config: { opid_index: 2 OBSOLETE_local: false peers { permanent_uuid: "50d9a95671a54eccaa756bf8f3d658c2" member_type: VOTER last_known_addr { host: "127.4.144.4" port: 43143 } attrs { replace: true } } peers { permanent_uuid: "b9eb91484e524fcfa7cc3984aee4498e" member_type: VOTER last_known_addr { host: "127.4.144.1" port: 32925 } } peers { permanent_uuid: "fa7c38949d734f1896303be19b9f79b3" member_type: VOTER last_known_addr { host: "127.4.144.3" port: 41553 } } peers { permanent_uuid: "bf15880d46224195ab69ec5321e59913" member_type: NON_VOTER last_known_addr { host: "127.4.144.2" port: 35727 } attrs { promote: true } } }
I20260608 12:50:58.241739  7937 raft_consensus.cc:2955] T 65d0f6190c664590aa8e89ed0c9ce0f7 P 50d9a95671a54eccaa756bf8f3d658c2 [term 1 FOLLOWER]: Committing config change with OpId 1.2: config changed from index -1 to 2, NON_VOTER bf15880d46224195ab69ec5321e59913 (127.4.144.2) added. New config: { opid_index: 2 OBSOLETE_local: false peers { permanent_uuid: "50d9a95671a54eccaa756bf8f3d658c2" member_type: VOTER last_known_addr { host: "127.4.144.4" port: 43143 } attrs { replace: true } } peers { permanent_uuid: "b9eb91484e524fcfa7cc3984aee4498e" member_type: VOTER last_known_addr { host: "127.4.144.1" port: 32925 } } peers { permanent_uuid: "fa7c38949d734f1896303be19b9f79b3" member_type: VOTER last_known_addr { host: "127.4.144.3" port: 41553 } } peers { permanent_uuid: "bf15880d46224195ab69ec5321e59913" member_type: NON_VOTER last_known_addr { host: "127.4.144.2" port: 35727 } attrs { promote: true } } }
I20260608 12:50:58.242553  7640 raft_consensus.cc:2955] T 65d0f6190c664590aa8e89ed0c9ce0f7 P b9eb91484e524fcfa7cc3984aee4498e [term 1 FOLLOWER]: Committing config change with OpId 1.2: config changed from index -1 to 2, NON_VOTER bf15880d46224195ab69ec5321e59913 (127.4.144.2) added. New config: { opid_index: 2 OBSOLETE_local: false peers { permanent_uuid: "50d9a95671a54eccaa756bf8f3d658c2" member_type: VOTER last_known_addr { host: "127.4.144.4" port: 43143 } attrs { replace: true } } peers { permanent_uuid: "b9eb91484e524fcfa7cc3984aee4498e" member_type: VOTER last_known_addr { host: "127.4.144.1" port: 32925 } } peers { permanent_uuid: "fa7c38949d734f1896303be19b9f79b3" member_type: VOTER last_known_addr { host: "127.4.144.3" port: 41553 } } peers { permanent_uuid: "bf15880d46224195ab69ec5321e59913" member_type: NON_VOTER last_known_addr { host: "127.4.144.2" port: 35727 } attrs { promote: true } } }
I20260608 12:50:58.255591  7539 catalog_manager.cc:5696] T 65d0f6190c664590aa8e89ed0c9ce0f7 P b9eb91484e524fcfa7cc3984aee4498e reported cstate change: config changed from index -1 to 2, NON_VOTER bf15880d46224195ab69ec5321e59913 (127.4.144.2) added. New cstate: current_term: 1 leader_uuid: "fa7c38949d734f1896303be19b9f79b3" committed_config { opid_index: 2 OBSOLETE_local: false peers { permanent_uuid: "50d9a95671a54eccaa756bf8f3d658c2" member_type: VOTER last_known_addr { host: "127.4.144.4" port: 43143 } attrs { replace: true } } peers { permanent_uuid: "b9eb91484e524fcfa7cc3984aee4498e" member_type: VOTER last_known_addr { host: "127.4.144.1" port: 32925 } } peers { permanent_uuid: "fa7c38949d734f1896303be19b9f79b3" member_type: VOTER last_known_addr { host: "127.4.144.3" port: 41553 } } peers { permanent_uuid: "bf15880d46224195ab69ec5321e59913" member_type: NON_VOTER last_known_addr { host: "127.4.144.2" port: 35727 } attrs { promote: true } } }
I20260608 12:50:58.613209  8178 ts_tablet_manager.cc:933] T 65d0f6190c664590aa8e89ed0c9ce0f7 P bf15880d46224195ab69ec5321e59913: Initiating tablet copy from peer fa7c38949d734f1896303be19b9f79b3 (127.4.144.3:41553)
I20260608 12:50:58.615000  8178 tablet_copy_client.cc:323] T 65d0f6190c664590aa8e89ed0c9ce0f7 P bf15880d46224195ab69ec5321e59913: tablet copy: Beginning tablet copy session from remote peer at address 127.4.144.3:41553
I20260608 12:50:58.616719  7801 tablet_copy_service.cc:140] P fa7c38949d734f1896303be19b9f79b3: Received BeginTabletCopySession request for tablet 65d0f6190c664590aa8e89ed0c9ce0f7 from peer bf15880d46224195ab69ec5321e59913 ({username='slave'} at 127.0.0.1:54402)
I20260608 12:50:58.617218  7801 tablet_copy_service.cc:161] P fa7c38949d734f1896303be19b9f79b3: Beginning new tablet copy session on tablet 65d0f6190c664590aa8e89ed0c9ce0f7 from peer bf15880d46224195ab69ec5321e59913 at {username='slave'} at 127.0.0.1:54402: session id = bf15880d46224195ab69ec5321e59913-65d0f6190c664590aa8e89ed0c9ce0f7
I20260608 12:50:58.623977  7801 tablet_copy_source_session.cc:215] T 65d0f6190c664590aa8e89ed0c9ce0f7 P fa7c38949d734f1896303be19b9f79b3: Tablet Copy: opened 0 blocks and 1 log segments
I20260608 12:50:58.627053  8178 data_dirs.cc:400] Could only allocate 1 dirs of requested 3 for tablet 65d0f6190c664590aa8e89ed0c9ce0f7. 1 dirs total, 0 dirs full, 0 dirs failed
I20260608 12:50:58.640419  8178 tablet_copy_client.cc:806] T 65d0f6190c664590aa8e89ed0c9ce0f7 P bf15880d46224195ab69ec5321e59913: tablet copy: Starting download of 0 data blocks...
I20260608 12:50:58.641076  8178 tablet_copy_client.cc:670] T 65d0f6190c664590aa8e89ed0c9ce0f7 P bf15880d46224195ab69ec5321e59913: tablet copy: Starting download of 1 WAL segments...
I20260608 12:50:58.645563  8178 tablet_copy_client.cc:538] T 65d0f6190c664590aa8e89ed0c9ce0f7 P bf15880d46224195ab69ec5321e59913: tablet copy: Tablet Copy complete. Replacing tablet superblock.
I20260608 12:50:58.654450  8178 tablet_bootstrap.cc:492] T 65d0f6190c664590aa8e89ed0c9ce0f7 P bf15880d46224195ab69ec5321e59913: Bootstrap starting.
I20260608 12:50:58.675856  8178 tablet_bootstrap.cc:492] T 65d0f6190c664590aa8e89ed0c9ce0f7 P bf15880d46224195ab69ec5321e59913: Bootstrap replayed 1/1 log segments. Stats: ops{read=2 overwritten=0 applied=2 ignored=0} inserts{seen=0 ignored=0} mutations{seen=0 ignored=0} orphaned_commits=0. Pending: 0 replicates
I20260608 12:50:58.676851  8178 tablet_bootstrap.cc:492] T 65d0f6190c664590aa8e89ed0c9ce0f7 P bf15880d46224195ab69ec5321e59913: Bootstrap complete.
I20260608 12:50:58.677544  8178 ts_tablet_manager.cc:1403] T 65d0f6190c664590aa8e89ed0c9ce0f7 P bf15880d46224195ab69ec5321e59913: Time spent bootstrapping tablet: real 0.023s	user 0.018s	sys 0.004s
I20260608 12:50:58.680598  8178 raft_consensus.cc:359] T 65d0f6190c664590aa8e89ed0c9ce0f7 P bf15880d46224195ab69ec5321e59913 [term 1 LEARNER]: Replica starting. Triggering 0 pending ops. Active config: opid_index: 2 OBSOLETE_local: false peers { permanent_uuid: "50d9a95671a54eccaa756bf8f3d658c2" member_type: VOTER last_known_addr { host: "127.4.144.4" port: 43143 } attrs { replace: true } } peers { permanent_uuid: "b9eb91484e524fcfa7cc3984aee4498e" member_type: VOTER last_known_addr { host: "127.4.144.1" port: 32925 } } peers { permanent_uuid: "fa7c38949d734f1896303be19b9f79b3" member_type: VOTER last_known_addr { host: "127.4.144.3" port: 41553 } } peers { permanent_uuid: "bf15880d46224195ab69ec5321e59913" member_type: NON_VOTER last_known_addr { host: "127.4.144.2" port: 35727 } attrs { promote: true } }
I20260608 12:50:58.681430  8178 raft_consensus.cc:740] T 65d0f6190c664590aa8e89ed0c9ce0f7 P bf15880d46224195ab69ec5321e59913 [term 1 LEARNER]: Becoming Follower/Learner. State: Replica: bf15880d46224195ab69ec5321e59913, State: Initialized, Role: LEARNER
I20260608 12:50:58.682114  8178 consensus_queue.cc:260] T 65d0f6190c664590aa8e89ed0c9ce0f7 P bf15880d46224195ab69ec5321e59913 [NON_LEADER]: Queue going to NON_LEADER mode. State: All replicated index: 0, Majority replicated index: 0, Committed index: 2, Last appended: 1.2, Last appended by leader: 2, Current term: 0, Majority size: -1, State: 0, Mode: NON_LEADER, active raft config: opid_index: 2 OBSOLETE_local: false peers { permanent_uuid: "50d9a95671a54eccaa756bf8f3d658c2" member_type: VOTER last_known_addr { host: "127.4.144.4" port: 43143 } attrs { replace: true } } peers { permanent_uuid: "b9eb91484e524fcfa7cc3984aee4498e" member_type: VOTER last_known_addr { host: "127.4.144.1" port: 32925 } } peers { permanent_uuid: "fa7c38949d734f1896303be19b9f79b3" member_type: VOTER last_known_addr { host: "127.4.144.3" port: 41553 } } peers { permanent_uuid: "bf15880d46224195ab69ec5321e59913" member_type: NON_VOTER last_known_addr { host: "127.4.144.2" port: 35727 } attrs { promote: true } }
I20260608 12:50:58.684532  8178 ts_tablet_manager.cc:1434] T 65d0f6190c664590aa8e89ed0c9ce0f7 P bf15880d46224195ab69ec5321e59913: Time spent starting tablet: real 0.007s	user 0.004s	sys 0.000s
I20260608 12:50:58.686260  7801 tablet_copy_service.cc:342] P fa7c38949d734f1896303be19b9f79b3: Request end of tablet copy session bf15880d46224195ab69ec5321e59913-65d0f6190c664590aa8e89ed0c9ce0f7 received from {username='slave'} at 127.0.0.1:54402
I20260608 12:50:58.686663  7801 tablet_copy_service.cc:434] P fa7c38949d734f1896303be19b9f79b3: ending tablet copy session bf15880d46224195ab69ec5321e59913-65d0f6190c664590aa8e89ed0c9ce0f7 on tablet 65d0f6190c664590aa8e89ed0c9ce0f7 with peer bf15880d46224195ab69ec5321e59913
I20260608 12:50:58.721312  8181 ts_tablet_manager.cc:933] T fabb5d28901248d8a1b0df5d8156d571 P 50d9a95671a54eccaa756bf8f3d658c2: Initiating tablet copy from peer bf15880d46224195ab69ec5321e59913 (127.4.144.2:35727)
I20260608 12:50:58.722990  8181 tablet_copy_client.cc:323] T fabb5d28901248d8a1b0df5d8156d571 P 50d9a95671a54eccaa756bf8f3d658c2: tablet copy: Beginning tablet copy session from remote peer at address 127.4.144.2:35727
I20260608 12:50:58.724861  7727 tablet_copy_service.cc:140] P bf15880d46224195ab69ec5321e59913: Received BeginTabletCopySession request for tablet fabb5d28901248d8a1b0df5d8156d571 from peer 50d9a95671a54eccaa756bf8f3d658c2 ({username='slave'} at 127.0.0.1:60466)
I20260608 12:50:58.725333  7727 tablet_copy_service.cc:161] P bf15880d46224195ab69ec5321e59913: Beginning new tablet copy session on tablet fabb5d28901248d8a1b0df5d8156d571 from peer 50d9a95671a54eccaa756bf8f3d658c2 at {username='slave'} at 127.0.0.1:60466: session id = 50d9a95671a54eccaa756bf8f3d658c2-fabb5d28901248d8a1b0df5d8156d571
I20260608 12:50:58.729915  8183 ts_tablet_manager.cc:933] T ec50e26b099c4aa78ecfbc41b2aab7dd P fa7c38949d734f1896303be19b9f79b3: Initiating tablet copy from peer bf15880d46224195ab69ec5321e59913 (127.4.144.2:35727)
I20260608 12:50:58.731448  7727 tablet_copy_source_session.cc:215] T fabb5d28901248d8a1b0df5d8156d571 P bf15880d46224195ab69ec5321e59913: Tablet Copy: opened 0 blocks and 1 log segments
I20260608 12:50:58.735105  8181 data_dirs.cc:400] Could only allocate 1 dirs of requested 3 for tablet fabb5d28901248d8a1b0df5d8156d571. 1 dirs total, 0 dirs full, 0 dirs failed
I20260608 12:50:58.735962  8183 tablet_copy_client.cc:323] T ec50e26b099c4aa78ecfbc41b2aab7dd P fa7c38949d734f1896303be19b9f79b3: tablet copy: Beginning tablet copy session from remote peer at address 127.4.144.2:35727
I20260608 12:50:58.737747  7727 tablet_copy_service.cc:140] P bf15880d46224195ab69ec5321e59913: Received BeginTabletCopySession request for tablet ec50e26b099c4aa78ecfbc41b2aab7dd from peer fa7c38949d734f1896303be19b9f79b3 ({username='slave'} at 127.0.0.1:60452)
I20260608 12:50:58.738364  7727 tablet_copy_service.cc:161] P bf15880d46224195ab69ec5321e59913: Beginning new tablet copy session on tablet ec50e26b099c4aa78ecfbc41b2aab7dd from peer fa7c38949d734f1896303be19b9f79b3 at {username='slave'} at 127.0.0.1:60452: session id = fa7c38949d734f1896303be19b9f79b3-ec50e26b099c4aa78ecfbc41b2aab7dd
I20260608 12:50:58.747583  7727 tablet_copy_source_session.cc:215] T ec50e26b099c4aa78ecfbc41b2aab7dd P bf15880d46224195ab69ec5321e59913: Tablet Copy: opened 0 blocks and 1 log segments
I20260608 12:50:58.751694  8181 tablet_copy_client.cc:806] T fabb5d28901248d8a1b0df5d8156d571 P 50d9a95671a54eccaa756bf8f3d658c2: tablet copy: Starting download of 0 data blocks...
I20260608 12:50:58.752391  8181 tablet_copy_client.cc:670] T fabb5d28901248d8a1b0df5d8156d571 P 50d9a95671a54eccaa756bf8f3d658c2: tablet copy: Starting download of 1 WAL segments...
I20260608 12:50:58.752877  8183 data_dirs.cc:400] Could only allocate 1 dirs of requested 3 for tablet ec50e26b099c4aa78ecfbc41b2aab7dd. 1 dirs total, 0 dirs full, 0 dirs failed
I20260608 12:50:58.756922  8185 ts_tablet_manager.cc:933] T adc8e1fa1c734d76bd588e9daae054c0 P 50d9a95671a54eccaa756bf8f3d658c2: Initiating tablet copy from peer b9eb91484e524fcfa7cc3984aee4498e (127.4.144.1:32925)
I20260608 12:50:58.758301  8181 tablet_copy_client.cc:538] T fabb5d28901248d8a1b0df5d8156d571 P 50d9a95671a54eccaa756bf8f3d658c2: tablet copy: Tablet Copy complete. Replacing tablet superblock.
I20260608 12:50:58.767886  8181 tablet_bootstrap.cc:492] T fabb5d28901248d8a1b0df5d8156d571 P 50d9a95671a54eccaa756bf8f3d658c2: Bootstrap starting.
I20260608 12:50:58.774710  8185 tablet_copy_client.cc:323] T adc8e1fa1c734d76bd588e9daae054c0 P 50d9a95671a54eccaa756bf8f3d658c2: tablet copy: Beginning tablet copy session from remote peer at address 127.4.144.1:32925
I20260608 12:50:58.776291  8183 tablet_copy_client.cc:806] T ec50e26b099c4aa78ecfbc41b2aab7dd P fa7c38949d734f1896303be19b9f79b3: tablet copy: Starting download of 0 data blocks...
I20260608 12:50:58.776911  8183 tablet_copy_client.cc:670] T ec50e26b099c4aa78ecfbc41b2aab7dd P fa7c38949d734f1896303be19b9f79b3: tablet copy: Starting download of 1 WAL segments...
I20260608 12:50:58.776991  7652 tablet_copy_service.cc:140] P b9eb91484e524fcfa7cc3984aee4498e: Received BeginTabletCopySession request for tablet adc8e1fa1c734d76bd588e9daae054c0 from peer 50d9a95671a54eccaa756bf8f3d658c2 ({username='slave'} at 127.0.0.1:52378)
I20260608 12:50:58.777611  7652 tablet_copy_service.cc:161] P b9eb91484e524fcfa7cc3984aee4498e: Beginning new tablet copy session on tablet adc8e1fa1c734d76bd588e9daae054c0 from peer 50d9a95671a54eccaa756bf8f3d658c2 at {username='slave'} at 127.0.0.1:52378: session id = 50d9a95671a54eccaa756bf8f3d658c2-adc8e1fa1c734d76bd588e9daae054c0
I20260608 12:50:58.781414  8183 tablet_copy_client.cc:538] T ec50e26b099c4aa78ecfbc41b2aab7dd P fa7c38949d734f1896303be19b9f79b3: tablet copy: Tablet Copy complete. Replacing tablet superblock.
I20260608 12:50:58.784971  7652 tablet_copy_source_session.cc:215] T adc8e1fa1c734d76bd588e9daae054c0 P b9eb91484e524fcfa7cc3984aee4498e: Tablet Copy: opened 0 blocks and 1 log segments
I20260608 12:50:58.788462  8185 data_dirs.cc:400] Could only allocate 1 dirs of requested 3 for tablet adc8e1fa1c734d76bd588e9daae054c0. 1 dirs total, 0 dirs full, 0 dirs failed
I20260608 12:50:58.793265  8183 tablet_bootstrap.cc:492] T ec50e26b099c4aa78ecfbc41b2aab7dd P fa7c38949d734f1896303be19b9f79b3: Bootstrap starting.
I20260608 12:50:58.804827  8185 tablet_copy_client.cc:806] T adc8e1fa1c734d76bd588e9daae054c0 P 50d9a95671a54eccaa756bf8f3d658c2: tablet copy: Starting download of 0 data blocks...
I20260608 12:50:58.805471  8185 tablet_copy_client.cc:670] T adc8e1fa1c734d76bd588e9daae054c0 P 50d9a95671a54eccaa756bf8f3d658c2: tablet copy: Starting download of 1 WAL segments...
I20260608 12:50:58.813720  8181 tablet_bootstrap.cc:492] T fabb5d28901248d8a1b0df5d8156d571 P 50d9a95671a54eccaa756bf8f3d658c2: Bootstrap replayed 1/1 log segments. Stats: ops{read=2 overwritten=0 applied=2 ignored=0} inserts{seen=0 ignored=0} mutations{seen=0 ignored=0} orphaned_commits=0. Pending: 0 replicates
I20260608 12:50:58.814000  8185 tablet_copy_client.cc:538] T adc8e1fa1c734d76bd588e9daae054c0 P 50d9a95671a54eccaa756bf8f3d658c2: tablet copy: Tablet Copy complete. Replacing tablet superblock.
I20260608 12:50:58.815022  8181 tablet_bootstrap.cc:492] T fabb5d28901248d8a1b0df5d8156d571 P 50d9a95671a54eccaa756bf8f3d658c2: Bootstrap complete.
I20260608 12:50:58.816033  8181 ts_tablet_manager.cc:1403] T fabb5d28901248d8a1b0df5d8156d571 P 50d9a95671a54eccaa756bf8f3d658c2: Time spent bootstrapping tablet: real 0.048s	user 0.024s	sys 0.023s
I20260608 12:50:58.820957  8181 raft_consensus.cc:359] T fabb5d28901248d8a1b0df5d8156d571 P 50d9a95671a54eccaa756bf8f3d658c2 [term 1 LEARNER]: Replica starting. Triggering 0 pending ops. Active config: opid_index: 2 OBSOLETE_local: false peers { permanent_uuid: "bf15880d46224195ab69ec5321e59913" member_type: VOTER last_known_addr { host: "127.4.144.2" port: 35727 } } peers { permanent_uuid: "b9eb91484e524fcfa7cc3984aee4498e" member_type: VOTER last_known_addr { host: "127.4.144.1" port: 32925 } attrs { replace: true } } peers { permanent_uuid: "fa7c38949d734f1896303be19b9f79b3" member_type: VOTER last_known_addr { host: "127.4.144.3" port: 41553 } } peers { permanent_uuid: "50d9a95671a54eccaa756bf8f3d658c2" member_type: NON_VOTER last_known_addr { host: "127.4.144.4" port: 43143 } attrs { promote: true } }
I20260608 12:50:58.821914  8181 raft_consensus.cc:740] T fabb5d28901248d8a1b0df5d8156d571 P 50d9a95671a54eccaa756bf8f3d658c2 [term 1 LEARNER]: Becoming Follower/Learner. State: Replica: 50d9a95671a54eccaa756bf8f3d658c2, State: Initialized, Role: LEARNER
I20260608 12:50:58.822661  8181 consensus_queue.cc:260] T fabb5d28901248d8a1b0df5d8156d571 P 50d9a95671a54eccaa756bf8f3d658c2 [NON_LEADER]: Queue going to NON_LEADER mode. State: All replicated index: 0, Majority replicated index: 0, Committed index: 2, Last appended: 1.2, Last appended by leader: 2, Current term: 0, Majority size: -1, State: 0, Mode: NON_LEADER, active raft config: opid_index: 2 OBSOLETE_local: false peers { permanent_uuid: "bf15880d46224195ab69ec5321e59913" member_type: VOTER last_known_addr { host: "127.4.144.2" port: 35727 } } peers { permanent_uuid: "b9eb91484e524fcfa7cc3984aee4498e" member_type: VOTER last_known_addr { host: "127.4.144.1" port: 32925 } attrs { replace: true } } peers { permanent_uuid: "fa7c38949d734f1896303be19b9f79b3" member_type: VOTER last_known_addr { host: "127.4.144.3" port: 41553 } } peers { permanent_uuid: "50d9a95671a54eccaa756bf8f3d658c2" member_type: NON_VOTER last_known_addr { host: "127.4.144.4" port: 43143 } attrs { promote: true } }
I20260608 12:50:58.826427  8183 tablet_bootstrap.cc:492] T ec50e26b099c4aa78ecfbc41b2aab7dd P fa7c38949d734f1896303be19b9f79b3: Bootstrap replayed 1/1 log segments. Stats: ops{read=2 overwritten=0 applied=2 ignored=0} inserts{seen=0 ignored=0} mutations{seen=0 ignored=0} orphaned_commits=0. Pending: 0 replicates
I20260608 12:50:58.827461  8183 tablet_bootstrap.cc:492] T ec50e26b099c4aa78ecfbc41b2aab7dd P fa7c38949d734f1896303be19b9f79b3: Bootstrap complete.
