I20260608 12:51:13.382735  8888 raft_consensus.cc:359] T 843da618a05f4ce898441e6317af8165 P 51e712ba47b44a438bf3e9c356332151 [term 0 FOLLOWER]: Replica starting. Triggering 0 pending ops. Active config: opid_index: -1 OBSOLETE_local: false peers { permanent_uuid: "eca35c167da049a6955a8c09ea14657b" member_type: VOTER last_known_addr { host: "127.4.190.3" port: 38403 } } peers { permanent_uuid: "51e712ba47b44a438bf3e9c356332151" member_type: VOTER last_known_addr { host: "127.4.190.2" port: 40809 } } peers { permanent_uuid: "6a6aef1fe37b4b1391a7628a55e13f03" member_type: VOTER last_known_addr { host: "127.4.190.4" port: 37273 } }
I20260608 12:51:13.382984  8886 raft_consensus.cc:359] T 843da618a05f4ce898441e6317af8165 P 6a6aef1fe37b4b1391a7628a55e13f03 [term 0 FOLLOWER]: Replica starting. Triggering 0 pending ops. Active config: opid_index: -1 OBSOLETE_local: false peers { permanent_uuid: "eca35c167da049a6955a8c09ea14657b" member_type: VOTER last_known_addr { host: "127.4.190.3" port: 38403 } } peers { permanent_uuid: "51e712ba47b44a438bf3e9c356332151" member_type: VOTER last_known_addr { host: "127.4.190.2" port: 40809 } } peers { permanent_uuid: "6a6aef1fe37b4b1391a7628a55e13f03" member_type: VOTER last_known_addr { host: "127.4.190.4" port: 37273 } }
I20260608 12:51:13.383533  8888 raft_consensus.cc:385] T 843da618a05f4ce898441e6317af8165 P 51e712ba47b44a438bf3e9c356332151 [term 0 FOLLOWER]: Consensus starting up: Expiring failure detector timer to make a prompt election more likely
I20260608 12:51:13.383692  8886 raft_consensus.cc:385] T 843da618a05f4ce898441e6317af8165 P 6a6aef1fe37b4b1391a7628a55e13f03 [term 0 FOLLOWER]: Consensus starting up: Expiring failure detector timer to make a prompt election more likely
I20260608 12:51:13.383895  8888 raft_consensus.cc:740] T 843da618a05f4ce898441e6317af8165 P 51e712ba47b44a438bf3e9c356332151 [term 0 FOLLOWER]: Becoming Follower/Learner. State: Replica: 51e712ba47b44a438bf3e9c356332151, State: Initialized, Role: FOLLOWER
I20260608 12:51:13.384037  8886 raft_consensus.cc:740] T 843da618a05f4ce898441e6317af8165 P 6a6aef1fe37b4b1391a7628a55e13f03 [term 0 FOLLOWER]: Becoming Follower/Learner. State: Replica: 6a6aef1fe37b4b1391a7628a55e13f03, State: Initialized, Role: FOLLOWER
I20260608 12:51:13.384891  8888 consensus_queue.cc:260] T 843da618a05f4ce898441e6317af8165 P 51e712ba47b44a438bf3e9c356332151 [NON_LEADER]: Queue going to NON_LEADER mode. State: All replicated index: 0, Majority replicated index: 0, Committed index: 0, Last appended: 0.0, Last appended by leader: 0, Current term: 0, Majority size: -1, State: 0, Mode: NON_LEADER, active raft config: opid_index: -1 OBSOLETE_local: false peers { permanent_uuid: "eca35c167da049a6955a8c09ea14657b" member_type: VOTER last_known_addr { host: "127.4.190.3" port: 38403 } } peers { permanent_uuid: "51e712ba47b44a438bf3e9c356332151" member_type: VOTER last_known_addr { host: "127.4.190.2" port: 40809 } } peers { permanent_uuid: "6a6aef1fe37b4b1391a7628a55e13f03" member_type: VOTER last_known_addr { host: "127.4.190.4" port: 37273 } }
I20260608 12:51:13.384891  8886 consensus_queue.cc:260] T 843da618a05f4ce898441e6317af8165 P 6a6aef1fe37b4b1391a7628a55e13f03 [NON_LEADER]: Queue going to NON_LEADER mode. State: All replicated index: 0, Majority replicated index: 0, Committed index: 0, Last appended: 0.0, Last appended by leader: 0, Current term: 0, Majority size: -1, State: 0, Mode: NON_LEADER, active raft config: opid_index: -1 OBSOLETE_local: false peers { permanent_uuid: "eca35c167da049a6955a8c09ea14657b" member_type: VOTER last_known_addr { host: "127.4.190.3" port: 38403 } } peers { permanent_uuid: "51e712ba47b44a438bf3e9c356332151" member_type: VOTER last_known_addr { host: "127.4.190.2" port: 40809 } } peers { permanent_uuid: "6a6aef1fe37b4b1391a7628a55e13f03" member_type: VOTER last_known_addr { host: "127.4.190.4" port: 37273 } }
I20260608 12:51:13.387601  8716 heartbeater.cc:499] Master 127.4.190.62:33057 was elected leader, sending a full tablet report...
I20260608 12:51:13.388315  8888 ts_tablet_manager.cc:1434] T 843da618a05f4ce898441e6317af8165 P 51e712ba47b44a438bf3e9c356332151: Time spent starting tablet: real 0.008s	user 0.004s	sys 0.003s
I20260608 12:51:13.389087  8886 ts_tablet_manager.cc:1434] T 843da618a05f4ce898441e6317af8165 P 6a6aef1fe37b4b1391a7628a55e13f03: Time spent starting tablet: real 0.009s	user 0.007s	sys 0.000s
I20260608 12:51:13.389268  8864 heartbeater.cc:499] Master 127.4.190.62:33057 was elected leader, sending a full tablet report...
I20260608 12:51:13.466794  8641 heartbeater.cc:499] Master 127.4.190.62:33057 was elected leader, sending a full tablet report...
I20260608 12:51:13.597292  8893 raft_consensus.cc:493] T 843da618a05f4ce898441e6317af8165 P 6a6aef1fe37b4b1391a7628a55e13f03 [term 0 FOLLOWER]: Starting pre-election (no leader contacted us within the election timeout)
I20260608 12:51:13.598248  8893 raft_consensus.cc:515] T 843da618a05f4ce898441e6317af8165 P 6a6aef1fe37b4b1391a7628a55e13f03 [term 0 FOLLOWER]: Starting pre-election with config: opid_index: -1 OBSOLETE_local: false peers { permanent_uuid: "eca35c167da049a6955a8c09ea14657b" member_type: VOTER last_known_addr { host: "127.4.190.3" port: 38403 } } peers { permanent_uuid: "51e712ba47b44a438bf3e9c356332151" member_type: VOTER last_known_addr { host: "127.4.190.2" port: 40809 } } peers { permanent_uuid: "6a6aef1fe37b4b1391a7628a55e13f03" member_type: VOTER last_known_addr { host: "127.4.190.4" port: 37273 } }
I20260608 12:51:13.601027  8893 leader_election.cc:290] T 843da618a05f4ce898441e6317af8165 P 6a6aef1fe37b4b1391a7628a55e13f03 [CANDIDATE]: Term 1 pre-election: Requested pre-vote from peers eca35c167da049a6955a8c09ea14657b (127.4.190.3:38403), 51e712ba47b44a438bf3e9c356332151 (127.4.190.2:40809)
I20260608 12:51:13.615515  8765 tablet_service.cc:1917] Received RequestConsensusVote() RPC: tablet_id: "843da618a05f4ce898441e6317af8165" candidate_uuid: "6a6aef1fe37b4b1391a7628a55e13f03" candidate_term: 1 candidate_status { last_received { term: 0 index: 0 } } ignore_live_leader: false dest_uuid: "eca35c167da049a6955a8c09ea14657b" is_pre_election: true
I20260608 12:51:13.616356  8691 tablet_service.cc:1917] Received RequestConsensusVote() RPC: tablet_id: "843da618a05f4ce898441e6317af8165" candidate_uuid: "6a6aef1fe37b4b1391a7628a55e13f03" candidate_term: 1 candidate_status { last_received { term: 0 index: 0 } } ignore_live_leader: false dest_uuid: "51e712ba47b44a438bf3e9c356332151" is_pre_election: true
I20260608 12:51:13.616650  8765 raft_consensus.cc:2468] T 843da618a05f4ce898441e6317af8165 P eca35c167da049a6955a8c09ea14657b [term 0 FOLLOWER]: Leader pre-election vote request: Granting yes vote for candidate 6a6aef1fe37b4b1391a7628a55e13f03 in term 0.
I20260608 12:51:13.617285  8691 raft_consensus.cc:2468] T 843da618a05f4ce898441e6317af8165 P 51e712ba47b44a438bf3e9c356332151 [term 0 FOLLOWER]: Leader pre-election vote request: Granting yes vote for candidate 6a6aef1fe37b4b1391a7628a55e13f03 in term 0.
I20260608 12:51:13.618285  8804 leader_election.cc:304] T 843da618a05f4ce898441e6317af8165 P 6a6aef1fe37b4b1391a7628a55e13f03 [CANDIDATE]: Term 1 pre-election: Election decided. Result: candidate won. Election summary: received 2 responses out of 3 voters: 2 yes votes; 0 no votes. yes voters: 6a6aef1fe37b4b1391a7628a55e13f03, eca35c167da049a6955a8c09ea14657b; no voters: 
I20260608 12:51:13.618964  8893 raft_consensus.cc:2804] T 843da618a05f4ce898441e6317af8165 P 6a6aef1fe37b4b1391a7628a55e13f03 [term 0 FOLLOWER]: Leader pre-election won for term 1
I20260608 12:51:13.619303  8893 raft_consensus.cc:493] T 843da618a05f4ce898441e6317af8165 P 6a6aef1fe37b4b1391a7628a55e13f03 [term 0 FOLLOWER]: Starting leader election (no leader contacted us within the election timeout)
I20260608 12:51:13.619566  8893 raft_consensus.cc:3060] T 843da618a05f4ce898441e6317af8165 P 6a6aef1fe37b4b1391a7628a55e13f03 [term 0 FOLLOWER]: Advancing to term 1
I20260608 12:51:13.625442  8893 raft_consensus.cc:515] T 843da618a05f4ce898441e6317af8165 P 6a6aef1fe37b4b1391a7628a55e13f03 [term 1 FOLLOWER]: Starting leader election with config: opid_index: -1 OBSOLETE_local: false peers { permanent_uuid: "eca35c167da049a6955a8c09ea14657b" member_type: VOTER last_known_addr { host: "127.4.190.3" port: 38403 } } peers { permanent_uuid: "51e712ba47b44a438bf3e9c356332151" member_type: VOTER last_known_addr { host: "127.4.190.2" port: 40809 } } peers { permanent_uuid: "6a6aef1fe37b4b1391a7628a55e13f03" member_type: VOTER last_known_addr { host: "127.4.190.4" port: 37273 } }
I20260608 12:51:13.627187  8893 leader_election.cc:290] T 843da618a05f4ce898441e6317af8165 P 6a6aef1fe37b4b1391a7628a55e13f03 [CANDIDATE]: Term 1 election: Requested vote from peers eca35c167da049a6955a8c09ea14657b (127.4.190.3:38403), 51e712ba47b44a438bf3e9c356332151 (127.4.190.2:40809)
I20260608 12:51:13.628226  8765 tablet_service.cc:1917] Received RequestConsensusVote() RPC: tablet_id: "843da618a05f4ce898441e6317af8165" candidate_uuid: "6a6aef1fe37b4b1391a7628a55e13f03" candidate_term: 1 candidate_status { last_received { term: 0 index: 0 } } ignore_live_leader: false dest_uuid: "eca35c167da049a6955a8c09ea14657b"
I20260608 12:51:13.628582  8691 tablet_service.cc:1917] Received RequestConsensusVote() RPC: tablet_id: "843da618a05f4ce898441e6317af8165" candidate_uuid: "6a6aef1fe37b4b1391a7628a55e13f03" candidate_term: 1 candidate_status { last_received { term: 0 index: 0 } } ignore_live_leader: false dest_uuid: "51e712ba47b44a438bf3e9c356332151"
I20260608 12:51:13.628721  8765 raft_consensus.cc:3060] T 843da618a05f4ce898441e6317af8165 P eca35c167da049a6955a8c09ea14657b [term 0 FOLLOWER]: Advancing to term 1
I20260608 12:51:13.629122  8691 raft_consensus.cc:3060] T 843da618a05f4ce898441e6317af8165 P 51e712ba47b44a438bf3e9c356332151 [term 0 FOLLOWER]: Advancing to term 1
I20260608 12:51:13.634855  8765 raft_consensus.cc:2468] T 843da618a05f4ce898441e6317af8165 P eca35c167da049a6955a8c09ea14657b [term 1 FOLLOWER]: Leader election vote request: Granting yes vote for candidate 6a6aef1fe37b4b1391a7628a55e13f03 in term 1.
I20260608 12:51:13.635059  8691 raft_consensus.cc:2468] T 843da618a05f4ce898441e6317af8165 P 51e712ba47b44a438bf3e9c356332151 [term 1 FOLLOWER]: Leader election vote request: Granting yes vote for candidate 6a6aef1fe37b4b1391a7628a55e13f03 in term 1.
I20260608 12:51:13.636037  8804 leader_election.cc:304] T 843da618a05f4ce898441e6317af8165 P 6a6aef1fe37b4b1391a7628a55e13f03 [CANDIDATE]: Term 1 election: Election decided. Result: candidate won. Election summary: received 2 responses out of 3 voters: 2 yes votes; 0 no votes. yes voters: 6a6aef1fe37b4b1391a7628a55e13f03, eca35c167da049a6955a8c09ea14657b; no voters: 
I20260608 12:51:13.636740  8893 raft_consensus.cc:2804] T 843da618a05f4ce898441e6317af8165 P 6a6aef1fe37b4b1391a7628a55e13f03 [term 1 FOLLOWER]: Leader election won for term 1
I20260608 12:51:13.638123  8893 raft_consensus.cc:697] T 843da618a05f4ce898441e6317af8165 P 6a6aef1fe37b4b1391a7628a55e13f03 [term 1 LEADER]: Becoming Leader. State: Replica: 6a6aef1fe37b4b1391a7628a55e13f03, State: Running, Role: LEADER
I20260608 12:51:13.639346  8893 consensus_queue.cc:237] T 843da618a05f4ce898441e6317af8165 P 6a6aef1fe37b4b1391a7628a55e13f03 [LEADER]: Queue going to LEADER mode. State: All replicated index: 0, Majority replicated index: 0, Committed index: 0, Last appended: 0.0, Last appended by leader: 0, Current term: 1, Majority size: 2, State: 0, Mode: LEADER, active raft config: opid_index: -1 OBSOLETE_local: false peers { permanent_uuid: "eca35c167da049a6955a8c09ea14657b" member_type: VOTER last_known_addr { host: "127.4.190.3" port: 38403 } } peers { permanent_uuid: "51e712ba47b44a438bf3e9c356332151" member_type: VOTER last_known_addr { host: "127.4.190.2" port: 40809 } } peers { permanent_uuid: "6a6aef1fe37b4b1391a7628a55e13f03" member_type: VOTER last_known_addr { host: "127.4.190.4" port: 37273 } }
I20260608 12:51:13.650372  8514 catalog_manager.cc:5696] T 843da618a05f4ce898441e6317af8165 P 6a6aef1fe37b4b1391a7628a55e13f03 reported cstate change: term changed from 0 to 1, leader changed from <none> to 6a6aef1fe37b4b1391a7628a55e13f03 (127.4.190.4). New cstate: current_term: 1 leader_uuid: "6a6aef1fe37b4b1391a7628a55e13f03" committed_config { opid_index: -1 OBSOLETE_local: false peers { permanent_uuid: "eca35c167da049a6955a8c09ea14657b" member_type: VOTER last_known_addr { host: "127.4.190.3" port: 38403 } health_report { overall_health: UNKNOWN } } peers { permanent_uuid: "51e712ba47b44a438bf3e9c356332151" member_type: VOTER last_known_addr { host: "127.4.190.2" port: 40809 } health_report { overall_health: UNKNOWN } } peers { permanent_uuid: "6a6aef1fe37b4b1391a7628a55e13f03" member_type: VOTER last_known_addr { host: "127.4.190.4" port: 37273 } health_report { overall_health: HEALTHY } } }
I20260608 12:51:14.071569  8893 consensus_queue.cc:1048] T 843da618a05f4ce898441e6317af8165 P 6a6aef1fe37b4b1391a7628a55e13f03 [LEADER]: Connected to new peer: Peer: permanent_uuid: "51e712ba47b44a438bf3e9c356332151" member_type: VOTER last_known_addr { host: "127.4.190.2" port: 40809 }, Status: LMP_MISMATCH, Last received: 0.0, Next index: 1, Last known committed idx: 0, Time since last communication: 0.000s
I20260608 12:51:14.087786  8897 consensus_queue.cc:1048] T 843da618a05f4ce898441e6317af8165 P 6a6aef1fe37b4b1391a7628a55e13f03 [LEADER]: Connected to new peer: Peer: permanent_uuid: "eca35c167da049a6955a8c09ea14657b" member_type: VOTER last_known_addr { host: "127.4.190.3" port: 38403 }, Status: LMP_MISMATCH, Last received: 0.0, Next index: 1, Last known committed idx: 0, Time since last communication: 0.000s
I20260608 12:51:14.192870  8567 auto_leader_rebalancer.cc:140] leader rebalance for table test-workload
I20260608 12:51:14.194401  8567 auto_leader_rebalancer.cc:388] table: test-workload, leader rebalance finish, leader transfer count: 0
I20260608 12:51:14.194759  8567 auto_leader_rebalancer.cc:451] All tables' leader rebalancing finished this round
I20260608 12:51:16.195644  8567 auto_leader_rebalancer.cc:140] leader rebalance for table test-workload
I20260608 12:51:16.196949  8567 auto_leader_rebalancer.cc:388] table: test-workload, leader rebalance finish, leader transfer count: 0
I20260608 12:51:16.197273  8567 auto_leader_rebalancer.cc:451] All tables' leader rebalancing finished this round
I20260608 12:51:18.198295  8567 auto_leader_rebalancer.cc:140] leader rebalance for table test-workload
I20260608 12:51:18.199673  8567 auto_leader_rebalancer.cc:388] table: test-workload, leader rebalance finish, leader transfer count: 0
I20260608 12:51:18.199980  8567 auto_leader_rebalancer.cc:451] All tables' leader rebalancing finished this round
I20260608 12:51:20.200886  8567 auto_leader_rebalancer.cc:140] leader rebalance for table test-workload
I20260608 12:51:20.202296  8567 auto_leader_rebalancer.cc:388] table: test-workload, leader rebalance finish, leader transfer count: 0
I20260608 12:51:20.202630  8567 auto_leader_rebalancer.cc:451] All tables' leader rebalancing finished this round
I20260608 12:51:22.203837  8567 auto_leader_rebalancer.cc:140] leader rebalance for table test-workload
I20260608 12:51:22.205417  8567 auto_leader_rebalancer.cc:388] table: test-workload, leader rebalance finish, leader transfer count: 0
I20260608 12:51:22.205749  8567 auto_leader_rebalancer.cc:451] All tables' leader rebalancing finished this round
I20260608 12:51:24.207126  8567 auto_leader_rebalancer.cc:140] leader rebalance for table test-workload
I20260608 12:51:24.208921  8567 auto_leader_rebalancer.cc:388] table: test-workload, leader rebalance finish, leader transfer count: 0
I20260608 12:51:24.209260  8567 auto_leader_rebalancer.cc:451] All tables' leader rebalancing finished this round
I20260608 12:51:24.729492  4856 tablet_server.cc:179] TabletServer@127.4.190.1:0 shutting down...
I20260608 12:51:24.755707  4856 ts_tablet_manager.cc:1507] Shutting down tablet manager...
I20260608 12:51:24.772982  4856 tablet_server.cc:196] TabletServer@127.4.190.1:0 shutdown complete.
I20260608 12:51:24.784689  4856 tablet_server.cc:179] TabletServer@127.4.190.2:0 shutting down...
I20260608 12:51:24.803503  4856 ts_tablet_manager.cc:1507] Shutting down tablet manager...
I20260608 12:51:24.804260  4856 tablet_replica.cc:333] T 843da618a05f4ce898441e6317af8165 P 51e712ba47b44a438bf3e9c356332151: stopping tablet replica
I20260608 12:51:24.804838  4856 raft_consensus.cc:2243] T 843da618a05f4ce898441e6317af8165 P 51e712ba47b44a438bf3e9c356332151 [term 1 FOLLOWER]: Raft consensus shutting down.
I20260608 12:51:24.805437  4856 raft_consensus.cc:2272] T 843da618a05f4ce898441e6317af8165 P 51e712ba47b44a438bf3e9c356332151 [term 1 FOLLOWER]: Raft consensus is shut down!
I20260608 12:51:24.825840  4856 tablet_server.cc:196] TabletServer@127.4.190.2:0 shutdown complete.
I20260608 12:51:24.836500  4856 tablet_server.cc:179] TabletServer@127.4.190.3:0 shutting down...
I20260608 12:51:24.856698  4856 ts_tablet_manager.cc:1507] Shutting down tablet manager...
I20260608 12:51:24.857470  4856 tablet_replica.cc:333] T 843da618a05f4ce898441e6317af8165 P eca35c167da049a6955a8c09ea14657b: stopping tablet replica
I20260608 12:51:24.858208  4856 raft_consensus.cc:2243] T 843da618a05f4ce898441e6317af8165 P eca35c167da049a6955a8c09ea14657b [term 1 FOLLOWER]: Raft consensus shutting down.
I20260608 12:51:24.858732  4856 raft_consensus.cc:2272] T 843da618a05f4ce898441e6317af8165 P eca35c167da049a6955a8c09ea14657b [term 1 FOLLOWER]: Raft consensus is shut down!
I20260608 12:51:24.878182  4856 tablet_server.cc:196] TabletServer@127.4.190.3:0 shutdown complete.
I20260608 12:51:24.888742  4856 tablet_server.cc:179] TabletServer@127.4.190.4:0 shutting down...
I20260608 12:51:24.910386  4856 ts_tablet_manager.cc:1507] Shutting down tablet manager...
I20260608 12:51:24.911118  4856 tablet_replica.cc:333] T 843da618a05f4ce898441e6317af8165 P 6a6aef1fe37b4b1391a7628a55e13f03: stopping tablet replica
I20260608 12:51:24.911641  4856 raft_consensus.cc:2243] T 843da618a05f4ce898441e6317af8165 P 6a6aef1fe37b4b1391a7628a55e13f03 [term 1 LEADER]: Raft consensus shutting down.
I20260608 12:51:24.912567  4856 raft_consensus.cc:2272] T 843da618a05f4ce898441e6317af8165 P 6a6aef1fe37b4b1391a7628a55e13f03 [term 1 FOLLOWER]: Raft consensus is shut down!
I20260608 12:51:24.932929  4856 tablet_server.cc:196] TabletServer@127.4.190.4:0 shutdown complete.
I20260608 12:51:24.944634  4856 master.cc:562] Master@127.4.190.62:33057 shutting down...
I20260608 12:51:24.963605  4856 raft_consensus.cc:2243] T 00000000000000000000000000000000 P f8f3eea760eb481bac1dab0a31fc92e0 [term 1 LEADER]: Raft consensus shutting down.
I20260608 12:51:24.964337  4856 raft_consensus.cc:2272] T 00000000000000000000000000000000 P f8f3eea760eb481bac1dab0a31fc92e0 [term 1 FOLLOWER]: Raft consensus is shut down!
I20260608 12:51:24.964710  4856 tablet_replica.cc:333] T 00000000000000000000000000000000 P f8f3eea760eb481bac1dab0a31fc92e0: stopping tablet replica
I20260608 12:51:24.983871  4856 master.cc:584] Master@127.4.190.62:33057 shutdown complete.
[       OK ] AutoRebalancerTest.NoReplicaMovesIfLocationLoadSkewedByOne (12981 ms)
[ RUN      ] AutoRebalancerTest.NoReplicaMovesIfCannotFixPlacementPolicy
I20260608 12:51:25.019066  4856 internal_mini_cluster.cc:156] Creating distributed mini masters. Addrs: 127.4.190.62:44999
I20260608 12:51:25.020259  4856 file_cache.cc:492] Constructed file cache file cache with capacity 419430
W20260608 12:51:25.025965  8912 instance_detector.cc:116] could not retrieve AWS instance metadata: Network error: curl error: HTTP response code said error: The requested URL returned error: 404
W20260608 12:51:25.026209  8913 instance_detector.cc:116] could not retrieve Azure instance metadata: Network error: curl error: HTTP response code said error: The requested URL returned error: 404
W20260608 12:51:25.027369  8915 instance_detector.cc:116] could not retrieve OpenStack instance metadata: Network error: curl error: HTTP response code said error: The requested URL returned error: 404
I20260608 12:51:25.028558  4856 server_base.cc:1061] running on GCE node
I20260608 12:51:25.029336  4856 hybrid_clock.cc:584] initializing the hybrid clock with 'system_unsync' time source
W20260608 12:51:25.029556  4856 system_unsync_time.cc:38] NTP support is disabled. Clock error bounds will not be accurate. This configuration is not suitable for distributed clusters.
I20260608 12:51:25.029706  4856 hybrid_clock.cc:648] HybridClock initialized: now 1780923085029687 us; error 0 us; skew 500 ppm
I20260608 12:51:25.030319  4856 server_base.cc:861] Flag tcmalloc_max_total_thread_cache_bytes is not working since tcmalloc is not enabled.
I20260608 12:51:25.032699  4856 webserver.cc:533] Webserver started at http://127.4.190.62:36097/ using document root <none> and password file <none>
I20260608 12:51:25.033203  4856 fs_manager.cc:362] Metadata directory not provided
I20260608 12:51:25.033381  4856 fs_manager.cc:368] Using write-ahead log directory (fs_wal_dir) as metadata directory
I20260608 12:51:25.033660  4856 server_base.cc:909] This appears to be a new deployment of Kudu; creating new FS layout
I20260608 12:51:25.034891  4856 fs_manager.cc:1068] Generated new instance metadata in path /tmp/dist-test-taskgayMWt/test-tmp/auto_rebalancer-test.0.AutoRebalancerTest.NoReplicaMovesIfCannotFixPlacementPolicy.1780922971752882-4856-0/minicluster-data/master-0-root/instance:
uuid: "b35fa1820ad94fe093f9e7256f1a69a6"
format_stamp: "Formatted at 2026-06-08 12:51:25 on dist-test-slave-5t9v"
I20260608 12:51:25.039901  4856 fs_manager.cc:696] Time spent creating directory manager: real 0.004s	user 0.005s	sys 0.000s
I20260608 12:51:25.043891  8920 log_block_manager.cc:4031] Time spent loading block containers with low live blocks: real 0.000s	user 0.000s	sys 0.000s
I20260608 12:51:25.044845  4856 fs_manager.cc:730] Time spent opening block manager: real 0.003s	user 0.001s	sys 0.000s
I20260608 12:51:25.045145  4856 fs_manager.cc:647] Opened local filesystem: /tmp/dist-test-taskgayMWt/test-tmp/auto_rebalancer-test.0.AutoRebalancerTest.NoReplicaMovesIfCannotFixPlacementPolicy.1780922971752882-4856-0/minicluster-data/master-0-root
uuid: "b35fa1820ad94fe093f9e7256f1a69a6"
format_stamp: "Formatted at 2026-06-08 12:51:25 on dist-test-slave-5t9v"
I20260608 12:51:25.045423  4856 fs_report.cc:389] FS layout report
--------------------
wal directory: /tmp/dist-test-taskgayMWt/test-tmp/auto_rebalancer-test.0.AutoRebalancerTest.NoReplicaMovesIfCannotFixPlacementPolicy.1780922971752882-4856-0/minicluster-data/master-0-root
metadata directory: /tmp/dist-test-taskgayMWt/test-tmp/auto_rebalancer-test.0.AutoRebalancerTest.NoReplicaMovesIfCannotFixPlacementPolicy.1780922971752882-4856-0/minicluster-data/master-0-root
1 data directories: /tmp/dist-test-taskgayMWt/test-tmp/auto_rebalancer-test.0.AutoRebalancerTest.NoReplicaMovesIfCannotFixPlacementPolicy.1780922971752882-4856-0/minicluster-data/master-0-root/data
Total live blocks: 0
Total live bytes: 0
Total live bytes (after alignment): 0
Total number of LBM containers: 0 (0 full)
Did not check for missing blocks
Did not check for orphaned blocks
Total full LBM containers with extra space: 0 (0 repaired)
Total full LBM container extra space in bytes: 0 (0 repaired)
Total incomplete LBM containers: 0 (0 repaired)
Total LBM partial records: 0 (0 repaired)
Total corrupted LBM metadata records in RocksDB: 0 (0 repaired)
I20260608 12:51:25.064357  4856 rpc_server.cc:225] running with OpenSSL 1.1.1  11 Sep 2018
I20260608 12:51:25.065596  4856 kserver.cc:163] Server-wide thread pool size limit: 3276
I20260608 12:51:25.105520  4856 rpc_server.cc:307] RPC server started. Bound to: 127.4.190.62:44999
I20260608 12:51:25.105576  8971 acceptor_pool.cc:272] collecting diagnostics on the listening RPC socket 127.4.190.62:44999 every 8 connection(s)
I20260608 12:51:25.109934  8972 data_dirs.cc:400] Could only allocate 1 dirs of requested 3 for tablet 00000000000000000000000000000000. 1 dirs total, 0 dirs full, 0 dirs failed
I20260608 12:51:25.121304  8972 tablet_bootstrap.cc:492] T 00000000000000000000000000000000 P b35fa1820ad94fe093f9e7256f1a69a6: Bootstrap starting.
I20260608 12:51:25.126221  8972 tablet_bootstrap.cc:654] T 00000000000000000000000000000000 P b35fa1820ad94fe093f9e7256f1a69a6: Neither blocks nor log segments found. Creating new log.
I20260608 12:51:25.130611  8972 tablet_bootstrap.cc:492] T 00000000000000000000000000000000 P b35fa1820ad94fe093f9e7256f1a69a6: No bootstrap required, opened a new log
I20260608 12:51:25.132893  8972 raft_consensus.cc:359] T 00000000000000000000000000000000 P b35fa1820ad94fe093f9e7256f1a69a6 [term 0 FOLLOWER]: Replica starting. Triggering 0 pending ops. Active config: opid_index: -1 OBSOLETE_local: true peers { permanent_uuid: "b35fa1820ad94fe093f9e7256f1a69a6" member_type: VOTER }
I20260608 12:51:25.133315  8972 raft_consensus.cc:385] T 00000000000000000000000000000000 P b35fa1820ad94fe093f9e7256f1a69a6 [term 0 FOLLOWER]: Consensus starting up: Expiring failure detector timer to make a prompt election more likely
I20260608 12:51:25.133541  8972 raft_consensus.cc:740] T 00000000000000000000000000000000 P b35fa1820ad94fe093f9e7256f1a69a6 [term 0 FOLLOWER]: Becoming Follower/Learner. State: Replica: b35fa1820ad94fe093f9e7256f1a69a6, State: Initialized, Role: FOLLOWER
I20260608 12:51:25.134161  8972 consensus_queue.cc:260] T 00000000000000000000000000000000 P b35fa1820ad94fe093f9e7256f1a69a6 [NON_LEADER]: Queue going to NON_LEADER mode. State: All replicated index: 0, Majority replicated index: 0, Committed index: 0, Last appended: 0.0, Last appended by leader: 0, Current term: 0, Majority size: -1, State: 0, Mode: NON_LEADER, active raft config: opid_index: -1 OBSOLETE_local: true peers { permanent_uuid: "b35fa1820ad94fe093f9e7256f1a69a6" member_type: VOTER }
I20260608 12:51:25.134615  8972 raft_consensus.cc:399] T 00000000000000000000000000000000 P b35fa1820ad94fe093f9e7256f1a69a6 [term 0 FOLLOWER]: Only one voter in the Raft config. Triggering election immediately
I20260608 12:51:25.134835  8972 raft_consensus.cc:493] T 00000000000000000000000000000000 P b35fa1820ad94fe093f9e7256f1a69a6 [term 0 FOLLOWER]: Starting leader election (initial election of a single-replica configuration)
I20260608 12:51:25.135082  8972 raft_consensus.cc:3060] T 00000000000000000000000000000000 P b35fa1820ad94fe093f9e7256f1a69a6 [term 0 FOLLOWER]: Advancing to term 1
I20260608 12:51:25.140223  8972 raft_consensus.cc:515] T 00000000000000000000000000000000 P b35fa1820ad94fe093f9e7256f1a69a6 [term 1 FOLLOWER]: Starting leader election with config: opid_index: -1 OBSOLETE_local: true peers { permanent_uuid: "b35fa1820ad94fe093f9e7256f1a69a6" member_type: VOTER }
I20260608 12:51:25.140761  8972 leader_election.cc:304] T 00000000000000000000000000000000 P b35fa1820ad94fe093f9e7256f1a69a6 [CANDIDATE]: Term 1 election: Election decided. Result: candidate won. Election summary: received 1 responses out of 1 voters: 1 yes votes; 0 no votes. yes voters: b35fa1820ad94fe093f9e7256f1a69a6; no voters: 
I20260608 12:51:25.141937  8972 leader_election.cc:290] T 00000000000000000000000000000000 P b35fa1820ad94fe093f9e7256f1a69a6 [CANDIDATE]: Term 1 election: Requested vote from peers 
I20260608 12:51:25.142483  8975 raft_consensus.cc:2804] T 00000000000000000000000000000000 P b35fa1820ad94fe093f9e7256f1a69a6 [term 1 FOLLOWER]: Leader election won for term 1
I20260608 12:51:25.143780  8975 raft_consensus.cc:697] T 00000000000000000000000000000000 P b35fa1820ad94fe093f9e7256f1a69a6 [term 1 LEADER]: Becoming Leader. State: Replica: b35fa1820ad94fe093f9e7256f1a69a6, State: Running, Role: LEADER
I20260608 12:51:25.144510  8975 consensus_queue.cc:237] T 00000000000000000000000000000000 P b35fa1820ad94fe093f9e7256f1a69a6 [LEADER]: Queue going to LEADER mode. State: All replicated index: 0, Majority replicated index: 0, Committed index: 0, Last appended: 0.0, Last appended by leader: 0, Current term: 1, Majority size: 1, State: 0, Mode: LEADER, active raft config: opid_index: -1 OBSOLETE_local: true peers { permanent_uuid: "b35fa1820ad94fe093f9e7256f1a69a6" member_type: VOTER }
I20260608 12:51:25.144860  8972 sys_catalog.cc:565] T 00000000000000000000000000000000 P b35fa1820ad94fe093f9e7256f1a69a6 [sys.catalog]: configured and running, proceeding with master startup.
I20260608 12:51:25.147665  8977 sys_catalog.cc:455] T 00000000000000000000000000000000 P b35fa1820ad94fe093f9e7256f1a69a6 [sys.catalog]: SysCatalogTable state changed. Reason: New leader b35fa1820ad94fe093f9e7256f1a69a6. Latest consensus state: current_term: 1 leader_uuid: "b35fa1820ad94fe093f9e7256f1a69a6" committed_config { opid_index: -1 OBSOLETE_local: true peers { permanent_uuid: "b35fa1820ad94fe093f9e7256f1a69a6" member_type: VOTER } }
I20260608 12:51:25.147682  8976 sys_catalog.cc:455] T 00000000000000000000000000000000 P b35fa1820ad94fe093f9e7256f1a69a6 [sys.catalog]: SysCatalogTable state changed. Reason: RaftConsensus started. Latest consensus state: current_term: 1 leader_uuid: "b35fa1820ad94fe093f9e7256f1a69a6" committed_config { opid_index: -1 OBSOLETE_local: true peers { permanent_uuid: "b35fa1820ad94fe093f9e7256f1a69a6" member_type: VOTER } }
I20260608 12:51:25.148438  8977 sys_catalog.cc:458] T 00000000000000000000000000000000 P b35fa1820ad94fe093f9e7256f1a69a6 [sys.catalog]: This master's current role is: LEADER
I20260608 12:51:25.148478  8976 sys_catalog.cc:458] T 00000000000000000000000000000000 P b35fa1820ad94fe093f9e7256f1a69a6 [sys.catalog]: This master's current role is: LEADER
I20260608 12:51:25.159914  8980 catalog_manager.cc:1510] Loading table and tablet metadata into memory...
I20260608 12:51:25.169010  8980 catalog_manager.cc:1519] Initializing Kudu cluster ID...
I20260608 12:51:25.170135  4856 internal_mini_cluster.cc:184] Waiting to initialize catalog manager on master 0
I20260608 12:51:25.179196  8980 catalog_manager.cc:1382] Generated new cluster ID: 46323780cd504013888300039c8dbeb7
I20260608 12:51:25.179518  8980 catalog_manager.cc:1530] Initializing Kudu internal certificate authority...
I20260608 12:51:25.203536  8980 catalog_manager.cc:1405] Generated new certificate authority record
I20260608 12:51:25.204839  8980 catalog_manager.cc:1539] Loading token signing keys...
I20260608 12:51:25.222931  8980 catalog_manager.cc:6069] T 00000000000000000000000000000000 P b35fa1820ad94fe093f9e7256f1a69a6: Generated new TSK 0
I20260608 12:51:25.223600  8980 catalog_manager.cc:1549] Initializing in-progress tserver states...
I20260608 12:51:25.236852  4856 file_cache.cc:492] Constructed file cache file cache with capacity 419430
W20260608 12:51:25.243338  8993 instance_detector.cc:116] could not retrieve AWS instance metadata: Network error: curl error: HTTP response code said error: The requested URL returned error: 404
W20260608 12:51:25.244060  8994 instance_detector.cc:116] could not retrieve Azure instance metadata: Network error: curl error: HTTP response code said error: The requested URL returned error: 404
W20260608 12:51:25.245481  8996 instance_detector.cc:116] could not retrieve OpenStack instance metadata: Network error: curl error: HTTP response code said error: The requested URL returned error: 404
I20260608 12:51:25.247105  4856 server_base.cc:1061] running on GCE node
I20260608 12:51:25.247938  4856 hybrid_clock.cc:584] initializing the hybrid clock with 'system_unsync' time source
W20260608 12:51:25.248143  4856 system_unsync_time.cc:38] NTP support is disabled. Clock error bounds will not be accurate. This configuration is not suitable for distributed clusters.
I20260608 12:51:25.248271  4856 hybrid_clock.cc:648] HybridClock initialized: now 1780923085248260 us; error 0 us; skew 500 ppm
I20260608 12:51:25.248857  4856 server_base.cc:861] Flag tcmalloc_max_total_thread_cache_bytes is not working since tcmalloc is not enabled.
I20260608 12:51:25.251427  4856 webserver.cc:533] Webserver started at http://127.4.190.1:43889/ using document root <none> and password file <none>
I20260608 12:51:25.251899  4856 fs_manager.cc:362] Metadata directory not provided
I20260608 12:51:25.252058  4856 fs_manager.cc:368] Using write-ahead log directory (fs_wal_dir) as metadata directory
I20260608 12:51:25.252305  4856 server_base.cc:909] This appears to be a new deployment of Kudu; creating new FS layout
I20260608 12:51:25.253391  4856 fs_manager.cc:1068] Generated new instance metadata in path /tmp/dist-test-taskgayMWt/test-tmp/auto_rebalancer-test.0.AutoRebalancerTest.NoReplicaMovesIfCannotFixPlacementPolicy.1780922971752882-4856-0/minicluster-data/ts-0-root/instance:
uuid: "6ac287614dd84fc2947165bf824b07fd"
format_stamp: "Formatted at 2026-06-08 12:51:25 on dist-test-slave-5t9v"
I20260608 12:51:25.258208  4856 fs_manager.cc:696] Time spent creating directory manager: real 0.004s	user 0.006s	sys 0.000s
I20260608 12:51:25.262135  9001 log_block_manager.cc:4031] Time spent loading block containers with low live blocks: real 0.000s	user 0.000s	sys 0.000s
I20260608 12:51:25.262992  4856 fs_manager.cc:730] Time spent opening block manager: real 0.003s	user 0.004s	sys 0.000s
I20260608 12:51:25.263281  4856 fs_manager.cc:647] Opened local filesystem: /tmp/dist-test-taskgayMWt/test-tmp/auto_rebalancer-test.0.AutoRebalancerTest.NoReplicaMovesIfCannotFixPlacementPolicy.1780922971752882-4856-0/minicluster-data/ts-0-root
uuid: "6ac287614dd84fc2947165bf824b07fd"
format_stamp: "Formatted at 2026-06-08 12:51:25 on dist-test-slave-5t9v"
I20260608 12:51:25.263607  4856 fs_report.cc:389] FS layout report
--------------------
wal directory: /tmp/dist-test-taskgayMWt/test-tmp/auto_rebalancer-test.0.AutoRebalancerTest.NoReplicaMovesIfCannotFixPlacementPolicy.1780922971752882-4856-0/minicluster-data/ts-0-root
metadata directory: /tmp/dist-test-taskgayMWt/test-tmp/auto_rebalancer-test.0.AutoRebalancerTest.NoReplicaMovesIfCannotFixPlacementPolicy.1780922971752882-4856-0/minicluster-data/ts-0-root
1 data directories: /tmp/dist-test-taskgayMWt/test-tmp/auto_rebalancer-test.0.AutoRebalancerTest.NoReplicaMovesIfCannotFixPlacementPolicy.1780922971752882-4856-0/minicluster-data/ts-0-root/data
Total live blocks: 0
Total live bytes: 0
Total live bytes (after alignment): 0
Total number of LBM containers: 0 (0 full)
Did not check for missing blocks
Did not check for orphaned blocks
Total full LBM containers with extra space: 0 (0 repaired)
Total full LBM container extra space in bytes: 0 (0 repaired)
Total incomplete LBM containers: 0 (0 repaired)
Total LBM partial records: 0 (0 repaired)
Total corrupted LBM metadata records in RocksDB: 0 (0 repaired)
I20260608 12:51:25.286862  4856 rpc_server.cc:225] running with OpenSSL 1.1.1  11 Sep 2018
I20260608 12:51:25.288092  4856 kserver.cc:163] Server-wide thread pool size limit: 3276
I20260608 12:51:25.289714  4856 txn_system_client.cc:432] TxnSystemClient initialization is disabled...
I20260608 12:51:25.293164  4856 ts_tablet_manager.cc:585] Loaded tablet metadata (0 total tablets, 0 live tablets)
I20260608 12:51:25.293394  4856 ts_tablet_manager.cc:531] Time spent load tablet metadata: real 0.000s	user 0.000s	sys 0.000s
I20260608 12:51:25.293665  4856 ts_tablet_manager.cc:616] Registered 0 tablets
I20260608 12:51:25.293821  4856 ts_tablet_manager.cc:595] Time spent register tablets: real 0.000s	user 0.000s	sys 0.000s
I20260608 12:51:25.335323  4856 rpc_server.cc:307] RPC server started. Bound to: 127.4.190.1:42049
I20260608 12:51:25.335448  9063 acceptor_pool.cc:272] collecting diagnostics on the listening RPC socket 127.4.190.1:42049 every 8 connection(s)
I20260608 12:51:25.340544  4856 file_cache.cc:492] Constructed file cache file cache with capacity 419430
W20260608 12:51:25.347608  9068 instance_detector.cc:116] could not retrieve AWS instance metadata: Network error: curl error: HTTP response code said error: The requested URL returned error: 404
W20260608 12:51:25.349395  9069 instance_detector.cc:116] could not retrieve Azure instance metadata: Network error: curl error: HTTP response code said error: The requested URL returned error: 404
W20260608 12:51:25.351512  9071 instance_detector.cc:116] could not retrieve OpenStack instance metadata: Network error: curl error: HTTP response code said error: The requested URL returned error: 404
I20260608 12:51:25.352295  4856 server_base.cc:1061] running on GCE node
I20260608 12:51:25.353178  4856 hybrid_clock.cc:584] initializing the hybrid clock with 'system_unsync' time source
W20260608 12:51:25.353371  4856 system_unsync_time.cc:38] NTP support is disabled. Clock error bounds will not be accurate. This configuration is not suitable for distributed clusters.
I20260608 12:51:25.353536  4856 hybrid_clock.cc:648] HybridClock initialized: now 1780923085353520 us; error 0 us; skew 500 ppm
I20260608 12:51:25.354401  4856 server_base.cc:861] Flag tcmalloc_max_total_thread_cache_bytes is not working since tcmalloc is not enabled.
I20260608 12:51:25.355772  9064 heartbeater.cc:344] Connected to a master server at 127.4.190.62:44999
I20260608 12:51:25.356108  9064 heartbeater.cc:461] Registering TS with master...
I20260608 12:51:25.356851  9064 heartbeater.cc:507] Master 127.4.190.62:44999 requested a full tablet report, sending...
I20260608 12:51:25.357142  4856 webserver.cc:533] Webserver started at http://127.4.190.2:45369/ using document root <none> and password file <none>
I20260608 12:51:25.357828  4856 fs_manager.cc:362] Metadata directory not provided
I20260608 12:51:25.358108  4856 fs_manager.cc:368] Using write-ahead log directory (fs_wal_dir) as metadata directory
I20260608 12:51:25.358428  4856 server_base.cc:909] This appears to be a new deployment of Kudu; creating new FS layout
I20260608 12:51:25.359408  8937 ts_manager.cc:194] Registered new tserver with Master: 6ac287614dd84fc2947165bf824b07fd (127.4.190.1:42049)
I20260608 12:51:25.360123  4856 fs_manager.cc:1068] Generated new instance metadata in path /tmp/dist-test-taskgayMWt/test-tmp/auto_rebalancer-test.0.AutoRebalancerTest.NoReplicaMovesIfCannotFixPlacementPolicy.1780922971752882-4856-0/minicluster-data/ts-1-root/instance:
uuid: "60303345a2fc40b78816ccfe536f2839"
format_stamp: "Formatted at 2026-06-08 12:51:25 on dist-test-slave-5t9v"
I20260608 12:51:25.362143  8937 master_service.cc:502] Signed X509 certificate for tserver {username='slave'} at 127.0.0.1:48800
I20260608 12:51:25.366593  4856 fs_manager.cc:696] Time spent creating directory manager: real 0.006s	user 0.007s	sys 0.000s
I20260608 12:51:25.370700  9076 log_block_manager.cc:4031] Time spent loading block containers with low live blocks: real 0.000s	user 0.000s	sys 0.000s
I20260608 12:51:25.371490  4856 fs_manager.cc:730] Time spent opening block manager: real 0.003s	user 0.002s	sys 0.002s
I20260608 12:51:25.371783  4856 fs_manager.cc:647] Opened local filesystem: /tmp/dist-test-taskgayMWt/test-tmp/auto_rebalancer-test.0.AutoRebalancerTest.NoReplicaMovesIfCannotFixPlacementPolicy.1780922971752882-4856-0/minicluster-data/ts-1-root
uuid: "60303345a2fc40b78816ccfe536f2839"
format_stamp: "Formatted at 2026-06-08 12:51:25 on dist-test-slave-5t9v"
I20260608 12:51:25.372073  4856 fs_report.cc:389] FS layout report
--------------------
wal directory: /tmp/dist-test-taskgayMWt/test-tmp/auto_rebalancer-test.0.AutoRebalancerTest.NoReplicaMovesIfCannotFixPlacementPolicy.1780922971752882-4856-0/minicluster-data/ts-1-root
metadata directory: /tmp/dist-test-taskgayMWt/test-tmp/auto_rebalancer-test.0.AutoRebalancerTest.NoReplicaMovesIfCannotFixPlacementPolicy.1780922971752882-4856-0/minicluster-data/ts-1-root
1 data directories: /tmp/dist-test-taskgayMWt/test-tmp/auto_rebalancer-test.0.AutoRebalancerTest.NoReplicaMovesIfCannotFixPlacementPolicy.1780922971752882-4856-0/minicluster-data/ts-1-root/data
Total live blocks: 0
Total live bytes: 0
Total live bytes (after alignment): 0
Total number of LBM containers: 0 (0 full)
Did not check for missing blocks
Did not check for orphaned blocks
Total full LBM containers with extra space: 0 (0 repaired)
Total full LBM container extra space in bytes: 0 (0 repaired)
Total incomplete LBM containers: 0 (0 repaired)
Total LBM partial records: 0 (0 repaired)
Total corrupted LBM metadata records in RocksDB: 0 (0 repaired)
I20260608 12:51:25.410810  4856 rpc_server.cc:225] running with OpenSSL 1.1.1  11 Sep 2018
I20260608 12:51:25.412050  4856 kserver.cc:163] Server-wide thread pool size limit: 3276
I20260608 12:51:25.413604  4856 txn_system_client.cc:432] TxnSystemClient initialization is disabled...
I20260608 12:51:25.416075  4856 ts_tablet_manager.cc:585] Loaded tablet metadata (0 total tablets, 0 live tablets)
I20260608 12:51:25.416280  4856 ts_tablet_manager.cc:531] Time spent load tablet metadata: real 0.000s	user 0.000s	sys 0.000s
I20260608 12:51:25.416491  4856 ts_tablet_manager.cc:616] Registered 0 tablets
I20260608 12:51:25.416641  4856 ts_tablet_manager.cc:595] Time spent register tablets: real 0.000s	user 0.000s	sys 0.000s
I20260608 12:51:25.457144  4856 rpc_server.cc:307] RPC server started. Bound to: 127.4.190.2:43373
I20260608 12:51:25.457264  9138 acceptor_pool.cc:272] collecting diagnostics on the listening RPC socket 127.4.190.2:43373 every 8 connection(s)
I20260608 12:51:25.462522  4856 file_cache.cc:492] Constructed file cache file cache with capacity 419430
W20260608 12:51:25.469911  9142 instance_detector.cc:116] could not retrieve AWS instance metadata: Network error: curl error: HTTP response code said error: The requested URL returned error: 404
W20260608 12:51:25.472244  9143 instance_detector.cc:116] could not retrieve Azure instance metadata: Network error: curl error: HTTP response code said error: The requested URL returned error: 404
W20260608 12:51:25.475893  9145 instance_detector.cc:116] could not retrieve OpenStack instance metadata: Network error: curl error: HTTP response code said error: The requested URL returned error: 404
I20260608 12:51:25.476027  4856 server_base.cc:1061] running on GCE node
I20260608 12:51:25.476125  9139 heartbeater.cc:344] Connected to a master server at 127.4.190.62:44999
I20260608 12:51:25.476760  9139 heartbeater.cc:461] Registering TS with master...
I20260608 12:51:25.477217  4856 hybrid_clock.cc:584] initializing the hybrid clock with 'system_unsync' time source
W20260608 12:51:25.477445  4856 system_unsync_time.cc:38] NTP support is disabled. Clock error bounds will not be accurate. This configuration is not suitable for distributed clusters.
I20260608 12:51:25.477548  9139 heartbeater.cc:507] Master 127.4.190.62:44999 requested a full tablet report, sending...
I20260608 12:51:25.477620  4856 hybrid_clock.cc:648] HybridClock initialized: now 1780923085477602 us; error 0 us; skew 500 ppm
I20260608 12:51:25.478425  4856 server_base.cc:861] Flag tcmalloc_max_total_thread_cache_bytes is not working since tcmalloc is not enabled.
I20260608 12:51:25.480084  8937 ts_manager.cc:194] Registered new tserver with Master: 60303345a2fc40b78816ccfe536f2839 (127.4.190.2:43373)
I20260608 12:51:25.481407  4856 webserver.cc:533] Webserver started at http://127.4.190.3:40591/ using document root <none> and password file <none>
I20260608 12:51:25.482034  8937 master_service.cc:502] Signed X509 certificate for tserver {username='slave'} at 127.0.0.1:48810
I20260608 12:51:25.482151  4856 fs_manager.cc:362] Metadata directory not provided
I20260608 12:51:25.482522  4856 fs_manager.cc:368] Using write-ahead log directory (fs_wal_dir) as metadata directory
I20260608 12:51:25.482861  4856 server_base.cc:909] This appears to be a new deployment of Kudu; creating new FS layout
I20260608 12:51:25.484205  4856 fs_manager.cc:1068] Generated new instance metadata in path /tmp/dist-test-taskgayMWt/test-tmp/auto_rebalancer-test.0.AutoRebalancerTest.NoReplicaMovesIfCannotFixPlacementPolicy.1780922971752882-4856-0/minicluster-data/ts-2-root/instance:
uuid: "78afb6ea4e8a499ea6f5f0ed1ff13fe6"
format_stamp: "Formatted at 2026-06-08 12:51:25 on dist-test-slave-5t9v"
I20260608 12:51:25.488757  4856 fs_manager.cc:696] Time spent creating directory manager: real 0.004s	user 0.006s	sys 0.000s
I20260608 12:51:25.492134  9150 log_block_manager.cc:4031] Time spent loading block containers with low live blocks: real 0.000s	user 0.000s	sys 0.000s
I20260608 12:51:25.492864  4856 fs_manager.cc:730] Time spent opening block manager: real 0.002s	user 0.002s	sys 0.000s
I20260608 12:51:25.493182  4856 fs_manager.cc:647] Opened local filesystem: /tmp/dist-test-taskgayMWt/test-tmp/auto_rebalancer-test.0.AutoRebalancerTest.NoReplicaMovesIfCannotFixPlacementPolicy.1780922971752882-4856-0/minicluster-data/ts-2-root
uuid: "78afb6ea4e8a499ea6f5f0ed1ff13fe6"
format_stamp: "Formatted at 2026-06-08 12:51:25 on dist-test-slave-5t9v"
I20260608 12:51:25.493448  4856 fs_report.cc:389] FS layout report
--------------------
wal directory: /tmp/dist-test-taskgayMWt/test-tmp/auto_rebalancer-test.0.AutoRebalancerTest.NoReplicaMovesIfCannotFixPlacementPolicy.1780922971752882-4856-0/minicluster-data/ts-2-root
metadata directory: /tmp/dist-test-taskgayMWt/test-tmp/auto_rebalancer-test.0.AutoRebalancerTest.NoReplicaMovesIfCannotFixPlacementPolicy.1780922971752882-4856-0/minicluster-data/ts-2-root
1 data directories: /tmp/dist-test-taskgayMWt/test-tmp/auto_rebalancer-test.0.AutoRebalancerTest.NoReplicaMovesIfCannotFixPlacementPolicy.1780922971752882-4856-0/minicluster-data/ts-2-root/data
Total live blocks: 0
Total live bytes: 0
Total live bytes (after alignment): 0
Total number of LBM containers: 0 (0 full)
Did not check for missing blocks
Did not check for orphaned blocks
Total full LBM containers with extra space: 0 (0 repaired)
Total full LBM container extra space in bytes: 0 (0 repaired)
Total incomplete LBM containers: 0 (0 repaired)
Total LBM partial records: 0 (0 repaired)
Total corrupted LBM metadata records in RocksDB: 0 (0 repaired)
I20260608 12:51:25.510501  4856 rpc_server.cc:225] running with OpenSSL 1.1.1  11 Sep 2018
I20260608 12:51:25.511716  4856 kserver.cc:163] Server-wide thread pool size limit: 3276
I20260608 12:51:25.513121  4856 txn_system_client.cc:432] TxnSystemClient initialization is disabled...
I20260608 12:51:25.515413  4856 ts_tablet_manager.cc:585] Loaded tablet metadata (0 total tablets, 0 live tablets)
I20260608 12:51:25.515599  4856 ts_tablet_manager.cc:531] Time spent load tablet metadata: real 0.000s	user 0.000s	sys 0.000s
I20260608 12:51:25.515837  4856 ts_tablet_manager.cc:616] Registered 0 tablets
I20260608 12:51:25.515980  4856 ts_tablet_manager.cc:595] Time spent register tablets: real 0.000s	user 0.000s	sys 0.000s
I20260608 12:51:25.555763  4856 rpc_server.cc:307] RPC server started. Bound to: 127.4.190.3:35173
I20260608 12:51:25.555907  9212 acceptor_pool.cc:272] collecting diagnostics on the listening RPC socket 127.4.190.3:35173 every 8 connection(s)
I20260608 12:51:25.570978  9213 heartbeater.cc:344] Connected to a master server at 127.4.190.62:44999
I20260608 12:51:25.571348  9213 heartbeater.cc:461] Registering TS with master...
I20260608 12:51:25.572095  9213 heartbeater.cc:507] Master 127.4.190.62:44999 requested a full tablet report, sending...
I20260608 12:51:25.574156  8937 ts_manager.cc:194] Registered new tserver with Master: 78afb6ea4e8a499ea6f5f0ed1ff13fe6 (127.4.190.3:35173)
I20260608 12:51:25.575229  4856 internal_mini_cluster.cc:371] 3 TS(s) registered with all masters after 0.015704734s
I20260608 12:51:25.575537  8937 master_service.cc:502] Signed X509 certificate for tserver {username='slave'} at 127.0.0.1:48824
I20260608 12:51:26.365621  9064 heartbeater.cc:499] Master 127.4.190.62:44999 was elected leader, sending a full tablet report...
I20260608 12:51:26.485129  9139 heartbeater.cc:499] Master 127.4.190.62:44999 was elected leader, sending a full tablet report...
I20260608 12:51:26.578270  9213 heartbeater.cc:499] Master 127.4.190.62:44999 was elected leader, sending a full tablet report...
I20260608 12:51:26.647886  8937 catalog_manager.cc:2282] Servicing CreateTable request from {username='slave'} at 127.0.0.1:48830:
name: "test-workload"
schema {
  columns {
    name: "key"
    type: INT32
    is_key: true
    is_nullable: false
    encoding: AUTO_ENCODING
    compression: DEFAULT_COMPRESSION
    cfile_block_size: 0
    immutable: false
  }
  columns {
    name: "int_val"
    type: INT32
    is_key: false
    is_nullable: false
    encoding: AUTO_ENCODING
    compression: DEFAULT_COMPRESSION
    cfile_block_size: 0
    immutable: false
  }
  columns {
    name: "string_val"
    type: STRING
    is_key: false
    is_nullable: true
    encoding: AUTO_ENCODING
    compression: DEFAULT_COMPRESSION
    cfile_block_size: 0
    immutable: false
  }
}
num_replicas: 3
split_rows_range_bounds {
}
partition_schema {
  range_schema {
    columns {
      name: "key"
    }
  }
}
W20260608 12:51:26.650269  8937 catalog_manager.cc:7076] The number of live tablet servers is not enough to re-replicate a tablet replica of the newly created table test-workload in case of a server failure: 4 tablet servers would be needed, 3 are available. Consider bringing up more tablet servers.
I20260608 12:51:26.694319  9029 tablet_service.cc:1511] Processing CreateTablet for tablet db5a8c99c6214ef1acd201cb9aa4052a (DEFAULT_TABLE table=test-workload [id=3ef949edaeae41708d6eb7961259d9ff]), partition=RANGE (key) PARTITION UNBOUNDED
I20260608 12:51:26.695788  9029 data_dirs.cc:400] Could only allocate 1 dirs of requested 3 for tablet db5a8c99c6214ef1acd201cb9aa4052a. 1 dirs total, 0 dirs full, 0 dirs failed
I20260608 12:51:26.702239  9178 tablet_service.cc:1511] Processing CreateTablet for tablet db5a8c99c6214ef1acd201cb9aa4052a (DEFAULT_TABLE table=test-workload [id=3ef949edaeae41708d6eb7961259d9ff]), partition=RANGE (key) PARTITION UNBOUNDED
