I20260608 12:50:48.147850 28323 raft_consensus.cc:2468] T a6d05a8a31154db083d7db5c32eb2f86 P 8c66cc1961ae494a8410b7929d1f9803 [term 0 FOLLOWER]: Leader pre-election vote request: Granting yes vote for candidate 26f9e74ca15c40b2adc1b7f4a234e71f in term 0.
I20260608 12:50:48.141490 28217 tablet_bootstrap.cc:492] T 6d85cff824184896a764a4cc6e1fe4d7 P 26f9e74ca15c40b2adc1b7f4a234e71f: Bootstrap starting.
I20260608 12:50:48.150063 28170 tablet_service.cc:1917] Received RequestConsensusVote() RPC: tablet_id: "a6d05a8a31154db083d7db5c32eb2f86" candidate_uuid: "26f9e74ca15c40b2adc1b7f4a234e71f" candidate_term: 1 candidate_status { last_received { term: 0 index: 0 } } ignore_live_leader: false dest_uuid: "b124c4f70f2b4309b81a27b549360eb8" is_pre_election: true
I20260608 12:50:48.151028 28170 raft_consensus.cc:2468] T a6d05a8a31154db083d7db5c32eb2f86 P b124c4f70f2b4309b81a27b549360eb8 [term 0 FOLLOWER]: Leader pre-election vote request: Granting yes vote for candidate 26f9e74ca15c40b2adc1b7f4a234e71f in term 0.
I20260608 12:50:48.155421 28217 tablet_bootstrap.cc:654] T 6d85cff824184896a764a4cc6e1fe4d7 P 26f9e74ca15c40b2adc1b7f4a234e71f: Neither blocks nor log segments found. Creating new log.
I20260608 12:50:48.148325 28218 tablet_bootstrap.cc:654] T 45804098ccfe4de78cf7c411d4a8da5c P 85debc74fb6e4fde9b3c8b2c2e27541b: Neither blocks nor log segments found. Creating new log.
I20260608 12:50:48.161095 27987 leader_election.cc:304] T a6d05a8a31154db083d7db5c32eb2f86 P 26f9e74ca15c40b2adc1b7f4a234e71f [CANDIDATE]: Term 1 pre-election: Election decided. Result: candidate won. Election summary: received 2 responses out of 3 voters: 2 yes votes; 0 no votes. yes voters: 26f9e74ca15c40b2adc1b7f4a234e71f, b124c4f70f2b4309b81a27b549360eb8; no voters: 
I20260608 12:50:48.162436 28239 raft_consensus.cc:2804] T a6d05a8a31154db083d7db5c32eb2f86 P 26f9e74ca15c40b2adc1b7f4a234e71f [term 0 FOLLOWER]: Leader pre-election won for term 1
I20260608 12:50:48.162962 28239 raft_consensus.cc:493] T a6d05a8a31154db083d7db5c32eb2f86 P 26f9e74ca15c40b2adc1b7f4a234e71f [term 0 FOLLOWER]: Starting leader election (no leader contacted us within the election timeout)
I20260608 12:50:48.163405 28239 raft_consensus.cc:3060] T a6d05a8a31154db083d7db5c32eb2f86 P 26f9e74ca15c40b2adc1b7f4a234e71f [term 0 FOLLOWER]: Advancing to term 1
I20260608 12:50:48.165438 28255 raft_consensus.cc:493] T 0fc2c9aa1198480ba25031ba5843e08f P 85debc74fb6e4fde9b3c8b2c2e27541b [term 0 FOLLOWER]: Starting pre-election (no leader contacted us within the election timeout)
I20260608 12:50:48.165961 28255 raft_consensus.cc:515] T 0fc2c9aa1198480ba25031ba5843e08f P 85debc74fb6e4fde9b3c8b2c2e27541b [term 0 FOLLOWER]: Starting pre-election with config: opid_index: -1 OBSOLETE_local: false peers { permanent_uuid: "85debc74fb6e4fde9b3c8b2c2e27541b" member_type: VOTER last_known_addr { host: "127.24.122.130" port: 37997 } } peers { permanent_uuid: "b124c4f70f2b4309b81a27b549360eb8" member_type: VOTER last_known_addr { host: "127.24.122.131" port: 35927 } } peers { permanent_uuid: "8c66cc1961ae494a8410b7929d1f9803" member_type: VOTER last_known_addr { host: "127.24.122.132" port: 40015 } }
I20260608 12:50:48.168596 28255 leader_election.cc:290] T 0fc2c9aa1198480ba25031ba5843e08f P 85debc74fb6e4fde9b3c8b2c2e27541b [CANDIDATE]: Term 1 pre-election: Requested pre-vote from peers b124c4f70f2b4309b81a27b549360eb8 (127.24.122.131:35927), 8c66cc1961ae494a8410b7929d1f9803 (127.24.122.132:40015)
I20260608 12:50:48.175418 28376 raft_consensus.cc:493] T 0fc2c9aa1198480ba25031ba5843e08f P 8c66cc1961ae494a8410b7929d1f9803 [term 0 FOLLOWER]: Starting pre-election (no leader contacted us within the election timeout)
I20260608 12:50:48.176371 28376 raft_consensus.cc:515] T 0fc2c9aa1198480ba25031ba5843e08f P 8c66cc1961ae494a8410b7929d1f9803 [term 0 FOLLOWER]: Starting pre-election with config: opid_index: -1 OBSOLETE_local: false peers { permanent_uuid: "85debc74fb6e4fde9b3c8b2c2e27541b" member_type: VOTER last_known_addr { host: "127.24.122.130" port: 37997 } } peers { permanent_uuid: "b124c4f70f2b4309b81a27b549360eb8" member_type: VOTER last_known_addr { host: "127.24.122.131" port: 35927 } } peers { permanent_uuid: "8c66cc1961ae494a8410b7929d1f9803" member_type: VOTER last_known_addr { host: "127.24.122.132" port: 40015 } }
I20260608 12:50:48.195837 28170 tablet_service.cc:1917] Received RequestConsensusVote() RPC: tablet_id: "0fc2c9aa1198480ba25031ba5843e08f" candidate_uuid: "85debc74fb6e4fde9b3c8b2c2e27541b" candidate_term: 1 candidate_status { last_received { term: 0 index: 0 } } ignore_live_leader: false dest_uuid: "b124c4f70f2b4309b81a27b549360eb8" is_pre_election: true
I20260608 12:50:48.196871 28170 raft_consensus.cc:2468] T 0fc2c9aa1198480ba25031ba5843e08f P b124c4f70f2b4309b81a27b549360eb8 [term 0 FOLLOWER]: Leader pre-election vote request: Granting yes vote for candidate 85debc74fb6e4fde9b3c8b2c2e27541b in term 0.
I20260608 12:50:48.217020 28376 leader_election.cc:290] T 0fc2c9aa1198480ba25031ba5843e08f P 8c66cc1961ae494a8410b7929d1f9803 [CANDIDATE]: Term 1 pre-election: Requested pre-vote from peers 85debc74fb6e4fde9b3c8b2c2e27541b (127.24.122.130:37997), b124c4f70f2b4309b81a27b549360eb8 (127.24.122.131:35927)
I20260608 12:50:48.223798 28363 tablet_bootstrap.cc:492] T 08566452d91a49dc81a8b70df2cdf1c5 P 8c66cc1961ae494a8410b7929d1f9803: No bootstrap required, opened a new log
I20260608 12:50:48.224629 28363 ts_tablet_manager.cc:1403] T 08566452d91a49dc81a8b70df2cdf1c5 P 8c66cc1961ae494a8410b7929d1f9803: Time spent bootstrapping tablet: real 0.133s	user 0.013s	sys 0.006s
I20260608 12:50:48.234818 28363 raft_consensus.cc:359] T 08566452d91a49dc81a8b70df2cdf1c5 P 8c66cc1961ae494a8410b7929d1f9803 [term 0 FOLLOWER]: Replica starting. Triggering 0 pending ops. Active config: opid_index: -1 OBSOLETE_local: false peers { permanent_uuid: "8c66cc1961ae494a8410b7929d1f9803" member_type: VOTER last_known_addr { host: "127.24.122.132" port: 40015 } } peers { permanent_uuid: "b124c4f70f2b4309b81a27b549360eb8" member_type: VOTER last_known_addr { host: "127.24.122.131" port: 35927 } } peers { permanent_uuid: "26f9e74ca15c40b2adc1b7f4a234e71f" member_type: VOTER last_known_addr { host: "127.24.122.129" port: 38977 } }
I20260608 12:50:48.235986 28363 raft_consensus.cc:385] T 08566452d91a49dc81a8b70df2cdf1c5 P 8c66cc1961ae494a8410b7929d1f9803 [term 0 FOLLOWER]: Consensus starting up: Expiring failure detector timer to make a prompt election more likely
I20260608 12:50:48.236426 28363 raft_consensus.cc:740] T 08566452d91a49dc81a8b70df2cdf1c5 P 8c66cc1961ae494a8410b7929d1f9803 [term 0 FOLLOWER]: Becoming Follower/Learner. State: Replica: 8c66cc1961ae494a8410b7929d1f9803, State: Initialized, Role: FOLLOWER
I20260608 12:50:48.237833 28363 consensus_queue.cc:260] T 08566452d91a49dc81a8b70df2cdf1c5 P 8c66cc1961ae494a8410b7929d1f9803 [NON_LEADER]: Queue going to NON_LEADER mode. State: All replicated index: 0, Majority replicated index: 0, Committed index: 0, Last appended: 0.0, Last appended by leader: 0, Current term: 0, Majority size: -1, State: 0, Mode: NON_LEADER, active raft config: opid_index: -1 OBSOLETE_local: false peers { permanent_uuid: "8c66cc1961ae494a8410b7929d1f9803" member_type: VOTER last_known_addr { host: "127.24.122.132" port: 40015 } } peers { permanent_uuid: "b124c4f70f2b4309b81a27b549360eb8" member_type: VOTER last_known_addr { host: "127.24.122.131" port: 35927 } } peers { permanent_uuid: "26f9e74ca15c40b2adc1b7f4a234e71f" member_type: VOTER last_known_addr { host: "127.24.122.129" port: 38977 } }
I20260608 12:50:48.256760 28239 raft_consensus.cc:515] T a6d05a8a31154db083d7db5c32eb2f86 P 26f9e74ca15c40b2adc1b7f4a234e71f [term 1 FOLLOWER]: Starting leader election with config: opid_index: -1 OBSOLETE_local: false peers { permanent_uuid: "8c66cc1961ae494a8410b7929d1f9803" member_type: VOTER last_known_addr { host: "127.24.122.132" port: 40015 } } peers { permanent_uuid: "b124c4f70f2b4309b81a27b549360eb8" member_type: VOTER last_known_addr { host: "127.24.122.131" port: 35927 } } peers { permanent_uuid: "26f9e74ca15c40b2adc1b7f4a234e71f" member_type: VOTER last_known_addr { host: "127.24.122.129" port: 38977 } }
I20260608 12:50:48.261137 28323 tablet_service.cc:1917] Received RequestConsensusVote() RPC: tablet_id: "a6d05a8a31154db083d7db5c32eb2f86" candidate_uuid: "26f9e74ca15c40b2adc1b7f4a234e71f" candidate_term: 1 candidate_status { last_received { term: 0 index: 0 } } ignore_live_leader: false dest_uuid: "8c66cc1961ae494a8410b7929d1f9803"
I20260608 12:50:48.261986 28323 raft_consensus.cc:3060] T a6d05a8a31154db083d7db5c32eb2f86 P 8c66cc1961ae494a8410b7929d1f9803 [term 0 FOLLOWER]: Advancing to term 1
I20260608 12:50:48.266561 28375 raft_consensus.cc:493] T 45804098ccfe4de78cf7c411d4a8da5c P 26f9e74ca15c40b2adc1b7f4a234e71f [term 0 FOLLOWER]: Starting pre-election (no leader contacted us within the election timeout)
I20260608 12:50:48.267452 28375 raft_consensus.cc:515] T 45804098ccfe4de78cf7c411d4a8da5c P 26f9e74ca15c40b2adc1b7f4a234e71f [term 0 FOLLOWER]: Starting pre-election with config: opid_index: -1 OBSOLETE_local: false peers { permanent_uuid: "26f9e74ca15c40b2adc1b7f4a234e71f" member_type: VOTER last_known_addr { host: "127.24.122.129" port: 38977 } } peers { permanent_uuid: "8c66cc1961ae494a8410b7929d1f9803" member_type: VOTER last_known_addr { host: "127.24.122.132" port: 40015 } } peers { permanent_uuid: "85debc74fb6e4fde9b3c8b2c2e27541b" member_type: VOTER last_known_addr { host: "127.24.122.130" port: 37997 } }
I20260608 12:50:48.271925 28375 leader_election.cc:290] T 45804098ccfe4de78cf7c411d4a8da5c P 26f9e74ca15c40b2adc1b7f4a234e71f [CANDIDATE]: Term 1 pre-election: Requested pre-vote from peers 8c66cc1961ae494a8410b7929d1f9803 (127.24.122.132:40015), 85debc74fb6e4fde9b3c8b2c2e27541b (127.24.122.130:37997)
I20260608 12:50:48.272390 28322 tablet_service.cc:1917] Received RequestConsensusVote() RPC: tablet_id: "45804098ccfe4de78cf7c411d4a8da5c" candidate_uuid: "26f9e74ca15c40b2adc1b7f4a234e71f" candidate_term: 1 candidate_status { last_received { term: 0 index: 0 } } ignore_live_leader: false dest_uuid: "8c66cc1961ae494a8410b7929d1f9803" is_pre_election: true
W20260608 12:50:48.274919 27987 leader_election.cc:343] T 45804098ccfe4de78cf7c411d4a8da5c P 26f9e74ca15c40b2adc1b7f4a234e71f [CANDIDATE]: Term 1 pre-election: Tablet error from VoteRequest() call to peer 8c66cc1961ae494a8410b7929d1f9803 (127.24.122.132:40015): Illegal state: must be running to vote when last-logged opid is not known
I20260608 12:50:48.296149 28062 leader_election.cc:304] T 0fc2c9aa1198480ba25031ba5843e08f P 85debc74fb6e4fde9b3c8b2c2e27541b [CANDIDATE]: Term 1 pre-election: Election decided. Result: candidate won. Election summary: received 2 responses out of 3 voters: 2 yes votes; 0 no votes. yes voters: 85debc74fb6e4fde9b3c8b2c2e27541b, b124c4f70f2b4309b81a27b549360eb8; no voters: 
I20260608 12:50:48.297608 28255 raft_consensus.cc:2804] T 0fc2c9aa1198480ba25031ba5843e08f P 85debc74fb6e4fde9b3c8b2c2e27541b [term 0 FOLLOWER]: Leader pre-election won for term 1
I20260608 12:50:48.298079 28255 raft_consensus.cc:493] T 0fc2c9aa1198480ba25031ba5843e08f P 85debc74fb6e4fde9b3c8b2c2e27541b [term 0 FOLLOWER]: Starting leader election (no leader contacted us within the election timeout)
I20260608 12:50:48.298568 28255 raft_consensus.cc:3060] T 0fc2c9aa1198480ba25031ba5843e08f P 85debc74fb6e4fde9b3c8b2c2e27541b [term 0 FOLLOWER]: Advancing to term 1
I20260608 12:50:48.299986 28098 tablet_service.cc:1917] Received RequestConsensusVote() RPC: tablet_id: "45804098ccfe4de78cf7c411d4a8da5c" candidate_uuid: "26f9e74ca15c40b2adc1b7f4a234e71f" candidate_term: 1 candidate_status { last_received { term: 0 index: 0 } } ignore_live_leader: false dest_uuid: "85debc74fb6e4fde9b3c8b2c2e27541b" is_pre_election: true
W20260608 12:50:48.306025 27986 leader_election.cc:343] T 45804098ccfe4de78cf7c411d4a8da5c P 26f9e74ca15c40b2adc1b7f4a234e71f [CANDIDATE]: Term 1 pre-election: Tablet error from VoteRequest() call to peer 85debc74fb6e4fde9b3c8b2c2e27541b (127.24.122.130:37997): Illegal state: must be running to vote when last-logged opid is not known
I20260608 12:50:48.306746 27986 leader_election.cc:304] T 45804098ccfe4de78cf7c411d4a8da5c P 26f9e74ca15c40b2adc1b7f4a234e71f [CANDIDATE]: Term 1 pre-election: Election decided. Result: candidate lost. Election summary: received 3 responses out of 3 voters: 1 yes votes; 2 no votes. yes voters: 26f9e74ca15c40b2adc1b7f4a234e71f; no voters: 85debc74fb6e4fde9b3c8b2c2e27541b, 8c66cc1961ae494a8410b7929d1f9803
I20260608 12:50:48.308336 28375 raft_consensus.cc:2749] T 45804098ccfe4de78cf7c411d4a8da5c P 26f9e74ca15c40b2adc1b7f4a234e71f [term 0 FOLLOWER]: Leader pre-election lost for term 1. Reason: could not achieve majority
I20260608 12:50:48.311800 28363 ts_tablet_manager.cc:1434] T 08566452d91a49dc81a8b70df2cdf1c5 P 8c66cc1961ae494a8410b7929d1f9803: Time spent starting tablet: real 0.087s	user 0.008s	sys 0.001s
I20260608 12:50:48.313027 28363 tablet_bootstrap.cc:492] T 6d85cff824184896a764a4cc6e1fe4d7 P 8c66cc1961ae494a8410b7929d1f9803: Bootstrap starting.
I20260608 12:50:48.318215 28020 raft_consensus.cc:2468] T 08566452d91a49dc81a8b70df2cdf1c5 P 26f9e74ca15c40b2adc1b7f4a234e71f [term 1 FOLLOWER]: Leader election vote request: Granting yes vote for candidate b124c4f70f2b4309b81a27b549360eb8 in term 1.
I20260608 12:50:48.319442 28255 raft_consensus.cc:515] T 0fc2c9aa1198480ba25031ba5843e08f P 85debc74fb6e4fde9b3c8b2c2e27541b [term 1 FOLLOWER]: Starting leader election with config: opid_index: -1 OBSOLETE_local: false peers { permanent_uuid: "85debc74fb6e4fde9b3c8b2c2e27541b" member_type: VOTER last_known_addr { host: "127.24.122.130" port: 37997 } } peers { permanent_uuid: "b124c4f70f2b4309b81a27b549360eb8" member_type: VOTER last_known_addr { host: "127.24.122.131" port: 35927 } } peers { permanent_uuid: "8c66cc1961ae494a8410b7929d1f9803" member_type: VOTER last_known_addr { host: "127.24.122.132" port: 40015 } }
I20260608 12:50:48.321762 28323 raft_consensus.cc:2468] T a6d05a8a31154db083d7db5c32eb2f86 P 8c66cc1961ae494a8410b7929d1f9803 [term 1 FOLLOWER]: Leader election vote request: Granting yes vote for candidate 26f9e74ca15c40b2adc1b7f4a234e71f in term 1.
I20260608 12:50:48.322860 28218 tablet_bootstrap.cc:492] T 45804098ccfe4de78cf7c411d4a8da5c P 85debc74fb6e4fde9b3c8b2c2e27541b: No bootstrap required, opened a new log
I20260608 12:50:48.323400 28218 ts_tablet_manager.cc:1403] T 45804098ccfe4de78cf7c411d4a8da5c P 85debc74fb6e4fde9b3c8b2c2e27541b: Time spent bootstrapping tablet: real 0.184s	user 0.035s	sys 0.049s
I20260608 12:50:48.323706 28255 leader_election.cc:290] T 0fc2c9aa1198480ba25031ba5843e08f P 85debc74fb6e4fde9b3c8b2c2e27541b [CANDIDATE]: Term 1 election: Requested vote from peers b124c4f70f2b4309b81a27b549360eb8 (127.24.122.131:35927), 8c66cc1961ae494a8410b7929d1f9803 (127.24.122.132:40015)
I20260608 12:50:48.323388 28137 leader_election.cc:304] T 08566452d91a49dc81a8b70df2cdf1c5 P b124c4f70f2b4309b81a27b549360eb8 [CANDIDATE]: Term 1 election: Election decided. Result: candidate won. Election summary: received 3 responses out of 3 voters: 2 yes votes; 1 no votes. yes voters: 26f9e74ca15c40b2adc1b7f4a234e71f, b124c4f70f2b4309b81a27b549360eb8; no voters: 8c66cc1961ae494a8410b7929d1f9803
I20260608 12:50:48.325982 28170 tablet_service.cc:1917] Received RequestConsensusVote() RPC: tablet_id: "0fc2c9aa1198480ba25031ba5843e08f" candidate_uuid: "85debc74fb6e4fde9b3c8b2c2e27541b" candidate_term: 1 candidate_status { last_received { term: 0 index: 0 } } ignore_live_leader: false dest_uuid: "b124c4f70f2b4309b81a27b549360eb8"
I20260608 12:50:48.326308 28218 raft_consensus.cc:359] T 45804098ccfe4de78cf7c411d4a8da5c P 85debc74fb6e4fde9b3c8b2c2e27541b [term 0 FOLLOWER]: Replica starting. Triggering 0 pending ops. Active config: opid_index: -1 OBSOLETE_local: false peers { permanent_uuid: "26f9e74ca15c40b2adc1b7f4a234e71f" member_type: VOTER last_known_addr { host: "127.24.122.129" port: 38977 } } peers { permanent_uuid: "8c66cc1961ae494a8410b7929d1f9803" member_type: VOTER last_known_addr { host: "127.24.122.132" port: 40015 } } peers { permanent_uuid: "85debc74fb6e4fde9b3c8b2c2e27541b" member_type: VOTER last_known_addr { host: "127.24.122.130" port: 37997 } }
I20260608 12:50:48.326663 28170 raft_consensus.cc:3060] T 0fc2c9aa1198480ba25031ba5843e08f P b124c4f70f2b4309b81a27b549360eb8 [term 0 FOLLOWER]: Advancing to term 1
I20260608 12:50:48.327024 28218 raft_consensus.cc:385] T 45804098ccfe4de78cf7c411d4a8da5c P 85debc74fb6e4fde9b3c8b2c2e27541b [term 0 FOLLOWER]: Consensus starting up: Expiring failure detector timer to make a prompt election more likely
I20260608 12:50:48.327389 28218 raft_consensus.cc:740] T 45804098ccfe4de78cf7c411d4a8da5c P 85debc74fb6e4fde9b3c8b2c2e27541b [term 0 FOLLOWER]: Becoming Follower/Learner. State: Replica: 85debc74fb6e4fde9b3c8b2c2e27541b, State: Initialized, Role: FOLLOWER
I20260608 12:50:48.327910 28257 raft_consensus.cc:2804] T 08566452d91a49dc81a8b70df2cdf1c5 P b124c4f70f2b4309b81a27b549360eb8 [term 1 FOLLOWER]: Leader election won for term 1
I20260608 12:50:48.328529 28257 raft_consensus.cc:697] T 08566452d91a49dc81a8b70df2cdf1c5 P b124c4f70f2b4309b81a27b549360eb8 [term 1 LEADER]: Becoming Leader. State: Replica: b124c4f70f2b4309b81a27b549360eb8, State: Running, Role: LEADER
I20260608 12:50:48.329496 28257 consensus_queue.cc:237] T 08566452d91a49dc81a8b70df2cdf1c5 P b124c4f70f2b4309b81a27b549360eb8 [LEADER]: Queue going to LEADER mode. State: All replicated index: 0, Majority replicated index: 0, Committed index: 0, Last appended: 0.0, Last appended by leader: 0, Current term: 1, Majority size: 2, State: 0, Mode: LEADER, active raft config: opid_index: -1 OBSOLETE_local: false peers { permanent_uuid: "8c66cc1961ae494a8410b7929d1f9803" member_type: VOTER last_known_addr { host: "127.24.122.132" port: 40015 } } peers { permanent_uuid: "b124c4f70f2b4309b81a27b549360eb8" member_type: VOTER last_known_addr { host: "127.24.122.131" port: 35927 } } peers { permanent_uuid: "26f9e74ca15c40b2adc1b7f4a234e71f" member_type: VOTER last_known_addr { host: "127.24.122.129" port: 38977 } }
I20260608 12:50:48.331133 27987 leader_election.cc:304] T a6d05a8a31154db083d7db5c32eb2f86 P 26f9e74ca15c40b2adc1b7f4a234e71f [CANDIDATE]: Term 1 election: Election decided. Result: candidate won. Election summary: received 2 responses out of 3 voters: 2 yes votes; 0 no votes. yes voters: 26f9e74ca15c40b2adc1b7f4a234e71f, 8c66cc1961ae494a8410b7929d1f9803; no voters: 
I20260608 12:50:48.331974 28217 tablet_bootstrap.cc:492] T 6d85cff824184896a764a4cc6e1fe4d7 P 26f9e74ca15c40b2adc1b7f4a234e71f: No bootstrap required, opened a new log
I20260608 12:50:48.332073 28375 raft_consensus.cc:2804] T a6d05a8a31154db083d7db5c32eb2f86 P 26f9e74ca15c40b2adc1b7f4a234e71f [term 1 FOLLOWER]: Leader election won for term 1
I20260608 12:50:48.337877 28375 raft_consensus.cc:697] T a6d05a8a31154db083d7db5c32eb2f86 P 26f9e74ca15c40b2adc1b7f4a234e71f [term 1 LEADER]: Becoming Leader. State: Replica: 26f9e74ca15c40b2adc1b7f4a234e71f, State: Running, Role: LEADER
I20260608 12:50:48.338847 28376 raft_consensus.cc:493] T 08566452d91a49dc81a8b70df2cdf1c5 P 8c66cc1961ae494a8410b7929d1f9803 [term 0 FOLLOWER]: Starting pre-election (no leader contacted us within the election timeout)
I20260608 12:50:48.338964 28375 consensus_queue.cc:237] T a6d05a8a31154db083d7db5c32eb2f86 P 26f9e74ca15c40b2adc1b7f4a234e71f [LEADER]: Queue going to LEADER mode. State: All replicated index: 0, Majority replicated index: 0, Committed index: 0, Last appended: 0.0, Last appended by leader: 0, Current term: 1, Majority size: 2, State: 0, Mode: LEADER, active raft config: opid_index: -1 OBSOLETE_local: false peers { permanent_uuid: "8c66cc1961ae494a8410b7929d1f9803" member_type: VOTER last_known_addr { host: "127.24.122.132" port: 40015 } } peers { permanent_uuid: "b124c4f70f2b4309b81a27b549360eb8" member_type: VOTER last_known_addr { host: "127.24.122.131" port: 35927 } } peers { permanent_uuid: "26f9e74ca15c40b2adc1b7f4a234e71f" member_type: VOTER last_known_addr { host: "127.24.122.129" port: 38977 } }
I20260608 12:50:48.339450 28376 raft_consensus.cc:515] T 08566452d91a49dc81a8b70df2cdf1c5 P 8c66cc1961ae494a8410b7929d1f9803 [term 0 FOLLOWER]: Starting pre-election with config: opid_index: -1 OBSOLETE_local: false peers { permanent_uuid: "8c66cc1961ae494a8410b7929d1f9803" member_type: VOTER last_known_addr { host: "127.24.122.132" port: 40015 } } peers { permanent_uuid: "b124c4f70f2b4309b81a27b549360eb8" member_type: VOTER last_known_addr { host: "127.24.122.131" port: 35927 } } peers { permanent_uuid: "26f9e74ca15c40b2adc1b7f4a234e71f" member_type: VOTER last_known_addr { host: "127.24.122.129" port: 38977 } }
I20260608 12:50:48.339958 28171 tablet_service.cc:1917] Received RequestConsensusVote() RPC: tablet_id: "a6d05a8a31154db083d7db5c32eb2f86" candidate_uuid: "26f9e74ca15c40b2adc1b7f4a234e71f" candidate_term: 1 candidate_status { last_received { term: 0 index: 0 } } ignore_live_leader: false dest_uuid: "b124c4f70f2b4309b81a27b549360eb8"
I20260608 12:50:48.340731 28171 raft_consensus.cc:3060] T a6d05a8a31154db083d7db5c32eb2f86 P b124c4f70f2b4309b81a27b549360eb8 [term 0 FOLLOWER]: Advancing to term 1
I20260608 12:50:48.340823 28239 leader_election.cc:290] T a6d05a8a31154db083d7db5c32eb2f86 P 26f9e74ca15c40b2adc1b7f4a234e71f [CANDIDATE]: Term 1 election: Requested vote from peers 8c66cc1961ae494a8410b7929d1f9803 (127.24.122.132:40015), b124c4f70f2b4309b81a27b549360eb8 (127.24.122.131:35927)
I20260608 12:50:48.343266 28217 ts_tablet_manager.cc:1403] T 6d85cff824184896a764a4cc6e1fe4d7 P 26f9e74ca15c40b2adc1b7f4a234e71f: Time spent bootstrapping tablet: real 0.202s	user 0.022s	sys 0.062s
I20260608 12:50:48.334221 28363 tablet_bootstrap.cc:654] T 6d85cff824184896a764a4cc6e1fe4d7 P 8c66cc1961ae494a8410b7929d1f9803: Neither blocks nor log segments found. Creating new log.
I20260608 12:50:48.328286 28218 consensus_queue.cc:260] T 45804098ccfe4de78cf7c411d4a8da5c P 85debc74fb6e4fde9b3c8b2c2e27541b [NON_LEADER]: Queue going to NON_LEADER mode. State: All replicated index: 0, Majority replicated index: 0, Committed index: 0, Last appended: 0.0, Last appended by leader: 0, Current term: 0, Majority size: -1, State: 0, Mode: NON_LEADER, active raft config: opid_index: -1 OBSOLETE_local: false peers { permanent_uuid: "26f9e74ca15c40b2adc1b7f4a234e71f" member_type: VOTER last_known_addr { host: "127.24.122.129" port: 38977 } } peers { permanent_uuid: "8c66cc1961ae494a8410b7929d1f9803" member_type: VOTER last_known_addr { host: "127.24.122.132" port: 40015 } } peers { permanent_uuid: "85debc74fb6e4fde9b3c8b2c2e27541b" member_type: VOTER last_known_addr { host: "127.24.122.130" port: 37997 } }
I20260608 12:50:48.345489 28376 leader_election.cc:290] T 08566452d91a49dc81a8b70df2cdf1c5 P 8c66cc1961ae494a8410b7929d1f9803 [CANDIDATE]: Term 1 pre-election: Requested pre-vote from peers b124c4f70f2b4309b81a27b549360eb8 (127.24.122.131:35927), 26f9e74ca15c40b2adc1b7f4a234e71f (127.24.122.129:38977)
I20260608 12:50:48.366344 28376 raft_consensus.cc:493] T 5bf5e1dee57843feaecc0bb1ac857c04 P 8c66cc1961ae494a8410b7929d1f9803 [term 0 FOLLOWER]: Starting pre-election (no leader contacted us within the election timeout)
I20260608 12:50:48.367122 28219 tablet_bootstrap.cc:492] T 6d85cff824184896a764a4cc6e1fe4d7 P b124c4f70f2b4309b81a27b549360eb8: No bootstrap required, opened a new log
I20260608 12:50:48.367254 28255 raft_consensus.cc:493] T 528d18d7938a41bb88bb2b1486bae728 P 85debc74fb6e4fde9b3c8b2c2e27541b [term 0 FOLLOWER]: Starting pre-election (no leader contacted us within the election timeout)
I20260608 12:50:48.368016 28255 raft_consensus.cc:515] T 528d18d7938a41bb88bb2b1486bae728 P 85debc74fb6e4fde9b3c8b2c2e27541b [term 0 FOLLOWER]: Starting pre-election with config: opid_index: -1 OBSOLETE_local: false peers { permanent_uuid: "85debc74fb6e4fde9b3c8b2c2e27541b" member_type: VOTER last_known_addr { host: "127.24.122.130" port: 37997 } } peers { permanent_uuid: "26f9e74ca15c40b2adc1b7f4a234e71f" member_type: VOTER last_known_addr { host: "127.24.122.129" port: 38977 } } peers { permanent_uuid: "8c66cc1961ae494a8410b7929d1f9803" member_type: VOTER last_known_addr { host: "127.24.122.132" port: 40015 } }
I20260608 12:50:48.368134 28219 ts_tablet_manager.cc:1403] T 6d85cff824184896a764a4cc6e1fe4d7 P b124c4f70f2b4309b81a27b549360eb8: Time spent bootstrapping tablet: real 0.256s	user 0.076s	sys 0.120s
I20260608 12:50:48.371276 28217 raft_consensus.cc:359] T 6d85cff824184896a764a4cc6e1fe4d7 P 26f9e74ca15c40b2adc1b7f4a234e71f [term 0 FOLLOWER]: Replica starting. Triggering 0 pending ops. Active config: opid_index: -1 OBSOLETE_local: false peers { permanent_uuid: "8c66cc1961ae494a8410b7929d1f9803" member_type: VOTER last_known_addr { host: "127.24.122.132" port: 40015 } } peers { permanent_uuid: "b124c4f70f2b4309b81a27b549360eb8" member_type: VOTER last_known_addr { host: "127.24.122.131" port: 35927 } } peers { permanent_uuid: "26f9e74ca15c40b2adc1b7f4a234e71f" member_type: VOTER last_known_addr { host: "127.24.122.129" port: 38977 } }
I20260608 12:50:48.375073 28217 raft_consensus.cc:385] T 6d85cff824184896a764a4cc6e1fe4d7 P 26f9e74ca15c40b2adc1b7f4a234e71f [term 0 FOLLOWER]: Consensus starting up: Expiring failure detector timer to make a prompt election more likely
I20260608 12:50:48.375398 28217 raft_consensus.cc:740] T 6d85cff824184896a764a4cc6e1fe4d7 P 26f9e74ca15c40b2adc1b7f4a234e71f [term 0 FOLLOWER]: Becoming Follower/Learner. State: Replica: 26f9e74ca15c40b2adc1b7f4a234e71f, State: Initialized, Role: FOLLOWER
I20260608 12:50:48.367128 28376 raft_consensus.cc:515] T 5bf5e1dee57843feaecc0bb1ac857c04 P 8c66cc1961ae494a8410b7929d1f9803 [term 0 FOLLOWER]: Starting pre-election with config: opid_index: -1 OBSOLETE_local: false peers { permanent_uuid: "8c66cc1961ae494a8410b7929d1f9803" member_type: VOTER last_known_addr { host: "127.24.122.132" port: 40015 } } peers { permanent_uuid: "85debc74fb6e4fde9b3c8b2c2e27541b" member_type: VOTER last_known_addr { host: "127.24.122.130" port: 37997 } } peers { permanent_uuid: "b124c4f70f2b4309b81a27b549360eb8" member_type: VOTER last_known_addr { host: "127.24.122.131" port: 35927 } }
I20260608 12:50:48.378942 28218 ts_tablet_manager.cc:1434] T 45804098ccfe4de78cf7c411d4a8da5c P 85debc74fb6e4fde9b3c8b2c2e27541b: Time spent starting tablet: real 0.055s	user 0.008s	sys 0.000s
I20260608 12:50:48.380126 28376 leader_election.cc:290] T 5bf5e1dee57843feaecc0bb1ac857c04 P 8c66cc1961ae494a8410b7929d1f9803 [CANDIDATE]: Term 1 pre-election: Requested pre-vote from peers 85debc74fb6e4fde9b3c8b2c2e27541b (127.24.122.130:37997), b124c4f70f2b4309b81a27b549360eb8 (127.24.122.131:35927)
I20260608 12:50:48.381093 28217 consensus_queue.cc:260] T 6d85cff824184896a764a4cc6e1fe4d7 P 26f9e74ca15c40b2adc1b7f4a234e71f [NON_LEADER]: Queue going to NON_LEADER mode. State: All replicated index: 0, Majority replicated index: 0, Committed index: 0, Last appended: 0.0, Last appended by leader: 0, Current term: 0, Majority size: -1, State: 0, Mode: NON_LEADER, active raft config: opid_index: -1 OBSOLETE_local: false peers { permanent_uuid: "8c66cc1961ae494a8410b7929d1f9803" member_type: VOTER last_known_addr { host: "127.24.122.132" port: 40015 } } peers { permanent_uuid: "b124c4f70f2b4309b81a27b549360eb8" member_type: VOTER last_known_addr { host: "127.24.122.131" port: 35927 } } peers { permanent_uuid: "26f9e74ca15c40b2adc1b7f4a234e71f" member_type: VOTER last_known_addr { host: "127.24.122.129" port: 38977 } }
I20260608 12:50:48.388506 28217 ts_tablet_manager.cc:1434] T 6d85cff824184896a764a4cc6e1fe4d7 P 26f9e74ca15c40b2adc1b7f4a234e71f: Time spent starting tablet: real 0.045s	user 0.003s	sys 0.010s
I20260608 12:50:48.401929 28255 leader_election.cc:290] T 528d18d7938a41bb88bb2b1486bae728 P 85debc74fb6e4fde9b3c8b2c2e27541b [CANDIDATE]: Term 1 pre-election: Requested pre-vote from peers 26f9e74ca15c40b2adc1b7f4a234e71f (127.24.122.129:38977), 8c66cc1961ae494a8410b7929d1f9803 (127.24.122.132:40015)
I20260608 12:50:48.402148 28020 tablet_service.cc:1917] Received RequestConsensusVote() RPC: tablet_id: "528d18d7938a41bb88bb2b1486bae728" candidate_uuid: "85debc74fb6e4fde9b3c8b2c2e27541b" candidate_term: 1 candidate_status { last_received { term: 0 index: 0 } } ignore_live_leader: false dest_uuid: "26f9e74ca15c40b2adc1b7f4a234e71f" is_pre_election: true
I20260608 12:50:48.402740 28242 raft_consensus.cc:493] T 528d18d7938a41bb88bb2b1486bae728 P 26f9e74ca15c40b2adc1b7f4a234e71f [term 0 FOLLOWER]: Starting pre-election (no leader contacted us within the election timeout)
I20260608 12:50:48.404670 28219 raft_consensus.cc:359] T 6d85cff824184896a764a4cc6e1fe4d7 P b124c4f70f2b4309b81a27b549360eb8 [term 0 FOLLOWER]: Replica starting. Triggering 0 pending ops. Active config: opid_index: -1 OBSOLETE_local: false peers { permanent_uuid: "8c66cc1961ae494a8410b7929d1f9803" member_type: VOTER last_known_addr { host: "127.24.122.132" port: 40015 } } peers { permanent_uuid: "b124c4f70f2b4309b81a27b549360eb8" member_type: VOTER last_known_addr { host: "127.24.122.131" port: 35927 } } peers { permanent_uuid: "26f9e74ca15c40b2adc1b7f4a234e71f" member_type: VOTER last_known_addr { host: "127.24.122.129" port: 38977 } }
I20260608 12:50:48.405561 28219 raft_consensus.cc:385] T 6d85cff824184896a764a4cc6e1fe4d7 P b124c4f70f2b4309b81a27b549360eb8 [term 0 FOLLOWER]: Consensus starting up: Expiring failure detector timer to make a prompt election more likely
I20260608 12:50:48.404909 28242 raft_consensus.cc:515] T 528d18d7938a41bb88bb2b1486bae728 P 26f9e74ca15c40b2adc1b7f4a234e71f [term 0 FOLLOWER]: Starting pre-election with config: opid_index: -1 OBSOLETE_local: false peers { permanent_uuid: "85debc74fb6e4fde9b3c8b2c2e27541b" member_type: VOTER last_known_addr { host: "127.24.122.130" port: 37997 } } peers { permanent_uuid: "26f9e74ca15c40b2adc1b7f4a234e71f" member_type: VOTER last_known_addr { host: "127.24.122.129" port: 38977 } } peers { permanent_uuid: "8c66cc1961ae494a8410b7929d1f9803" member_type: VOTER last_known_addr { host: "127.24.122.132" port: 40015 } }
I20260608 12:50:48.405865 28219 raft_consensus.cc:740] T 6d85cff824184896a764a4cc6e1fe4d7 P b124c4f70f2b4309b81a27b549360eb8 [term 0 FOLLOWER]: Becoming Follower/Learner. State: Replica: b124c4f70f2b4309b81a27b549360eb8, State: Initialized, Role: FOLLOWER
I20260608 12:50:48.406555 28219 consensus_queue.cc:260] T 6d85cff824184896a764a4cc6e1fe4d7 P b124c4f70f2b4309b81a27b549360eb8 [NON_LEADER]: Queue going to NON_LEADER mode. State: All replicated index: 0, Majority replicated index: 0, Committed index: 0, Last appended: 0.0, Last appended by leader: 0, Current term: 0, Majority size: -1, State: 0, Mode: NON_LEADER, active raft config: opid_index: -1 OBSOLETE_local: false peers { permanent_uuid: "8c66cc1961ae494a8410b7929d1f9803" member_type: VOTER last_known_addr { host: "127.24.122.132" port: 40015 } } peers { permanent_uuid: "b124c4f70f2b4309b81a27b549360eb8" member_type: VOTER last_known_addr { host: "127.24.122.131" port: 35927 } } peers { permanent_uuid: "26f9e74ca15c40b2adc1b7f4a234e71f" member_type: VOTER last_known_addr { host: "127.24.122.129" port: 38977 } }
I20260608 12:50:48.400686 28171 raft_consensus.cc:2468] T a6d05a8a31154db083d7db5c32eb2f86 P b124c4f70f2b4309b81a27b549360eb8 [term 1 FOLLOWER]: Leader election vote request: Granting yes vote for candidate 26f9e74ca15c40b2adc1b7f4a234e71f in term 1.
I20260608 12:50:48.407063 28255 raft_consensus.cc:493] T 1eb61177c0624c27b2f2677e60034bfe P 85debc74fb6e4fde9b3c8b2c2e27541b [term 0 FOLLOWER]: Starting pre-election (no leader contacted us within the election timeout)
I20260608 12:50:48.410447 28255 raft_consensus.cc:515] T 1eb61177c0624c27b2f2677e60034bfe P 85debc74fb6e4fde9b3c8b2c2e27541b [term 0 FOLLOWER]: Starting pre-election with config: opid_index: -1 OBSOLETE_local: false peers { permanent_uuid: "8c66cc1961ae494a8410b7929d1f9803" member_type: VOTER last_known_addr { host: "127.24.122.132" port: 40015 } } peers { permanent_uuid: "26f9e74ca15c40b2adc1b7f4a234e71f" member_type: VOTER last_known_addr { host: "127.24.122.129" port: 38977 } } peers { permanent_uuid: "85debc74fb6e4fde9b3c8b2c2e27541b" member_type: VOTER last_known_addr { host: "127.24.122.130" port: 37997 } }
I20260608 12:50:48.411113 27920 catalog_manager.cc:5696] T a6d05a8a31154db083d7db5c32eb2f86 P 26f9e74ca15c40b2adc1b7f4a234e71f reported cstate change: term changed from 0 to 1, leader changed from <none> to 26f9e74ca15c40b2adc1b7f4a234e71f (127.24.122.129). New cstate: current_term: 1 leader_uuid: "26f9e74ca15c40b2adc1b7f4a234e71f" committed_config { opid_index: -1 OBSOLETE_local: false peers { permanent_uuid: "8c66cc1961ae494a8410b7929d1f9803" member_type: VOTER last_known_addr { host: "127.24.122.132" port: 40015 } health_report { overall_health: UNKNOWN } } peers { permanent_uuid: "b124c4f70f2b4309b81a27b549360eb8" member_type: VOTER last_known_addr { host: "127.24.122.131" port: 35927 } health_report { overall_health: UNKNOWN } } peers { permanent_uuid: "26f9e74ca15c40b2adc1b7f4a234e71f" member_type: VOTER last_known_addr { host: "127.24.122.129" port: 38977 } health_report { overall_health: HEALTHY } } }
I20260608 12:50:48.418948 28020 raft_consensus.cc:2468] T 528d18d7938a41bb88bb2b1486bae728 P 26f9e74ca15c40b2adc1b7f4a234e71f [term 0 FOLLOWER]: Leader pre-election vote request: Granting yes vote for candidate 85debc74fb6e4fde9b3c8b2c2e27541b in term 0.
I20260608 12:50:48.420739 28219 ts_tablet_manager.cc:1434] T 6d85cff824184896a764a4cc6e1fe4d7 P b124c4f70f2b4309b81a27b549360eb8: Time spent starting tablet: real 0.047s	user 0.006s	sys 0.003s
I20260608 12:50:48.420825 28255 leader_election.cc:290] T 1eb61177c0624c27b2f2677e60034bfe P 85debc74fb6e4fde9b3c8b2c2e27541b [CANDIDATE]: Term 1 pre-election: Requested pre-vote from peers 8c66cc1961ae494a8410b7929d1f9803 (127.24.122.132:40015), 26f9e74ca15c40b2adc1b7f4a234e71f (127.24.122.129:38977)
I20260608 12:50:48.422991 28063 leader_election.cc:304] T 528d18d7938a41bb88bb2b1486bae728 P 85debc74fb6e4fde9b3c8b2c2e27541b [CANDIDATE]: Term 1 pre-election: Election decided. Result: candidate won. Election summary: received 2 responses out of 3 voters: 2 yes votes; 0 no votes. yes voters: 26f9e74ca15c40b2adc1b7f4a234e71f, 85debc74fb6e4fde9b3c8b2c2e27541b; no voters: 
I20260608 12:50:48.422163 27921 catalog_manager.cc:5696] T 08566452d91a49dc81a8b70df2cdf1c5 P b124c4f70f2b4309b81a27b549360eb8 reported cstate change: term changed from 0 to 1, leader changed from <none> to b124c4f70f2b4309b81a27b549360eb8 (127.24.122.131). New cstate: current_term: 1 leader_uuid: "b124c4f70f2b4309b81a27b549360eb8" committed_config { opid_index: -1 OBSOLETE_local: false peers { permanent_uuid: "8c66cc1961ae494a8410b7929d1f9803" member_type: VOTER last_known_addr { host: "127.24.122.132" port: 40015 } health_report { overall_health: UNKNOWN } } peers { permanent_uuid: "b124c4f70f2b4309b81a27b549360eb8" member_type: VOTER last_known_addr { host: "127.24.122.131" port: 35927 } health_report { overall_health: HEALTHY } } peers { permanent_uuid: "26f9e74ca15c40b2adc1b7f4a234e71f" member_type: VOTER last_known_addr { host: "127.24.122.129" port: 38977 } health_report { overall_health: UNKNOWN } } }
I20260608 12:50:48.424139 28255 raft_consensus.cc:2804] T 528d18d7938a41bb88bb2b1486bae728 P 85debc74fb6e4fde9b3c8b2c2e27541b [term 0 FOLLOWER]: Leader pre-election won for term 1
I20260608 12:50:48.424665 28255 raft_consensus.cc:493] T 528d18d7938a41bb88bb2b1486bae728 P 85debc74fb6e4fde9b3c8b2c2e27541b [term 0 FOLLOWER]: Starting leader election (no leader contacted us within the election timeout)
I20260608 12:50:48.425026 28255 raft_consensus.cc:3060] T 528d18d7938a41bb88bb2b1486bae728 P 85debc74fb6e4fde9b3c8b2c2e27541b [term 0 FOLLOWER]: Advancing to term 1
I20260608 12:50:48.427958 28020 tablet_service.cc:1917] Received RequestConsensusVote() RPC: tablet_id: "1eb61177c0624c27b2f2677e60034bfe" candidate_uuid: "85debc74fb6e4fde9b3c8b2c2e27541b" candidate_term: 1 candidate_status { last_received { term: 0 index: 0 } } ignore_live_leader: false dest_uuid: "26f9e74ca15c40b2adc1b7f4a234e71f" is_pre_election: true
I20260608 12:50:48.430264 28020 raft_consensus.cc:2468] T 1eb61177c0624c27b2f2677e60034bfe P 26f9e74ca15c40b2adc1b7f4a234e71f [term 0 FOLLOWER]: Leader pre-election vote request: Granting yes vote for candidate 85debc74fb6e4fde9b3c8b2c2e27541b in term 0.
I20260608 12:50:48.406702 28170 raft_consensus.cc:2468] T 0fc2c9aa1198480ba25031ba5843e08f P b124c4f70f2b4309b81a27b549360eb8 [term 1 FOLLOWER]: Leader election vote request: Granting yes vote for candidate 85debc74fb6e4fde9b3c8b2c2e27541b in term 1.
I20260608 12:50:48.430747 28323 tablet_service.cc:1917] Received RequestConsensusVote() RPC: tablet_id: "0fc2c9aa1198480ba25031ba5843e08f" candidate_uuid: "85debc74fb6e4fde9b3c8b2c2e27541b" candidate_term: 1 candidate_status { last_received { term: 0 index: 0 } } ignore_live_leader: false dest_uuid: "8c66cc1961ae494a8410b7929d1f9803" is_pre_election: true
I20260608 12:50:48.430814 28322 tablet_service.cc:1917] Received RequestConsensusVote() RPC: tablet_id: "0fc2c9aa1198480ba25031ba5843e08f" candidate_uuid: "85debc74fb6e4fde9b3c8b2c2e27541b" candidate_term: 1 candidate_status { last_received { term: 0 index: 0 } } ignore_live_leader: false dest_uuid: "8c66cc1961ae494a8410b7929d1f9803"
I20260608 12:50:48.437156 28323 raft_consensus.cc:2468] T 0fc2c9aa1198480ba25031ba5843e08f P 8c66cc1961ae494a8410b7929d1f9803 [term 0 FOLLOWER]: Leader pre-election vote request: Granting yes vote for candidate 85debc74fb6e4fde9b3c8b2c2e27541b in term 0.
I20260608 12:50:48.437634 28321 tablet_service.cc:1917] Received RequestConsensusVote() RPC: tablet_id: "528d18d7938a41bb88bb2b1486bae728" candidate_uuid: "85debc74fb6e4fde9b3c8b2c2e27541b" candidate_term: 1 candidate_status { last_received { term: 0 index: 0 } } ignore_live_leader: false dest_uuid: "8c66cc1961ae494a8410b7929d1f9803" is_pre_election: true
I20260608 12:50:48.438666 28242 leader_election.cc:290] T 528d18d7938a41bb88bb2b1486bae728 P 26f9e74ca15c40b2adc1b7f4a234e71f [CANDIDATE]: Term 1 pre-election: Requested pre-vote from peers 85debc74fb6e4fde9b3c8b2c2e27541b (127.24.122.130:37997), 8c66cc1961ae494a8410b7929d1f9803 (127.24.122.132:40015)
I20260608 12:50:48.444152 28098 tablet_service.cc:1917] Received RequestConsensusVote() RPC: tablet_id: "528d18d7938a41bb88bb2b1486bae728" candidate_uuid: "26f9e74ca15c40b2adc1b7f4a234e71f" candidate_term: 1 candidate_status { last_received { term: 0 index: 0 } } ignore_live_leader: false dest_uuid: "85debc74fb6e4fde9b3c8b2c2e27541b" is_pre_election: true
I20260608 12:50:48.446616 28318 tablet_service.cc:1917] Received RequestConsensusVote() RPC: tablet_id: "528d18d7938a41bb88bb2b1486bae728" candidate_uuid: "26f9e74ca15c40b2adc1b7f4a234e71f" candidate_term: 1 candidate_status { last_received { term: 0 index: 0 } } ignore_live_leader: false dest_uuid: "8c66cc1961ae494a8410b7929d1f9803" is_pre_election: true
W20260608 12:50:48.446837 27905 catalog_manager.cc:4809] Async tablet task AlterTable RPC for tablet 1eb61177c0624c27b2f2677e60034bfe (table range_aware_rebalance_new_range [id=e9b10e2c3db64932b8b0be653f36cdd1], current schema version=0) failed: Not found: failed to reset TS proxy: No leader found: Tablet 1eb61177c0624c27b2f2677e60034bfe consensus state has no leader
I20260608 12:50:48.444418 28062 leader_election.cc:304] T 0fc2c9aa1198480ba25031ba5843e08f P 85debc74fb6e4fde9b3c8b2c2e27541b [CANDIDATE]: Term 1 election: Election decided. Result: candidate won. Election summary: received 2 responses out of 3 voters: 2 yes votes; 0 no votes. yes voters: 85debc74fb6e4fde9b3c8b2c2e27541b, b124c4f70f2b4309b81a27b549360eb8; no voters: 
I20260608 12:50:48.436869 28063 leader_election.cc:304] T 1eb61177c0624c27b2f2677e60034bfe P 85debc74fb6e4fde9b3c8b2c2e27541b [CANDIDATE]: Term 1 pre-election: Election decided. Result: candidate won. Election summary: received 2 responses out of 3 voters: 2 yes votes; 0 no votes. yes voters: 26f9e74ca15c40b2adc1b7f4a234e71f, 85debc74fb6e4fde9b3c8b2c2e27541b; no voters: 
I20260608 12:50:48.451509 28254 raft_consensus.cc:2804] T 0fc2c9aa1198480ba25031ba5843e08f P 85debc74fb6e4fde9b3c8b2c2e27541b [term 1 FOLLOWER]: Leader election won for term 1
W20260608 12:50:48.452723 27987 leader_election.cc:343] T 528d18d7938a41bb88bb2b1486bae728 P 26f9e74ca15c40b2adc1b7f4a234e71f [CANDIDATE]: Term 1 pre-election: Tablet error from VoteRequest() call to peer 8c66cc1961ae494a8410b7929d1f9803 (127.24.122.132:40015): Illegal state: must be running to vote when last-logged opid is not known
I20260608 12:50:48.452978 28255 raft_consensus.cc:515] T 528d18d7938a41bb88bb2b1486bae728 P 85debc74fb6e4fde9b3c8b2c2e27541b [term 1 FOLLOWER]: Starting leader election with config: opid_index: -1 OBSOLETE_local: false peers { permanent_uuid: "85debc74fb6e4fde9b3c8b2c2e27541b" member_type: VOTER last_known_addr { host: "127.24.122.130" port: 37997 } } peers { permanent_uuid: "26f9e74ca15c40b2adc1b7f4a234e71f" member_type: VOTER last_known_addr { host: "127.24.122.129" port: 38977 } } peers { permanent_uuid: "8c66cc1961ae494a8410b7929d1f9803" member_type: VOTER last_known_addr { host: "127.24.122.132" port: 40015 } }
I20260608 12:50:48.453724 28320 tablet_service.cc:1917] Received RequestConsensusVote() RPC: tablet_id: "1eb61177c0624c27b2f2677e60034bfe" candidate_uuid: "85debc74fb6e4fde9b3c8b2c2e27541b" candidate_term: 1 candidate_status { last_received { term: 0 index: 0 } } ignore_live_leader: false dest_uuid: "8c66cc1961ae494a8410b7929d1f9803" is_pre_election: true
W20260608 12:50:48.460199 28400 log.cc:927] Time spent T 08566452d91a49dc81a8b70df2cdf1c5 P b124c4f70f2b4309b81a27b549360eb8: Append to log took a long time: real 0.064s	user 0.001s	sys 0.000s
I20260608 12:50:48.470773 28098 raft_consensus.cc:2393] T 528d18d7938a41bb88bb2b1486bae728 P 85debc74fb6e4fde9b3c8b2c2e27541b [term 1 FOLLOWER]: Leader pre-election vote request: Denying vote to candidate 26f9e74ca15c40b2adc1b7f4a234e71f in current term 1: Already voted for candidate 85debc74fb6e4fde9b3c8b2c2e27541b in this term.
I20260608 12:50:48.458598 28223 raft_consensus.cc:2804] T 1eb61177c0624c27b2f2677e60034bfe P 85debc74fb6e4fde9b3c8b2c2e27541b [term 0 FOLLOWER]: Leader pre-election won for term 1
I20260608 12:50:48.480948 28223 raft_consensus.cc:493] T 1eb61177c0624c27b2f2677e60034bfe P 85debc74fb6e4fde9b3c8b2c2e27541b [term 0 FOLLOWER]: Starting leader election (no leader contacted us within the election timeout)
I20260608 12:50:48.481525 28223 raft_consensus.cc:3060] T 1eb61177c0624c27b2f2677e60034bfe P 85debc74fb6e4fde9b3c8b2c2e27541b [term 0 FOLLOWER]: Advancing to term 1
I20260608 12:50:48.490126 28254 raft_consensus.cc:697] T 0fc2c9aa1198480ba25031ba5843e08f P 85debc74fb6e4fde9b3c8b2c2e27541b [term 1 LEADER]: Becoming Leader. State: Replica: 85debc74fb6e4fde9b3c8b2c2e27541b, State: Running, Role: LEADER
I20260608 12:50:48.497920 28254 consensus_queue.cc:237] T 0fc2c9aa1198480ba25031ba5843e08f P 85debc74fb6e4fde9b3c8b2c2e27541b [LEADER]: Queue going to LEADER mode. State: All replicated index: 0, Majority replicated index: 0, Committed index: 0, Last appended: 0.0, Last appended by leader: 0, Current term: 1, Majority size: 2, State: 0, Mode: LEADER, active raft config: opid_index: -1 OBSOLETE_local: false peers { permanent_uuid: "85debc74fb6e4fde9b3c8b2c2e27541b" member_type: VOTER last_known_addr { host: "127.24.122.130" port: 37997 } } peers { permanent_uuid: "b124c4f70f2b4309b81a27b549360eb8" member_type: VOTER last_known_addr { host: "127.24.122.131" port: 35927 } } peers { permanent_uuid: "8c66cc1961ae494a8410b7929d1f9803" member_type: VOTER last_known_addr { host: "127.24.122.132" port: 40015 } }
I20260608 12:50:48.492069 28257 raft_consensus.cc:493] T 5bf5e1dee57843feaecc0bb1ac857c04 P b124c4f70f2b4309b81a27b549360eb8 [term 0 FOLLOWER]: Starting pre-election (no leader contacted us within the election timeout)
W20260608 12:50:48.504469 28062 leader_election.cc:343] T 528d18d7938a41bb88bb2b1486bae728 P 85debc74fb6e4fde9b3c8b2c2e27541b [CANDIDATE]: Term 1 pre-election: Tablet error from VoteRequest() call to peer 8c66cc1961ae494a8410b7929d1f9803 (127.24.122.132:40015): Illegal state: must be running to vote when last-logged opid is not known
I20260608 12:50:48.503830 28257 raft_consensus.cc:515] T 5bf5e1dee57843feaecc0bb1ac857c04 P b124c4f70f2b4309b81a27b549360eb8 [term 0 FOLLOWER]: Starting pre-election with config: opid_index: -1 OBSOLETE_local: false peers { permanent_uuid: "8c66cc1961ae494a8410b7929d1f9803" member_type: VOTER last_known_addr { host: "127.24.122.132" port: 40015 } } peers { permanent_uuid: "85debc74fb6e4fde9b3c8b2c2e27541b" member_type: VOTER last_known_addr { host: "127.24.122.130" port: 37997 } } peers { permanent_uuid: "b124c4f70f2b4309b81a27b549360eb8" member_type: VOTER last_known_addr { host: "127.24.122.131" port: 35927 } }
I20260608 12:50:48.508050 28172 tablet_service.cc:1917] Received RequestConsensusVote() RPC: tablet_id: "08566452d91a49dc81a8b70df2cdf1c5" candidate_uuid: "8c66cc1961ae494a8410b7929d1f9803" candidate_term: 1 candidate_status { last_received { term: 0 index: 0 } } ignore_live_leader: false dest_uuid: "b124c4f70f2b4309b81a27b549360eb8" is_pre_election: true
I20260608 12:50:48.509241 28171 tablet_service.cc:1917] Received RequestConsensusVote() RPC: tablet_id: "5bf5e1dee57843feaecc0bb1ac857c04" candidate_uuid: "8c66cc1961ae494a8410b7929d1f9803" candidate_term: 1 candidate_status { last_received { term: 0 index: 0 } } ignore_live_leader: false dest_uuid: "b124c4f70f2b4309b81a27b549360eb8" is_pre_election: true
I20260608 12:50:48.504820 27986 leader_election.cc:304] T 528d18d7938a41bb88bb2b1486bae728 P 26f9e74ca15c40b2adc1b7f4a234e71f [CANDIDATE]: Term 1 pre-election: Election decided. Result: candidate lost. Election summary: received 3 responses out of 3 voters: 1 yes votes; 2 no votes. yes voters: 26f9e74ca15c40b2adc1b7f4a234e71f; no voters: 85debc74fb6e4fde9b3c8b2c2e27541b, 8c66cc1961ae494a8410b7929d1f9803
I20260608 12:50:48.509718 28255 leader_election.cc:290] T 528d18d7938a41bb88bb2b1486bae728 P 85debc74fb6e4fde9b3c8b2c2e27541b [CANDIDATE]: Term 1 election: Requested vote from peers 26f9e74ca15c40b2adc1b7f4a234e71f (127.24.122.129:38977), 8c66cc1961ae494a8410b7929d1f9803 (127.24.122.132:40015)
I20260608 12:50:48.507789 28170 tablet_service.cc:1917] Received RequestConsensusVote() RPC: tablet_id: "0fc2c9aa1198480ba25031ba5843e08f" candidate_uuid: "8c66cc1961ae494a8410b7929d1f9803" candidate_term: 1 candidate_status { last_received { term: 0 index: 0 } } ignore_live_leader: false dest_uuid: "b124c4f70f2b4309b81a27b549360eb8" is_pre_election: true
I20260608 12:50:48.514312 28257 leader_election.cc:290] T 5bf5e1dee57843feaecc0bb1ac857c04 P b124c4f70f2b4309b81a27b549360eb8 [CANDIDATE]: Term 1 pre-election: Requested pre-vote from peers 8c66cc1961ae494a8410b7929d1f9803 (127.24.122.132:40015), 85debc74fb6e4fde9b3c8b2c2e27541b (127.24.122.130:37997)
I20260608 12:50:48.495822 28223 raft_consensus.cc:515] T 1eb61177c0624c27b2f2677e60034bfe P 85debc74fb6e4fde9b3c8b2c2e27541b [term 1 FOLLOWER]: Starting leader election with config: opid_index: -1 OBSOLETE_local: false peers { permanent_uuid: "8c66cc1961ae494a8410b7929d1f9803" member_type: VOTER last_known_addr { host: "127.24.122.132" port: 40015 } } peers { permanent_uuid: "26f9e74ca15c40b2adc1b7f4a234e71f" member_type: VOTER last_known_addr { host: "127.24.122.129" port: 38977 } } peers { permanent_uuid: "85debc74fb6e4fde9b3c8b2c2e27541b" member_type: VOTER last_known_addr { host: "127.24.122.130" port: 37997 } }
I20260608 12:50:48.516032 28320 tablet_service.cc:1917] Received RequestConsensusVote() RPC: tablet_id: "5bf5e1dee57843feaecc0bb1ac857c04" candidate_uuid: "b124c4f70f2b4309b81a27b549360eb8" candidate_term: 1 candidate_status { last_received { term: 0 index: 0 } } ignore_live_leader: false dest_uuid: "8c66cc1961ae494a8410b7929d1f9803" is_pre_election: true
I20260608 12:50:48.516358 28171 raft_consensus.cc:2468] T 5bf5e1dee57843feaecc0bb1ac857c04 P b124c4f70f2b4309b81a27b549360eb8 [term 0 FOLLOWER]: Leader pre-election vote request: Granting yes vote for candidate 8c66cc1961ae494a8410b7929d1f9803 in term 0.
I20260608 12:50:48.557090 28320 raft_consensus.cc:2468] T 5bf5e1dee57843feaecc0bb1ac857c04 P 8c66cc1961ae494a8410b7929d1f9803 [term 0 FOLLOWER]: Leader pre-election vote request: Granting yes vote for candidate b124c4f70f2b4309b81a27b549360eb8 in term 0.
I20260608 12:50:48.557842 28170 raft_consensus.cc:2393] T 0fc2c9aa1198480ba25031ba5843e08f P b124c4f70f2b4309b81a27b549360eb8 [term 1 FOLLOWER]: Leader pre-election vote request: Denying vote to candidate 8c66cc1961ae494a8410b7929d1f9803 in current term 1: Already voted for candidate 85debc74fb6e4fde9b3c8b2c2e27541b in this term.
I20260608 12:50:48.554507 28242 raft_consensus.cc:3060] T 528d18d7938a41bb88bb2b1486bae728 P 26f9e74ca15c40b2adc1b7f4a234e71f [term 0 FOLLOWER]: Advancing to term 1
I20260608 12:50:48.558212 28097 tablet_service.cc:1917] Received RequestConsensusVote() RPC: tablet_id: "5bf5e1dee57843feaecc0bb1ac857c04" candidate_uuid: "8c66cc1961ae494a8410b7929d1f9803" candidate_term: 1 candidate_status { last_received { term: 0 index: 0 } } ignore_live_leader: false dest_uuid: "85debc74fb6e4fde9b3c8b2c2e27541b" is_pre_election: true
I20260608 12:50:48.534026 28021 tablet_service.cc:1917] Received RequestConsensusVote() RPC: tablet_id: "528d18d7938a41bb88bb2b1486bae728" candidate_uuid: "85debc74fb6e4fde9b3c8b2c2e27541b" candidate_term: 1 candidate_status { last_received { term: 0 index: 0 } } ignore_live_leader: false dest_uuid: "26f9e74ca15c40b2adc1b7f4a234e71f"
