I20260608 12:51:25.953788  9378 raft_consensus.cc:2749] T 5654d448c1764cefa225f30bfe7a5ffb P 21362f69a9ca408ead568d96af50ba2b [term 1 FOLLOWER]: Leader pre-election lost for term 1. Reason: could not achieve majority
I20260608 12:51:25.955294  9378 raft_consensus.cc:493] T 361d6527ba9c40a6bb752015e5356226 P 21362f69a9ca408ead568d96af50ba2b [term 0 FOLLOWER]: Starting pre-election (no leader contacted us within the election timeout)
I20260608 12:51:25.955839  9378 raft_consensus.cc:515] T 361d6527ba9c40a6bb752015e5356226 P 21362f69a9ca408ead568d96af50ba2b [term 0 FOLLOWER]: Starting pre-election with config: opid_index: -1 OBSOLETE_local: false peers { permanent_uuid: "bae7d27015294389bb3a9dbda8cee5bd" member_type: VOTER last_known_addr { host: "127.4.151.193" port: 45915 } } peers { permanent_uuid: "449ae5c304f6476a85652026b5887c38" member_type: VOTER last_known_addr { host: "127.4.151.194" port: 42697 } } peers { permanent_uuid: "21362f69a9ca408ead568d96af50ba2b" member_type: VOTER last_known_addr { host: "127.4.151.195" port: 43643 } }
I20260608 12:51:25.957401  9375 consensus_queue.cc:1048] T d51c1b355e24411bbd14c208e7985cc3 P 449ae5c304f6476a85652026b5887c38 [LEADER]: Connected to new peer: Peer: permanent_uuid: "bae7d27015294389bb3a9dbda8cee5bd" member_type: VOTER last_known_addr { host: "127.4.151.193" port: 45915 }, Status: LMP_MISMATCH, Last received: 0.0, Next index: 1, Last known committed idx: 0, Time since last communication: 0.000s
I20260608 12:51:25.958091  9378 leader_election.cc:290] T 361d6527ba9c40a6bb752015e5356226 P 21362f69a9ca408ead568d96af50ba2b [CANDIDATE]: Term 1 pre-election: Requested pre-vote from peers bae7d27015294389bb3a9dbda8cee5bd (127.4.151.193:45915), 449ae5c304f6476a85652026b5887c38 (127.4.151.194:42697)
I20260608 12:51:25.959772  9212 tablet_service.cc:1917] Received RequestConsensusVote() RPC: tablet_id: "361d6527ba9c40a6bb752015e5356226" candidate_uuid: "21362f69a9ca408ead568d96af50ba2b" candidate_term: 1 candidate_status { last_received { term: 0 index: 0 } } ignore_live_leader: false dest_uuid: "449ae5c304f6476a85652026b5887c38" is_pre_election: true
I20260608 12:51:25.960072  9137 tablet_service.cc:1917] Received RequestConsensusVote() RPC: tablet_id: "361d6527ba9c40a6bb752015e5356226" candidate_uuid: "21362f69a9ca408ead568d96af50ba2b" candidate_term: 1 candidate_status { last_received { term: 0 index: 0 } } ignore_live_leader: false dest_uuid: "bae7d27015294389bb3a9dbda8cee5bd" is_pre_election: true
I20260608 12:51:25.960451  9212 raft_consensus.cc:2468] T 361d6527ba9c40a6bb752015e5356226 P 449ae5c304f6476a85652026b5887c38 [term 0 FOLLOWER]: Leader pre-election vote request: Granting yes vote for candidate 21362f69a9ca408ead568d96af50ba2b in term 0.
I20260608 12:51:25.960845  9137 raft_consensus.cc:2468] T 361d6527ba9c40a6bb752015e5356226 P bae7d27015294389bb3a9dbda8cee5bd [term 0 FOLLOWER]: Leader pre-election vote request: Granting yes vote for candidate 21362f69a9ca408ead568d96af50ba2b in term 0.
I20260608 12:51:25.961599  9251 leader_election.cc:304] T 361d6527ba9c40a6bb752015e5356226 P 21362f69a9ca408ead568d96af50ba2b [CANDIDATE]: Term 1 pre-election: Election decided. Result: candidate won. Election summary: received 2 responses out of 3 voters: 2 yes votes; 0 no votes. yes voters: 21362f69a9ca408ead568d96af50ba2b, 449ae5c304f6476a85652026b5887c38; no voters: 
I20260608 12:51:25.963097  9378 raft_consensus.cc:2804] T 361d6527ba9c40a6bb752015e5356226 P 21362f69a9ca408ead568d96af50ba2b [term 0 FOLLOWER]: Leader pre-election won for term 1
I20260608 12:51:25.963479  9378 raft_consensus.cc:493] T 361d6527ba9c40a6bb752015e5356226 P 21362f69a9ca408ead568d96af50ba2b [term 0 FOLLOWER]: Starting leader election (no leader contacted us within the election timeout)
I20260608 12:51:25.963855  9378 raft_consensus.cc:3060] T 361d6527ba9c40a6bb752015e5356226 P 21362f69a9ca408ead568d96af50ba2b [term 0 FOLLOWER]: Advancing to term 1
I20260608 12:51:25.972263  9378 raft_consensus.cc:515] T 361d6527ba9c40a6bb752015e5356226 P 21362f69a9ca408ead568d96af50ba2b [term 1 FOLLOWER]: Starting leader election with config: opid_index: -1 OBSOLETE_local: false peers { permanent_uuid: "bae7d27015294389bb3a9dbda8cee5bd" member_type: VOTER last_known_addr { host: "127.4.151.193" port: 45915 } } peers { permanent_uuid: "449ae5c304f6476a85652026b5887c38" member_type: VOTER last_known_addr { host: "127.4.151.194" port: 42697 } } peers { permanent_uuid: "21362f69a9ca408ead568d96af50ba2b" member_type: VOTER last_known_addr { host: "127.4.151.195" port: 43643 } }
I20260608 12:51:25.975811  9138 tablet_service.cc:1917] Received RequestConsensusVote() RPC: tablet_id: "361d6527ba9c40a6bb752015e5356226" candidate_uuid: "21362f69a9ca408ead568d96af50ba2b" candidate_term: 1 candidate_status { last_received { term: 0 index: 0 } } ignore_live_leader: false dest_uuid: "bae7d27015294389bb3a9dbda8cee5bd"
I20260608 12:51:25.976500  9138 raft_consensus.cc:3060] T 361d6527ba9c40a6bb752015e5356226 P bae7d27015294389bb3a9dbda8cee5bd [term 0 FOLLOWER]: Advancing to term 1
I20260608 12:51:25.976717  9374 consensus_queue.cc:1048] T d51c1b355e24411bbd14c208e7985cc3 P 449ae5c304f6476a85652026b5887c38 [LEADER]: Connected to new peer: Peer: permanent_uuid: "21362f69a9ca408ead568d96af50ba2b" member_type: VOTER last_known_addr { host: "127.4.151.195" port: 43643 }, Status: LMP_MISMATCH, Last received: 0.0, Next index: 1, Last known committed idx: 0, Time since last communication: 0.000s
I20260608 12:51:25.976528  9378 leader_election.cc:290] T 361d6527ba9c40a6bb752015e5356226 P 21362f69a9ca408ead568d96af50ba2b [CANDIDATE]: Term 1 election: Requested vote from peers bae7d27015294389bb3a9dbda8cee5bd (127.4.151.193:45915), 449ae5c304f6476a85652026b5887c38 (127.4.151.194:42697)
I20260608 12:51:25.979485  9212 tablet_service.cc:1917] Received RequestConsensusVote() RPC: tablet_id: "361d6527ba9c40a6bb752015e5356226" candidate_uuid: "21362f69a9ca408ead568d96af50ba2b" candidate_term: 1 candidate_status { last_received { term: 0 index: 0 } } ignore_live_leader: false dest_uuid: "449ae5c304f6476a85652026b5887c38"
I20260608 12:51:25.980114  9212 raft_consensus.cc:3060] T 361d6527ba9c40a6bb752015e5356226 P 449ae5c304f6476a85652026b5887c38 [term 0 FOLLOWER]: Advancing to term 1
I20260608 12:51:25.987615  9212 raft_consensus.cc:2468] T 361d6527ba9c40a6bb752015e5356226 P 449ae5c304f6476a85652026b5887c38 [term 1 FOLLOWER]: Leader election vote request: Granting yes vote for candidate 21362f69a9ca408ead568d96af50ba2b in term 1.
I20260608 12:51:25.993136  9138 raft_consensus.cc:2468] T 361d6527ba9c40a6bb752015e5356226 P bae7d27015294389bb3a9dbda8cee5bd [term 1 FOLLOWER]: Leader election vote request: Granting yes vote for candidate 21362f69a9ca408ead568d96af50ba2b in term 1.
I20260608 12:51:25.994390  9254 leader_election.cc:304] T 361d6527ba9c40a6bb752015e5356226 P 21362f69a9ca408ead568d96af50ba2b [CANDIDATE]: Term 1 election: Election decided. Result: candidate won. Election summary: received 2 responses out of 3 voters: 2 yes votes; 0 no votes. yes voters: 21362f69a9ca408ead568d96af50ba2b, bae7d27015294389bb3a9dbda8cee5bd; no voters: 
I20260608 12:51:25.995539  9378 raft_consensus.cc:2804] T 361d6527ba9c40a6bb752015e5356226 P 21362f69a9ca408ead568d96af50ba2b [term 1 FOLLOWER]: Leader election won for term 1
I20260608 12:51:25.996023  9378 raft_consensus.cc:697] T 361d6527ba9c40a6bb752015e5356226 P 21362f69a9ca408ead568d96af50ba2b [term 1 LEADER]: Becoming Leader. State: Replica: 21362f69a9ca408ead568d96af50ba2b, State: Running, Role: LEADER
I20260608 12:51:25.996672  9379 raft_consensus.cc:493] T 2e4d1f22558740b292110d7a1c3ae83b P bae7d27015294389bb3a9dbda8cee5bd [term 0 FOLLOWER]: Starting pre-election (no leader contacted us within the election timeout)
I20260608 12:51:25.996809  9378 consensus_queue.cc:237] T 361d6527ba9c40a6bb752015e5356226 P 21362f69a9ca408ead568d96af50ba2b [LEADER]: Queue going to LEADER mode. State: All replicated index: 0, Majority replicated index: 0, Committed index: 0, Last appended: 0.0, Last appended by leader: 0, Current term: 1, Majority size: 2, State: 0, Mode: LEADER, active raft config: opid_index: -1 OBSOLETE_local: false peers { permanent_uuid: "bae7d27015294389bb3a9dbda8cee5bd" member_type: VOTER last_known_addr { host: "127.4.151.193" port: 45915 } } peers { permanent_uuid: "449ae5c304f6476a85652026b5887c38" member_type: VOTER last_known_addr { host: "127.4.151.194" port: 42697 } } peers { permanent_uuid: "21362f69a9ca408ead568d96af50ba2b" member_type: VOTER last_known_addr { host: "127.4.151.195" port: 43643 } }
I20260608 12:51:25.997231  9379 raft_consensus.cc:515] T 2e4d1f22558740b292110d7a1c3ae83b P bae7d27015294389bb3a9dbda8cee5bd [term 0 FOLLOWER]: Starting pre-election with config: opid_index: -1 OBSOLETE_local: false peers { permanent_uuid: "bae7d27015294389bb3a9dbda8cee5bd" member_type: VOTER last_known_addr { host: "127.4.151.193" port: 45915 } } peers { permanent_uuid: "449ae5c304f6476a85652026b5887c38" member_type: VOTER last_known_addr { host: "127.4.151.194" port: 42697 } } peers { permanent_uuid: "21362f69a9ca408ead568d96af50ba2b" member_type: VOTER last_known_addr { host: "127.4.151.195" port: 43643 } }
I20260608 12:51:25.999434  9379 leader_election.cc:290] T 2e4d1f22558740b292110d7a1c3ae83b P bae7d27015294389bb3a9dbda8cee5bd [CANDIDATE]: Term 1 pre-election: Requested pre-vote from peers 449ae5c304f6476a85652026b5887c38 (127.4.151.194:42697), 21362f69a9ca408ead568d96af50ba2b (127.4.151.195:43643)
I20260608 12:51:26.000218  9212 tablet_service.cc:1917] Received RequestConsensusVote() RPC: tablet_id: "2e4d1f22558740b292110d7a1c3ae83b" candidate_uuid: "bae7d27015294389bb3a9dbda8cee5bd" candidate_term: 1 candidate_status { last_received { term: 0 index: 0 } } ignore_live_leader: false dest_uuid: "449ae5c304f6476a85652026b5887c38" is_pre_election: true
I20260608 12:51:26.001731  9287 tablet_service.cc:1917] Received RequestConsensusVote() RPC: tablet_id: "2e4d1f22558740b292110d7a1c3ae83b" candidate_uuid: "bae7d27015294389bb3a9dbda8cee5bd" candidate_term: 1 candidate_status { last_received { term: 0 index: 0 } } ignore_live_leader: false dest_uuid: "21362f69a9ca408ead568d96af50ba2b" is_pre_election: true
I20260608 12:51:26.002628  9287 raft_consensus.cc:2393] T 2e4d1f22558740b292110d7a1c3ae83b P 21362f69a9ca408ead568d96af50ba2b [term 1 FOLLOWER]: Leader pre-election vote request: Denying vote to candidate bae7d27015294389bb3a9dbda8cee5bd in current term 1: Already voted for candidate 449ae5c304f6476a85652026b5887c38 in this term.
I20260608 12:51:26.003700  9104 leader_election.cc:304] T 2e4d1f22558740b292110d7a1c3ae83b P bae7d27015294389bb3a9dbda8cee5bd [CANDIDATE]: Term 1 pre-election: Election decided. Result: candidate lost. Election summary: received 3 responses out of 3 voters: 1 yes votes; 2 no votes. yes voters: bae7d27015294389bb3a9dbda8cee5bd; no voters: 21362f69a9ca408ead568d96af50ba2b, 449ae5c304f6476a85652026b5887c38
I20260608 12:51:26.004465  9379 raft_consensus.cc:3060] T 2e4d1f22558740b292110d7a1c3ae83b P bae7d27015294389bb3a9dbda8cee5bd [term 0 FOLLOWER]: Advancing to term 1
I20260608 12:51:26.007035  9037 catalog_manager.cc:5696] T 361d6527ba9c40a6bb752015e5356226 P 21362f69a9ca408ead568d96af50ba2b reported cstate change: term changed from 0 to 1, leader changed from <none> to 21362f69a9ca408ead568d96af50ba2b (127.4.151.195). New cstate: current_term: 1 leader_uuid: "21362f69a9ca408ead568d96af50ba2b" committed_config { opid_index: -1 OBSOLETE_local: false peers { permanent_uuid: "bae7d27015294389bb3a9dbda8cee5bd" member_type: VOTER last_known_addr { host: "127.4.151.193" port: 45915 } health_report { overall_health: UNKNOWN } } peers { permanent_uuid: "449ae5c304f6476a85652026b5887c38" member_type: VOTER last_known_addr { host: "127.4.151.194" port: 42697 } health_report { overall_health: UNKNOWN } } peers { permanent_uuid: "21362f69a9ca408ead568d96af50ba2b" member_type: VOTER last_known_addr { host: "127.4.151.195" port: 43643 } health_report { overall_health: HEALTHY } } }
I20260608 12:51:26.011550  9379 raft_consensus.cc:2749] T 2e4d1f22558740b292110d7a1c3ae83b P bae7d27015294389bb3a9dbda8cee5bd [term 1 FOLLOWER]: Leader pre-election lost for term 1. Reason: could not achieve majority
I20260608 12:51:26.018253  9379 consensus_queue.cc:1048] T f7c89797046145618b7e46c950b150de P bae7d27015294389bb3a9dbda8cee5bd [LEADER]: Connected to new peer: Peer: permanent_uuid: "21362f69a9ca408ead568d96af50ba2b" member_type: VOTER last_known_addr { host: "127.4.151.195" port: 43643 }, Status: LMP_MISMATCH, Last received: 0.0, Next index: 1, Last known committed idx: 0, Time since last communication: 0.000s
I20260608 12:51:26.022660  9374 consensus_queue.cc:1048] T 2e4d1f22558740b292110d7a1c3ae83b P 449ae5c304f6476a85652026b5887c38 [LEADER]: Connected to new peer: Peer: permanent_uuid: "21362f69a9ca408ead568d96af50ba2b" member_type: VOTER last_known_addr { host: "127.4.151.195" port: 43643 }, Status: LMP_MISMATCH, Last received: 0.0, Next index: 1, Last known committed idx: 0, Time since last communication: 0.001s
I20260608 12:51:26.031083  9367 consensus_queue.cc:1048] T f7c89797046145618b7e46c950b150de P bae7d27015294389bb3a9dbda8cee5bd [LEADER]: Connected to new peer: Peer: permanent_uuid: "449ae5c304f6476a85652026b5887c38" member_type: VOTER last_known_addr { host: "127.4.151.194" port: 42697 }, Status: LMP_MISMATCH, Last received: 0.0, Next index: 1, Last known committed idx: 0, Time since last communication: 0.000s
I20260608 12:51:26.038592  9378 consensus_queue.cc:1048] T 08e3a85c868c4548885ee7fefafeab40 P 21362f69a9ca408ead568d96af50ba2b [LEADER]: Connected to new peer: Peer: permanent_uuid: "bae7d27015294389bb3a9dbda8cee5bd" member_type: VOTER last_known_addr { host: "127.4.151.193" port: 45915 }, Status: LMP_MISMATCH, Last received: 0.0, Next index: 1, Last known committed idx: 0, Time since last communication: 0.001s
I20260608 12:51:26.057592  9212 raft_consensus.cc:3060] T 08e3a85c868c4548885ee7fefafeab40 P 449ae5c304f6476a85652026b5887c38 [term 0 FOLLOWER]: Advancing to term 1
I20260608 12:51:26.067618  9388 consensus_queue.cc:1048] T 2e4d1f22558740b292110d7a1c3ae83b P 449ae5c304f6476a85652026b5887c38 [LEADER]: Connected to new peer: Peer: permanent_uuid: "bae7d27015294389bb3a9dbda8cee5bd" member_type: VOTER last_known_addr { host: "127.4.151.193" port: 45915 }, Status: LMP_MISMATCH, Last received: 0.0, Next index: 1, Last known committed idx: 0, Time since last communication: 0.000s
I20260608 12:51:26.067708  9382 consensus_queue.cc:1048] T 08e3a85c868c4548885ee7fefafeab40 P 21362f69a9ca408ead568d96af50ba2b [LEADER]: Connected to new peer: Peer: permanent_uuid: "449ae5c304f6476a85652026b5887c38" member_type: VOTER last_known_addr { host: "127.4.151.194" port: 42697 }, Status: LMP_MISMATCH, Last received: 0.0, Next index: 1, Last known committed idx: 0, Time since last communication: 0.001s
W20260608 12:51:26.067804  9085 auto_rebalancer.cc:259] Could not retrieve cluster info: Service unavailable: Tablet not running
I20260608 12:51:26.084748  9388 consensus_queue.cc:1048] T 5486c3d0ddf74e1eaac2fea4d9f11a21 P 449ae5c304f6476a85652026b5887c38 [LEADER]: Connected to new peer: Peer: permanent_uuid: "21362f69a9ca408ead568d96af50ba2b" member_type: VOTER last_known_addr { host: "127.4.151.195" port: 43643 }, Status: LMP_MISMATCH, Last received: 0.0, Next index: 1, Last known committed idx: 0, Time since last communication: 0.000s
I20260608 12:51:26.126312  9376 consensus_queue.cc:1048] T 5486c3d0ddf74e1eaac2fea4d9f11a21 P 449ae5c304f6476a85652026b5887c38 [LEADER]: Connected to new peer: Peer: permanent_uuid: "bae7d27015294389bb3a9dbda8cee5bd" member_type: VOTER last_known_addr { host: "127.4.151.193" port: 45915 }, Status: LMP_MISMATCH, Last received: 0.0, Next index: 1, Last known committed idx: 0, Time since last communication: 0.002s
I20260608 12:51:26.141265  9382 raft_consensus.cc:493] T 91210b705c964f7e95235ca50ce353ea P 21362f69a9ca408ead568d96af50ba2b [term 0 FOLLOWER]: Starting pre-election (no leader contacted us within the election timeout)
I20260608 12:51:26.141804  9382 raft_consensus.cc:515] T 91210b705c964f7e95235ca50ce353ea P 21362f69a9ca408ead568d96af50ba2b [term 0 FOLLOWER]: Starting pre-election with config: opid_index: -1 OBSOLETE_local: false peers { permanent_uuid: "bae7d27015294389bb3a9dbda8cee5bd" member_type: VOTER last_known_addr { host: "127.4.151.193" port: 45915 } } peers { permanent_uuid: "449ae5c304f6476a85652026b5887c38" member_type: VOTER last_known_addr { host: "127.4.151.194" port: 42697 } } peers { permanent_uuid: "21362f69a9ca408ead568d96af50ba2b" member_type: VOTER last_known_addr { host: "127.4.151.195" port: 43643 } }
I20260608 12:51:26.144264  9382 leader_election.cc:290] T 91210b705c964f7e95235ca50ce353ea P 21362f69a9ca408ead568d96af50ba2b [CANDIDATE]: Term 1 pre-election: Requested pre-vote from peers bae7d27015294389bb3a9dbda8cee5bd (127.4.151.193:45915), 449ae5c304f6476a85652026b5887c38 (127.4.151.194:42697)
I20260608 12:51:26.145411  9212 tablet_service.cc:1917] Received RequestConsensusVote() RPC: tablet_id: "91210b705c964f7e95235ca50ce353ea" candidate_uuid: "21362f69a9ca408ead568d96af50ba2b" candidate_term: 1 candidate_status { last_received { term: 0 index: 0 } } ignore_live_leader: false dest_uuid: "449ae5c304f6476a85652026b5887c38" is_pre_election: true
I20260608 12:51:26.145828  9138 tablet_service.cc:1917] Received RequestConsensusVote() RPC: tablet_id: "91210b705c964f7e95235ca50ce353ea" candidate_uuid: "21362f69a9ca408ead568d96af50ba2b" candidate_term: 1 candidate_status { last_received { term: 0 index: 0 } } ignore_live_leader: false dest_uuid: "bae7d27015294389bb3a9dbda8cee5bd" is_pre_election: true
I20260608 12:51:26.146262  9212 raft_consensus.cc:2393] T 91210b705c964f7e95235ca50ce353ea P 449ae5c304f6476a85652026b5887c38 [term 1 FOLLOWER]: Leader pre-election vote request: Denying vote to candidate 21362f69a9ca408ead568d96af50ba2b in current term 1: Already voted for candidate bae7d27015294389bb3a9dbda8cee5bd in this term.
I20260608 12:51:26.147570  9254 leader_election.cc:304] T 91210b705c964f7e95235ca50ce353ea P 21362f69a9ca408ead568d96af50ba2b [CANDIDATE]: Term 1 pre-election: Election decided. Result: candidate lost. Election summary: received 3 responses out of 3 voters: 1 yes votes; 2 no votes. yes voters: 21362f69a9ca408ead568d96af50ba2b; no voters: 449ae5c304f6476a85652026b5887c38, bae7d27015294389bb3a9dbda8cee5bd
I20260608 12:51:26.148427  9382 raft_consensus.cc:3060] T 91210b705c964f7e95235ca50ce353ea P 21362f69a9ca408ead568d96af50ba2b [term 0 FOLLOWER]: Advancing to term 1
I20260608 12:51:26.155031  9382 raft_consensus.cc:2749] T 91210b705c964f7e95235ca50ce353ea P 21362f69a9ca408ead568d96af50ba2b [term 1 FOLLOWER]: Leader pre-election lost for term 1. Reason: could not achieve majority
I20260608 12:51:26.168715  9376 consensus_queue.cc:1048] T e5ce14bc562c41219690b367cbf4b0fa P 449ae5c304f6476a85652026b5887c38 [LEADER]: Connected to new peer: Peer: permanent_uuid: "21362f69a9ca408ead568d96af50ba2b" member_type: VOTER last_known_addr { host: "127.4.151.195" port: 43643 }, Status: LMP_MISMATCH, Last received: 0.0, Next index: 1, Last known committed idx: 0, Time since last communication: 0.000s
I20260608 12:51:26.173743  9367 raft_consensus.cc:493] T d80f0eef40414b97aeda98ba91be739b P bae7d27015294389bb3a9dbda8cee5bd [term 0 FOLLOWER]: Starting pre-election (no leader contacted us within the election timeout)
I20260608 12:51:26.174316  9367 raft_consensus.cc:515] T d80f0eef40414b97aeda98ba91be739b P bae7d27015294389bb3a9dbda8cee5bd [term 0 FOLLOWER]: Starting pre-election with config: opid_index: -1 OBSOLETE_local: false peers { permanent_uuid: "bae7d27015294389bb3a9dbda8cee5bd" member_type: VOTER last_known_addr { host: "127.4.151.193" port: 45915 } } peers { permanent_uuid: "449ae5c304f6476a85652026b5887c38" member_type: VOTER last_known_addr { host: "127.4.151.194" port: 42697 } } peers { permanent_uuid: "21362f69a9ca408ead568d96af50ba2b" member_type: VOTER last_known_addr { host: "127.4.151.195" port: 43643 } }
I20260608 12:51:26.176646  9367 leader_election.cc:290] T d80f0eef40414b97aeda98ba91be739b P bae7d27015294389bb3a9dbda8cee5bd [CANDIDATE]: Term 1 pre-election: Requested pre-vote from peers 449ae5c304f6476a85652026b5887c38 (127.4.151.194:42697), 21362f69a9ca408ead568d96af50ba2b (127.4.151.195:43643)
I20260608 12:51:26.177829  9212 tablet_service.cc:1917] Received RequestConsensusVote() RPC: tablet_id: "d80f0eef40414b97aeda98ba91be739b" candidate_uuid: "bae7d27015294389bb3a9dbda8cee5bd" candidate_term: 1 candidate_status { last_received { term: 0 index: 0 } } ignore_live_leader: false dest_uuid: "449ae5c304f6476a85652026b5887c38" is_pre_election: true
I20260608 12:51:26.178517  9212 raft_consensus.cc:2468] T d80f0eef40414b97aeda98ba91be739b P 449ae5c304f6476a85652026b5887c38 [term 0 FOLLOWER]: Leader pre-election vote request: Granting yes vote for candidate bae7d27015294389bb3a9dbda8cee5bd in term 0.
I20260608 12:51:26.178469  9284 tablet_service.cc:1917] Received RequestConsensusVote() RPC: tablet_id: "d80f0eef40414b97aeda98ba91be739b" candidate_uuid: "bae7d27015294389bb3a9dbda8cee5bd" candidate_term: 1 candidate_status { last_received { term: 0 index: 0 } } ignore_live_leader: false dest_uuid: "21362f69a9ca408ead568d96af50ba2b" is_pre_election: true
I20260608 12:51:26.179920  9102 leader_election.cc:304] T d80f0eef40414b97aeda98ba91be739b P bae7d27015294389bb3a9dbda8cee5bd [CANDIDATE]: Term 1 pre-election: Election decided. Result: candidate won. Election summary: received 2 responses out of 3 voters: 2 yes votes; 0 no votes. yes voters: 449ae5c304f6476a85652026b5887c38, bae7d27015294389bb3a9dbda8cee5bd; no voters: 
I20260608 12:51:26.181277  9367 raft_consensus.cc:2804] T d80f0eef40414b97aeda98ba91be739b P bae7d27015294389bb3a9dbda8cee5bd [term 0 FOLLOWER]: Leader pre-election won for term 1
I20260608 12:51:26.181653  9367 raft_consensus.cc:493] T d80f0eef40414b97aeda98ba91be739b P bae7d27015294389bb3a9dbda8cee5bd [term 0 FOLLOWER]: Starting leader election (no leader contacted us within the election timeout)
I20260608 12:51:26.181985  9367 raft_consensus.cc:3060] T d80f0eef40414b97aeda98ba91be739b P bae7d27015294389bb3a9dbda8cee5bd [term 0 FOLLOWER]: Advancing to term 1
I20260608 12:51:26.183328  9284 raft_consensus.cc:2468] T d80f0eef40414b97aeda98ba91be739b P 21362f69a9ca408ead568d96af50ba2b [term 0 FOLLOWER]: Leader pre-election vote request: Granting yes vote for candidate bae7d27015294389bb3a9dbda8cee5bd in term 0.
I20260608 12:51:26.183902  9375 consensus_queue.cc:1048] T e5ce14bc562c41219690b367cbf4b0fa P 449ae5c304f6476a85652026b5887c38 [LEADER]: Connected to new peer: Peer: permanent_uuid: "bae7d27015294389bb3a9dbda8cee5bd" member_type: VOTER last_known_addr { host: "127.4.151.193" port: 45915 }, Status: LMP_MISMATCH, Last received: 0.0, Next index: 1, Last known committed idx: 0, Time since last communication: 0.000s
I20260608 12:51:26.191329  9367 raft_consensus.cc:515] T d80f0eef40414b97aeda98ba91be739b P bae7d27015294389bb3a9dbda8cee5bd [term 1 FOLLOWER]: Starting leader election with config: opid_index: -1 OBSOLETE_local: false peers { permanent_uuid: "bae7d27015294389bb3a9dbda8cee5bd" member_type: VOTER last_known_addr { host: "127.4.151.193" port: 45915 } } peers { permanent_uuid: "449ae5c304f6476a85652026b5887c38" member_type: VOTER last_known_addr { host: "127.4.151.194" port: 42697 } } peers { permanent_uuid: "21362f69a9ca408ead568d96af50ba2b" member_type: VOTER last_known_addr { host: "127.4.151.195" port: 43643 } }
I20260608 12:51:26.194447  9212 tablet_service.cc:1917] Received RequestConsensusVote() RPC: tablet_id: "d80f0eef40414b97aeda98ba91be739b" candidate_uuid: "bae7d27015294389bb3a9dbda8cee5bd" candidate_term: 1 candidate_status { last_received { term: 0 index: 0 } } ignore_live_leader: false dest_uuid: "449ae5c304f6476a85652026b5887c38"
I20260608 12:51:26.194447  9367 leader_election.cc:290] T d80f0eef40414b97aeda98ba91be739b P bae7d27015294389bb3a9dbda8cee5bd [CANDIDATE]: Term 1 election: Requested vote from peers 449ae5c304f6476a85652026b5887c38 (127.4.151.194:42697), 21362f69a9ca408ead568d96af50ba2b (127.4.151.195:43643)
I20260608 12:51:26.195222  9212 raft_consensus.cc:3060] T d80f0eef40414b97aeda98ba91be739b P 449ae5c304f6476a85652026b5887c38 [term 0 FOLLOWER]: Advancing to term 1
I20260608 12:51:26.195703  9284 tablet_service.cc:1917] Received RequestConsensusVote() RPC: tablet_id: "d80f0eef40414b97aeda98ba91be739b" candidate_uuid: "bae7d27015294389bb3a9dbda8cee5bd" candidate_term: 1 candidate_status { last_received { term: 0 index: 0 } } ignore_live_leader: false dest_uuid: "21362f69a9ca408ead568d96af50ba2b"
I20260608 12:51:26.196287  9284 raft_consensus.cc:3060] T d80f0eef40414b97aeda98ba91be739b P 21362f69a9ca408ead568d96af50ba2b [term 0 FOLLOWER]: Advancing to term 1
I20260608 12:51:26.201342  9212 raft_consensus.cc:2468] T d80f0eef40414b97aeda98ba91be739b P 449ae5c304f6476a85652026b5887c38 [term 1 FOLLOWER]: Leader election vote request: Granting yes vote for candidate bae7d27015294389bb3a9dbda8cee5bd in term 1.
I20260608 12:51:26.202659  9102 leader_election.cc:304] T d80f0eef40414b97aeda98ba91be739b P bae7d27015294389bb3a9dbda8cee5bd [CANDIDATE]: Term 1 election: Election decided. Result: candidate won. Election summary: received 2 responses out of 3 voters: 2 yes votes; 0 no votes. yes voters: 449ae5c304f6476a85652026b5887c38, bae7d27015294389bb3a9dbda8cee5bd; no voters: 
I20260608 12:51:26.203078  9284 raft_consensus.cc:2468] T d80f0eef40414b97aeda98ba91be739b P 21362f69a9ca408ead568d96af50ba2b [term 1 FOLLOWER]: Leader election vote request: Granting yes vote for candidate bae7d27015294389bb3a9dbda8cee5bd in term 1.
I20260608 12:51:26.203619  9367 raft_consensus.cc:2804] T d80f0eef40414b97aeda98ba91be739b P bae7d27015294389bb3a9dbda8cee5bd [term 1 FOLLOWER]: Leader election won for term 1
I20260608 12:51:26.204255  9367 raft_consensus.cc:697] T d80f0eef40414b97aeda98ba91be739b P bae7d27015294389bb3a9dbda8cee5bd [term 1 LEADER]: Becoming Leader. State: Replica: bae7d27015294389bb3a9dbda8cee5bd, State: Running, Role: LEADER
I20260608 12:51:26.204470  9382 raft_consensus.cc:493] T 01f5ff7a25244a0abf5f5a00b2cd7ed7 P 21362f69a9ca408ead568d96af50ba2b [term 0 FOLLOWER]: Starting pre-election (no leader contacted us within the election timeout)
I20260608 12:51:26.204983  9382 raft_consensus.cc:515] T 01f5ff7a25244a0abf5f5a00b2cd7ed7 P 21362f69a9ca408ead568d96af50ba2b [term 0 FOLLOWER]: Starting pre-election with config: opid_index: -1 OBSOLETE_local: false peers { permanent_uuid: "bae7d27015294389bb3a9dbda8cee5bd" member_type: VOTER last_known_addr { host: "127.4.151.193" port: 45915 } } peers { permanent_uuid: "449ae5c304f6476a85652026b5887c38" member_type: VOTER last_known_addr { host: "127.4.151.194" port: 42697 } } peers { permanent_uuid: "21362f69a9ca408ead568d96af50ba2b" member_type: VOTER last_known_addr { host: "127.4.151.195" port: 43643 } }
I20260608 12:51:26.206185  9367 consensus_queue.cc:237] T d80f0eef40414b97aeda98ba91be739b P bae7d27015294389bb3a9dbda8cee5bd [LEADER]: Queue going to LEADER mode. State: All replicated index: 0, Majority replicated index: 0, Committed index: 0, Last appended: 0.0, Last appended by leader: 0, Current term: 1, Majority size: 2, State: 0, Mode: LEADER, active raft config: opid_index: -1 OBSOLETE_local: false peers { permanent_uuid: "bae7d27015294389bb3a9dbda8cee5bd" member_type: VOTER last_known_addr { host: "127.4.151.193" port: 45915 } } peers { permanent_uuid: "449ae5c304f6476a85652026b5887c38" member_type: VOTER last_known_addr { host: "127.4.151.194" port: 42697 } } peers { permanent_uuid: "21362f69a9ca408ead568d96af50ba2b" member_type: VOTER last_known_addr { host: "127.4.151.195" port: 43643 } }
I20260608 12:51:26.207821  9382 leader_election.cc:290] T 01f5ff7a25244a0abf5f5a00b2cd7ed7 P 21362f69a9ca408ead568d96af50ba2b [CANDIDATE]: Term 1 pre-election: Requested pre-vote from peers bae7d27015294389bb3a9dbda8cee5bd (127.4.151.193:45915), 449ae5c304f6476a85652026b5887c38 (127.4.151.194:42697)
I20260608 12:51:26.208204  9137 tablet_service.cc:1917] Received RequestConsensusVote() RPC: tablet_id: "01f5ff7a25244a0abf5f5a00b2cd7ed7" candidate_uuid: "21362f69a9ca408ead568d96af50ba2b" candidate_term: 1 candidate_status { last_received { term: 0 index: 0 } } ignore_live_leader: false dest_uuid: "bae7d27015294389bb3a9dbda8cee5bd" is_pre_election: true
I20260608 12:51:26.208503  9212 tablet_service.cc:1917] Received RequestConsensusVote() RPC: tablet_id: "01f5ff7a25244a0abf5f5a00b2cd7ed7" candidate_uuid: "21362f69a9ca408ead568d96af50ba2b" candidate_term: 1 candidate_status { last_received { term: 0 index: 0 } } ignore_live_leader: false dest_uuid: "449ae5c304f6476a85652026b5887c38" is_pre_election: true
I20260608 12:51:26.209322  9212 raft_consensus.cc:2393] T 01f5ff7a25244a0abf5f5a00b2cd7ed7 P 449ae5c304f6476a85652026b5887c38 [term 1 FOLLOWER]: Leader pre-election vote request: Denying vote to candidate 21362f69a9ca408ead568d96af50ba2b in current term 1: Already voted for candidate bae7d27015294389bb3a9dbda8cee5bd in this term.
I20260608 12:51:26.210489  9251 leader_election.cc:304] T 01f5ff7a25244a0abf5f5a00b2cd7ed7 P 21362f69a9ca408ead568d96af50ba2b [CANDIDATE]: Term 1 pre-election: Election decided. Result: candidate lost. Election summary: received 3 responses out of 3 voters: 1 yes votes; 2 no votes. yes voters: 21362f69a9ca408ead568d96af50ba2b; no voters: 449ae5c304f6476a85652026b5887c38, bae7d27015294389bb3a9dbda8cee5bd
I20260608 12:51:26.211333  9382 raft_consensus.cc:3060] T 01f5ff7a25244a0abf5f5a00b2cd7ed7 P 21362f69a9ca408ead568d96af50ba2b [term 0 FOLLOWER]: Advancing to term 1
I20260608 12:51:26.216328  9037 catalog_manager.cc:5696] T d80f0eef40414b97aeda98ba91be739b P bae7d27015294389bb3a9dbda8cee5bd reported cstate change: term changed from 0 to 1, leader changed from <none> to bae7d27015294389bb3a9dbda8cee5bd (127.4.151.193). New cstate: current_term: 1 leader_uuid: "bae7d27015294389bb3a9dbda8cee5bd" committed_config { opid_index: -1 OBSOLETE_local: false peers { permanent_uuid: "bae7d27015294389bb3a9dbda8cee5bd" member_type: VOTER last_known_addr { host: "127.4.151.193" port: 45915 } health_report { overall_health: HEALTHY } } peers { permanent_uuid: "449ae5c304f6476a85652026b5887c38" member_type: VOTER last_known_addr { host: "127.4.151.194" port: 42697 } health_report { overall_health: UNKNOWN } } peers { permanent_uuid: "21362f69a9ca408ead568d96af50ba2b" member_type: VOTER last_known_addr { host: "127.4.151.195" port: 43643 } health_report { overall_health: UNKNOWN } } }
I20260608 12:51:26.216878  9382 raft_consensus.cc:2749] T 01f5ff7a25244a0abf5f5a00b2cd7ed7 P 21362f69a9ca408ead568d96af50ba2b [term 1 FOLLOWER]: Leader pre-election lost for term 1. Reason: could not achieve majority
I20260608 12:51:26.258275  9375 consensus_queue.cc:1048] T 5654d448c1764cefa225f30bfe7a5ffb P 449ae5c304f6476a85652026b5887c38 [LEADER]: Connected to new peer: Peer: permanent_uuid: "bae7d27015294389bb3a9dbda8cee5bd" member_type: VOTER last_known_addr { host: "127.4.151.193" port: 45915 }, Status: LMP_MISMATCH, Last received: 0.0, Next index: 1, Last known committed idx: 0, Time since last communication: 0.000s
I20260608 12:51:26.271975  9375 consensus_queue.cc:1048] T 5654d448c1764cefa225f30bfe7a5ffb P 449ae5c304f6476a85652026b5887c38 [LEADER]: Connected to new peer: Peer: permanent_uuid: "21362f69a9ca408ead568d96af50ba2b" member_type: VOTER last_known_addr { host: "127.4.151.195" port: 43643 }, Status: LMP_MISMATCH, Last received: 0.0, Next index: 1, Last known committed idx: 0, Time since last communication: 0.000s
I20260608 12:51:26.302675  9367 consensus_queue.cc:1048] T 91210b705c964f7e95235ca50ce353ea P bae7d27015294389bb3a9dbda8cee5bd [LEADER]: Connected to new peer: Peer: permanent_uuid: "21362f69a9ca408ead568d96af50ba2b" member_type: VOTER last_known_addr { host: "127.4.151.195" port: 43643 }, Status: LMP_MISMATCH, Last received: 0.0, Next index: 1, Last known committed idx: 0, Time since last communication: 0.000s
I20260608 12:51:26.314847  9367 consensus_queue.cc:1048] T 91210b705c964f7e95235ca50ce353ea P bae7d27015294389bb3a9dbda8cee5bd [LEADER]: Connected to new peer: Peer: permanent_uuid: "449ae5c304f6476a85652026b5887c38" member_type: VOTER last_known_addr { host: "127.4.151.194" port: 42697 }, Status: LMP_MISMATCH, Last received: 0.0, Next index: 1, Last known committed idx: 0, Time since last communication: 0.000s
I20260608 12:51:26.381999  9367 consensus_queue.cc:1048] T 01f5ff7a25244a0abf5f5a00b2cd7ed7 P bae7d27015294389bb3a9dbda8cee5bd [LEADER]: Connected to new peer: Peer: permanent_uuid: "21362f69a9ca408ead568d96af50ba2b" member_type: VOTER last_known_addr { host: "127.4.151.195" port: 43643 }, Status: LMP_MISMATCH, Last received: 0.0, Next index: 1, Last known committed idx: 0, Time since last communication: 0.000s
I20260608 12:51:26.395447  9432 consensus_queue.cc:1048] T 01f5ff7a25244a0abf5f5a00b2cd7ed7 P bae7d27015294389bb3a9dbda8cee5bd [LEADER]: Connected to new peer: Peer: permanent_uuid: "449ae5c304f6476a85652026b5887c38" member_type: VOTER last_known_addr { host: "127.4.151.194" port: 42697 }, Status: LMP_MISMATCH, Last received: 0.0, Next index: 1, Last known committed idx: 0, Time since last communication: 0.000s
I20260608 12:51:26.436650  9382 consensus_queue.cc:1048] T 361d6527ba9c40a6bb752015e5356226 P 21362f69a9ca408ead568d96af50ba2b [LEADER]: Connected to new peer: Peer: permanent_uuid: "bae7d27015294389bb3a9dbda8cee5bd" member_type: VOTER last_known_addr { host: "127.4.151.193" port: 45915 }, Status: LMP_MISMATCH, Last received: 0.0, Next index: 1, Last known committed idx: 0, Time since last communication: 0.000s
I20260608 12:51:26.447530  9378 consensus_queue.cc:1048] T 361d6527ba9c40a6bb752015e5356226 P 21362f69a9ca408ead568d96af50ba2b [LEADER]: Connected to new peer: Peer: permanent_uuid: "449ae5c304f6476a85652026b5887c38" member_type: VOTER last_known_addr { host: "127.4.151.194" port: 42697 }, Status: LMP_MISMATCH, Last received: 0.0, Next index: 1, Last known committed idx: 0, Time since last communication: 0.000s
I20260608 12:51:26.726037  9432 consensus_queue.cc:1048] T d80f0eef40414b97aeda98ba91be739b P bae7d27015294389bb3a9dbda8cee5bd [LEADER]: Connected to new peer: Peer: permanent_uuid: "21362f69a9ca408ead568d96af50ba2b" member_type: VOTER last_known_addr { host: "127.4.151.195" port: 43643 }, Status: LMP_MISMATCH, Last received: 0.0, Next index: 1, Last known committed idx: 0, Time since last communication: 0.000s
I20260608 12:51:26.729992  9432 consensus_queue.cc:1048] T d80f0eef40414b97aeda98ba91be739b P bae7d27015294389bb3a9dbda8cee5bd [LEADER]: Connected to new peer: Peer: permanent_uuid: "449ae5c304f6476a85652026b5887c38" member_type: VOTER last_known_addr { host: "127.4.151.194" port: 42697 }, Status: LMP_MISMATCH, Last received: 0.0, Next index: 1, Last known committed idx: 0, Time since last communication: 0.000s
W20260608 12:51:27.073891  9085 auto_rebalancer.cc:259] Could not retrieve cluster info: Service unavailable: Tablet not running
I20260608 12:51:27.440114  9388 raft_consensus.cc:493] T b8521cba5c6746418bca67fc6e4c2f5e P 449ae5c304f6476a85652026b5887c38 [term 1 FOLLOWER]: Starting pre-election (no leader contacted us within the election timeout)
I20260608 12:51:27.440598  9388 raft_consensus.cc:515] T b8521cba5c6746418bca67fc6e4c2f5e P 449ae5c304f6476a85652026b5887c38 [term 1 FOLLOWER]: Starting pre-election with config: opid_index: -1 OBSOLETE_local: false peers { permanent_uuid: "bae7d27015294389bb3a9dbda8cee5bd" member_type: VOTER last_known_addr { host: "127.4.151.193" port: 45915 } } peers { permanent_uuid: "449ae5c304f6476a85652026b5887c38" member_type: VOTER last_known_addr { host: "127.4.151.194" port: 42697 } } peers { permanent_uuid: "21362f69a9ca408ead568d96af50ba2b" member_type: VOTER last_known_addr { host: "127.4.151.195" port: 43643 } }
I20260608 12:51:27.442324  9388 leader_election.cc:290] T b8521cba5c6746418bca67fc6e4c2f5e P 449ae5c304f6476a85652026b5887c38 [CANDIDATE]: Term 2 pre-election: Requested pre-vote from peers bae7d27015294389bb3a9dbda8cee5bd (127.4.151.193:45915), 21362f69a9ca408ead568d96af50ba2b (127.4.151.195:43643)
I20260608 12:51:27.443260  9137 tablet_service.cc:1917] Received RequestConsensusVote() RPC: tablet_id: "b8521cba5c6746418bca67fc6e4c2f5e" candidate_uuid: "449ae5c304f6476a85652026b5887c38" candidate_term: 2 candidate_status { last_received { term: 0 index: 0 } } ignore_live_leader: false dest_uuid: "bae7d27015294389bb3a9dbda8cee5bd" is_pre_election: true
I20260608 12:51:27.443378  9284 tablet_service.cc:1917] Received RequestConsensusVote() RPC: tablet_id: "b8521cba5c6746418bca67fc6e4c2f5e" candidate_uuid: "449ae5c304f6476a85652026b5887c38" candidate_term: 2 candidate_status { last_received { term: 0 index: 0 } } ignore_live_leader: false dest_uuid: "21362f69a9ca408ead568d96af50ba2b" is_pre_election: true
I20260608 12:51:27.443914  9137 raft_consensus.cc:2468] T b8521cba5c6746418bca67fc6e4c2f5e P bae7d27015294389bb3a9dbda8cee5bd [term 1 FOLLOWER]: Leader pre-election vote request: Granting yes vote for candidate 449ae5c304f6476a85652026b5887c38 in term 1.
I20260608 12:51:27.444060  9284 raft_consensus.cc:2468] T b8521cba5c6746418bca67fc6e4c2f5e P 21362f69a9ca408ead568d96af50ba2b [term 1 FOLLOWER]: Leader pre-election vote request: Granting yes vote for candidate 449ae5c304f6476a85652026b5887c38 in term 1.
I20260608 12:51:27.445092  9180 leader_election.cc:304] T b8521cba5c6746418bca67fc6e4c2f5e P 449ae5c304f6476a85652026b5887c38 [CANDIDATE]: Term 2 pre-election: Election decided. Result: candidate won. Election summary: received 2 responses out of 3 voters: 2 yes votes; 0 no votes. yes voters: 449ae5c304f6476a85652026b5887c38, bae7d27015294389bb3a9dbda8cee5bd; no voters: 
I20260608 12:51:27.445886  9388 raft_consensus.cc:2804] T b8521cba5c6746418bca67fc6e4c2f5e P 449ae5c304f6476a85652026b5887c38 [term 1 FOLLOWER]: Leader pre-election won for term 2
I20260608 12:51:27.446171  9388 raft_consensus.cc:493] T b8521cba5c6746418bca67fc6e4c2f5e P 449ae5c304f6476a85652026b5887c38 [term 1 FOLLOWER]: Starting leader election (no leader contacted us within the election timeout)
I20260608 12:51:27.446391  9388 raft_consensus.cc:3060] T b8521cba5c6746418bca67fc6e4c2f5e P 449ae5c304f6476a85652026b5887c38 [term 1 FOLLOWER]: Advancing to term 2
I20260608 12:51:27.451081  9388 raft_consensus.cc:515] T b8521cba5c6746418bca67fc6e4c2f5e P 449ae5c304f6476a85652026b5887c38 [term 2 FOLLOWER]: Starting leader election with config: opid_index: -1 OBSOLETE_local: false peers { permanent_uuid: "bae7d27015294389bb3a9dbda8cee5bd" member_type: VOTER last_known_addr { host: "127.4.151.193" port: 45915 } } peers { permanent_uuid: "449ae5c304f6476a85652026b5887c38" member_type: VOTER last_known_addr { host: "127.4.151.194" port: 42697 } } peers { permanent_uuid: "21362f69a9ca408ead568d96af50ba2b" member_type: VOTER last_known_addr { host: "127.4.151.195" port: 43643 } }
I20260608 12:51:27.453101  9388 leader_election.cc:290] T b8521cba5c6746418bca67fc6e4c2f5e P 449ae5c304f6476a85652026b5887c38 [CANDIDATE]: Term 2 election: Requested vote from peers bae7d27015294389bb3a9dbda8cee5bd (127.4.151.193:45915), 21362f69a9ca408ead568d96af50ba2b (127.4.151.195:43643)
I20260608 12:51:27.454051  9137 tablet_service.cc:1917] Received RequestConsensusVote() RPC: tablet_id: "b8521cba5c6746418bca67fc6e4c2f5e" candidate_uuid: "449ae5c304f6476a85652026b5887c38" candidate_term: 2 candidate_status { last_received { term: 0 index: 0 } } ignore_live_leader: false dest_uuid: "bae7d27015294389bb3a9dbda8cee5bd"
I20260608 12:51:27.454175  9287 tablet_service.cc:1917] Received RequestConsensusVote() RPC: tablet_id: "b8521cba5c6746418bca67fc6e4c2f5e" candidate_uuid: "449ae5c304f6476a85652026b5887c38" candidate_term: 2 candidate_status { last_received { term: 0 index: 0 } } ignore_live_leader: false dest_uuid: "21362f69a9ca408ead568d96af50ba2b"
I20260608 12:51:27.454792  9137 raft_consensus.cc:3060] T b8521cba5c6746418bca67fc6e4c2f5e P bae7d27015294389bb3a9dbda8cee5bd [term 1 FOLLOWER]: Advancing to term 2
I20260608 12:51:27.454851  9287 raft_consensus.cc:3060] T b8521cba5c6746418bca67fc6e4c2f5e P 21362f69a9ca408ead568d96af50ba2b [term 1 FOLLOWER]: Advancing to term 2
I20260608 12:51:27.460244  9137 raft_consensus.cc:2468] T b8521cba5c6746418bca67fc6e4c2f5e P bae7d27015294389bb3a9dbda8cee5bd [term 2 FOLLOWER]: Leader election vote request: Granting yes vote for candidate 449ae5c304f6476a85652026b5887c38 in term 2.
I20260608 12:51:27.460526  9287 raft_consensus.cc:2468] T b8521cba5c6746418bca67fc6e4c2f5e P 21362f69a9ca408ead568d96af50ba2b [term 2 FOLLOWER]: Leader election vote request: Granting yes vote for candidate 449ae5c304f6476a85652026b5887c38 in term 2.
I20260608 12:51:27.461481  9180 leader_election.cc:304] T b8521cba5c6746418bca67fc6e4c2f5e P 449ae5c304f6476a85652026b5887c38 [CANDIDATE]: Term 2 election: Election decided. Result: candidate won. Election summary: received 2 responses out of 3 voters: 2 yes votes; 0 no votes. yes voters: 449ae5c304f6476a85652026b5887c38, bae7d27015294389bb3a9dbda8cee5bd; no voters: 
I20260608 12:51:27.462263  9388 raft_consensus.cc:2804] T b8521cba5c6746418bca67fc6e4c2f5e P 449ae5c304f6476a85652026b5887c38 [term 2 FOLLOWER]: Leader election won for term 2
I20260608 12:51:27.462764  9388 raft_consensus.cc:697] T b8521cba5c6746418bca67fc6e4c2f5e P 449ae5c304f6476a85652026b5887c38 [term 2 LEADER]: Becoming Leader. State: Replica: 449ae5c304f6476a85652026b5887c38, State: Running, Role: LEADER
I20260608 12:51:27.463398  9388 consensus_queue.cc:237] T b8521cba5c6746418bca67fc6e4c2f5e P 449ae5c304f6476a85652026b5887c38 [LEADER]: Queue going to LEADER mode. State: All replicated index: 0, Majority replicated index: 0, Committed index: 0, Last appended: 0.0, Last appended by leader: 0, Current term: 2, Majority size: 2, State: 0, Mode: LEADER, active raft config: opid_index: -1 OBSOLETE_local: false peers { permanent_uuid: "bae7d27015294389bb3a9dbda8cee5bd" member_type: VOTER last_known_addr { host: "127.4.151.193" port: 45915 } } peers { permanent_uuid: "449ae5c304f6476a85652026b5887c38" member_type: VOTER last_known_addr { host: "127.4.151.194" port: 42697 } } peers { permanent_uuid: "21362f69a9ca408ead568d96af50ba2b" member_type: VOTER last_known_addr { host: "127.4.151.195" port: 43643 } }
I20260608 12:51:27.471650  9036 catalog_manager.cc:5696] T b8521cba5c6746418bca67fc6e4c2f5e P 449ae5c304f6476a85652026b5887c38 reported cstate change: term changed from 0 to 2, leader changed from <none> to 449ae5c304f6476a85652026b5887c38 (127.4.151.194). New cstate: current_term: 2 leader_uuid: "449ae5c304f6476a85652026b5887c38" committed_config { opid_index: -1 OBSOLETE_local: false peers { permanent_uuid: "bae7d27015294389bb3a9dbda8cee5bd" member_type: VOTER last_known_addr { host: "127.4.151.193" port: 45915 } health_report { overall_health: UNKNOWN } } peers { permanent_uuid: "449ae5c304f6476a85652026b5887c38" member_type: VOTER last_known_addr { host: "127.4.151.194" port: 42697 } health_report { overall_health: HEALTHY } } peers { permanent_uuid: "21362f69a9ca408ead568d96af50ba2b" member_type: VOTER last_known_addr { host: "127.4.151.195" port: 43643 } health_report { overall_health: UNKNOWN } } }
I20260608 12:51:27.914369  9287 raft_consensus.cc:1275] T b8521cba5c6746418bca67fc6e4c2f5e P 21362f69a9ca408ead568d96af50ba2b [term 2 FOLLOWER]: Refusing update from remote peer 449ae5c304f6476a85652026b5887c38: Log matching property violated. Preceding OpId in replica: term: 0 index: 0. Preceding OpId from leader: term: 2 index: 1. (index mismatch)
I20260608 12:51:27.915704  9388 consensus_queue.cc:1048] T b8521cba5c6746418bca67fc6e4c2f5e P 449ae5c304f6476a85652026b5887c38 [LEADER]: Connected to new peer: Peer: permanent_uuid: "21362f69a9ca408ead568d96af50ba2b" member_type: VOTER last_known_addr { host: "127.4.151.195" port: 43643 }, Status: LMP_MISMATCH, Last received: 0.0, Next index: 1, Last known committed idx: 0, Time since last communication: 0.000s
I20260608 12:51:27.927632  9137 raft_consensus.cc:1275] T b8521cba5c6746418bca67fc6e4c2f5e P bae7d27015294389bb3a9dbda8cee5bd [term 2 FOLLOWER]: Refusing update from remote peer 449ae5c304f6476a85652026b5887c38: Log matching property violated. Preceding OpId in replica: term: 0 index: 0. Preceding OpId from leader: term: 2 index: 1. (index mismatch)
I20260608 12:51:27.929317  9388 consensus_queue.cc:1048] T b8521cba5c6746418bca67fc6e4c2f5e P 449ae5c304f6476a85652026b5887c38 [LEADER]: Connected to new peer: Peer: permanent_uuid: "bae7d27015294389bb3a9dbda8cee5bd" member_type: VOTER last_known_addr { host: "127.4.151.193" port: 45915 }, Status: LMP_MISMATCH, Last received: 0.0, Next index: 1, Last known committed idx: 0, Time since last communication: 0.000s
W20260608 12:51:28.372349  9474 log.cc:927] Time spent T d51c1b355e24411bbd14c208e7985cc3 P 449ae5c304f6476a85652026b5887c38: Append to log took a long time: real 0.067s	user 0.002s	sys 0.000s
W20260608 12:51:28.494295  9482 log.cc:927] Time spent T 361d6527ba9c40a6bb752015e5356226 P 21362f69a9ca408ead568d96af50ba2b: Append to log took a long time: real 0.056s	user 0.002s	sys 0.000s
W20260608 12:51:28.546419  9492 log.cc:927] Time spent T d51c1b355e24411bbd14c208e7985cc3 P 21362f69a9ca408ead568d96af50ba2b: Append to log took a long time: real 0.056s	user 0.001s	sys 0.000s
W20260608 12:51:28.564913  9490 log.cc:927] Time spent T 2e4d1f22558740b292110d7a1c3ae83b P bae7d27015294389bb3a9dbda8cee5bd: Append to log took a long time: real 0.076s	user 0.002s	sys 0.000s
W20260608 12:51:28.571374  9478 log.cc:927] Time spent T e5ce14bc562c41219690b367cbf4b0fa P bae7d27015294389bb3a9dbda8cee5bd: Append to log took a long time: real 0.144s	user 0.005s	sys 0.000s
W20260608 12:51:28.604759  9501 log.cc:927] Time spent T 5654d448c1764cefa225f30bfe7a5ffb P 21362f69a9ca408ead568d96af50ba2b: Append to log took a long time: real 0.071s	user 0.002s	sys 0.000s
W20260608 12:51:28.679911  9500 log.cc:927] Time spent T 5486c3d0ddf74e1eaac2fea4d9f11a21 P bae7d27015294389bb3a9dbda8cee5bd: Append to log took a long time: real 0.086s	user 0.001s	sys 0.000s
W20260608 12:51:28.677589  9502 log.cc:927] Time spent T 5486c3d0ddf74e1eaac2fea4d9f11a21 P 21362f69a9ca408ead568d96af50ba2b: Append to log took a long time: real 0.098s	user 0.000s	sys 0.002s
W20260608 12:51:28.918656  9519 log.cc:927] Time spent T 01f5ff7a25244a0abf5f5a00b2cd7ed7 P 21362f69a9ca408ead568d96af50ba2b: Append to log took a long time: real 0.072s	user 0.001s	sys 0.000s
W20260608 12:51:28.920341  9508 log.cc:927] Time spent T 01f5ff7a25244a0abf5f5a00b2cd7ed7 P bae7d27015294389bb3a9dbda8cee5bd: Append to log took a long time: real 0.225s	user 0.006s	sys 0.004s
W20260608 12:51:28.893136  9318 outbound_call.cc:321] RPC callback for RPC call kudu.tserver.TabletServerService.Write -> {remote=127.4.151.194:42697, user_credentials={real_user=slave}} blocked reactor thread for 57909.7us
W20260608 12:51:28.951678  9515 log.cc:927] Time spent T 361d6527ba9c40a6bb752015e5356226 P bae7d27015294389bb3a9dbda8cee5bd: Append to log took a long time: real 0.106s	user 0.001s	sys 0.000s
W20260608 12:51:28.968886  9179 outbound_call.cc:321] RPC callback for RPC call kudu.consensus.ConsensusService.UpdateConsensus -> {remote=127.4.151.195:43643, user_credentials={real_user=slave}} blocked reactor thread for 50920.8us
W20260608 12:51:29.140194  9527 log.cc:927] Time spent T 91210b705c964f7e95235ca50ce353ea P 449ae5c304f6476a85652026b5887c38: Append to log took a long time: real 0.126s	user 0.001s	sys 0.000s
W20260608 12:51:29.150467  9318 outbound_call.cc:321] RPC callback for RPC call kudu.tserver.TabletServerService.Write -> {remote=127.4.151.194:42697, user_credentials={real_user=slave}} blocked reactor thread for 63732us
W20260608 12:51:29.232295  9533 log.cc:927] Time spent T 91210b705c964f7e95235ca50ce353ea P 21362f69a9ca408ead568d96af50ba2b: Append to log took a long time: real 0.155s	user 0.000s	sys 0.001s
I20260608 12:51:29.254782  9470 rpcz_store.cc:275] Call kudu.tserver.TabletServerService.Write from 127.0.0.1:43870 (ReqId={client: 463d33bd3857465ba3f756ddd6a6131e, seq_no=20, attempt_no=0}) took 1031 ms. Trace:
I20260608 12:51:29.260087  9499 rpcz_store.cc:275] Call kudu.tserver.TabletServerService.Write from 127.0.0.1:43870 (ReqId={client: 463d33bd3857465ba3f756ddd6a6131e, seq_no=23, attempt_no=0}) took 1027 ms. Trace:
I20260608 12:51:29.256405  9470 rpcz_store.cc:276] 0608 12:51:28.223139 (+     0us) service_pool.cc:167] Inserting onto call queue
0608 12:51:28.227146 (+  4007us) service_pool.cc:224] Handling call
0608 12:51:29.254582 (+1027436us) inbound_call.cc:177] Queueing success response
Related trace 'op':
0608 12:51:28.422124 (+     0us) write_op.cc:183] PREPARE: starting on tablet 5486c3d0ddf74e1eaac2fea4d9f11a21
0608 12:51:28.440143 (+ 18019us) write_op.cc:432] Acquiring schema lock in shared mode
0608 12:51:28.440242 (+    99us) write_op.cc:435] Acquired schema lock
0608 12:51:28.440259 (+    17us) tablet.cc:662] Decoding operations
0608 12:51:28.440854 (+   595us) write_op.cc:620] Acquiring the partition lock for write op
0608 12:51:28.440903 (+    49us) write_op.cc:641] Partition lock acquired for write op
0608 12:51:28.440935 (+    32us) tablet.cc:685] Acquiring locks for 5 operations
0608 12:51:28.441380 (+   445us) tablet.cc:701] Row locks acquired
0608 12:51:28.441403 (+    23us) write_op.cc:260] PREPARE: finished
0608 12:51:28.447089 (+  5686us) write_op.cc:270] Start()
0608 12:51:28.448028 (+   939us) write_op.cc:276] Timestamp: P: 1780923088445873 usec, L: 0
0608 12:51:28.448051 (+    23us) op_driver.cc:348] REPLICATION: starting
0608 12:51:28.448694 (+   643us) log.cc:844] Serialized 519 byte log entry
0608 12:51:29.192766 (+744072us) op_driver.cc:464] REPLICATION: finished
