I20260608 12:49:27.848230 25720 leader_election.cc:304] T 31f0ea7e27814236bd3976ac1005140b P 0d2b0aaeda3544dbbfa488c26f64e654 [CANDIDATE]: Term 1 election: Election decided. Result: candidate won. Election summary: received 2 responses out of 3 voters: 2 yes votes; 0 no votes. yes voters: 0d2b0aaeda3544dbbfa488c26f64e654, 561128e413da4f5b971bf5a25f35f824; no voters: 
I20260608 12:49:27.848892 25901 raft_consensus.cc:2804] T 31f0ea7e27814236bd3976ac1005140b P 0d2b0aaeda3544dbbfa488c26f64e654 [term 1 FOLLOWER]: Leader election won for term 1
I20260608 12:49:27.848905 25829 raft_consensus.cc:2468] T 31f0ea7e27814236bd3976ac1005140b P 5c33990a349448f1b595ee360f3af012 [term 1 FOLLOWER]: Leader election vote request: Granting yes vote for candidate 0d2b0aaeda3544dbbfa488c26f64e654 in term 1.
I20260608 12:49:27.851363 25901 raft_consensus.cc:697] T 31f0ea7e27814236bd3976ac1005140b P 0d2b0aaeda3544dbbfa488c26f64e654 [term 1 LEADER]: Becoming Leader. State: Replica: 0d2b0aaeda3544dbbfa488c26f64e654, State: Running, Role: LEADER
I20260608 12:49:27.852236 25901 consensus_queue.cc:237] T 31f0ea7e27814236bd3976ac1005140b P 0d2b0aaeda3544dbbfa488c26f64e654 [LEADER]: Queue going to LEADER mode. State: All replicated index: 0, Majority replicated index: 0, Committed index: 0, Last appended: 0.0, Last appended by leader: 0, Current term: 1, Majority size: 2, State: 0, Mode: LEADER, active raft config: opid_index: -1 OBSOLETE_local: false peers { permanent_uuid: "561128e413da4f5b971bf5a25f35f824" member_type: VOTER last_known_addr { host: "127.24.109.65" port: 34303 } } peers { permanent_uuid: "0d2b0aaeda3544dbbfa488c26f64e654" member_type: VOTER last_known_addr { host: "127.24.109.66" port: 37615 } } peers { permanent_uuid: "5c33990a349448f1b595ee360f3af012" member_type: VOTER last_known_addr { host: "127.24.109.67" port: 41959 } }
I20260608 12:49:27.860412 25576 catalog_manager.cc:5696] T 31f0ea7e27814236bd3976ac1005140b P 0d2b0aaeda3544dbbfa488c26f64e654 reported cstate change: term changed from 0 to 1, leader changed from <none> to 0d2b0aaeda3544dbbfa488c26f64e654 (127.24.109.66). New cstate: current_term: 1 leader_uuid: "0d2b0aaeda3544dbbfa488c26f64e654" committed_config { opid_index: -1 OBSOLETE_local: false peers { permanent_uuid: "561128e413da4f5b971bf5a25f35f824" member_type: VOTER last_known_addr { host: "127.24.109.65" port: 34303 } health_report { overall_health: UNKNOWN } } peers { permanent_uuid: "0d2b0aaeda3544dbbfa488c26f64e654" member_type: VOTER last_known_addr { host: "127.24.109.66" port: 37615 } health_report { overall_health: HEALTHY } } peers { permanent_uuid: "5c33990a349448f1b595ee360f3af012" member_type: VOTER last_known_addr { host: "127.24.109.67" port: 41959 } health_report { overall_health: UNKNOWN } } }
I20260608 12:49:27.885021 25914 raft_consensus.cc:493] T 3bc85fdd70984ce992dabc5ebe2bc68b P 5c33990a349448f1b595ee360f3af012 [term 0 FOLLOWER]: Starting pre-election (no leader contacted us within the election timeout)
I20260608 12:49:27.885459 25879 raft_consensus.cc:493] T 18ebfed6a95847a5a22ecf3a39366581 P 561128e413da4f5b971bf5a25f35f824 [term 0 FOLLOWER]: Starting pre-election (no leader contacted us within the election timeout)
I20260608 12:49:27.885572 25914 raft_consensus.cc:515] T 3bc85fdd70984ce992dabc5ebe2bc68b P 5c33990a349448f1b595ee360f3af012 [term 0 FOLLOWER]: Starting pre-election with config: opid_index: -1 OBSOLETE_local: false peers { permanent_uuid: "561128e413da4f5b971bf5a25f35f824" member_type: VOTER last_known_addr { host: "127.24.109.65" port: 34303 } } peers { permanent_uuid: "0d2b0aaeda3544dbbfa488c26f64e654" member_type: VOTER last_known_addr { host: "127.24.109.66" port: 37615 } } peers { permanent_uuid: "5c33990a349448f1b595ee360f3af012" member_type: VOTER last_known_addr { host: "127.24.109.67" port: 41959 } }
I20260608 12:49:27.886005 25879 raft_consensus.cc:515] T 18ebfed6a95847a5a22ecf3a39366581 P 561128e413da4f5b971bf5a25f35f824 [term 0 FOLLOWER]: Starting pre-election with config: opid_index: -1 OBSOLETE_local: false peers { permanent_uuid: "561128e413da4f5b971bf5a25f35f824" member_type: VOTER last_known_addr { host: "127.24.109.65" port: 34303 } } peers { permanent_uuid: "0d2b0aaeda3544dbbfa488c26f64e654" member_type: VOTER last_known_addr { host: "127.24.109.66" port: 37615 } } peers { permanent_uuid: "5c33990a349448f1b595ee360f3af012" member_type: VOTER last_known_addr { host: "127.24.109.67" port: 41959 } }
I20260608 12:49:27.888123 25914 leader_election.cc:290] T 3bc85fdd70984ce992dabc5ebe2bc68b P 5c33990a349448f1b595ee360f3af012 [CANDIDATE]: Term 1 pre-election: Requested pre-vote from peers 561128e413da4f5b971bf5a25f35f824 (127.24.109.65:34303), 0d2b0aaeda3544dbbfa488c26f64e654 (127.24.109.66:37615)
I20260608 12:49:27.889091 25756 tablet_service.cc:1917] Received RequestConsensusVote() RPC: tablet_id: "18ebfed6a95847a5a22ecf3a39366581" candidate_uuid: "561128e413da4f5b971bf5a25f35f824" candidate_term: 1 candidate_status { last_received { term: 0 index: 0 } } ignore_live_leader: false dest_uuid: "0d2b0aaeda3544dbbfa488c26f64e654" is_pre_election: true
I20260608 12:49:27.889329 25829 tablet_service.cc:1917] Received RequestConsensusVote() RPC: tablet_id: "18ebfed6a95847a5a22ecf3a39366581" candidate_uuid: "561128e413da4f5b971bf5a25f35f824" candidate_term: 1 candidate_status { last_received { term: 0 index: 0 } } ignore_live_leader: false dest_uuid: "5c33990a349448f1b595ee360f3af012" is_pre_election: true
I20260608 12:49:27.888125 25879 leader_election.cc:290] T 18ebfed6a95847a5a22ecf3a39366581 P 561128e413da4f5b971bf5a25f35f824 [CANDIDATE]: Term 1 pre-election: Requested pre-vote from peers 0d2b0aaeda3544dbbfa488c26f64e654 (127.24.109.66:37615), 5c33990a349448f1b595ee360f3af012 (127.24.109.67:41959)
I20260608 12:49:27.889523 25755 tablet_service.cc:1917] Received RequestConsensusVote() RPC: tablet_id: "3bc85fdd70984ce992dabc5ebe2bc68b" candidate_uuid: "5c33990a349448f1b595ee360f3af012" candidate_term: 1 candidate_status { last_received { term: 0 index: 0 } } ignore_live_leader: false dest_uuid: "0d2b0aaeda3544dbbfa488c26f64e654" is_pre_election: true
I20260608 12:49:27.890043 25829 raft_consensus.cc:2468] T 18ebfed6a95847a5a22ecf3a39366581 P 5c33990a349448f1b595ee360f3af012 [term 0 FOLLOWER]: Leader pre-election vote request: Granting yes vote for candidate 561128e413da4f5b971bf5a25f35f824 in term 0.
I20260608 12:49:27.890197 25756 raft_consensus.cc:2468] T 18ebfed6a95847a5a22ecf3a39366581 P 0d2b0aaeda3544dbbfa488c26f64e654 [term 0 FOLLOWER]: Leader pre-election vote request: Granting yes vote for candidate 561128e413da4f5b971bf5a25f35f824 in term 0.
I20260608 12:49:27.890404 25755 raft_consensus.cc:2468] T 3bc85fdd70984ce992dabc5ebe2bc68b P 0d2b0aaeda3544dbbfa488c26f64e654 [term 0 FOLLOWER]: Leader pre-election vote request: Granting yes vote for candidate 5c33990a349448f1b595ee360f3af012 in term 0.
I20260608 12:49:27.890575 25681 tablet_service.cc:1917] Received RequestConsensusVote() RPC: tablet_id: "3bc85fdd70984ce992dabc5ebe2bc68b" candidate_uuid: "5c33990a349448f1b595ee360f3af012" candidate_term: 1 candidate_status { last_received { term: 0 index: 0 } } ignore_live_leader: false dest_uuid: "561128e413da4f5b971bf5a25f35f824" is_pre_election: true
I20260608 12:49:27.891355 25681 raft_consensus.cc:2468] T 3bc85fdd70984ce992dabc5ebe2bc68b P 561128e413da4f5b971bf5a25f35f824 [term 0 FOLLOWER]: Leader pre-election vote request: Granting yes vote for candidate 5c33990a349448f1b595ee360f3af012 in term 0.
I20260608 12:49:27.891288 25647 leader_election.cc:304] T 18ebfed6a95847a5a22ecf3a39366581 P 561128e413da4f5b971bf5a25f35f824 [CANDIDATE]: Term 1 pre-election: Election decided. Result: candidate won. Election summary: received 2 responses out of 3 voters: 2 yes votes; 0 no votes. yes voters: 561128e413da4f5b971bf5a25f35f824, 5c33990a349448f1b595ee360f3af012; no voters: 
I20260608 12:49:27.891723 25793 leader_election.cc:304] T 3bc85fdd70984ce992dabc5ebe2bc68b P 5c33990a349448f1b595ee360f3af012 [CANDIDATE]: Term 1 pre-election: Election decided. Result: candidate won. Election summary: received 2 responses out of 3 voters: 2 yes votes; 0 no votes. yes voters: 0d2b0aaeda3544dbbfa488c26f64e654, 5c33990a349448f1b595ee360f3af012; no voters: 
I20260608 12:49:27.892419 25879 raft_consensus.cc:2804] T 18ebfed6a95847a5a22ecf3a39366581 P 561128e413da4f5b971bf5a25f35f824 [term 0 FOLLOWER]: Leader pre-election won for term 1
I20260608 12:49:27.892557 25914 raft_consensus.cc:2804] T 3bc85fdd70984ce992dabc5ebe2bc68b P 5c33990a349448f1b595ee360f3af012 [term 0 FOLLOWER]: Leader pre-election won for term 1
I20260608 12:49:27.892831 25879 raft_consensus.cc:493] T 18ebfed6a95847a5a22ecf3a39366581 P 561128e413da4f5b971bf5a25f35f824 [term 0 FOLLOWER]: Starting leader election (no leader contacted us within the election timeout)
I20260608 12:49:27.892963 25914 raft_consensus.cc:493] T 3bc85fdd70984ce992dabc5ebe2bc68b P 5c33990a349448f1b595ee360f3af012 [term 0 FOLLOWER]: Starting leader election (no leader contacted us within the election timeout)
I20260608 12:49:27.893266 25879 raft_consensus.cc:3060] T 18ebfed6a95847a5a22ecf3a39366581 P 561128e413da4f5b971bf5a25f35f824 [term 0 FOLLOWER]: Advancing to term 1
I20260608 12:49:27.893352 25914 raft_consensus.cc:3060] T 3bc85fdd70984ce992dabc5ebe2bc68b P 5c33990a349448f1b595ee360f3af012 [term 0 FOLLOWER]: Advancing to term 1
I20260608 12:49:27.900139 25879 raft_consensus.cc:515] T 18ebfed6a95847a5a22ecf3a39366581 P 561128e413da4f5b971bf5a25f35f824 [term 1 FOLLOWER]: Starting leader election with config: opid_index: -1 OBSOLETE_local: false peers { permanent_uuid: "561128e413da4f5b971bf5a25f35f824" member_type: VOTER last_known_addr { host: "127.24.109.65" port: 34303 } } peers { permanent_uuid: "0d2b0aaeda3544dbbfa488c26f64e654" member_type: VOTER last_known_addr { host: "127.24.109.66" port: 37615 } } peers { permanent_uuid: "5c33990a349448f1b595ee360f3af012" member_type: VOTER last_known_addr { host: "127.24.109.67" port: 41959 } }
I20260608 12:49:27.900139 25914 raft_consensus.cc:515] T 3bc85fdd70984ce992dabc5ebe2bc68b P 5c33990a349448f1b595ee360f3af012 [term 1 FOLLOWER]: Starting leader election with config: opid_index: -1 OBSOLETE_local: false peers { permanent_uuid: "561128e413da4f5b971bf5a25f35f824" member_type: VOTER last_known_addr { host: "127.24.109.65" port: 34303 } } peers { permanent_uuid: "0d2b0aaeda3544dbbfa488c26f64e654" member_type: VOTER last_known_addr { host: "127.24.109.66" port: 37615 } } peers { permanent_uuid: "5c33990a349448f1b595ee360f3af012" member_type: VOTER last_known_addr { host: "127.24.109.67" port: 41959 } }
I20260608 12:49:27.902500 25879 leader_election.cc:290] T 18ebfed6a95847a5a22ecf3a39366581 P 561128e413da4f5b971bf5a25f35f824 [CANDIDATE]: Term 1 election: Requested vote from peers 0d2b0aaeda3544dbbfa488c26f64e654 (127.24.109.66:37615), 5c33990a349448f1b595ee360f3af012 (127.24.109.67:41959)
I20260608 12:49:27.903258 25681 tablet_service.cc:1917] Received RequestConsensusVote() RPC: tablet_id: "3bc85fdd70984ce992dabc5ebe2bc68b" candidate_uuid: "5c33990a349448f1b595ee360f3af012" candidate_term: 1 candidate_status { last_received { term: 0 index: 0 } } ignore_live_leader: false dest_uuid: "561128e413da4f5b971bf5a25f35f824"
I20260608 12:49:27.903391 25914 leader_election.cc:290] T 3bc85fdd70984ce992dabc5ebe2bc68b P 5c33990a349448f1b595ee360f3af012 [CANDIDATE]: Term 1 election: Requested vote from peers 561128e413da4f5b971bf5a25f35f824 (127.24.109.65:34303), 0d2b0aaeda3544dbbfa488c26f64e654 (127.24.109.66:37615)
I20260608 12:49:27.903571 25755 tablet_service.cc:1917] Received RequestConsensusVote() RPC: tablet_id: "3bc85fdd70984ce992dabc5ebe2bc68b" candidate_uuid: "5c33990a349448f1b595ee360f3af012" candidate_term: 1 candidate_status { last_received { term: 0 index: 0 } } ignore_live_leader: false dest_uuid: "0d2b0aaeda3544dbbfa488c26f64e654"
I20260608 12:49:27.903959 25681 raft_consensus.cc:3060] T 3bc85fdd70984ce992dabc5ebe2bc68b P 561128e413da4f5b971bf5a25f35f824 [term 0 FOLLOWER]: Advancing to term 1
I20260608 12:49:27.903599 25829 tablet_service.cc:1917] Received RequestConsensusVote() RPC: tablet_id: "18ebfed6a95847a5a22ecf3a39366581" candidate_uuid: "561128e413da4f5b971bf5a25f35f824" candidate_term: 1 candidate_status { last_received { term: 0 index: 0 } } ignore_live_leader: false dest_uuid: "5c33990a349448f1b595ee360f3af012"
I20260608 12:49:27.904210 25755 raft_consensus.cc:3060] T 3bc85fdd70984ce992dabc5ebe2bc68b P 0d2b0aaeda3544dbbfa488c26f64e654 [term 0 FOLLOWER]: Advancing to term 1
I20260608 12:49:27.904560 25756 tablet_service.cc:1917] Received RequestConsensusVote() RPC: tablet_id: "18ebfed6a95847a5a22ecf3a39366581" candidate_uuid: "561128e413da4f5b971bf5a25f35f824" candidate_term: 1 candidate_status { last_received { term: 0 index: 0 } } ignore_live_leader: false dest_uuid: "0d2b0aaeda3544dbbfa488c26f64e654"
I20260608 12:49:27.905290 25829 raft_consensus.cc:3060] T 18ebfed6a95847a5a22ecf3a39366581 P 5c33990a349448f1b595ee360f3af012 [term 0 FOLLOWER]: Advancing to term 1
I20260608 12:49:27.905570 25756 raft_consensus.cc:3060] T 18ebfed6a95847a5a22ecf3a39366581 P 0d2b0aaeda3544dbbfa488c26f64e654 [term 0 FOLLOWER]: Advancing to term 1
I20260608 12:49:27.911423 25681 raft_consensus.cc:2468] T 3bc85fdd70984ce992dabc5ebe2bc68b P 561128e413da4f5b971bf5a25f35f824 [term 1 FOLLOWER]: Leader election vote request: Granting yes vote for candidate 5c33990a349448f1b595ee360f3af012 in term 1.
I20260608 12:49:27.911432 25829 raft_consensus.cc:2468] T 18ebfed6a95847a5a22ecf3a39366581 P 5c33990a349448f1b595ee360f3af012 [term 1 FOLLOWER]: Leader election vote request: Granting yes vote for candidate 561128e413da4f5b971bf5a25f35f824 in term 1.
I20260608 12:49:27.911818 25755 raft_consensus.cc:2468] T 3bc85fdd70984ce992dabc5ebe2bc68b P 0d2b0aaeda3544dbbfa488c26f64e654 [term 1 FOLLOWER]: Leader election vote request: Granting yes vote for candidate 5c33990a349448f1b595ee360f3af012 in term 1.
I20260608 12:49:27.911945 25756 raft_consensus.cc:2468] T 18ebfed6a95847a5a22ecf3a39366581 P 0d2b0aaeda3544dbbfa488c26f64e654 [term 1 FOLLOWER]: Leader election vote request: Granting yes vote for candidate 561128e413da4f5b971bf5a25f35f824 in term 1.
I20260608 12:49:27.912946 25647 leader_election.cc:304] T 18ebfed6a95847a5a22ecf3a39366581 P 561128e413da4f5b971bf5a25f35f824 [CANDIDATE]: Term 1 election: Election decided. Result: candidate won. Election summary: received 2 responses out of 3 voters: 2 yes votes; 0 no votes. yes voters: 561128e413da4f5b971bf5a25f35f824, 5c33990a349448f1b595ee360f3af012; no voters: 
I20260608 12:49:27.913082 25794 leader_election.cc:304] T 3bc85fdd70984ce992dabc5ebe2bc68b P 5c33990a349448f1b595ee360f3af012 [CANDIDATE]: Term 1 election: Election decided. Result: candidate won. Election summary: received 2 responses out of 3 voters: 2 yes votes; 0 no votes. yes voters: 561128e413da4f5b971bf5a25f35f824, 5c33990a349448f1b595ee360f3af012; no voters: 
I20260608 12:49:27.913812 25879 raft_consensus.cc:2804] T 18ebfed6a95847a5a22ecf3a39366581 P 561128e413da4f5b971bf5a25f35f824 [term 1 FOLLOWER]: Leader election won for term 1
I20260608 12:49:27.914305 25914 raft_consensus.cc:2804] T 3bc85fdd70984ce992dabc5ebe2bc68b P 5c33990a349448f1b595ee360f3af012 [term 1 FOLLOWER]: Leader election won for term 1
I20260608 12:49:27.914750 25914 raft_consensus.cc:697] T 3bc85fdd70984ce992dabc5ebe2bc68b P 5c33990a349448f1b595ee360f3af012 [term 1 LEADER]: Becoming Leader. State: Replica: 5c33990a349448f1b595ee360f3af012, State: Running, Role: LEADER
I20260608 12:49:27.914959 25879 raft_consensus.cc:697] T 18ebfed6a95847a5a22ecf3a39366581 P 561128e413da4f5b971bf5a25f35f824 [term 1 LEADER]: Becoming Leader. State: Replica: 561128e413da4f5b971bf5a25f35f824, State: Running, Role: LEADER
I20260608 12:49:27.915634 25914 consensus_queue.cc:237] T 3bc85fdd70984ce992dabc5ebe2bc68b P 5c33990a349448f1b595ee360f3af012 [LEADER]: Queue going to LEADER mode. State: All replicated index: 0, Majority replicated index: 0, Committed index: 0, Last appended: 0.0, Last appended by leader: 0, Current term: 1, Majority size: 2, State: 0, Mode: LEADER, active raft config: opid_index: -1 OBSOLETE_local: false peers { permanent_uuid: "561128e413da4f5b971bf5a25f35f824" member_type: VOTER last_known_addr { host: "127.24.109.65" port: 34303 } } peers { permanent_uuid: "0d2b0aaeda3544dbbfa488c26f64e654" member_type: VOTER last_known_addr { host: "127.24.109.66" port: 37615 } } peers { permanent_uuid: "5c33990a349448f1b595ee360f3af012" member_type: VOTER last_known_addr { host: "127.24.109.67" port: 41959 } }
I20260608 12:49:27.915882 25879 consensus_queue.cc:237] T 18ebfed6a95847a5a22ecf3a39366581 P 561128e413da4f5b971bf5a25f35f824 [LEADER]: Queue going to LEADER mode. State: All replicated index: 0, Majority replicated index: 0, Committed index: 0, Last appended: 0.0, Last appended by leader: 0, Current term: 1, Majority size: 2, State: 0, Mode: LEADER, active raft config: opid_index: -1 OBSOLETE_local: false peers { permanent_uuid: "561128e413da4f5b971bf5a25f35f824" member_type: VOTER last_known_addr { host: "127.24.109.65" port: 34303 } } peers { permanent_uuid: "0d2b0aaeda3544dbbfa488c26f64e654" member_type: VOTER last_known_addr { host: "127.24.109.66" port: 37615 } } peers { permanent_uuid: "5c33990a349448f1b595ee360f3af012" member_type: VOTER last_known_addr { host: "127.24.109.67" port: 41959 } }
I20260608 12:49:27.924165 25576 catalog_manager.cc:5696] T 3bc85fdd70984ce992dabc5ebe2bc68b P 5c33990a349448f1b595ee360f3af012 reported cstate change: term changed from 0 to 1, leader changed from <none> to 5c33990a349448f1b595ee360f3af012 (127.24.109.67). New cstate: current_term: 1 leader_uuid: "5c33990a349448f1b595ee360f3af012" committed_config { opid_index: -1 OBSOLETE_local: false peers { permanent_uuid: "561128e413da4f5b971bf5a25f35f824" member_type: VOTER last_known_addr { host: "127.24.109.65" port: 34303 } health_report { overall_health: UNKNOWN } } peers { permanent_uuid: "0d2b0aaeda3544dbbfa488c26f64e654" member_type: VOTER last_known_addr { host: "127.24.109.66" port: 37615 } health_report { overall_health: UNKNOWN } } peers { permanent_uuid: "5c33990a349448f1b595ee360f3af012" member_type: VOTER last_known_addr { host: "127.24.109.67" port: 41959 } health_report { overall_health: HEALTHY } } }
I20260608 12:49:27.924353 25578 catalog_manager.cc:5696] T 18ebfed6a95847a5a22ecf3a39366581 P 561128e413da4f5b971bf5a25f35f824 reported cstate change: term changed from 0 to 1, leader changed from <none> to 561128e413da4f5b971bf5a25f35f824 (127.24.109.65). New cstate: current_term: 1 leader_uuid: "561128e413da4f5b971bf5a25f35f824" committed_config { opid_index: -1 OBSOLETE_local: false peers { permanent_uuid: "561128e413da4f5b971bf5a25f35f824" member_type: VOTER last_known_addr { host: "127.24.109.65" port: 34303 } health_report { overall_health: HEALTHY } } peers { permanent_uuid: "0d2b0aaeda3544dbbfa488c26f64e654" member_type: VOTER last_known_addr { host: "127.24.109.66" port: 37615 } health_report { overall_health: UNKNOWN } } peers { permanent_uuid: "5c33990a349448f1b595ee360f3af012" member_type: VOTER last_known_addr { host: "127.24.109.67" port: 41959 } health_report { overall_health: UNKNOWN } } }
I20260608 12:49:27.978113 25879 raft_consensus.cc:493] T a332f71ae1f84e94a6f17e9b375aad65 P 561128e413da4f5b971bf5a25f35f824 [term 0 FOLLOWER]: Starting pre-election (no leader contacted us within the election timeout)
I20260608 12:49:27.978617 25879 raft_consensus.cc:515] T a332f71ae1f84e94a6f17e9b375aad65 P 561128e413da4f5b971bf5a25f35f824 [term 0 FOLLOWER]: Starting pre-election with config: opid_index: -1 OBSOLETE_local: false peers { permanent_uuid: "561128e413da4f5b971bf5a25f35f824" member_type: VOTER last_known_addr { host: "127.24.109.65" port: 34303 } } peers { permanent_uuid: "0d2b0aaeda3544dbbfa488c26f64e654" member_type: VOTER last_known_addr { host: "127.24.109.66" port: 37615 } } peers { permanent_uuid: "5c33990a349448f1b595ee360f3af012" member_type: VOTER last_known_addr { host: "127.24.109.67" port: 41959 } }
I20260608 12:49:27.980492 25879 leader_election.cc:290] T a332f71ae1f84e94a6f17e9b375aad65 P 561128e413da4f5b971bf5a25f35f824 [CANDIDATE]: Term 1 pre-election: Requested pre-vote from peers 0d2b0aaeda3544dbbfa488c26f64e654 (127.24.109.66:37615), 5c33990a349448f1b595ee360f3af012 (127.24.109.67:41959)
I20260608 12:49:27.981324 25756 tablet_service.cc:1917] Received RequestConsensusVote() RPC: tablet_id: "a332f71ae1f84e94a6f17e9b375aad65" candidate_uuid: "561128e413da4f5b971bf5a25f35f824" candidate_term: 1 candidate_status { last_received { term: 0 index: 0 } } ignore_live_leader: false dest_uuid: "0d2b0aaeda3544dbbfa488c26f64e654" is_pre_election: true
I20260608 12:49:27.981594 25829 tablet_service.cc:1917] Received RequestConsensusVote() RPC: tablet_id: "a332f71ae1f84e94a6f17e9b375aad65" candidate_uuid: "561128e413da4f5b971bf5a25f35f824" candidate_term: 1 candidate_status { last_received { term: 0 index: 0 } } ignore_live_leader: false dest_uuid: "5c33990a349448f1b595ee360f3af012" is_pre_election: true
I20260608 12:49:27.981860 25756 raft_consensus.cc:2468] T a332f71ae1f84e94a6f17e9b375aad65 P 0d2b0aaeda3544dbbfa488c26f64e654 [term 0 FOLLOWER]: Leader pre-election vote request: Granting yes vote for candidate 561128e413da4f5b971bf5a25f35f824 in term 0.
I20260608 12:49:27.982161 25829 raft_consensus.cc:2468] T a332f71ae1f84e94a6f17e9b375aad65 P 5c33990a349448f1b595ee360f3af012 [term 0 FOLLOWER]: Leader pre-election vote request: Granting yes vote for candidate 561128e413da4f5b971bf5a25f35f824 in term 0.
I20260608 12:49:27.982896 25644 leader_election.cc:304] T a332f71ae1f84e94a6f17e9b375aad65 P 561128e413da4f5b971bf5a25f35f824 [CANDIDATE]: Term 1 pre-election: Election decided. Result: candidate won. Election summary: received 2 responses out of 3 voters: 2 yes votes; 0 no votes. yes voters: 0d2b0aaeda3544dbbfa488c26f64e654, 561128e413da4f5b971bf5a25f35f824; no voters: 
I20260608 12:49:27.983786 25879 raft_consensus.cc:2804] T a332f71ae1f84e94a6f17e9b375aad65 P 561128e413da4f5b971bf5a25f35f824 [term 0 FOLLOWER]: Leader pre-election won for term 1
I20260608 12:49:27.984431 25879 raft_consensus.cc:493] T a332f71ae1f84e94a6f17e9b375aad65 P 561128e413da4f5b971bf5a25f35f824 [term 0 FOLLOWER]: Starting leader election (no leader contacted us within the election timeout)
I20260608 12:49:27.984700 25879 raft_consensus.cc:3060] T a332f71ae1f84e94a6f17e9b375aad65 P 561128e413da4f5b971bf5a25f35f824 [term 0 FOLLOWER]: Advancing to term 1
I20260608 12:49:27.989140 25879 raft_consensus.cc:515] T a332f71ae1f84e94a6f17e9b375aad65 P 561128e413da4f5b971bf5a25f35f824 [term 1 FOLLOWER]: Starting leader election with config: opid_index: -1 OBSOLETE_local: false peers { permanent_uuid: "561128e413da4f5b971bf5a25f35f824" member_type: VOTER last_known_addr { host: "127.24.109.65" port: 34303 } } peers { permanent_uuid: "0d2b0aaeda3544dbbfa488c26f64e654" member_type: VOTER last_known_addr { host: "127.24.109.66" port: 37615 } } peers { permanent_uuid: "5c33990a349448f1b595ee360f3af012" member_type: VOTER last_known_addr { host: "127.24.109.67" port: 41959 } }
I20260608 12:49:27.990823 25879 leader_election.cc:290] T a332f71ae1f84e94a6f17e9b375aad65 P 561128e413da4f5b971bf5a25f35f824 [CANDIDATE]: Term 1 election: Requested vote from peers 0d2b0aaeda3544dbbfa488c26f64e654 (127.24.109.66:37615), 5c33990a349448f1b595ee360f3af012 (127.24.109.67:41959)
I20260608 12:49:27.991609 25756 tablet_service.cc:1917] Received RequestConsensusVote() RPC: tablet_id: "a332f71ae1f84e94a6f17e9b375aad65" candidate_uuid: "561128e413da4f5b971bf5a25f35f824" candidate_term: 1 candidate_status { last_received { term: 0 index: 0 } } ignore_live_leader: false dest_uuid: "0d2b0aaeda3544dbbfa488c26f64e654"
I20260608 12:49:27.991954 25829 tablet_service.cc:1917] Received RequestConsensusVote() RPC: tablet_id: "a332f71ae1f84e94a6f17e9b375aad65" candidate_uuid: "561128e413da4f5b971bf5a25f35f824" candidate_term: 1 candidate_status { last_received { term: 0 index: 0 } } ignore_live_leader: false dest_uuid: "5c33990a349448f1b595ee360f3af012"
I20260608 12:49:27.992281 25756 raft_consensus.cc:3060] T a332f71ae1f84e94a6f17e9b375aad65 P 0d2b0aaeda3544dbbfa488c26f64e654 [term 0 FOLLOWER]: Advancing to term 1
I20260608 12:49:27.992487 25829 raft_consensus.cc:3060] T a332f71ae1f84e94a6f17e9b375aad65 P 5c33990a349448f1b595ee360f3af012 [term 0 FOLLOWER]: Advancing to term 1
I20260608 12:49:27.998840 25829 raft_consensus.cc:2468] T a332f71ae1f84e94a6f17e9b375aad65 P 5c33990a349448f1b595ee360f3af012 [term 1 FOLLOWER]: Leader election vote request: Granting yes vote for candidate 561128e413da4f5b971bf5a25f35f824 in term 1.
I20260608 12:49:27.998840 25756 raft_consensus.cc:2468] T a332f71ae1f84e94a6f17e9b375aad65 P 0d2b0aaeda3544dbbfa488c26f64e654 [term 1 FOLLOWER]: Leader election vote request: Granting yes vote for candidate 561128e413da4f5b971bf5a25f35f824 in term 1.
I20260608 12:49:28.000226 25644 leader_election.cc:304] T a332f71ae1f84e94a6f17e9b375aad65 P 561128e413da4f5b971bf5a25f35f824 [CANDIDATE]: Term 1 election: Election decided. Result: candidate won. Election summary: received 2 responses out of 3 voters: 2 yes votes; 0 no votes. yes voters: 0d2b0aaeda3544dbbfa488c26f64e654, 561128e413da4f5b971bf5a25f35f824; no voters: 
I20260608 12:49:28.000905 25879 raft_consensus.cc:2804] T a332f71ae1f84e94a6f17e9b375aad65 P 561128e413da4f5b971bf5a25f35f824 [term 1 FOLLOWER]: Leader election won for term 1
I20260608 12:49:28.001289 25879 raft_consensus.cc:697] T a332f71ae1f84e94a6f17e9b375aad65 P 561128e413da4f5b971bf5a25f35f824 [term 1 LEADER]: Becoming Leader. State: Replica: 561128e413da4f5b971bf5a25f35f824, State: Running, Role: LEADER
I20260608 12:49:28.002069 25879 consensus_queue.cc:237] T a332f71ae1f84e94a6f17e9b375aad65 P 561128e413da4f5b971bf5a25f35f824 [LEADER]: Queue going to LEADER mode. State: All replicated index: 0, Majority replicated index: 0, Committed index: 0, Last appended: 0.0, Last appended by leader: 0, Current term: 1, Majority size: 2, State: 0, Mode: LEADER, active raft config: opid_index: -1 OBSOLETE_local: false peers { permanent_uuid: "561128e413da4f5b971bf5a25f35f824" member_type: VOTER last_known_addr { host: "127.24.109.65" port: 34303 } } peers { permanent_uuid: "0d2b0aaeda3544dbbfa488c26f64e654" member_type: VOTER last_known_addr { host: "127.24.109.66" port: 37615 } } peers { permanent_uuid: "5c33990a349448f1b595ee360f3af012" member_type: VOTER last_known_addr { host: "127.24.109.67" port: 41959 } }
I20260608 12:49:28.009079 25578 catalog_manager.cc:5696] T a332f71ae1f84e94a6f17e9b375aad65 P 561128e413da4f5b971bf5a25f35f824 reported cstate change: term changed from 0 to 1, leader changed from <none> to 561128e413da4f5b971bf5a25f35f824 (127.24.109.65). New cstate: current_term: 1 leader_uuid: "561128e413da4f5b971bf5a25f35f824" committed_config { opid_index: -1 OBSOLETE_local: false peers { permanent_uuid: "561128e413da4f5b971bf5a25f35f824" member_type: VOTER last_known_addr { host: "127.24.109.65" port: 34303 } health_report { overall_health: HEALTHY } } peers { permanent_uuid: "0d2b0aaeda3544dbbfa488c26f64e654" member_type: VOTER last_known_addr { host: "127.24.109.66" port: 37615 } health_report { overall_health: UNKNOWN } } peers { permanent_uuid: "5c33990a349448f1b595ee360f3af012" member_type: VOTER last_known_addr { host: "127.24.109.67" port: 41959 } health_report { overall_health: UNKNOWN } } }
I20260608 12:49:28.015304 25901 consensus_queue.cc:1048] T 2eca1442298c41e78a8f6853234bad32 P 0d2b0aaeda3544dbbfa488c26f64e654 [LEADER]: Connected to new peer: Peer: permanent_uuid: "5c33990a349448f1b595ee360f3af012" member_type: VOTER last_known_addr { host: "127.24.109.67" port: 41959 }, Status: LMP_MISMATCH, Last received: 0.0, Next index: 1, Last known committed idx: 0, Time since last communication: 0.000s
I20260608 12:49:28.027173 25902 consensus_queue.cc:1048] T 2eca1442298c41e78a8f6853234bad32 P 0d2b0aaeda3544dbbfa488c26f64e654 [LEADER]: Connected to new peer: Peer: permanent_uuid: "561128e413da4f5b971bf5a25f35f824" member_type: VOTER last_known_addr { host: "127.24.109.65" port: 34303 }, Status: LMP_MISMATCH, Last received: 0.0, Next index: 1, Last known committed idx: 0, Time since last communication: 0.000s
I20260608 12:49:28.075805 25013 file_cache.cc:492] Constructed file cache file cache with capacity 419430
W20260608 12:49:28.083379 25933 instance_detector.cc:116] could not retrieve AWS instance metadata: Network error: curl error: HTTP response code said error: The requested URL returned error: 404
W20260608 12:49:28.084422 25934 instance_detector.cc:116] could not retrieve Azure instance metadata: Network error: curl error: HTTP response code said error: The requested URL returned error: 404
W20260608 12:49:28.084800 25936 instance_detector.cc:116] could not retrieve OpenStack instance metadata: Network error: curl error: HTTP response code said error: The requested URL returned error: 404
I20260608 12:49:28.085604 25013 server_base.cc:1061] running on GCE node
I20260608 12:49:28.086460 25013 hybrid_clock.cc:584] initializing the hybrid clock with 'system_unsync' time source
W20260608 12:49:28.086654 25013 system_unsync_time.cc:38] NTP support is disabled. Clock error bounds will not be accurate. This configuration is not suitable for distributed clusters.
I20260608 12:49:28.086858 25013 hybrid_clock.cc:648] HybridClock initialized: now 1780922968086839 us; error 0 us; skew 500 ppm
I20260608 12:49:28.087568 25013 server_base.cc:861] Flag tcmalloc_max_total_thread_cache_bytes is not working since tcmalloc is not enabled.
I20260608 12:49:28.089962 25013 webserver.cc:533] Webserver started at http://127.24.109.68:34843/ using document root <none> and password file <none>
I20260608 12:49:28.090435 25013 fs_manager.cc:362] Metadata directory not provided
I20260608 12:49:28.090600 25013 fs_manager.cc:368] Using write-ahead log directory (fs_wal_dir) as metadata directory
I20260608 12:49:28.090867 25013 server_base.cc:909] This appears to be a new deployment of Kudu; creating new FS layout
I20260608 12:49:28.091943 25013 fs_manager.cc:1068] Generated new instance metadata in path /tmp/dist-test-taskWLBWdL/test-tmp/auto_rebalancer-test.0.AutoRebalancerTest.AutoRebalancingTurnOffAndOn.1780922960619661-25013-0/minicluster-data/ts-3-root/instance:
uuid: "ba6dba853e7f42c79c16a3ea558c4b90"
format_stamp: "Formatted at 2026-06-08 12:49:28 on dist-test-slave-kh0l"
I20260608 12:49:28.096454 25013 fs_manager.cc:696] Time spent creating directory manager: real 0.004s	user 0.004s	sys 0.000s
I20260608 12:49:28.099787 25941 log_block_manager.cc:4031] Time spent loading block containers with low live blocks: real 0.000s	user 0.000s	sys 0.000s
I20260608 12:49:28.100586 25013 fs_manager.cc:730] Time spent opening block manager: real 0.002s	user 0.002s	sys 0.001s
I20260608 12:49:28.100858 25013 fs_manager.cc:647] Opened local filesystem: /tmp/dist-test-taskWLBWdL/test-tmp/auto_rebalancer-test.0.AutoRebalancerTest.AutoRebalancingTurnOffAndOn.1780922960619661-25013-0/minicluster-data/ts-3-root
uuid: "ba6dba853e7f42c79c16a3ea558c4b90"
format_stamp: "Formatted at 2026-06-08 12:49:28 on dist-test-slave-kh0l"
I20260608 12:49:28.101121 25013 fs_report.cc:389] FS layout report
--------------------
wal directory: /tmp/dist-test-taskWLBWdL/test-tmp/auto_rebalancer-test.0.AutoRebalancerTest.AutoRebalancingTurnOffAndOn.1780922960619661-25013-0/minicluster-data/ts-3-root
metadata directory: /tmp/dist-test-taskWLBWdL/test-tmp/auto_rebalancer-test.0.AutoRebalancerTest.AutoRebalancingTurnOffAndOn.1780922960619661-25013-0/minicluster-data/ts-3-root
1 data directories: /tmp/dist-test-taskWLBWdL/test-tmp/auto_rebalancer-test.0.AutoRebalancerTest.AutoRebalancingTurnOffAndOn.1780922960619661-25013-0/minicluster-data/ts-3-root/data
Total live blocks: 0
Total live bytes: 0
Total live bytes (after alignment): 0
Total number of LBM containers: 0 (0 full)
Did not check for missing blocks
Did not check for orphaned blocks
Total full LBM containers with extra space: 0 (0 repaired)
Total full LBM container extra space in bytes: 0 (0 repaired)
Total incomplete LBM containers: 0 (0 repaired)
Total LBM partial records: 0 (0 repaired)
Total corrupted LBM metadata records in RocksDB: 0 (0 repaired)
I20260608 12:49:28.123432 25013 rpc_server.cc:225] running with OpenSSL 1.1.1  11 Sep 2018
I20260608 12:49:28.124640 25013 kserver.cc:163] Server-wide thread pool size limit: 3276
I20260608 12:49:28.125887 25013 txn_system_client.cc:432] TxnSystemClient initialization is disabled...
I20260608 12:49:28.128053 25013 ts_tablet_manager.cc:585] Loaded tablet metadata (0 total tablets, 0 live tablets)
I20260608 12:49:28.128343 25013 ts_tablet_manager.cc:531] Time spent load tablet metadata: real 0.000s	user 0.000s	sys 0.000s
I20260608 12:49:28.128582 25013 ts_tablet_manager.cc:616] Registered 0 tablets
I20260608 12:49:28.128741 25013 ts_tablet_manager.cc:595] Time spent register tablets: real 0.000s	user 0.000s	sys 0.000s
I20260608 12:49:28.158044 25914 consensus_queue.cc:1048] T 912c893dadeb4d369b087b448813d833 P 5c33990a349448f1b595ee360f3af012 [LEADER]: Connected to new peer: Peer: permanent_uuid: "0d2b0aaeda3544dbbfa488c26f64e654" member_type: VOTER last_known_addr { host: "127.24.109.66" port: 37615 }, Status: LMP_MISMATCH, Last received: 0.0, Next index: 1, Last known committed idx: 0, Time since last communication: 0.000s
I20260608 12:49:28.168954 25681 raft_consensus.cc:3060] T 912c893dadeb4d369b087b448813d833 P 561128e413da4f5b971bf5a25f35f824 [term 0 FOLLOWER]: Advancing to term 1
I20260608 12:49:28.177284 25889 consensus_queue.cc:1048] T 912c893dadeb4d369b087b448813d833 P 5c33990a349448f1b595ee360f3af012 [LEADER]: Connected to new peer: Peer: permanent_uuid: "561128e413da4f5b971bf5a25f35f824" member_type: VOTER last_known_addr { host: "127.24.109.65" port: 34303 }, Status: LMP_MISMATCH, Last received: 0.0, Next index: 1, Last known committed idx: 0, Time since last communication: 0.000s
I20260608 12:49:28.186185 25013 rpc_server.cc:307] RPC server started. Bound to: 127.24.109.68:40975
I20260608 12:49:28.186334 26005 acceptor_pool.cc:272] collecting diagnostics on the listening RPC socket 127.24.109.68:40975 every 8 connection(s)
I20260608 12:49:28.207172 26006 heartbeater.cc:344] Connected to a master server at 127.24.109.126:43371
I20260608 12:49:28.207571 26006 heartbeater.cc:461] Registering TS with master...
I20260608 12:49:28.208377 26006 heartbeater.cc:507] Master 127.24.109.126:43371 requested a full tablet report, sending...
I20260608 12:49:28.210273 25578 ts_manager.cc:194] Registered new tserver with Master: ba6dba853e7f42c79c16a3ea558c4b90 (127.24.109.68:40975)
I20260608 12:49:28.211654 25578 master_service.cc:502] Signed X509 certificate for tserver {username='slave'} at 127.0.0.1:60934
I20260608 12:49:28.275892 25902 consensus_queue.cc:1048] T c3e7a78f0228477daa79546c8e5ae5d5 P 0d2b0aaeda3544dbbfa488c26f64e654 [LEADER]: Connected to new peer: Peer: permanent_uuid: "5c33990a349448f1b595ee360f3af012" member_type: VOTER last_known_addr { host: "127.24.109.67" port: 41959 }, Status: LMP_MISMATCH, Last received: 0.0, Next index: 1, Last known committed idx: 0, Time since last communication: 0.000s
I20260608 12:49:28.286461 25885 consensus_queue.cc:1048] T c3e7a78f0228477daa79546c8e5ae5d5 P 0d2b0aaeda3544dbbfa488c26f64e654 [LEADER]: Connected to new peer: Peer: permanent_uuid: "561128e413da4f5b971bf5a25f35f824" member_type: VOTER last_known_addr { host: "127.24.109.65" port: 34303 }, Status: LMP_MISMATCH, Last received: 0.0, Next index: 1, Last known committed idx: 0, Time since last communication: 0.000s
I20260608 12:49:28.312619 25889 consensus_queue.cc:1048] T 3bc85fdd70984ce992dabc5ebe2bc68b P 5c33990a349448f1b595ee360f3af012 [LEADER]: Connected to new peer: Peer: permanent_uuid: "0d2b0aaeda3544dbbfa488c26f64e654" member_type: VOTER last_known_addr { host: "127.24.109.66" port: 37615 }, Status: LMP_MISMATCH, Last received: 0.0, Next index: 1, Last known committed idx: 0, Time since last communication: 0.000s
I20260608 12:49:28.323693 25913 consensus_queue.cc:1048] T 3bc85fdd70984ce992dabc5ebe2bc68b P 5c33990a349448f1b595ee360f3af012 [LEADER]: Connected to new peer: Peer: permanent_uuid: "561128e413da4f5b971bf5a25f35f824" member_type: VOTER last_known_addr { host: "127.24.109.65" port: 34303 }, Status: LMP_MISMATCH, Last received: 0.0, Next index: 1, Last known committed idx: 0, Time since last communication: 0.000s
I20260608 12:49:28.325959 25885 consensus_queue.cc:1048] T b244abff99e84ef2961e4e104c73fb0d P 0d2b0aaeda3544dbbfa488c26f64e654 [LEADER]: Connected to new peer: Peer: permanent_uuid: "561128e413da4f5b971bf5a25f35f824" member_type: VOTER last_known_addr { host: "127.24.109.65" port: 34303 }, Status: LMP_MISMATCH, Last received: 0.0, Next index: 1, Last known committed idx: 0, Time since last communication: 0.000s
I20260608 12:49:28.327237 25879 consensus_queue.cc:1048] T 18ebfed6a95847a5a22ecf3a39366581 P 561128e413da4f5b971bf5a25f35f824 [LEADER]: Connected to new peer: Peer: permanent_uuid: "5c33990a349448f1b595ee360f3af012" member_type: VOTER last_known_addr { host: "127.24.109.67" port: 41959 }, Status: LMP_MISMATCH, Last received: 0.0, Next index: 1, Last known committed idx: 0, Time since last communication: 0.000s
I20260608 12:49:28.349844 25902 consensus_queue.cc:1048] T b244abff99e84ef2961e4e104c73fb0d P 0d2b0aaeda3544dbbfa488c26f64e654 [LEADER]: Connected to new peer: Peer: permanent_uuid: "5c33990a349448f1b595ee360f3af012" member_type: VOTER last_known_addr { host: "127.24.109.67" port: 41959 }, Status: LMP_MISMATCH, Last received: 0.0, Next index: 1, Last known committed idx: 0, Time since last communication: 0.000s
I20260608 12:49:28.354506 26016 consensus_queue.cc:1048] T 18ebfed6a95847a5a22ecf3a39366581 P 561128e413da4f5b971bf5a25f35f824 [LEADER]: Connected to new peer: Peer: permanent_uuid: "0d2b0aaeda3544dbbfa488c26f64e654" member_type: VOTER last_known_addr { host: "127.24.109.66" port: 37615 }, Status: LMP_MISMATCH, Last received: 0.0, Next index: 1, Last known committed idx: 0, Time since last communication: 0.000s
I20260608 12:49:28.391271 25902 consensus_queue.cc:1048] T 31f0ea7e27814236bd3976ac1005140b P 0d2b0aaeda3544dbbfa488c26f64e654 [LEADER]: Connected to new peer: Peer: permanent_uuid: "5c33990a349448f1b595ee360f3af012" member_type: VOTER last_known_addr { host: "127.24.109.67" port: 41959 }, Status: LMP_MISMATCH, Last received: 0.0, Next index: 1, Last known committed idx: 0, Time since last communication: 0.000s
I20260608 12:49:28.402037 25885 consensus_queue.cc:1048] T 31f0ea7e27814236bd3976ac1005140b P 0d2b0aaeda3544dbbfa488c26f64e654 [LEADER]: Connected to new peer: Peer: permanent_uuid: "561128e413da4f5b971bf5a25f35f824" member_type: VOTER last_known_addr { host: "127.24.109.65" port: 34303 }, Status: LMP_MISMATCH, Last received: 0.0, Next index: 1, Last known committed idx: 0, Time since last communication: 0.000s
I20260608 12:49:28.539047 26016 consensus_queue.cc:1048] T a332f71ae1f84e94a6f17e9b375aad65 P 561128e413da4f5b971bf5a25f35f824 [LEADER]: Connected to new peer: Peer: permanent_uuid: "0d2b0aaeda3544dbbfa488c26f64e654" member_type: VOTER last_known_addr { host: "127.24.109.66" port: 37615 }, Status: LMP_MISMATCH, Last received: 0.0, Next index: 1, Last known committed idx: 0, Time since last communication: 0.000s
I20260608 12:49:28.550470 25879 consensus_queue.cc:1048] T a332f71ae1f84e94a6f17e9b375aad65 P 561128e413da4f5b971bf5a25f35f824 [LEADER]: Connected to new peer: Peer: permanent_uuid: "5c33990a349448f1b595ee360f3af012" member_type: VOTER last_known_addr { host: "127.24.109.67" port: 41959 }, Status: LMP_MISMATCH, Last received: 0.0, Next index: 1, Last known committed idx: 0, Time since last communication: 0.000s
I20260608 12:49:29.213837 26006 heartbeater.cc:499] Master 127.24.109.126:43371 was elected leader, sending a full tablet report...
I20260608 12:49:29.654973 25632 auto_leader_rebalancer.cc:140] leader rebalance for table test-workload
I20260608 12:49:29.674086 25756 tablet_service.cc:2072] Received LeaderStepDown RPC: tablet_id: "b244abff99e84ef2961e4e104c73fb0d"
dest_uuid: "0d2b0aaeda3544dbbfa488c26f64e654"
mode: GRACEFUL
new_leader_uuid: "561128e413da4f5b971bf5a25f35f824"
 from {username='slave'} at 127.0.0.1:44764
I20260608 12:49:29.674652 25756 raft_consensus.cc:606] T b244abff99e84ef2961e4e104c73fb0d P 0d2b0aaeda3544dbbfa488c26f64e654 [term 1 LEADER]: Received request to transfer leadership to TS 561128e413da4f5b971bf5a25f35f824
I20260608 12:49:29.675817 25632 auto_leader_rebalancer.cc:388] table: test-workload, leader rebalance finish, leader transfer count: 1
I20260608 12:49:29.676322 25632 auto_leader_rebalancer.cc:451] All tables' leader rebalancing finished this round
I20260608 12:49:30.060750 25902 raft_consensus.cc:993] T b244abff99e84ef2961e4e104c73fb0d P 0d2b0aaeda3544dbbfa488c26f64e654: : Instructing follower 561128e413da4f5b971bf5a25f35f824 to start an election
I20260608 12:49:30.061167 26027 raft_consensus.cc:1081] T b244abff99e84ef2961e4e104c73fb0d P 0d2b0aaeda3544dbbfa488c26f64e654 [term 1 LEADER]: Signalling peer 561128e413da4f5b971bf5a25f35f824 to start an election
I20260608 12:49:30.062783 25680 tablet_service.cc:2044] Received Run Leader Election RPC: tablet_id: "b244abff99e84ef2961e4e104c73fb0d"
dest_uuid: "561128e413da4f5b971bf5a25f35f824"
 from {username='slave'} at 127.0.0.1:39822
I20260608 12:49:30.063278 25680 raft_consensus.cc:493] T b244abff99e84ef2961e4e104c73fb0d P 561128e413da4f5b971bf5a25f35f824 [term 1 FOLLOWER]: Starting forced leader election (received explicit request)
I20260608 12:49:30.063588 25680 raft_consensus.cc:3060] T b244abff99e84ef2961e4e104c73fb0d P 561128e413da4f5b971bf5a25f35f824 [term 1 FOLLOWER]: Advancing to term 2
I20260608 12:49:30.068216 25680 raft_consensus.cc:515] T b244abff99e84ef2961e4e104c73fb0d P 561128e413da4f5b971bf5a25f35f824 [term 2 FOLLOWER]: Starting forced leader election with config: opid_index: -1 OBSOLETE_local: false peers { permanent_uuid: "561128e413da4f5b971bf5a25f35f824" member_type: VOTER last_known_addr { host: "127.24.109.65" port: 34303 } } peers { permanent_uuid: "0d2b0aaeda3544dbbfa488c26f64e654" member_type: VOTER last_known_addr { host: "127.24.109.66" port: 37615 } } peers { permanent_uuid: "5c33990a349448f1b595ee360f3af012" member_type: VOTER last_known_addr { host: "127.24.109.67" port: 41959 } }
I20260608 12:49:30.069967 25680 leader_election.cc:290] T b244abff99e84ef2961e4e104c73fb0d P 561128e413da4f5b971bf5a25f35f824 [CANDIDATE]: Term 2 election: Requested vote from peers 0d2b0aaeda3544dbbfa488c26f64e654 (127.24.109.66:37615), 5c33990a349448f1b595ee360f3af012 (127.24.109.67:41959)
I20260608 12:49:30.070994 25830 tablet_service.cc:1917] Received RequestConsensusVote() RPC: tablet_id: "b244abff99e84ef2961e4e104c73fb0d" candidate_uuid: "561128e413da4f5b971bf5a25f35f824" candidate_term: 2 candidate_status { last_received { term: 1 index: 1 } } ignore_live_leader: true dest_uuid: "5c33990a349448f1b595ee360f3af012"
I20260608 12:49:30.070997 25756 tablet_service.cc:1917] Received RequestConsensusVote() RPC: tablet_id: "b244abff99e84ef2961e4e104c73fb0d" candidate_uuid: "561128e413da4f5b971bf5a25f35f824" candidate_term: 2 candidate_status { last_received { term: 1 index: 1 } } ignore_live_leader: true dest_uuid: "0d2b0aaeda3544dbbfa488c26f64e654"
I20260608 12:49:30.071606 25830 raft_consensus.cc:3060] T b244abff99e84ef2961e4e104c73fb0d P 5c33990a349448f1b595ee360f3af012 [term 1 FOLLOWER]: Advancing to term 2
I20260608 12:49:30.071751 25756 raft_consensus.cc:3055] T b244abff99e84ef2961e4e104c73fb0d P 0d2b0aaeda3544dbbfa488c26f64e654 [term 1 LEADER]: Stepping down as leader of term 1
I20260608 12:49:30.072122 25756 raft_consensus.cc:740] T b244abff99e84ef2961e4e104c73fb0d P 0d2b0aaeda3544dbbfa488c26f64e654 [term 1 LEADER]: Becoming Follower/Learner. State: Replica: 0d2b0aaeda3544dbbfa488c26f64e654, State: Running, Role: LEADER
I20260608 12:49:30.072830 25756 consensus_queue.cc:260] T b244abff99e84ef2961e4e104c73fb0d P 0d2b0aaeda3544dbbfa488c26f64e654 [NON_LEADER]: Queue going to NON_LEADER mode. State: All replicated index: 0, Majority replicated index: 1, Committed index: 1, Last appended: 1.1, Last appended by leader: 1, Current term: 1, Majority size: -1, State: 0, Mode: NON_LEADER, active raft config: opid_index: -1 OBSOLETE_local: false peers { permanent_uuid: "561128e413da4f5b971bf5a25f35f824" member_type: VOTER last_known_addr { host: "127.24.109.65" port: 34303 } } peers { permanent_uuid: "0d2b0aaeda3544dbbfa488c26f64e654" member_type: VOTER last_known_addr { host: "127.24.109.66" port: 37615 } } peers { permanent_uuid: "5c33990a349448f1b595ee360f3af012" member_type: VOTER last_known_addr { host: "127.24.109.67" port: 41959 } }
I20260608 12:49:30.073776 25756 raft_consensus.cc:3060] T b244abff99e84ef2961e4e104c73fb0d P 0d2b0aaeda3544dbbfa488c26f64e654 [term 1 FOLLOWER]: Advancing to term 2
I20260608 12:49:30.076197 25830 raft_consensus.cc:2468] T b244abff99e84ef2961e4e104c73fb0d P 5c33990a349448f1b595ee360f3af012 [term 2 FOLLOWER]: Leader election vote request: Granting yes vote for candidate 561128e413da4f5b971bf5a25f35f824 in term 2.
I20260608 12:49:30.077253 25647 leader_election.cc:304] T b244abff99e84ef2961e4e104c73fb0d P 561128e413da4f5b971bf5a25f35f824 [CANDIDATE]: Term 2 election: Election decided. Result: candidate won. Election summary: received 2 responses out of 3 voters: 2 yes votes; 0 no votes. yes voters: 561128e413da4f5b971bf5a25f35f824, 5c33990a349448f1b595ee360f3af012; no voters: 
I20260608 12:49:30.077911 25879 raft_consensus.cc:2804] T b244abff99e84ef2961e4e104c73fb0d P 561128e413da4f5b971bf5a25f35f824 [term 2 FOLLOWER]: Leader election won for term 2
I20260608 12:49:30.078229 25756 raft_consensus.cc:2468] T b244abff99e84ef2961e4e104c73fb0d P 0d2b0aaeda3544dbbfa488c26f64e654 [term 2 FOLLOWER]: Leader election vote request: Granting yes vote for candidate 561128e413da4f5b971bf5a25f35f824 in term 2.
I20260608 12:49:30.079083 25879 raft_consensus.cc:697] T b244abff99e84ef2961e4e104c73fb0d P 561128e413da4f5b971bf5a25f35f824 [term 2 LEADER]: Becoming Leader. State: Replica: 561128e413da4f5b971bf5a25f35f824, State: Running, Role: LEADER
I20260608 12:49:30.080030 25879 consensus_queue.cc:237] T b244abff99e84ef2961e4e104c73fb0d P 561128e413da4f5b971bf5a25f35f824 [LEADER]: Queue going to LEADER mode. State: All replicated index: 0, Majority replicated index: 1, Committed index: 1, Last appended: 1.1, Last appended by leader: 1, Current term: 2, Majority size: 2, State: 0, Mode: LEADER, active raft config: opid_index: -1 OBSOLETE_local: false peers { permanent_uuid: "561128e413da4f5b971bf5a25f35f824" member_type: VOTER last_known_addr { host: "127.24.109.65" port: 34303 } } peers { permanent_uuid: "0d2b0aaeda3544dbbfa488c26f64e654" member_type: VOTER last_known_addr { host: "127.24.109.66" port: 37615 } } peers { permanent_uuid: "5c33990a349448f1b595ee360f3af012" member_type: VOTER last_known_addr { host: "127.24.109.67" port: 41959 } }
I20260608 12:49:30.088465 25577 catalog_manager.cc:5696] T b244abff99e84ef2961e4e104c73fb0d P 561128e413da4f5b971bf5a25f35f824 reported cstate change: term changed from 1 to 2, leader changed from 0d2b0aaeda3544dbbfa488c26f64e654 (127.24.109.66) to 561128e413da4f5b971bf5a25f35f824 (127.24.109.65). New cstate: current_term: 2 leader_uuid: "561128e413da4f5b971bf5a25f35f824" committed_config { opid_index: -1 OBSOLETE_local: false peers { permanent_uuid: "561128e413da4f5b971bf5a25f35f824" member_type: VOTER last_known_addr { host: "127.24.109.65" port: 34303 } health_report { overall_health: HEALTHY } } peers { permanent_uuid: "0d2b0aaeda3544dbbfa488c26f64e654" member_type: VOTER last_known_addr { host: "127.24.109.66" port: 37615 } health_report { overall_health: UNKNOWN } } peers { permanent_uuid: "5c33990a349448f1b595ee360f3af012" member_type: VOTER last_known_addr { host: "127.24.109.67" port: 41959 } health_report { overall_health: UNKNOWN } } }
I20260608 12:49:30.541419 25830 raft_consensus.cc:1275] T b244abff99e84ef2961e4e104c73fb0d P 5c33990a349448f1b595ee360f3af012 [term 2 FOLLOWER]: Refusing update from remote peer 561128e413da4f5b971bf5a25f35f824: Log matching property violated. Preceding OpId in replica: term: 1 index: 1. Preceding OpId from leader: term: 2 index: 2. (index mismatch)
I20260608 12:49:30.542618 25879 consensus_queue.cc:1048] T b244abff99e84ef2961e4e104c73fb0d P 561128e413da4f5b971bf5a25f35f824 [LEADER]: Connected to new peer: Peer: permanent_uuid: "5c33990a349448f1b595ee360f3af012" member_type: VOTER last_known_addr { host: "127.24.109.67" port: 41959 }, Status: LMP_MISMATCH, Last received: 0.0, Next index: 2, Last known committed idx: 1, Time since last communication: 0.000s
I20260608 12:49:30.552084 25756 raft_consensus.cc:1275] T b244abff99e84ef2961e4e104c73fb0d P 0d2b0aaeda3544dbbfa488c26f64e654 [term 2 FOLLOWER]: Refusing update from remote peer 561128e413da4f5b971bf5a25f35f824: Log matching property violated. Preceding OpId in replica: term: 1 index: 1. Preceding OpId from leader: term: 2 index: 2. (index mismatch)
I20260608 12:49:30.554373 26029 consensus_queue.cc:1048] T b244abff99e84ef2961e4e104c73fb0d P 561128e413da4f5b971bf5a25f35f824 [LEADER]: Connected to new peer: Peer: permanent_uuid: "0d2b0aaeda3544dbbfa488c26f64e654" member_type: VOTER last_known_addr { host: "127.24.109.66" port: 37615 }, Status: LMP_MISMATCH, Last received: 0.0, Next index: 2, Last known committed idx: 1, Time since last communication: 0.000s
I20260608 12:49:31.677485 25632 auto_leader_rebalancer.cc:140] leader rebalance for table test-workload
I20260608 12:49:31.684629 25632 auto_leader_rebalancer.cc:388] table: test-workload, leader rebalance finish, leader transfer count: 0
I20260608 12:49:31.685034 25632 auto_leader_rebalancer.cc:451] All tables' leader rebalancing finished this round
