I20260608 12:51:19.712273  9178 ts_tablet_manager.cc:1434] T 2bc079ce85b94c8fac08854fd1080f77 P bf542a5067724f238333bf97b4b7dfb3: Time spent starting tablet: real 0.006s	user 0.005s	sys 0.000s
I20260608 12:51:19.713205  9178 tablet_bootstrap.cc:492] T b8cb353998604b36b2cf03ec710be82f P bf542a5067724f238333bf97b4b7dfb3: Bootstrap starting.
I20260608 12:51:19.715031  9131 raft_consensus.cc:2468] T ff6559cde3bd46f89d2617e4b361d4ad P bf542a5067724f238333bf97b4b7dfb3 [term 1 FOLLOWER]: Leader election vote request: Granting yes vote for candidate b43a3a907e2f4c68bcc623706781b458 in term 1.
I20260608 12:51:19.716275  8944 leader_election.cc:304] T ff6559cde3bd46f89d2617e4b361d4ad P b43a3a907e2f4c68bcc623706781b458 [CANDIDATE]: Term 1 election: Election decided. Result: candidate won. Election summary: received 2 responses out of 3 voters: 2 yes votes; 0 no votes. yes voters: b43a3a907e2f4c68bcc623706781b458, bf542a5067724f238333bf97b4b7dfb3; no voters: 
I20260608 12:51:19.705003  9056 raft_consensus.cc:2468] T ff6559cde3bd46f89d2617e4b361d4ad P e36792ccc66c466d88b9c9a320f0c392 [term 1 FOLLOWER]: Leader election vote request: Granting yes vote for candidate b43a3a907e2f4c68bcc623706781b458 in term 1.
I20260608 12:51:19.717252  9186 raft_consensus.cc:2804] T ff6559cde3bd46f89d2617e4b361d4ad P b43a3a907e2f4c68bcc623706781b458 [term 1 FOLLOWER]: Leader election won for term 1
I20260608 12:51:19.718994  9194 leader_election.cc:290] T ff6559cde3bd46f89d2617e4b361d4ad P b43a3a907e2f4c68bcc623706781b458 [CANDIDATE]: Term 1 election: Requested vote from peers e36792ccc66c466d88b9c9a320f0c392 (127.4.106.2:45429), bf542a5067724f238333bf97b4b7dfb3 (127.4.106.3:35223)
I20260608 12:51:19.719681  9178 tablet_bootstrap.cc:654] T b8cb353998604b36b2cf03ec710be82f P bf542a5067724f238333bf97b4b7dfb3: Neither blocks nor log segments found. Creating new log.
I20260608 12:51:19.724546  9179 tablet_bootstrap.cc:492] T 577ce7d5c95540e4a2a81ebdbffda64c P b43a3a907e2f4c68bcc623706781b458: No bootstrap required, opened a new log
I20260608 12:51:19.725275  9179 ts_tablet_manager.cc:1403] T 577ce7d5c95540e4a2a81ebdbffda64c P b43a3a907e2f4c68bcc623706781b458: Time spent bootstrapping tablet: real 0.058s	user 0.014s	sys 0.001s
I20260608 12:51:19.727310  9178 tablet_bootstrap.cc:492] T b8cb353998604b36b2cf03ec710be82f P bf542a5067724f238333bf97b4b7dfb3: No bootstrap required, opened a new log
I20260608 12:51:19.727823  9180 raft_consensus.cc:493] T b8cb353998604b36b2cf03ec710be82f P e36792ccc66c466d88b9c9a320f0c392 [term 0 FOLLOWER]: Starting pre-election (no leader contacted us within the election timeout)
I20260608 12:51:19.727857  9178 ts_tablet_manager.cc:1403] T b8cb353998604b36b2cf03ec710be82f P bf542a5067724f238333bf97b4b7dfb3: Time spent bootstrapping tablet: real 0.015s	user 0.007s	sys 0.006s
I20260608 12:51:19.728161  9186 raft_consensus.cc:697] T ff6559cde3bd46f89d2617e4b361d4ad P b43a3a907e2f4c68bcc623706781b458 [term 1 LEADER]: Becoming Leader. State: Replica: b43a3a907e2f4c68bcc623706781b458, State: Running, Role: LEADER
I20260608 12:51:19.728374  9180 raft_consensus.cc:515] T b8cb353998604b36b2cf03ec710be82f P e36792ccc66c466d88b9c9a320f0c392 [term 0 FOLLOWER]: Starting pre-election with config: opid_index: -1 OBSOLETE_local: false peers { permanent_uuid: "b43a3a907e2f4c68bcc623706781b458" member_type: VOTER last_known_addr { host: "127.4.106.1" port: 40615 } } peers { permanent_uuid: "e36792ccc66c466d88b9c9a320f0c392" member_type: VOTER last_known_addr { host: "127.4.106.2" port: 45429 } } peers { permanent_uuid: "bf542a5067724f238333bf97b4b7dfb3" member_type: VOTER last_known_addr { host: "127.4.106.3" port: 35223 } }
I20260608 12:51:19.728391  9179 raft_consensus.cc:359] T 577ce7d5c95540e4a2a81ebdbffda64c P b43a3a907e2f4c68bcc623706781b458 [term 0 FOLLOWER]: Replica starting. Triggering 0 pending ops. Active config: opid_index: -1 OBSOLETE_local: false peers { permanent_uuid: "b43a3a907e2f4c68bcc623706781b458" member_type: VOTER last_known_addr { host: "127.4.106.1" port: 40615 } } peers { permanent_uuid: "e36792ccc66c466d88b9c9a320f0c392" member_type: VOTER last_known_addr { host: "127.4.106.2" port: 45429 } } peers { permanent_uuid: "bf542a5067724f238333bf97b4b7dfb3" member_type: VOTER last_known_addr { host: "127.4.106.3" port: 35223 } }
I20260608 12:51:19.729099  9186 consensus_queue.cc:237] T ff6559cde3bd46f89d2617e4b361d4ad P b43a3a907e2f4c68bcc623706781b458 [LEADER]: Queue going to LEADER mode. State: All replicated index: 0, Majority replicated index: 0, Committed index: 0, Last appended: 0.0, Last appended by leader: 0, Current term: 1, Majority size: 2, State: 0, Mode: LEADER, active raft config: opid_index: -1 OBSOLETE_local: false peers { permanent_uuid: "e36792ccc66c466d88b9c9a320f0c392" member_type: VOTER last_known_addr { host: "127.4.106.2" port: 45429 } } peers { permanent_uuid: "bf542a5067724f238333bf97b4b7dfb3" member_type: VOTER last_known_addr { host: "127.4.106.3" port: 35223 } } peers { permanent_uuid: "b43a3a907e2f4c68bcc623706781b458" member_type: VOTER last_known_addr { host: "127.4.106.1" port: 40615 } }
I20260608 12:51:19.730041  9179 raft_consensus.cc:385] T 577ce7d5c95540e4a2a81ebdbffda64c P b43a3a907e2f4c68bcc623706781b458 [term 0 FOLLOWER]: Consensus starting up: Expiring failure detector timer to make a prompt election more likely
I20260608 12:51:19.730362  9179 raft_consensus.cc:740] T 577ce7d5c95540e4a2a81ebdbffda64c P b43a3a907e2f4c68bcc623706781b458 [term 0 FOLLOWER]: Becoming Follower/Learner. State: Replica: b43a3a907e2f4c68bcc623706781b458, State: Initialized, Role: FOLLOWER
I20260608 12:51:19.730638  9180 leader_election.cc:290] T b8cb353998604b36b2cf03ec710be82f P e36792ccc66c466d88b9c9a320f0c392 [CANDIDATE]: Term 1 pre-election: Requested pre-vote from peers b43a3a907e2f4c68bcc623706781b458 (127.4.106.1:40615), bf542a5067724f238333bf97b4b7dfb3 (127.4.106.3:35223)
I20260608 12:51:19.730861  9178 raft_consensus.cc:359] T b8cb353998604b36b2cf03ec710be82f P bf542a5067724f238333bf97b4b7dfb3 [term 0 FOLLOWER]: Replica starting. Triggering 0 pending ops. Active config: opid_index: -1 OBSOLETE_local: false peers { permanent_uuid: "b43a3a907e2f4c68bcc623706781b458" member_type: VOTER last_known_addr { host: "127.4.106.1" port: 40615 } } peers { permanent_uuid: "e36792ccc66c466d88b9c9a320f0c392" member_type: VOTER last_known_addr { host: "127.4.106.2" port: 45429 } } peers { permanent_uuid: "bf542a5067724f238333bf97b4b7dfb3" member_type: VOTER last_known_addr { host: "127.4.106.3" port: 35223 } }
I20260608 12:51:19.731633  9178 raft_consensus.cc:385] T b8cb353998604b36b2cf03ec710be82f P bf542a5067724f238333bf97b4b7dfb3 [term 0 FOLLOWER]: Consensus starting up: Expiring failure detector timer to make a prompt election more likely
I20260608 12:51:19.731222  9179 consensus_queue.cc:260] T 577ce7d5c95540e4a2a81ebdbffda64c P b43a3a907e2f4c68bcc623706781b458 [NON_LEADER]: Queue going to NON_LEADER mode. State: All replicated index: 0, Majority replicated index: 0, Committed index: 0, Last appended: 0.0, Last appended by leader: 0, Current term: 0, Majority size: -1, State: 0, Mode: NON_LEADER, active raft config: opid_index: -1 OBSOLETE_local: false peers { permanent_uuid: "b43a3a907e2f4c68bcc623706781b458" member_type: VOTER last_known_addr { host: "127.4.106.1" port: 40615 } } peers { permanent_uuid: "e36792ccc66c466d88b9c9a320f0c392" member_type: VOTER last_known_addr { host: "127.4.106.2" port: 45429 } } peers { permanent_uuid: "bf542a5067724f238333bf97b4b7dfb3" member_type: VOTER last_known_addr { host: "127.4.106.3" port: 35223 } }
I20260608 12:51:19.731954  9178 raft_consensus.cc:740] T b8cb353998604b36b2cf03ec710be82f P bf542a5067724f238333bf97b4b7dfb3 [term 0 FOLLOWER]: Becoming Follower/Learner. State: Replica: bf542a5067724f238333bf97b4b7dfb3, State: Initialized, Role: FOLLOWER
I20260608 12:51:19.732676  9131 tablet_service.cc:1917] Received RequestConsensusVote() RPC: tablet_id: "b8cb353998604b36b2cf03ec710be82f" candidate_uuid: "e36792ccc66c466d88b9c9a320f0c392" candidate_term: 1 candidate_status { last_received { term: 0 index: 0 } } ignore_live_leader: false dest_uuid: "bf542a5067724f238333bf97b4b7dfb3" is_pre_election: true
I20260608 12:51:19.732676  8981 tablet_service.cc:1917] Received RequestConsensusVote() RPC: tablet_id: "b8cb353998604b36b2cf03ec710be82f" candidate_uuid: "e36792ccc66c466d88b9c9a320f0c392" candidate_term: 1 candidate_status { last_received { term: 0 index: 0 } } ignore_live_leader: false dest_uuid: "b43a3a907e2f4c68bcc623706781b458" is_pre_election: true
I20260608 12:51:19.733235  9178 consensus_queue.cc:260] T b8cb353998604b36b2cf03ec710be82f P bf542a5067724f238333bf97b4b7dfb3 [NON_LEADER]: Queue going to NON_LEADER mode. State: All replicated index: 0, Majority replicated index: 0, Committed index: 0, Last appended: 0.0, Last appended by leader: 0, Current term: 0, Majority size: -1, State: 0, Mode: NON_LEADER, active raft config: opid_index: -1 OBSOLETE_local: false peers { permanent_uuid: "b43a3a907e2f4c68bcc623706781b458" member_type: VOTER last_known_addr { host: "127.4.106.1" port: 40615 } } peers { permanent_uuid: "e36792ccc66c466d88b9c9a320f0c392" member_type: VOTER last_known_addr { host: "127.4.106.2" port: 45429 } } peers { permanent_uuid: "bf542a5067724f238333bf97b4b7dfb3" member_type: VOTER last_known_addr { host: "127.4.106.3" port: 35223 } }
I20260608 12:51:19.733726  9179 ts_tablet_manager.cc:1434] T 577ce7d5c95540e4a2a81ebdbffda64c P b43a3a907e2f4c68bcc623706781b458: Time spent starting tablet: real 0.008s	user 0.006s	sys 0.000s
I20260608 12:51:19.734227  9131 raft_consensus.cc:2468] T b8cb353998604b36b2cf03ec710be82f P bf542a5067724f238333bf97b4b7dfb3 [term 0 FOLLOWER]: Leader pre-election vote request: Granting yes vote for candidate e36792ccc66c466d88b9c9a320f0c392 in term 0.
I20260608 12:51:19.734612  9176 tablet_bootstrap.cc:492] T 2bc079ce85b94c8fac08854fd1080f77 P e36792ccc66c466d88b9c9a320f0c392: No bootstrap required, opened a new log
I20260608 12:51:19.734822  9179 tablet_bootstrap.cc:492] T b8cb353998604b36b2cf03ec710be82f P b43a3a907e2f4c68bcc623706781b458: Bootstrap starting.
W20260608 12:51:19.734959  9023 leader_election.cc:343] T b8cb353998604b36b2cf03ec710be82f P e36792ccc66c466d88b9c9a320f0c392 [CANDIDATE]: Term 1 pre-election: Tablet error from VoteRequest() call to peer b43a3a907e2f4c68bcc623706781b458 (127.4.106.1:40615): Illegal state: must be running to vote when last-logged opid is not known
I20260608 12:51:19.735406  9176 ts_tablet_manager.cc:1403] T 2bc079ce85b94c8fac08854fd1080f77 P e36792ccc66c466d88b9c9a320f0c392: Time spent bootstrapping tablet: real 0.065s	user 0.027s	sys 0.023s
I20260608 12:51:19.735728  9020 leader_election.cc:304] T b8cb353998604b36b2cf03ec710be82f P e36792ccc66c466d88b9c9a320f0c392 [CANDIDATE]: Term 1 pre-election: Election decided. Result: candidate won. Election summary: received 3 responses out of 3 voters: 2 yes votes; 1 no votes. yes voters: bf542a5067724f238333bf97b4b7dfb3, e36792ccc66c466d88b9c9a320f0c392; no voters: b43a3a907e2f4c68bcc623706781b458
I20260608 12:51:19.736677  9178 ts_tablet_manager.cc:1434] T b8cb353998604b36b2cf03ec710be82f P bf542a5067724f238333bf97b4b7dfb3: Time spent starting tablet: real 0.008s	user 0.003s	sys 0.002s
I20260608 12:51:19.737025  9180 raft_consensus.cc:2804] T b8cb353998604b36b2cf03ec710be82f P e36792ccc66c466d88b9c9a320f0c392 [term 0 FOLLOWER]: Leader pre-election won for term 1
I20260608 12:51:19.737419  9180 raft_consensus.cc:493] T b8cb353998604b36b2cf03ec710be82f P e36792ccc66c466d88b9c9a320f0c392 [term 0 FOLLOWER]: Starting leader election (no leader contacted us within the election timeout)
I20260608 12:51:19.737736  9180 raft_consensus.cc:3060] T b8cb353998604b36b2cf03ec710be82f P e36792ccc66c466d88b9c9a320f0c392 [term 0 FOLLOWER]: Advancing to term 1
I20260608 12:51:19.738436  9176 raft_consensus.cc:359] T 2bc079ce85b94c8fac08854fd1080f77 P e36792ccc66c466d88b9c9a320f0c392 [term 0 FOLLOWER]: Replica starting. Triggering 0 pending ops. Active config: opid_index: -1 OBSOLETE_local: false peers { permanent_uuid: "b43a3a907e2f4c68bcc623706781b458" member_type: VOTER last_known_addr { host: "127.4.106.1" port: 40615 } } peers { permanent_uuid: "e36792ccc66c466d88b9c9a320f0c392" member_type: VOTER last_known_addr { host: "127.4.106.2" port: 45429 } } peers { permanent_uuid: "bf542a5067724f238333bf97b4b7dfb3" member_type: VOTER last_known_addr { host: "127.4.106.3" port: 35223 } }
I20260608 12:51:19.739135  9176 raft_consensus.cc:385] T 2bc079ce85b94c8fac08854fd1080f77 P e36792ccc66c466d88b9c9a320f0c392 [term 0 FOLLOWER]: Consensus starting up: Expiring failure detector timer to make a prompt election more likely
I20260608 12:51:19.739450  9176 raft_consensus.cc:740] T 2bc079ce85b94c8fac08854fd1080f77 P e36792ccc66c466d88b9c9a320f0c392 [term 0 FOLLOWER]: Becoming Follower/Learner. State: Replica: e36792ccc66c466d88b9c9a320f0c392, State: Initialized, Role: FOLLOWER
I20260608 12:51:19.740370  9176 consensus_queue.cc:260] T 2bc079ce85b94c8fac08854fd1080f77 P e36792ccc66c466d88b9c9a320f0c392 [NON_LEADER]: Queue going to NON_LEADER mode. State: All replicated index: 0, Majority replicated index: 0, Committed index: 0, Last appended: 0.0, Last appended by leader: 0, Current term: 0, Majority size: -1, State: 0, Mode: NON_LEADER, active raft config: opid_index: -1 OBSOLETE_local: false peers { permanent_uuid: "b43a3a907e2f4c68bcc623706781b458" member_type: VOTER last_known_addr { host: "127.4.106.1" port: 40615 } } peers { permanent_uuid: "e36792ccc66c466d88b9c9a320f0c392" member_type: VOTER last_known_addr { host: "127.4.106.2" port: 45429 } } peers { permanent_uuid: "bf542a5067724f238333bf97b4b7dfb3" member_type: VOTER last_known_addr { host: "127.4.106.3" port: 35223 } }
I20260608 12:51:19.742308  9179 tablet_bootstrap.cc:654] T b8cb353998604b36b2cf03ec710be82f P b43a3a907e2f4c68bcc623706781b458: Neither blocks nor log segments found. Creating new log.
I20260608 12:51:19.745389  9180 raft_consensus.cc:515] T b8cb353998604b36b2cf03ec710be82f P e36792ccc66c466d88b9c9a320f0c392 [term 1 FOLLOWER]: Starting leader election with config: opid_index: -1 OBSOLETE_local: false peers { permanent_uuid: "b43a3a907e2f4c68bcc623706781b458" member_type: VOTER last_known_addr { host: "127.4.106.1" port: 40615 } } peers { permanent_uuid: "e36792ccc66c466d88b9c9a320f0c392" member_type: VOTER last_known_addr { host: "127.4.106.2" port: 45429 } } peers { permanent_uuid: "bf542a5067724f238333bf97b4b7dfb3" member_type: VOTER last_known_addr { host: "127.4.106.3" port: 35223 } }
I20260608 12:51:19.737730  9178 tablet_bootstrap.cc:492] T 050eb5a2599541ce8a0b381a6ed57709 P bf542a5067724f238333bf97b4b7dfb3: Bootstrap starting.
I20260608 12:51:19.747469  9176 ts_tablet_manager.cc:1434] T 2bc079ce85b94c8fac08854fd1080f77 P e36792ccc66c466d88b9c9a320f0c392: Time spent starting tablet: real 0.012s	user 0.005s	sys 0.000s
I20260608 12:51:19.752229  9176 tablet_bootstrap.cc:492] T 29ac1281087946fc890657f93ecf435f P e36792ccc66c466d88b9c9a320f0c392: Bootstrap starting.
I20260608 12:51:19.754735  9178 tablet_bootstrap.cc:654] T 050eb5a2599541ce8a0b381a6ed57709 P bf542a5067724f238333bf97b4b7dfb3: Neither blocks nor log segments found. Creating new log.
I20260608 12:51:19.757063  8981 tablet_service.cc:1917] Received RequestConsensusVote() RPC: tablet_id: "b8cb353998604b36b2cf03ec710be82f" candidate_uuid: "e36792ccc66c466d88b9c9a320f0c392" candidate_term: 1 candidate_status { last_received { term: 0 index: 0 } } ignore_live_leader: false dest_uuid: "b43a3a907e2f4c68bcc623706781b458"
W20260608 12:51:19.759471  9023 leader_election.cc:343] T b8cb353998604b36b2cf03ec710be82f P e36792ccc66c466d88b9c9a320f0c392 [CANDIDATE]: Term 1 election: Tablet error from VoteRequest() call to peer b43a3a907e2f4c68bcc623706781b458 (127.4.106.1:40615): Illegal state: must be running to vote when last-logged opid is not known
I20260608 12:51:19.758680  8877 catalog_manager.cc:5696] T ff6559cde3bd46f89d2617e4b361d4ad P b43a3a907e2f4c68bcc623706781b458 reported cstate change: term changed from 0 to 1, leader changed from <none> to b43a3a907e2f4c68bcc623706781b458 (127.4.106.1). New cstate: current_term: 1 leader_uuid: "b43a3a907e2f4c68bcc623706781b458" committed_config { opid_index: -1 OBSOLETE_local: false peers { permanent_uuid: "e36792ccc66c466d88b9c9a320f0c392" member_type: VOTER last_known_addr { host: "127.4.106.2" port: 45429 } health_report { overall_health: UNKNOWN } } peers { permanent_uuid: "bf542a5067724f238333bf97b4b7dfb3" member_type: VOTER last_known_addr { host: "127.4.106.3" port: 35223 } health_report { overall_health: UNKNOWN } } peers { permanent_uuid: "b43a3a907e2f4c68bcc623706781b458" member_type: VOTER last_known_addr { host: "127.4.106.1" port: 40615 } health_report { overall_health: HEALTHY } } }
I20260608 12:51:19.759789  9179 tablet_bootstrap.cc:492] T b8cb353998604b36b2cf03ec710be82f P b43a3a907e2f4c68bcc623706781b458: No bootstrap required, opened a new log
I20260608 12:51:19.759686  9176 tablet_bootstrap.cc:654] T 29ac1281087946fc890657f93ecf435f P e36792ccc66c466d88b9c9a320f0c392: Neither blocks nor log segments found. Creating new log.
I20260608 12:51:19.760370  9179 ts_tablet_manager.cc:1403] T b8cb353998604b36b2cf03ec710be82f P b43a3a907e2f4c68bcc623706781b458: Time spent bootstrapping tablet: real 0.026s	user 0.019s	sys 0.000s
I20260608 12:51:19.761791  9131 tablet_service.cc:1917] Received RequestConsensusVote() RPC: tablet_id: "b8cb353998604b36b2cf03ec710be82f" candidate_uuid: "e36792ccc66c466d88b9c9a320f0c392" candidate_term: 1 candidate_status { last_received { term: 0 index: 0 } } ignore_live_leader: false dest_uuid: "bf542a5067724f238333bf97b4b7dfb3"
I20260608 12:51:19.762373  9131 raft_consensus.cc:3060] T b8cb353998604b36b2cf03ec710be82f P bf542a5067724f238333bf97b4b7dfb3 [term 0 FOLLOWER]: Advancing to term 1
I20260608 12:51:19.763787  9179 raft_consensus.cc:359] T b8cb353998604b36b2cf03ec710be82f P b43a3a907e2f4c68bcc623706781b458 [term 0 FOLLOWER]: Replica starting. Triggering 0 pending ops. Active config: opid_index: -1 OBSOLETE_local: false peers { permanent_uuid: "b43a3a907e2f4c68bcc623706781b458" member_type: VOTER last_known_addr { host: "127.4.106.1" port: 40615 } } peers { permanent_uuid: "e36792ccc66c466d88b9c9a320f0c392" member_type: VOTER last_known_addr { host: "127.4.106.2" port: 45429 } } peers { permanent_uuid: "bf542a5067724f238333bf97b4b7dfb3" member_type: VOTER last_known_addr { host: "127.4.106.3" port: 35223 } }
I20260608 12:51:19.764539  9179 raft_consensus.cc:385] T b8cb353998604b36b2cf03ec710be82f P b43a3a907e2f4c68bcc623706781b458 [term 0 FOLLOWER]: Consensus starting up: Expiring failure detector timer to make a prompt election more likely
I20260608 12:51:19.764874  9179 raft_consensus.cc:740] T b8cb353998604b36b2cf03ec710be82f P b43a3a907e2f4c68bcc623706781b458 [term 0 FOLLOWER]: Becoming Follower/Learner. State: Replica: b43a3a907e2f4c68bcc623706781b458, State: Initialized, Role: FOLLOWER
I20260608 12:51:19.765797  9179 consensus_queue.cc:260] T b8cb353998604b36b2cf03ec710be82f P b43a3a907e2f4c68bcc623706781b458 [NON_LEADER]: Queue going to NON_LEADER mode. State: All replicated index: 0, Majority replicated index: 0, Committed index: 0, Last appended: 0.0, Last appended by leader: 0, Current term: 0, Majority size: -1, State: 0, Mode: NON_LEADER, active raft config: opid_index: -1 OBSOLETE_local: false peers { permanent_uuid: "b43a3a907e2f4c68bcc623706781b458" member_type: VOTER last_known_addr { host: "127.4.106.1" port: 40615 } } peers { permanent_uuid: "e36792ccc66c466d88b9c9a320f0c392" member_type: VOTER last_known_addr { host: "127.4.106.2" port: 45429 } } peers { permanent_uuid: "bf542a5067724f238333bf97b4b7dfb3" member_type: VOTER last_known_addr { host: "127.4.106.3" port: 35223 } }
I20260608 12:51:19.768620  9179 ts_tablet_manager.cc:1434] T b8cb353998604b36b2cf03ec710be82f P b43a3a907e2f4c68bcc623706781b458: Time spent starting tablet: real 0.008s	user 0.006s	sys 0.000s
I20260608 12:51:19.769760  9179 tablet_bootstrap.cc:492] T a13b0d3ffbfa4f2c8fb77c144a96cde4 P b43a3a907e2f4c68bcc623706781b458: Bootstrap starting.
I20260608 12:51:19.770044  9180 leader_election.cc:290] T b8cb353998604b36b2cf03ec710be82f P e36792ccc66c466d88b9c9a320f0c392 [CANDIDATE]: Term 1 election: Requested vote from peers b43a3a907e2f4c68bcc623706781b458 (127.4.106.1:40615), bf542a5067724f238333bf97b4b7dfb3 (127.4.106.3:35223)
I20260608 12:51:19.769620  9131 raft_consensus.cc:2468] T b8cb353998604b36b2cf03ec710be82f P bf542a5067724f238333bf97b4b7dfb3 [term 1 FOLLOWER]: Leader election vote request: Granting yes vote for candidate e36792ccc66c466d88b9c9a320f0c392 in term 1.
I20260608 12:51:19.776672  9020 leader_election.cc:304] T b8cb353998604b36b2cf03ec710be82f P e36792ccc66c466d88b9c9a320f0c392 [CANDIDATE]: Term 1 election: Election decided. Result: candidate won. Election summary: received 3 responses out of 3 voters: 2 yes votes; 1 no votes. yes voters: bf542a5067724f238333bf97b4b7dfb3, e36792ccc66c466d88b9c9a320f0c392; no voters: b43a3a907e2f4c68bcc623706781b458
I20260608 12:51:19.777603  9180 raft_consensus.cc:2804] T b8cb353998604b36b2cf03ec710be82f P e36792ccc66c466d88b9c9a320f0c392 [term 1 FOLLOWER]: Leader election won for term 1
I20260608 12:51:19.778151  9180 raft_consensus.cc:697] T b8cb353998604b36b2cf03ec710be82f P e36792ccc66c466d88b9c9a320f0c392 [term 1 LEADER]: Becoming Leader. State: Replica: e36792ccc66c466d88b9c9a320f0c392, State: Running, Role: LEADER
I20260608 12:51:19.779129  9176 tablet_bootstrap.cc:492] T 29ac1281087946fc890657f93ecf435f P e36792ccc66c466d88b9c9a320f0c392: No bootstrap required, opened a new log
I20260608 12:51:19.779613  9176 ts_tablet_manager.cc:1403] T 29ac1281087946fc890657f93ecf435f P e36792ccc66c466d88b9c9a320f0c392: Time spent bootstrapping tablet: real 0.028s	user 0.011s	sys 0.014s
I20260608 12:51:19.779227  9180 consensus_queue.cc:237] T b8cb353998604b36b2cf03ec710be82f P e36792ccc66c466d88b9c9a320f0c392 [LEADER]: Queue going to LEADER mode. State: All replicated index: 0, Majority replicated index: 0, Committed index: 0, Last appended: 0.0, Last appended by leader: 0, Current term: 1, Majority size: 2, State: 0, Mode: LEADER, active raft config: opid_index: -1 OBSOLETE_local: false peers { permanent_uuid: "b43a3a907e2f4c68bcc623706781b458" member_type: VOTER last_known_addr { host: "127.4.106.1" port: 40615 } } peers { permanent_uuid: "e36792ccc66c466d88b9c9a320f0c392" member_type: VOTER last_known_addr { host: "127.4.106.2" port: 45429 } } peers { permanent_uuid: "bf542a5067724f238333bf97b4b7dfb3" member_type: VOTER last_known_addr { host: "127.4.106.3" port: 35223 } }
I20260608 12:51:19.779644  9179 tablet_bootstrap.cc:654] T a13b0d3ffbfa4f2c8fb77c144a96cde4 P b43a3a907e2f4c68bcc623706781b458: Neither blocks nor log segments found. Creating new log.
I20260608 12:51:19.783349  9178 tablet_bootstrap.cc:492] T 050eb5a2599541ce8a0b381a6ed57709 P bf542a5067724f238333bf97b4b7dfb3: No bootstrap required, opened a new log
I20260608 12:51:19.783993  9178 ts_tablet_manager.cc:1403] T 050eb5a2599541ce8a0b381a6ed57709 P bf542a5067724f238333bf97b4b7dfb3: Time spent bootstrapping tablet: real 0.046s	user 0.011s	sys 0.007s
I20260608 12:51:19.784762  9176 raft_consensus.cc:359] T 29ac1281087946fc890657f93ecf435f P e36792ccc66c466d88b9c9a320f0c392 [term 0 FOLLOWER]: Replica starting. Triggering 0 pending ops. Active config: opid_index: -1 OBSOLETE_local: false peers { permanent_uuid: "b43a3a907e2f4c68bcc623706781b458" member_type: VOTER last_known_addr { host: "127.4.106.1" port: 40615 } } peers { permanent_uuid: "e36792ccc66c466d88b9c9a320f0c392" member_type: VOTER last_known_addr { host: "127.4.106.2" port: 45429 } } peers { permanent_uuid: "bf542a5067724f238333bf97b4b7dfb3" member_type: VOTER last_known_addr { host: "127.4.106.3" port: 35223 } }
I20260608 12:51:19.785447  9176 raft_consensus.cc:385] T 29ac1281087946fc890657f93ecf435f P e36792ccc66c466d88b9c9a320f0c392 [term 0 FOLLOWER]: Consensus starting up: Expiring failure detector timer to make a prompt election more likely
I20260608 12:51:19.785717  9176 raft_consensus.cc:740] T 29ac1281087946fc890657f93ecf435f P e36792ccc66c466d88b9c9a320f0c392 [term 0 FOLLOWER]: Becoming Follower/Learner. State: Replica: e36792ccc66c466d88b9c9a320f0c392, State: Initialized, Role: FOLLOWER
I20260608 12:51:19.786396  9176 consensus_queue.cc:260] T 29ac1281087946fc890657f93ecf435f P e36792ccc66c466d88b9c9a320f0c392 [NON_LEADER]: Queue going to NON_LEADER mode. State: All replicated index: 0, Majority replicated index: 0, Committed index: 0, Last appended: 0.0, Last appended by leader: 0, Current term: 0, Majority size: -1, State: 0, Mode: NON_LEADER, active raft config: opid_index: -1 OBSOLETE_local: false peers { permanent_uuid: "b43a3a907e2f4c68bcc623706781b458" member_type: VOTER last_known_addr { host: "127.4.106.1" port: 40615 } } peers { permanent_uuid: "e36792ccc66c466d88b9c9a320f0c392" member_type: VOTER last_known_addr { host: "127.4.106.2" port: 45429 } } peers { permanent_uuid: "bf542a5067724f238333bf97b4b7dfb3" member_type: VOTER last_known_addr { host: "127.4.106.3" port: 35223 } }
I20260608 12:51:19.788424  9176 ts_tablet_manager.cc:1434] T 29ac1281087946fc890657f93ecf435f P e36792ccc66c466d88b9c9a320f0c392: Time spent starting tablet: real 0.008s	user 0.005s	sys 0.000s
I20260608 12:51:19.789330  9176 tablet_bootstrap.cc:492] T 050eb5a2599541ce8a0b381a6ed57709 P e36792ccc66c466d88b9c9a320f0c392: Bootstrap starting.
I20260608 12:51:19.791548  9178 raft_consensus.cc:359] T 050eb5a2599541ce8a0b381a6ed57709 P bf542a5067724f238333bf97b4b7dfb3 [term 0 FOLLOWER]: Replica starting. Triggering 0 pending ops. Active config: opid_index: -1 OBSOLETE_local: false peers { permanent_uuid: "b43a3a907e2f4c68bcc623706781b458" member_type: VOTER last_known_addr { host: "127.4.106.1" port: 40615 } } peers { permanent_uuid: "e36792ccc66c466d88b9c9a320f0c392" member_type: VOTER last_known_addr { host: "127.4.106.2" port: 45429 } } peers { permanent_uuid: "bf542a5067724f238333bf97b4b7dfb3" member_type: VOTER last_known_addr { host: "127.4.106.3" port: 35223 } }
I20260608 12:51:19.792573  9178 raft_consensus.cc:385] T 050eb5a2599541ce8a0b381a6ed57709 P bf542a5067724f238333bf97b4b7dfb3 [term 0 FOLLOWER]: Consensus starting up: Expiring failure detector timer to make a prompt election more likely
I20260608 12:51:19.793007  9178 raft_consensus.cc:740] T 050eb5a2599541ce8a0b381a6ed57709 P bf542a5067724f238333bf97b4b7dfb3 [term 0 FOLLOWER]: Becoming Follower/Learner. State: Replica: bf542a5067724f238333bf97b4b7dfb3, State: Initialized, Role: FOLLOWER
I20260608 12:51:19.794129  9178 consensus_queue.cc:260] T 050eb5a2599541ce8a0b381a6ed57709 P bf542a5067724f238333bf97b4b7dfb3 [NON_LEADER]: Queue going to NON_LEADER mode. State: All replicated index: 0, Majority replicated index: 0, Committed index: 0, Last appended: 0.0, Last appended by leader: 0, Current term: 0, Majority size: -1, State: 0, Mode: NON_LEADER, active raft config: opid_index: -1 OBSOLETE_local: false peers { permanent_uuid: "b43a3a907e2f4c68bcc623706781b458" member_type: VOTER last_known_addr { host: "127.4.106.1" port: 40615 } } peers { permanent_uuid: "e36792ccc66c466d88b9c9a320f0c392" member_type: VOTER last_known_addr { host: "127.4.106.2" port: 45429 } } peers { permanent_uuid: "bf542a5067724f238333bf97b4b7dfb3" member_type: VOTER last_known_addr { host: "127.4.106.3" port: 35223 } }
I20260608 12:51:19.796238  9176 tablet_bootstrap.cc:654] T 050eb5a2599541ce8a0b381a6ed57709 P e36792ccc66c466d88b9c9a320f0c392: Neither blocks nor log segments found. Creating new log.
I20260608 12:51:19.806257  9215 raft_consensus.cc:493] T 48ebf573b07d4087a08c9e6ffd5129a7 P bf542a5067724f238333bf97b4b7dfb3 [term 0 FOLLOWER]: Starting pre-election (no leader contacted us within the election timeout)
I20260608 12:51:19.806766  9215 raft_consensus.cc:515] T 48ebf573b07d4087a08c9e6ffd5129a7 P bf542a5067724f238333bf97b4b7dfb3 [term 0 FOLLOWER]: Starting pre-election with config: opid_index: -1 OBSOLETE_local: false peers { permanent_uuid: "b43a3a907e2f4c68bcc623706781b458" member_type: VOTER last_known_addr { host: "127.4.106.1" port: 40615 } } peers { permanent_uuid: "e36792ccc66c466d88b9c9a320f0c392" member_type: VOTER last_known_addr { host: "127.4.106.2" port: 45429 } } peers { permanent_uuid: "bf542a5067724f238333bf97b4b7dfb3" member_type: VOTER last_known_addr { host: "127.4.106.3" port: 35223 } }
I20260608 12:51:19.808857  9176 tablet_bootstrap.cc:492] T 050eb5a2599541ce8a0b381a6ed57709 P e36792ccc66c466d88b9c9a320f0c392: No bootstrap required, opened a new log
I20260608 12:51:19.809616  9176 ts_tablet_manager.cc:1403] T 050eb5a2599541ce8a0b381a6ed57709 P e36792ccc66c466d88b9c9a320f0c392: Time spent bootstrapping tablet: real 0.020s	user 0.007s	sys 0.012s
I20260608 12:51:19.810547  9215 leader_election.cc:290] T 48ebf573b07d4087a08c9e6ffd5129a7 P bf542a5067724f238333bf97b4b7dfb3 [CANDIDATE]: Term 1 pre-election: Requested pre-vote from peers b43a3a907e2f4c68bcc623706781b458 (127.4.106.1:40615), e36792ccc66c466d88b9c9a320f0c392 (127.4.106.2:45429)
I20260608 12:51:19.810812  9056 tablet_service.cc:1917] Received RequestConsensusVote() RPC: tablet_id: "48ebf573b07d4087a08c9e6ffd5129a7" candidate_uuid: "bf542a5067724f238333bf97b4b7dfb3" candidate_term: 1 candidate_status { last_received { term: 0 index: 0 } } ignore_live_leader: false dest_uuid: "e36792ccc66c466d88b9c9a320f0c392" is_pre_election: true
I20260608 12:51:19.811406  8981 tablet_service.cc:1917] Received RequestConsensusVote() RPC: tablet_id: "48ebf573b07d4087a08c9e6ffd5129a7" candidate_uuid: "bf542a5067724f238333bf97b4b7dfb3" candidate_term: 1 candidate_status { last_received { term: 0 index: 0 } } ignore_live_leader: false dest_uuid: "b43a3a907e2f4c68bcc623706781b458" is_pre_election: true
I20260608 12:51:19.811792  9178 ts_tablet_manager.cc:1434] T 050eb5a2599541ce8a0b381a6ed57709 P bf542a5067724f238333bf97b4b7dfb3: Time spent starting tablet: real 0.027s	user 0.008s	sys 0.001s
I20260608 12:51:19.812270  8981 raft_consensus.cc:2468] T 48ebf573b07d4087a08c9e6ffd5129a7 P b43a3a907e2f4c68bcc623706781b458 [term 0 FOLLOWER]: Leader pre-election vote request: Granting yes vote for candidate bf542a5067724f238333bf97b4b7dfb3 in term 0.
I20260608 12:51:19.814400  9097 leader_election.cc:304] T 48ebf573b07d4087a08c9e6ffd5129a7 P bf542a5067724f238333bf97b4b7dfb3 [CANDIDATE]: Term 1 pre-election: Election decided. Result: candidate won. Election summary: received 2 responses out of 3 voters: 2 yes votes; 0 no votes. yes voters: b43a3a907e2f4c68bcc623706781b458, bf542a5067724f238333bf97b4b7dfb3; no voters: 
I20260608 12:51:19.811407  9056 raft_consensus.cc:2468] T 48ebf573b07d4087a08c9e6ffd5129a7 P e36792ccc66c466d88b9c9a320f0c392 [term 0 FOLLOWER]: Leader pre-election vote request: Granting yes vote for candidate bf542a5067724f238333bf97b4b7dfb3 in term 0.
I20260608 12:51:19.816672  9215 raft_consensus.cc:2804] T 48ebf573b07d4087a08c9e6ffd5129a7 P bf542a5067724f238333bf97b4b7dfb3 [term 0 FOLLOWER]: Leader pre-election won for term 1
I20260608 12:51:19.817188  9215 raft_consensus.cc:493] T 48ebf573b07d4087a08c9e6ffd5129a7 P bf542a5067724f238333bf97b4b7dfb3 [term 0 FOLLOWER]: Starting leader election (no leader contacted us within the election timeout)
I20260608 12:51:19.817624  9215 raft_consensus.cc:3060] T 48ebf573b07d4087a08c9e6ffd5129a7 P bf542a5067724f238333bf97b4b7dfb3 [term 0 FOLLOWER]: Advancing to term 1
I20260608 12:51:19.822425  9178 tablet_bootstrap.cc:492] T c34650bc78d24fcd90d0c2aaf66a43df P bf542a5067724f238333bf97b4b7dfb3: Bootstrap starting.
I20260608 12:51:19.827440  9215 raft_consensus.cc:515] T 48ebf573b07d4087a08c9e6ffd5129a7 P bf542a5067724f238333bf97b4b7dfb3 [term 1 FOLLOWER]: Starting leader election with config: opid_index: -1 OBSOLETE_local: false peers { permanent_uuid: "b43a3a907e2f4c68bcc623706781b458" member_type: VOTER last_known_addr { host: "127.4.106.1" port: 40615 } } peers { permanent_uuid: "e36792ccc66c466d88b9c9a320f0c392" member_type: VOTER last_known_addr { host: "127.4.106.2" port: 45429 } } peers { permanent_uuid: "bf542a5067724f238333bf97b4b7dfb3" member_type: VOTER last_known_addr { host: "127.4.106.3" port: 35223 } }
I20260608 12:51:19.830943  9176 raft_consensus.cc:359] T 050eb5a2599541ce8a0b381a6ed57709 P e36792ccc66c466d88b9c9a320f0c392 [term 0 FOLLOWER]: Replica starting. Triggering 0 pending ops. Active config: opid_index: -1 OBSOLETE_local: false peers { permanent_uuid: "b43a3a907e2f4c68bcc623706781b458" member_type: VOTER last_known_addr { host: "127.4.106.1" port: 40615 } } peers { permanent_uuid: "e36792ccc66c466d88b9c9a320f0c392" member_type: VOTER last_known_addr { host: "127.4.106.2" port: 45429 } } peers { permanent_uuid: "bf542a5067724f238333bf97b4b7dfb3" member_type: VOTER last_known_addr { host: "127.4.106.3" port: 35223 } }
I20260608 12:51:19.834054  9176 raft_consensus.cc:385] T 050eb5a2599541ce8a0b381a6ed57709 P e36792ccc66c466d88b9c9a320f0c392 [term 0 FOLLOWER]: Consensus starting up: Expiring failure detector timer to make a prompt election more likely
I20260608 12:51:19.834360  9176 raft_consensus.cc:740] T 050eb5a2599541ce8a0b381a6ed57709 P e36792ccc66c466d88b9c9a320f0c392 [term 0 FOLLOWER]: Becoming Follower/Learner. State: Replica: e36792ccc66c466d88b9c9a320f0c392, State: Initialized, Role: FOLLOWER
I20260608 12:51:19.834486  8981 tablet_service.cc:1917] Received RequestConsensusVote() RPC: tablet_id: "48ebf573b07d4087a08c9e6ffd5129a7" candidate_uuid: "bf542a5067724f238333bf97b4b7dfb3" candidate_term: 1 candidate_status { last_received { term: 0 index: 0 } } ignore_live_leader: false dest_uuid: "b43a3a907e2f4c68bcc623706781b458"
I20260608 12:51:19.835048  8981 raft_consensus.cc:3060] T 48ebf573b07d4087a08c9e6ffd5129a7 P b43a3a907e2f4c68bcc623706781b458 [term 0 FOLLOWER]: Advancing to term 1
I20260608 12:51:19.835119  9176 consensus_queue.cc:260] T 050eb5a2599541ce8a0b381a6ed57709 P e36792ccc66c466d88b9c9a320f0c392 [NON_LEADER]: Queue going to NON_LEADER mode. State: All replicated index: 0, Majority replicated index: 0, Committed index: 0, Last appended: 0.0, Last appended by leader: 0, Current term: 0, Majority size: -1, State: 0, Mode: NON_LEADER, active raft config: opid_index: -1 OBSOLETE_local: false peers { permanent_uuid: "b43a3a907e2f4c68bcc623706781b458" member_type: VOTER last_known_addr { host: "127.4.106.1" port: 40615 } } peers { permanent_uuid: "e36792ccc66c466d88b9c9a320f0c392" member_type: VOTER last_known_addr { host: "127.4.106.2" port: 45429 } } peers { permanent_uuid: "bf542a5067724f238333bf97b4b7dfb3" member_type: VOTER last_known_addr { host: "127.4.106.3" port: 35223 } }
I20260608 12:51:19.837584  9176 ts_tablet_manager.cc:1434] T 050eb5a2599541ce8a0b381a6ed57709 P e36792ccc66c466d88b9c9a320f0c392: Time spent starting tablet: real 0.028s	user 0.006s	sys 0.000s
I20260608 12:51:19.838464  9176 tablet_bootstrap.cc:492] T c34650bc78d24fcd90d0c2aaf66a43df P e36792ccc66c466d88b9c9a320f0c392: Bootstrap starting.
I20260608 12:51:19.838843  9179 tablet_bootstrap.cc:492] T a13b0d3ffbfa4f2c8fb77c144a96cde4 P b43a3a907e2f4c68bcc623706781b458: No bootstrap required, opened a new log
I20260608 12:51:19.839303  9179 ts_tablet_manager.cc:1403] T a13b0d3ffbfa4f2c8fb77c144a96cde4 P b43a3a907e2f4c68bcc623706781b458: Time spent bootstrapping tablet: real 0.070s	user 0.035s	sys 0.017s
I20260608 12:51:19.841426  8877 catalog_manager.cc:5696] T b8cb353998604b36b2cf03ec710be82f P e36792ccc66c466d88b9c9a320f0c392 reported cstate change: term changed from 0 to 1, leader changed from <none> to e36792ccc66c466d88b9c9a320f0c392 (127.4.106.2). New cstate: current_term: 1 leader_uuid: "e36792ccc66c466d88b9c9a320f0c392" committed_config { opid_index: -1 OBSOLETE_local: false peers { permanent_uuid: "b43a3a907e2f4c68bcc623706781b458" member_type: VOTER last_known_addr { host: "127.4.106.1" port: 40615 } health_report { overall_health: UNKNOWN } } peers { permanent_uuid: "e36792ccc66c466d88b9c9a320f0c392" member_type: VOTER last_known_addr { host: "127.4.106.2" port: 45429 } health_report { overall_health: HEALTHY } } peers { permanent_uuid: "bf542a5067724f238333bf97b4b7dfb3" member_type: VOTER last_known_addr { host: "127.4.106.3" port: 35223 } health_report { overall_health: UNKNOWN } } }
I20260608 12:51:19.842345  9215 leader_election.cc:290] T 48ebf573b07d4087a08c9e6ffd5129a7 P bf542a5067724f238333bf97b4b7dfb3 [CANDIDATE]: Term 1 election: Requested vote from peers b43a3a907e2f4c68bcc623706781b458 (127.4.106.1:40615), e36792ccc66c466d88b9c9a320f0c392 (127.4.106.2:45429)
I20260608 12:51:19.842427  9056 tablet_service.cc:1917] Received RequestConsensusVote() RPC: tablet_id: "48ebf573b07d4087a08c9e6ffd5129a7" candidate_uuid: "bf542a5067724f238333bf97b4b7dfb3" candidate_term: 1 candidate_status { last_received { term: 0 index: 0 } } ignore_live_leader: false dest_uuid: "e36792ccc66c466d88b9c9a320f0c392"
I20260608 12:51:19.830976  9178 tablet_bootstrap.cc:654] T c34650bc78d24fcd90d0c2aaf66a43df P bf542a5067724f238333bf97b4b7dfb3: Neither blocks nor log segments found. Creating new log.
I20260608 12:51:19.843159  9056 raft_consensus.cc:3060] T 48ebf573b07d4087a08c9e6ffd5129a7 P e36792ccc66c466d88b9c9a320f0c392 [term 0 FOLLOWER]: Advancing to term 1
I20260608 12:51:19.846661  9176 tablet_bootstrap.cc:654] T c34650bc78d24fcd90d0c2aaf66a43df P e36792ccc66c466d88b9c9a320f0c392: Neither blocks nor log segments found. Creating new log.
I20260608 12:51:19.850481  9056 raft_consensus.cc:2468] T 48ebf573b07d4087a08c9e6ffd5129a7 P e36792ccc66c466d88b9c9a320f0c392 [term 1 FOLLOWER]: Leader election vote request: Granting yes vote for candidate bf542a5067724f238333bf97b4b7dfb3 in term 1.
I20260608 12:51:19.842201  9179 raft_consensus.cc:359] T a13b0d3ffbfa4f2c8fb77c144a96cde4 P b43a3a907e2f4c68bcc623706781b458 [term 0 FOLLOWER]: Replica starting. Triggering 0 pending ops. Active config: opid_index: -1 OBSOLETE_local: false peers { permanent_uuid: "b43a3a907e2f4c68bcc623706781b458" member_type: VOTER last_known_addr { host: "127.4.106.1" port: 40615 } } peers { permanent_uuid: "e36792ccc66c466d88b9c9a320f0c392" member_type: VOTER last_known_addr { host: "127.4.106.2" port: 45429 } } peers { permanent_uuid: "bf542a5067724f238333bf97b4b7dfb3" member_type: VOTER last_known_addr { host: "127.4.106.3" port: 35223 } }
I20260608 12:51:19.851560  9179 raft_consensus.cc:385] T a13b0d3ffbfa4f2c8fb77c144a96cde4 P b43a3a907e2f4c68bcc623706781b458 [term 0 FOLLOWER]: Consensus starting up: Expiring failure detector timer to make a prompt election more likely
I20260608 12:51:19.851999  9179 raft_consensus.cc:740] T a13b0d3ffbfa4f2c8fb77c144a96cde4 P b43a3a907e2f4c68bcc623706781b458 [term 0 FOLLOWER]: Becoming Follower/Learner. State: Replica: b43a3a907e2f4c68bcc623706781b458, State: Initialized, Role: FOLLOWER
I20260608 12:51:19.852494  9215 raft_consensus.cc:493] T 54d169810dbb414d827e4429519f2f3e P bf542a5067724f238333bf97b4b7dfb3 [term 0 FOLLOWER]: Starting pre-election (no leader contacted us within the election timeout)
I20260608 12:51:19.852958  9215 raft_consensus.cc:515] T 54d169810dbb414d827e4429519f2f3e P bf542a5067724f238333bf97b4b7dfb3 [term 0 FOLLOWER]: Starting pre-election with config: opid_index: -1 OBSOLETE_local: false peers { permanent_uuid: "b43a3a907e2f4c68bcc623706781b458" member_type: VOTER last_known_addr { host: "127.4.106.1" port: 40615 } } peers { permanent_uuid: "e36792ccc66c466d88b9c9a320f0c392" member_type: VOTER last_known_addr { host: "127.4.106.2" port: 45429 } } peers { permanent_uuid: "bf542a5067724f238333bf97b4b7dfb3" member_type: VOTER last_known_addr { host: "127.4.106.3" port: 35223 } }
I20260608 12:51:19.853089  9179 consensus_queue.cc:260] T a13b0d3ffbfa4f2c8fb77c144a96cde4 P b43a3a907e2f4c68bcc623706781b458 [NON_LEADER]: Queue going to NON_LEADER mode. State: All replicated index: 0, Majority replicated index: 0, Committed index: 0, Last appended: 0.0, Last appended by leader: 0, Current term: 0, Majority size: -1, State: 0, Mode: NON_LEADER, active raft config: opid_index: -1 OBSOLETE_local: false peers { permanent_uuid: "b43a3a907e2f4c68bcc623706781b458" member_type: VOTER last_known_addr { host: "127.4.106.1" port: 40615 } } peers { permanent_uuid: "e36792ccc66c466d88b9c9a320f0c392" member_type: VOTER last_known_addr { host: "127.4.106.2" port: 45429 } } peers { permanent_uuid: "bf542a5067724f238333bf97b4b7dfb3" member_type: VOTER last_known_addr { host: "127.4.106.3" port: 35223 } }
I20260608 12:51:19.855211  9215 leader_election.cc:290] T 54d169810dbb414d827e4429519f2f3e P bf542a5067724f238333bf97b4b7dfb3 [CANDIDATE]: Term 1 pre-election: Requested pre-vote from peers b43a3a907e2f4c68bcc623706781b458 (127.4.106.1:40615), e36792ccc66c466d88b9c9a320f0c392 (127.4.106.2:45429)
I20260608 12:51:19.841672  8981 raft_consensus.cc:2468] T 48ebf573b07d4087a08c9e6ffd5129a7 P b43a3a907e2f4c68bcc623706781b458 [term 1 FOLLOWER]: Leader election vote request: Granting yes vote for candidate bf542a5067724f238333bf97b4b7dfb3 in term 1.
I20260608 12:51:19.856341  9179 ts_tablet_manager.cc:1434] T a13b0d3ffbfa4f2c8fb77c144a96cde4 P b43a3a907e2f4c68bcc623706781b458: Time spent starting tablet: real 0.017s	user 0.005s	sys 0.001s
I20260608 12:51:19.858027  9179 tablet_bootstrap.cc:492] T 2bc079ce85b94c8fac08854fd1080f77 P b43a3a907e2f4c68bcc623706781b458: Bootstrap starting.
I20260608 12:51:19.858369  9095 leader_election.cc:304] T 48ebf573b07d4087a08c9e6ffd5129a7 P bf542a5067724f238333bf97b4b7dfb3 [CANDIDATE]: Term 1 election: Election decided. Result: candidate won. Election summary: received 2 responses out of 3 voters: 2 yes votes; 0 no votes. yes voters: bf542a5067724f238333bf97b4b7dfb3, e36792ccc66c466d88b9c9a320f0c392; no voters: 
I20260608 12:51:19.863642  9178 tablet_bootstrap.cc:492] T c34650bc78d24fcd90d0c2aaf66a43df P bf542a5067724f238333bf97b4b7dfb3: No bootstrap required, opened a new log
I20260608 12:51:19.864128  9178 ts_tablet_manager.cc:1403] T c34650bc78d24fcd90d0c2aaf66a43df P bf542a5067724f238333bf97b4b7dfb3: Time spent bootstrapping tablet: real 0.042s	user 0.010s	sys 0.019s
I20260608 12:51:19.864250  9180 raft_consensus.cc:493] T 577ce7d5c95540e4a2a81ebdbffda64c P e36792ccc66c466d88b9c9a320f0c392 [term 0 FOLLOWER]: Starting pre-election (no leader contacted us within the election timeout)
I20260608 12:51:19.864459  9056 tablet_service.cc:1917] Received RequestConsensusVote() RPC: tablet_id: "54d169810dbb414d827e4429519f2f3e" candidate_uuid: "bf542a5067724f238333bf97b4b7dfb3" candidate_term: 1 candidate_status { last_received { term: 0 index: 0 } } ignore_live_leader: false dest_uuid: "e36792ccc66c466d88b9c9a320f0c392" is_pre_election: true
I20260608 12:51:19.864768  9180 raft_consensus.cc:515] T 577ce7d5c95540e4a2a81ebdbffda64c P e36792ccc66c466d88b9c9a320f0c392 [term 0 FOLLOWER]: Starting pre-election with config: opid_index: -1 OBSOLETE_local: false peers { permanent_uuid: "b43a3a907e2f4c68bcc623706781b458" member_type: VOTER last_known_addr { host: "127.4.106.1" port: 40615 } } peers { permanent_uuid: "e36792ccc66c466d88b9c9a320f0c392" member_type: VOTER last_known_addr { host: "127.4.106.2" port: 45429 } } peers { permanent_uuid: "bf542a5067724f238333bf97b4b7dfb3" member_type: VOTER last_known_addr { host: "127.4.106.3" port: 35223 } }
I20260608 12:51:19.866912  9178 raft_consensus.cc:359] T c34650bc78d24fcd90d0c2aaf66a43df P bf542a5067724f238333bf97b4b7dfb3 [term 0 FOLLOWER]: Replica starting. Triggering 0 pending ops. Active config: opid_index: -1 OBSOLETE_local: false peers { permanent_uuid: "b43a3a907e2f4c68bcc623706781b458" member_type: VOTER last_known_addr { host: "127.4.106.1" port: 40615 } } peers { permanent_uuid: "e36792ccc66c466d88b9c9a320f0c392" member_type: VOTER last_known_addr { host: "127.4.106.2" port: 45429 } } peers { permanent_uuid: "bf542a5067724f238333bf97b4b7dfb3" member_type: VOTER last_known_addr { host: "127.4.106.3" port: 35223 } }
I20260608 12:51:19.867645  9178 raft_consensus.cc:385] T c34650bc78d24fcd90d0c2aaf66a43df P bf542a5067724f238333bf97b4b7dfb3 [term 0 FOLLOWER]: Consensus starting up: Expiring failure detector timer to make a prompt election more likely
I20260608 12:51:19.867916  9178 raft_consensus.cc:740] T c34650bc78d24fcd90d0c2aaf66a43df P bf542a5067724f238333bf97b4b7dfb3 [term 0 FOLLOWER]: Becoming Follower/Learner. State: Replica: bf542a5067724f238333bf97b4b7dfb3, State: Initialized, Role: FOLLOWER
I20260608 12:51:19.868244  9131 tablet_service.cc:1917] Received RequestConsensusVote() RPC: tablet_id: "577ce7d5c95540e4a2a81ebdbffda64c" candidate_uuid: "e36792ccc66c466d88b9c9a320f0c392" candidate_term: 1 candidate_status { last_received { term: 0 index: 0 } } ignore_live_leader: false dest_uuid: "bf542a5067724f238333bf97b4b7dfb3" is_pre_election: true
I20260608 12:51:19.866907  9180 leader_election.cc:290] T 577ce7d5c95540e4a2a81ebdbffda64c P e36792ccc66c466d88b9c9a320f0c392 [CANDIDATE]: Term 1 pre-election: Requested pre-vote from peers b43a3a907e2f4c68bcc623706781b458 (127.4.106.1:40615), bf542a5067724f238333bf97b4b7dfb3 (127.4.106.3:35223)
I20260608 12:51:19.868832  8980 tablet_service.cc:1917] Received RequestConsensusVote() RPC: tablet_id: "54d169810dbb414d827e4429519f2f3e" candidate_uuid: "bf542a5067724f238333bf97b4b7dfb3" candidate_term: 1 candidate_status { last_received { term: 0 index: 0 } } ignore_live_leader: false dest_uuid: "b43a3a907e2f4c68bcc623706781b458" is_pre_election: true
I20260608 12:51:19.868728  9178 consensus_queue.cc:260] T c34650bc78d24fcd90d0c2aaf66a43df P bf542a5067724f238333bf97b4b7dfb3 [NON_LEADER]: Queue going to NON_LEADER mode. State: All replicated index: 0, Majority replicated index: 0, Committed index: 0, Last appended: 0.0, Last appended by leader: 0, Current term: 0, Majority size: -1, State: 0, Mode: NON_LEADER, active raft config: opid_index: -1 OBSOLETE_local: false peers { permanent_uuid: "b43a3a907e2f4c68bcc623706781b458" member_type: VOTER last_known_addr { host: "127.4.106.1" port: 40615 } } peers { permanent_uuid: "e36792ccc66c466d88b9c9a320f0c392" member_type: VOTER last_known_addr { host: "127.4.106.2" port: 45429 } } peers { permanent_uuid: "bf542a5067724f238333bf97b4b7dfb3" member_type: VOTER last_known_addr { host: "127.4.106.3" port: 35223 } }
I20260608 12:51:19.869024  9215 raft_consensus.cc:2804] T 48ebf573b07d4087a08c9e6ffd5129a7 P bf542a5067724f238333bf97b4b7dfb3 [term 1 FOLLOWER]: Leader election won for term 1
I20260608 12:51:19.869982  8980 raft_consensus.cc:2393] T 54d169810dbb414d827e4429519f2f3e P b43a3a907e2f4c68bcc623706781b458 [term 1 FOLLOWER]: Leader pre-election vote request: Denying vote to candidate bf542a5067724f238333bf97b4b7dfb3 in current term 1: Already voted for candidate e36792ccc66c466d88b9c9a320f0c392 in this term.
I20260608 12:51:19.870050  9215 raft_consensus.cc:697] T 48ebf573b07d4087a08c9e6ffd5129a7 P bf542a5067724f238333bf97b4b7dfb3 [term 1 LEADER]: Becoming Leader. State: Replica: bf542a5067724f238333bf97b4b7dfb3, State: Running, Role: LEADER
I20260608 12:51:19.871169  9178 ts_tablet_manager.cc:1434] T c34650bc78d24fcd90d0c2aaf66a43df P bf542a5067724f238333bf97b4b7dfb3: Time spent starting tablet: real 0.007s	user 0.002s	sys 0.004s
I20260608 12:51:19.870999  9215 consensus_queue.cc:237] T 48ebf573b07d4087a08c9e6ffd5129a7 P bf542a5067724f238333bf97b4b7dfb3 [LEADER]: Queue going to LEADER mode. State: All replicated index: 0, Majority replicated index: 0, Committed index: 0, Last appended: 0.0, Last appended by leader: 0, Current term: 1, Majority size: 2, State: 0, Mode: LEADER, active raft config: opid_index: -1 OBSOLETE_local: false peers { permanent_uuid: "b43a3a907e2f4c68bcc623706781b458" member_type: VOTER last_known_addr { host: "127.4.106.1" port: 40615 } } peers { permanent_uuid: "e36792ccc66c466d88b9c9a320f0c392" member_type: VOTER last_known_addr { host: "127.4.106.2" port: 45429 } } peers { permanent_uuid: "bf542a5067724f238333bf97b4b7dfb3" member_type: VOTER last_known_addr { host: "127.4.106.3" port: 35223 } }
I20260608 12:51:19.871414  9097 leader_election.cc:304] T 54d169810dbb414d827e4429519f2f3e P bf542a5067724f238333bf97b4b7dfb3 [CANDIDATE]: Term 1 pre-election: Election decided. Result: candidate lost. Election summary: received 3 responses out of 3 voters: 1 yes votes; 2 no votes. yes voters: bf542a5067724f238333bf97b4b7dfb3; no voters: b43a3a907e2f4c68bcc623706781b458, e36792ccc66c466d88b9c9a320f0c392
I20260608 12:51:19.872166  9178 tablet_bootstrap.cc:492] T 29ac1281087946fc890657f93ecf435f P bf542a5067724f238333bf97b4b7dfb3: Bootstrap starting.
I20260608 12:51:19.872654  9182 raft_consensus.cc:3060] T 54d169810dbb414d827e4429519f2f3e P bf542a5067724f238333bf97b4b7dfb3 [term 0 FOLLOWER]: Advancing to term 1
I20260608 12:51:19.873391  8981 tablet_service.cc:1917] Received RequestConsensusVote() RPC: tablet_id: "577ce7d5c95540e4a2a81ebdbffda64c" candidate_uuid: "e36792ccc66c466d88b9c9a320f0c392" candidate_term: 1 candidate_status { last_received { term: 0 index: 0 } } ignore_live_leader: false dest_uuid: "b43a3a907e2f4c68bcc623706781b458" is_pre_election: true
I20260608 12:51:19.873983  8981 raft_consensus.cc:2468] T 577ce7d5c95540e4a2a81ebdbffda64c P b43a3a907e2f4c68bcc623706781b458 [term 0 FOLLOWER]: Leader pre-election vote request: Granting yes vote for candidate e36792ccc66c466d88b9c9a320f0c392 in term 0.
I20260608 12:51:19.875061  9023 leader_election.cc:304] T 577ce7d5c95540e4a2a81ebdbffda64c P e36792ccc66c466d88b9c9a320f0c392 [CANDIDATE]: Term 1 pre-election: Election decided. Result: candidate won. Election summary: received 2 responses out of 3 voters: 2 yes votes; 0 no votes. yes voters: b43a3a907e2f4c68bcc623706781b458, e36792ccc66c466d88b9c9a320f0c392; no voters: 
I20260608 12:51:19.875895  9180 raft_consensus.cc:2804] T 577ce7d5c95540e4a2a81ebdbffda64c P e36792ccc66c466d88b9c9a320f0c392 [term 0 FOLLOWER]: Leader pre-election won for term 1
