I20260608 12:39:34.047135   431 ts_tablet_manager.cc:531] Time spent load tablet metadata: real 0.000s	user 0.000s	sys 0.000s
I20260608 12:39:34.047425   431 ts_tablet_manager.cc:616] Registered 0 tablets
I20260608 12:39:34.047608   431 ts_tablet_manager.cc:595] Time spent register tablets: real 0.000s	user 0.000s	sys 0.000s
I20260608 12:39:34.114702   431 rpc_server.cc:307] RPC server started. Bound to: 127.0.107.196:35521
I20260608 12:39:34.114842  5394 acceptor_pool.cc:272] collecting diagnostics on the listening RPC socket 127.0.107.196:35521 every 8 connection(s)
I20260608 12:39:34.121157   431 file_cache.cc:492] Constructed file cache file cache with capacity 419430
W20260608 12:39:34.138684  5399 instance_detector.cc:116] could not retrieve AWS instance metadata: Network error: curl error: HTTP response code said error: The requested URL returned error: 404
W20260608 12:39:34.138765  5400 instance_detector.cc:116] could not retrieve Azure instance metadata: Network error: curl error: HTTP response code said error: The requested URL returned error: 404
W20260608 12:39:34.144409  5402 instance_detector.cc:116] could not retrieve OpenStack instance metadata: Network error: curl error: HTTP response code said error: The requested URL returned error: 404
I20260608 12:39:34.147240   431 server_base.cc:1061] running on GCE node
I20260608 12:39:34.149999   431 hybrid_clock.cc:584] initializing the hybrid clock with 'system_unsync' time source
W20260608 12:39:34.150373   431 system_unsync_time.cc:38] NTP support is disabled. Clock error bounds will not be accurate. This configuration is not suitable for distributed clusters.
I20260608 12:39:34.150614   431 hybrid_clock.cc:648] HybridClock initialized: now 1780922374150591 us; error 0 us; skew 500 ppm
I20260608 12:39:34.151329   431 server_base.cc:861] Flag tcmalloc_max_total_thread_cache_bytes is not working since tcmalloc is not enabled.
I20260608 12:39:34.151791  5395 heartbeater.cc:344] Connected to a master server at 127.0.107.254:35225
I20260608 12:39:34.152271  5395 heartbeater.cc:461] Registering TS with master...
I20260608 12:39:34.153368  5395 heartbeater.cc:507] Master 127.0.107.254:35225 requested a full tablet report, sending...
I20260608 12:39:34.154685   431 webserver.cc:533] Webserver started at http://127.0.107.197:38291/ using document root <none> and password file <none>
I20260608 12:39:34.155452   431 fs_manager.cc:362] Metadata directory not provided
I20260608 12:39:34.155699   431 fs_manager.cc:368] Using write-ahead log directory (fs_wal_dir) as metadata directory
I20260608 12:39:34.156004   431 server_base.cc:909] This appears to be a new deployment of Kudu; creating new FS layout
I20260608 12:39:34.156140  4824 ts_manager.cc:194] Registered new tserver with Master: b894bca897104cc493e4afb47b4310de (127.0.107.196:35521)
I20260608 12:39:34.157181   431 fs_manager.cc:1068] Generated new instance metadata in path /tmp/dist-test-taskf4w8Ci/test-tmp/auto_rebalancer-test.0.AutoRebalancerTest.TestMaxMovesPerServer.1780922246754122-431-0/minicluster-data/ts-4-root/instance:
uuid: "14e479dc7838465c952900b8deef6d12"
format_stamp: "Formatted at 2026-06-08 12:39:34 on dist-test-slave-cjgt"
I20260608 12:39:34.158363  4824 master_service.cc:502] Signed X509 certificate for tserver {username='slave'} at 127.0.0.1:52328
I20260608 12:39:34.162763   431 fs_manager.cc:696] Time spent creating directory manager: real 0.005s	user 0.000s	sys 0.004s
I20260608 12:39:34.166800  5407 log_block_manager.cc:4031] Time spent loading block containers with low live blocks: real 0.000s	user 0.000s	sys 0.000s
I20260608 12:39:34.169744   431 fs_manager.cc:730] Time spent opening block manager: real 0.004s	user 0.004s	sys 0.000s
I20260608 12:39:34.170137   431 fs_manager.cc:647] Opened local filesystem: /tmp/dist-test-taskf4w8Ci/test-tmp/auto_rebalancer-test.0.AutoRebalancerTest.TestMaxMovesPerServer.1780922246754122-431-0/minicluster-data/ts-4-root
uuid: "14e479dc7838465c952900b8deef6d12"
format_stamp: "Formatted at 2026-06-08 12:39:34 on dist-test-slave-cjgt"
I20260608 12:39:34.170411   431 fs_report.cc:389] FS layout report
--------------------
wal directory: /tmp/dist-test-taskf4w8Ci/test-tmp/auto_rebalancer-test.0.AutoRebalancerTest.TestMaxMovesPerServer.1780922246754122-431-0/minicluster-data/ts-4-root
metadata directory: /tmp/dist-test-taskf4w8Ci/test-tmp/auto_rebalancer-test.0.AutoRebalancerTest.TestMaxMovesPerServer.1780922246754122-431-0/minicluster-data/ts-4-root
1 data directories: /tmp/dist-test-taskf4w8Ci/test-tmp/auto_rebalancer-test.0.AutoRebalancerTest.TestMaxMovesPerServer.1780922246754122-431-0/minicluster-data/ts-4-root/data
Total live blocks: 0
Total live bytes: 0
Total live bytes (after alignment): 0
Total number of LBM containers: 0 (0 full)
Did not check for missing blocks
Did not check for orphaned blocks
Total full LBM containers with extra space: 0 (0 repaired)
Total full LBM container extra space in bytes: 0 (0 repaired)
Total incomplete LBM containers: 0 (0 repaired)
Total LBM partial records: 0 (0 repaired)
Total corrupted LBM metadata records in RocksDB: 0 (0 repaired)
I20260608 12:39:34.188112   431 rpc_server.cc:225] running with OpenSSL 1.1.1  11 Sep 2018
I20260608 12:39:34.189360   431 kserver.cc:163] Server-wide thread pool size limit: 3276
I20260608 12:39:34.190994   431 txn_system_client.cc:432] TxnSystemClient initialization is disabled...
I20260608 12:39:34.193248   431 ts_tablet_manager.cc:585] Loaded tablet metadata (0 total tablets, 0 live tablets)
I20260608 12:39:34.193482   431 ts_tablet_manager.cc:531] Time spent load tablet metadata: real 0.000s	user 0.000s	sys 0.000s
I20260608 12:39:34.193776   431 ts_tablet_manager.cc:616] Registered 0 tablets
I20260608 12:39:34.193992   431 ts_tablet_manager.cc:595] Time spent register tablets: real 0.000s	user 0.000s	sys 0.000s
I20260608 12:39:34.251825   431 rpc_server.cc:307] RPC server started. Bound to: 127.0.107.197:41225
I20260608 12:39:34.251948  5469 acceptor_pool.cc:272] collecting diagnostics on the listening RPC socket 127.0.107.197:41225 every 8 connection(s)
I20260608 12:39:34.258675   431 file_cache.cc:492] Constructed file cache file cache with capacity 419430
W20260608 12:39:34.267378  5473 instance_detector.cc:116] could not retrieve AWS instance metadata: Network error: curl error: HTTP response code said error: The requested URL returned error: 404
W20260608 12:39:34.270610  5474 instance_detector.cc:116] could not retrieve Azure instance metadata: Network error: curl error: HTTP response code said error: The requested URL returned error: 404
I20260608 12:39:34.275416  5470 heartbeater.cc:344] Connected to a master server at 127.0.107.254:35225
I20260608 12:39:34.275982  5470 heartbeater.cc:461] Registering TS with master...
I20260608 12:39:34.277259  5470 heartbeater.cc:507] Master 127.0.107.254:35225 requested a full tablet report, sending...
I20260608 12:39:34.278487   431 server_base.cc:1061] running on GCE node
W20260608 12:39:34.278905  5476 instance_detector.cc:116] could not retrieve OpenStack instance metadata: Network error: curl error: HTTP response code said error: The requested URL returned error: 404
I20260608 12:39:34.280071  4824 ts_manager.cc:194] Registered new tserver with Master: 14e479dc7838465c952900b8deef6d12 (127.0.107.197:41225)
I20260608 12:39:34.280452   431 hybrid_clock.cc:584] initializing the hybrid clock with 'system_unsync' time source
W20260608 12:39:34.280733   431 system_unsync_time.cc:38] NTP support is disabled. Clock error bounds will not be accurate. This configuration is not suitable for distributed clusters.
I20260608 12:39:34.280943   431 hybrid_clock.cc:648] HybridClock initialized: now 1780922374280927 us; error 0 us; skew 500 ppm
I20260608 12:39:34.281661   431 server_base.cc:861] Flag tcmalloc_max_total_thread_cache_bytes is not working since tcmalloc is not enabled.
I20260608 12:39:34.282066  4824 master_service.cc:502] Signed X509 certificate for tserver {username='slave'} at 127.0.0.1:52330
I20260608 12:39:34.285226   431 webserver.cc:533] Webserver started at http://127.0.107.198:34327/ using document root <none> and password file <none>
I20260608 12:39:34.285975   431 fs_manager.cc:362] Metadata directory not provided
I20260608 12:39:34.286180   431 fs_manager.cc:368] Using write-ahead log directory (fs_wal_dir) as metadata directory
I20260608 12:39:34.286513   431 server_base.cc:909] This appears to be a new deployment of Kudu; creating new FS layout
I20260608 12:39:34.287690   431 fs_manager.cc:1068] Generated new instance metadata in path /tmp/dist-test-taskf4w8Ci/test-tmp/auto_rebalancer-test.0.AutoRebalancerTest.TestMaxMovesPerServer.1780922246754122-431-0/minicluster-data/ts-5-root/instance:
uuid: "8d4bf71bd0664f7b9feff59fd2f11a92"
format_stamp: "Formatted at 2026-06-08 12:39:34 on dist-test-slave-cjgt"
I20260608 12:39:34.292256   431 fs_manager.cc:696] Time spent creating directory manager: real 0.004s	user 0.006s	sys 0.000s
I20260608 12:39:34.295701  5481 log_block_manager.cc:4031] Time spent loading block containers with low live blocks: real 0.000s	user 0.000s	sys 0.000s
I20260608 12:39:34.296475   431 fs_manager.cc:730] Time spent opening block manager: real 0.002s	user 0.002s	sys 0.000s
I20260608 12:39:34.296968   431 fs_manager.cc:647] Opened local filesystem: /tmp/dist-test-taskf4w8Ci/test-tmp/auto_rebalancer-test.0.AutoRebalancerTest.TestMaxMovesPerServer.1780922246754122-431-0/minicluster-data/ts-5-root
uuid: "8d4bf71bd0664f7b9feff59fd2f11a92"
format_stamp: "Formatted at 2026-06-08 12:39:34 on dist-test-slave-cjgt"
I20260608 12:39:34.297315   431 fs_report.cc:389] FS layout report
--------------------
wal directory: /tmp/dist-test-taskf4w8Ci/test-tmp/auto_rebalancer-test.0.AutoRebalancerTest.TestMaxMovesPerServer.1780922246754122-431-0/minicluster-data/ts-5-root
metadata directory: /tmp/dist-test-taskf4w8Ci/test-tmp/auto_rebalancer-test.0.AutoRebalancerTest.TestMaxMovesPerServer.1780922246754122-431-0/minicluster-data/ts-5-root
1 data directories: /tmp/dist-test-taskf4w8Ci/test-tmp/auto_rebalancer-test.0.AutoRebalancerTest.TestMaxMovesPerServer.1780922246754122-431-0/minicluster-data/ts-5-root/data
Total live blocks: 0
Total live bytes: 0
Total live bytes (after alignment): 0
Total number of LBM containers: 0 (0 full)
Did not check for missing blocks
Did not check for orphaned blocks
Total full LBM containers with extra space: 0 (0 repaired)
Total full LBM container extra space in bytes: 0 (0 repaired)
Total incomplete LBM containers: 0 (0 repaired)
Total LBM partial records: 0 (0 repaired)
Total corrupted LBM metadata records in RocksDB: 0 (0 repaired)
I20260608 12:39:34.329808   431 rpc_server.cc:225] running with OpenSSL 1.1.1  11 Sep 2018
I20260608 12:39:34.331000   431 kserver.cc:163] Server-wide thread pool size limit: 3276
I20260608 12:39:34.332579   431 txn_system_client.cc:432] TxnSystemClient initialization is disabled...
I20260608 12:39:34.335961   431 ts_tablet_manager.cc:585] Loaded tablet metadata (0 total tablets, 0 live tablets)
I20260608 12:39:34.336226   431 ts_tablet_manager.cc:531] Time spent load tablet metadata: real 0.000s	user 0.000s	sys 0.000s
I20260608 12:39:34.336539   431 ts_tablet_manager.cc:616] Registered 0 tablets
I20260608 12:39:34.336776   431 ts_tablet_manager.cc:595] Time spent register tablets: real 0.000s	user 0.000s	sys 0.000s
I20260608 12:39:34.420739   431 rpc_server.cc:307] RPC server started. Bound to: 127.0.107.198:40257
I20260608 12:39:34.420850  5543 acceptor_pool.cc:272] collecting diagnostics on the listening RPC socket 127.0.107.198:40257 every 8 connection(s)
I20260608 12:39:34.435956  5544 heartbeater.cc:344] Connected to a master server at 127.0.107.254:35225
I20260608 12:39:34.436389  5544 heartbeater.cc:461] Registering TS with master...
I20260608 12:39:34.437117  5544 heartbeater.cc:507] Master 127.0.107.254:35225 requested a full tablet report, sending...
I20260608 12:39:34.439349  4824 ts_manager.cc:194] Registered new tserver with Master: 8d4bf71bd0664f7b9feff59fd2f11a92 (127.0.107.198:40257)
I20260608 12:39:34.440629  4824 master_service.cc:502] Signed X509 certificate for tserver {username='slave'} at 127.0.0.1:52342
I20260608 12:39:35.012725  4925 consensus_queue.cc:237] T 11fa58929dc4412fa5732c46beaf83ff P 8dd3ed01b1764fc2bfc884a3eaaa33a1 [LEADER]: Queue going to LEADER mode. State: All replicated index: 0, Majority replicated index: 25, Committed index: 25, Last appended: 1.25, Last appended by leader: 0, Current term: 1, Majority size: 2, State: 0, Mode: LEADER, active raft config: opid_index: 26 OBSOLETE_local: false peers { permanent_uuid: "8dd3ed01b1764fc2bfc884a3eaaa33a1" member_type: VOTER last_known_addr { host: "127.0.107.193" port: 35793 } } peers { permanent_uuid: "f12ba8d199cf4702a7c73f7bbaef0f35" member_type: VOTER last_known_addr { host: "127.0.107.194" port: 37983 } } peers { permanent_uuid: "15e58bc1c3d543219440184a06661355" member_type: VOTER last_known_addr { host: "127.0.107.195" port: 37805 } attrs { replace: true } } peers { permanent_uuid: "14e479dc7838465c952900b8deef6d12" member_type: NON_VOTER last_known_addr { host: "127.0.107.197" port: 41225 } attrs { promote: true } }
I20260608 12:39:35.020617  5078 raft_consensus.cc:1275] T 11fa58929dc4412fa5732c46beaf83ff P 15e58bc1c3d543219440184a06661355 [term 1 FOLLOWER]: Refusing update from remote peer 8dd3ed01b1764fc2bfc884a3eaaa33a1: Log matching property violated. Preceding OpId in replica: term: 1 index: 25. Preceding OpId from leader: term: 1 index: 26. (index mismatch)
I20260608 12:39:35.020888  5001 raft_consensus.cc:1275] T 11fa58929dc4412fa5732c46beaf83ff P f12ba8d199cf4702a7c73f7bbaef0f35 [term 1 FOLLOWER]: Refusing update from remote peer 8dd3ed01b1764fc2bfc884a3eaaa33a1: Log matching property violated. Preceding OpId in replica: term: 1 index: 25. Preceding OpId from leader: term: 1 index: 26. (index mismatch)
I20260608 12:39:35.022946  5547 consensus_queue.cc:1048] T 11fa58929dc4412fa5732c46beaf83ff P 8dd3ed01b1764fc2bfc884a3eaaa33a1 [LEADER]: Connected to new peer: Peer: permanent_uuid: "15e58bc1c3d543219440184a06661355" member_type: VOTER last_known_addr { host: "127.0.107.195" port: 37805 } attrs { replace: true }, Status: LMP_MISMATCH, Last received: 0.0, Next index: 26, Last known committed idx: 25, Time since last communication: 0.001s
I20260608 12:39:35.023996  5551 consensus_queue.cc:1048] T 11fa58929dc4412fa5732c46beaf83ff P 8dd3ed01b1764fc2bfc884a3eaaa33a1 [LEADER]: Connected to new peer: Peer: permanent_uuid: "f12ba8d199cf4702a7c73f7bbaef0f35" member_type: VOTER last_known_addr { host: "127.0.107.194" port: 37983 }, Status: LMP_MISMATCH, Last received: 0.0, Next index: 26, Last known committed idx: 25, Time since last communication: 0.000s
I20260608 12:39:35.034211  5294 raft_consensus.cc:2955] T 11fa58929dc4412fa5732c46beaf83ff P 8dd3ed01b1764fc2bfc884a3eaaa33a1 [term 1 LEADER]: Committing config change with OpId 1.26: config changed from index -1 to 26, NON_VOTER 14e479dc7838465c952900b8deef6d12 (127.0.107.197) added. New config: { opid_index: 26 OBSOLETE_local: false peers { permanent_uuid: "8dd3ed01b1764fc2bfc884a3eaaa33a1" member_type: VOTER last_known_addr { host: "127.0.107.193" port: 35793 } } peers { permanent_uuid: "f12ba8d199cf4702a7c73f7bbaef0f35" member_type: VOTER last_known_addr { host: "127.0.107.194" port: 37983 } } peers { permanent_uuid: "15e58bc1c3d543219440184a06661355" member_type: VOTER last_known_addr { host: "127.0.107.195" port: 37805 } attrs { replace: true } } peers { permanent_uuid: "14e479dc7838465c952900b8deef6d12" member_type: NON_VOTER last_known_addr { host: "127.0.107.197" port: 41225 } attrs { promote: true } } }
W20260608 12:39:35.035447  4896 consensus_peers.cc:597] T 11fa58929dc4412fa5732c46beaf83ff P 8dd3ed01b1764fc2bfc884a3eaaa33a1 -> Peer 14e479dc7838465c952900b8deef6d12 (127.0.107.197:41225): Couldn't send request to peer 14e479dc7838465c952900b8deef6d12. Error code: TABLET_NOT_FOUND (6). Status: Not found: Tablet not found: 11fa58929dc4412fa5732c46beaf83ff. This is attempt 1: this message will repeat every 5th retry.
I20260608 12:39:35.039402  5078 raft_consensus.cc:2955] T 11fa58929dc4412fa5732c46beaf83ff P 15e58bc1c3d543219440184a06661355 [term 1 FOLLOWER]: Committing config change with OpId 1.26: config changed from index -1 to 26, NON_VOTER 14e479dc7838465c952900b8deef6d12 (127.0.107.197) added. New config: { opid_index: 26 OBSOLETE_local: false peers { permanent_uuid: "8dd3ed01b1764fc2bfc884a3eaaa33a1" member_type: VOTER last_known_addr { host: "127.0.107.193" port: 35793 } } peers { permanent_uuid: "f12ba8d199cf4702a7c73f7bbaef0f35" member_type: VOTER last_known_addr { host: "127.0.107.194" port: 37983 } } peers { permanent_uuid: "15e58bc1c3d543219440184a06661355" member_type: VOTER last_known_addr { host: "127.0.107.195" port: 37805 } attrs { replace: true } } peers { permanent_uuid: "14e479dc7838465c952900b8deef6d12" member_type: NON_VOTER last_known_addr { host: "127.0.107.197" port: 41225 } attrs { promote: true } } }
I20260608 12:39:35.039812  5001 raft_consensus.cc:2955] T 11fa58929dc4412fa5732c46beaf83ff P f12ba8d199cf4702a7c73f7bbaef0f35 [term 1 FOLLOWER]: Committing config change with OpId 1.26: config changed from index -1 to 26, NON_VOTER 14e479dc7838465c952900b8deef6d12 (127.0.107.197) added. New config: { opid_index: 26 OBSOLETE_local: false peers { permanent_uuid: "8dd3ed01b1764fc2bfc884a3eaaa33a1" member_type: VOTER last_known_addr { host: "127.0.107.193" port: 35793 } } peers { permanent_uuid: "f12ba8d199cf4702a7c73f7bbaef0f35" member_type: VOTER last_known_addr { host: "127.0.107.194" port: 37983 } } peers { permanent_uuid: "15e58bc1c3d543219440184a06661355" member_type: VOTER last_known_addr { host: "127.0.107.195" port: 37805 } attrs { replace: true } } peers { permanent_uuid: "14e479dc7838465c952900b8deef6d12" member_type: NON_VOTER last_known_addr { host: "127.0.107.197" port: 41225 } attrs { promote: true } } }
I20260608 12:39:35.055819  4824 catalog_manager.cc:5696] T 11fa58929dc4412fa5732c46beaf83ff P 8dd3ed01b1764fc2bfc884a3eaaa33a1 reported cstate change: config changed from index -1 to 26, NON_VOTER 14e479dc7838465c952900b8deef6d12 (127.0.107.197) added. New cstate: current_term: 1 leader_uuid: "8dd3ed01b1764fc2bfc884a3eaaa33a1" committed_config { opid_index: 26 OBSOLETE_local: false peers { permanent_uuid: "8dd3ed01b1764fc2bfc884a3eaaa33a1" member_type: VOTER last_known_addr { host: "127.0.107.193" port: 35793 } health_report { overall_health: HEALTHY } } peers { permanent_uuid: "f12ba8d199cf4702a7c73f7bbaef0f35" member_type: VOTER last_known_addr { host: "127.0.107.194" port: 37983 } health_report { overall_health: HEALTHY } } peers { permanent_uuid: "15e58bc1c3d543219440184a06661355" member_type: VOTER last_known_addr { host: "127.0.107.195" port: 37805 } attrs { replace: true } health_report { overall_health: HEALTHY } } peers { permanent_uuid: "14e479dc7838465c952900b8deef6d12" member_type: NON_VOTER last_known_addr { host: "127.0.107.197" port: 41225 } attrs { promote: true } health_report { overall_health: UNKNOWN } } }
I20260608 12:39:35.067271  5078 consensus_queue.cc:237] T edc5c2b5af654d02b37fa71442ba59dd P 15e58bc1c3d543219440184a06661355 [LEADER]: Queue going to LEADER mode. State: All replicated index: 0, Majority replicated index: 25, Committed index: 25, Last appended: 1.25, Last appended by leader: 0, Current term: 1, Majority size: 2, State: 0, Mode: LEADER, active raft config: opid_index: 26 OBSOLETE_local: false peers { permanent_uuid: "8dd3ed01b1764fc2bfc884a3eaaa33a1" member_type: VOTER last_known_addr { host: "127.0.107.193" port: 35793 } } peers { permanent_uuid: "f12ba8d199cf4702a7c73f7bbaef0f35" member_type: VOTER last_known_addr { host: "127.0.107.194" port: 37983 } attrs { replace: true } } peers { permanent_uuid: "15e58bc1c3d543219440184a06661355" member_type: VOTER last_known_addr { host: "127.0.107.195" port: 37805 } } peers { permanent_uuid: "b894bca897104cc493e4afb47b4310de" member_type: NON_VOTER last_known_addr { host: "127.0.107.196" port: 35521 } attrs { promote: true } }
I20260608 12:39:35.075382  5001 raft_consensus.cc:1275] T edc5c2b5af654d02b37fa71442ba59dd P f12ba8d199cf4702a7c73f7bbaef0f35 [term 1 FOLLOWER]: Refusing update from remote peer 15e58bc1c3d543219440184a06661355: Log matching property violated. Preceding OpId in replica: term: 1 index: 25. Preceding OpId from leader: term: 1 index: 26. (index mismatch)
I20260608 12:39:35.079416  4925 raft_consensus.cc:1275] T edc5c2b5af654d02b37fa71442ba59dd P 8dd3ed01b1764fc2bfc884a3eaaa33a1 [term 1 FOLLOWER]: Refusing update from remote peer 15e58bc1c3d543219440184a06661355: Log matching property violated. Preceding OpId in replica: term: 1 index: 25. Preceding OpId from leader: term: 1 index: 26. (index mismatch)
I20260608 12:39:35.080678  5156 consensus_queue.cc:1048] T edc5c2b5af654d02b37fa71442ba59dd P 15e58bc1c3d543219440184a06661355 [LEADER]: Connected to new peer: Peer: permanent_uuid: "8dd3ed01b1764fc2bfc884a3eaaa33a1" member_type: VOTER last_known_addr { host: "127.0.107.193" port: 35793 }, Status: LMP_MISMATCH, Last received: 0.0, Next index: 26, Last known committed idx: 25, Time since last communication: 0.000s
I20260608 12:39:35.081589  5562 consensus_queue.cc:1048] T edc5c2b5af654d02b37fa71442ba59dd P 15e58bc1c3d543219440184a06661355 [LEADER]: Connected to new peer: Peer: permanent_uuid: "f12ba8d199cf4702a7c73f7bbaef0f35" member_type: VOTER last_known_addr { host: "127.0.107.194" port: 37983 } attrs { replace: true }, Status: LMP_MISMATCH, Last received: 0.0, Next index: 26, Last known committed idx: 25, Time since last communication: 0.001s
I20260608 12:39:35.092658  5156 raft_consensus.cc:2955] T edc5c2b5af654d02b37fa71442ba59dd P 15e58bc1c3d543219440184a06661355 [term 1 LEADER]: Committing config change with OpId 1.26: config changed from index -1 to 26, NON_VOTER b894bca897104cc493e4afb47b4310de (127.0.107.196) added. New config: { opid_index: 26 OBSOLETE_local: false peers { permanent_uuid: "8dd3ed01b1764fc2bfc884a3eaaa33a1" member_type: VOTER last_known_addr { host: "127.0.107.193" port: 35793 } } peers { permanent_uuid: "f12ba8d199cf4702a7c73f7bbaef0f35" member_type: VOTER last_known_addr { host: "127.0.107.194" port: 37983 } attrs { replace: true } } peers { permanent_uuid: "15e58bc1c3d543219440184a06661355" member_type: VOTER last_known_addr { host: "127.0.107.195" port: 37805 } } peers { permanent_uuid: "b894bca897104cc493e4afb47b4310de" member_type: NON_VOTER last_known_addr { host: "127.0.107.196" port: 35521 } attrs { promote: true } } }
W20260608 12:39:35.096685  5044 consensus_peers.cc:597] T edc5c2b5af654d02b37fa71442ba59dd P 15e58bc1c3d543219440184a06661355 -> Peer b894bca897104cc493e4afb47b4310de (127.0.107.196:35521): Couldn't send request to peer b894bca897104cc493e4afb47b4310de. Error code: TABLET_NOT_FOUND (6). Status: Not found: Tablet not found: edc5c2b5af654d02b37fa71442ba59dd. This is attempt 1: this message will repeat every 5th retry.
I20260608 12:39:35.097266  4925 raft_consensus.cc:2955] T edc5c2b5af654d02b37fa71442ba59dd P 8dd3ed01b1764fc2bfc884a3eaaa33a1 [term 1 FOLLOWER]: Committing config change with OpId 1.26: config changed from index -1 to 26, NON_VOTER b894bca897104cc493e4afb47b4310de (127.0.107.196) added. New config: { opid_index: 26 OBSOLETE_local: false peers { permanent_uuid: "8dd3ed01b1764fc2bfc884a3eaaa33a1" member_type: VOTER last_known_addr { host: "127.0.107.193" port: 35793 } } peers { permanent_uuid: "f12ba8d199cf4702a7c73f7bbaef0f35" member_type: VOTER last_known_addr { host: "127.0.107.194" port: 37983 } attrs { replace: true } } peers { permanent_uuid: "15e58bc1c3d543219440184a06661355" member_type: VOTER last_known_addr { host: "127.0.107.195" port: 37805 } } peers { permanent_uuid: "b894bca897104cc493e4afb47b4310de" member_type: NON_VOTER last_known_addr { host: "127.0.107.196" port: 35521 } attrs { promote: true } } }
I20260608 12:39:35.098456  5001 raft_consensus.cc:2955] T edc5c2b5af654d02b37fa71442ba59dd P f12ba8d199cf4702a7c73f7bbaef0f35 [term 1 FOLLOWER]: Committing config change with OpId 1.26: config changed from index -1 to 26, NON_VOTER b894bca897104cc493e4afb47b4310de (127.0.107.196) added. New config: { opid_index: 26 OBSOLETE_local: false peers { permanent_uuid: "8dd3ed01b1764fc2bfc884a3eaaa33a1" member_type: VOTER last_known_addr { host: "127.0.107.193" port: 35793 } } peers { permanent_uuid: "f12ba8d199cf4702a7c73f7bbaef0f35" member_type: VOTER last_known_addr { host: "127.0.107.194" port: 37983 } attrs { replace: true } } peers { permanent_uuid: "15e58bc1c3d543219440184a06661355" member_type: VOTER last_known_addr { host: "127.0.107.195" port: 37805 } } peers { permanent_uuid: "b894bca897104cc493e4afb47b4310de" member_type: NON_VOTER last_known_addr { host: "127.0.107.196" port: 35521 } attrs { promote: true } } }
I20260608 12:39:35.109320  4823 catalog_manager.cc:5696] T edc5c2b5af654d02b37fa71442ba59dd P 15e58bc1c3d543219440184a06661355 reported cstate change: config changed from index -1 to 26, NON_VOTER b894bca897104cc493e4afb47b4310de (127.0.107.196) added. New cstate: current_term: 1 leader_uuid: "15e58bc1c3d543219440184a06661355" committed_config { opid_index: 26 OBSOLETE_local: false peers { permanent_uuid: "8dd3ed01b1764fc2bfc884a3eaaa33a1" member_type: VOTER last_known_addr { host: "127.0.107.193" port: 35793 } health_report { overall_health: HEALTHY } } peers { permanent_uuid: "f12ba8d199cf4702a7c73f7bbaef0f35" member_type: VOTER last_known_addr { host: "127.0.107.194" port: 37983 } attrs { replace: true } health_report { overall_health: HEALTHY } } peers { permanent_uuid: "15e58bc1c3d543219440184a06661355" member_type: VOTER last_known_addr { host: "127.0.107.195" port: 37805 } health_report { overall_health: HEALTHY } } peers { permanent_uuid: "b894bca897104cc493e4afb47b4310de" member_type: NON_VOTER last_known_addr { host: "127.0.107.196" port: 35521 } attrs { promote: true } health_report { overall_health: UNKNOWN } } }
I20260608 12:39:35.121838  5001 consensus_queue.cc:237] T 9acd69fb9350492bb6cffef1f03e0f04 P f12ba8d199cf4702a7c73f7bbaef0f35 [LEADER]: Queue going to LEADER mode. State: All replicated index: 0, Majority replicated index: 25, Committed index: 25, Last appended: 1.25, Last appended by leader: 0, Current term: 1, Majority size: 2, State: 0, Mode: LEADER, active raft config: opid_index: 26 OBSOLETE_local: false peers { permanent_uuid: "8dd3ed01b1764fc2bfc884a3eaaa33a1" member_type: VOTER last_known_addr { host: "127.0.107.193" port: 35793 } attrs { replace: true } } peers { permanent_uuid: "f12ba8d199cf4702a7c73f7bbaef0f35" member_type: VOTER last_known_addr { host: "127.0.107.194" port: 37983 } } peers { permanent_uuid: "15e58bc1c3d543219440184a06661355" member_type: VOTER last_known_addr { host: "127.0.107.195" port: 37805 } } peers { permanent_uuid: "8d4bf71bd0664f7b9feff59fd2f11a92" member_type: NON_VOTER last_known_addr { host: "127.0.107.198" port: 40257 } attrs { promote: true } }
I20260608 12:39:35.133054  5078 raft_consensus.cc:1275] T 9acd69fb9350492bb6cffef1f03e0f04 P 15e58bc1c3d543219440184a06661355 [term 1 FOLLOWER]: Refusing update from remote peer f12ba8d199cf4702a7c73f7bbaef0f35: Log matching property violated. Preceding OpId in replica: term: 1 index: 25. Preceding OpId from leader: term: 1 index: 26. (index mismatch)
I20260608 12:39:35.135341  5322 consensus_queue.cc:1048] T 9acd69fb9350492bb6cffef1f03e0f04 P f12ba8d199cf4702a7c73f7bbaef0f35 [LEADER]: Connected to new peer: Peer: permanent_uuid: "15e58bc1c3d543219440184a06661355" member_type: VOTER last_known_addr { host: "127.0.107.195" port: 37805 }, Status: LMP_MISMATCH, Last received: 0.0, Next index: 26, Last known committed idx: 25, Time since last communication: 0.001s
I20260608 12:39:35.144634  4925 raft_consensus.cc:1275] T 9acd69fb9350492bb6cffef1f03e0f04 P 8dd3ed01b1764fc2bfc884a3eaaa33a1 [term 1 FOLLOWER]: Refusing update from remote peer f12ba8d199cf4702a7c73f7bbaef0f35: Log matching property violated. Preceding OpId in replica: term: 1 index: 25. Preceding OpId from leader: term: 1 index: 26. (index mismatch)
I20260608 12:39:35.146499  5570 consensus_queue.cc:1048] T 9acd69fb9350492bb6cffef1f03e0f04 P f12ba8d199cf4702a7c73f7bbaef0f35 [LEADER]: Connected to new peer: Peer: permanent_uuid: "8dd3ed01b1764fc2bfc884a3eaaa33a1" member_type: VOTER last_known_addr { host: "127.0.107.193" port: 35793 } attrs { replace: true }, Status: LMP_MISMATCH, Last received: 0.0, Next index: 26, Last known committed idx: 25, Time since last communication: 0.001s
I20260608 12:39:35.149260  5570 raft_consensus.cc:2955] T 9acd69fb9350492bb6cffef1f03e0f04 P f12ba8d199cf4702a7c73f7bbaef0f35 [term 1 LEADER]: Committing config change with OpId 1.26: config changed from index -1 to 26, NON_VOTER 8d4bf71bd0664f7b9feff59fd2f11a92 (127.0.107.198) added. New config: { opid_index: 26 OBSOLETE_local: false peers { permanent_uuid: "8dd3ed01b1764fc2bfc884a3eaaa33a1" member_type: VOTER last_known_addr { host: "127.0.107.193" port: 35793 } attrs { replace: true } } peers { permanent_uuid: "f12ba8d199cf4702a7c73f7bbaef0f35" member_type: VOTER last_known_addr { host: "127.0.107.194" port: 37983 } } peers { permanent_uuid: "15e58bc1c3d543219440184a06661355" member_type: VOTER last_known_addr { host: "127.0.107.195" port: 37805 } } peers { permanent_uuid: "8d4bf71bd0664f7b9feff59fd2f11a92" member_type: NON_VOTER last_known_addr { host: "127.0.107.198" port: 40257 } attrs { promote: true } } }
W20260608 12:39:35.151978  4970 consensus_peers.cc:597] T 9acd69fb9350492bb6cffef1f03e0f04 P f12ba8d199cf4702a7c73f7bbaef0f35 -> Peer 8d4bf71bd0664f7b9feff59fd2f11a92 (127.0.107.198:40257): Couldn't send request to peer 8d4bf71bd0664f7b9feff59fd2f11a92. Error code: TABLET_NOT_FOUND (6). Status: Not found: Tablet not found: 9acd69fb9350492bb6cffef1f03e0f04. This is attempt 1: this message will repeat every 5th retry.
I20260608 12:39:35.156538  5078 raft_consensus.cc:2955] T 9acd69fb9350492bb6cffef1f03e0f04 P 15e58bc1c3d543219440184a06661355 [term 1 FOLLOWER]: Committing config change with OpId 1.26: config changed from index -1 to 26, NON_VOTER 8d4bf71bd0664f7b9feff59fd2f11a92 (127.0.107.198) added. New config: { opid_index: 26 OBSOLETE_local: false peers { permanent_uuid: "8dd3ed01b1764fc2bfc884a3eaaa33a1" member_type: VOTER last_known_addr { host: "127.0.107.193" port: 35793 } attrs { replace: true } } peers { permanent_uuid: "f12ba8d199cf4702a7c73f7bbaef0f35" member_type: VOTER last_known_addr { host: "127.0.107.194" port: 37983 } } peers { permanent_uuid: "15e58bc1c3d543219440184a06661355" member_type: VOTER last_known_addr { host: "127.0.107.195" port: 37805 } } peers { permanent_uuid: "8d4bf71bd0664f7b9feff59fd2f11a92" member_type: NON_VOTER last_known_addr { host: "127.0.107.198" port: 40257 } attrs { promote: true } } }
I20260608 12:39:35.161792  5395 heartbeater.cc:499] Master 127.0.107.254:35225 was elected leader, sending a full tablet report...
I20260608 12:39:35.163164  4925 consensus_queue.cc:237] T 9c07c628f19e482186786908c5fe33de P 8dd3ed01b1764fc2bfc884a3eaaa33a1 [LEADER]: Queue going to LEADER mode. State: All replicated index: 0, Majority replicated index: 25, Committed index: 25, Last appended: 1.25, Last appended by leader: 0, Current term: 1, Majority size: 2, State: 0, Mode: LEADER, active raft config: opid_index: 26 OBSOLETE_local: false peers { permanent_uuid: "8dd3ed01b1764fc2bfc884a3eaaa33a1" member_type: VOTER last_known_addr { host: "127.0.107.193" port: 35793 } } peers { permanent_uuid: "f12ba8d199cf4702a7c73f7bbaef0f35" member_type: VOTER last_known_addr { host: "127.0.107.194" port: 37983 } } peers { permanent_uuid: "15e58bc1c3d543219440184a06661355" member_type: VOTER last_known_addr { host: "127.0.107.195" port: 37805 } attrs { replace: true } } peers { permanent_uuid: "b894bca897104cc493e4afb47b4310de" member_type: NON_VOTER last_known_addr { host: "127.0.107.196" port: 35521 } attrs { promote: true } }
I20260608 12:39:35.163066  4824 catalog_manager.cc:5696] T 9acd69fb9350492bb6cffef1f03e0f04 P f12ba8d199cf4702a7c73f7bbaef0f35 reported cstate change: config changed from index -1 to 26, NON_VOTER 8d4bf71bd0664f7b9feff59fd2f11a92 (127.0.107.198) added. New cstate: current_term: 1 leader_uuid: "f12ba8d199cf4702a7c73f7bbaef0f35" committed_config { opid_index: 26 OBSOLETE_local: false peers { permanent_uuid: "8dd3ed01b1764fc2bfc884a3eaaa33a1" member_type: VOTER last_known_addr { host: "127.0.107.193" port: 35793 } attrs { replace: true } health_report { overall_health: UNKNOWN } } peers { permanent_uuid: "f12ba8d199cf4702a7c73f7bbaef0f35" member_type: VOTER last_known_addr { host: "127.0.107.194" port: 37983 } health_report { overall_health: HEALTHY } } peers { permanent_uuid: "15e58bc1c3d543219440184a06661355" member_type: VOTER last_known_addr { host: "127.0.107.195" port: 37805 } health_report { overall_health: HEALTHY } } peers { permanent_uuid: "8d4bf71bd0664f7b9feff59fd2f11a92" member_type: NON_VOTER last_known_addr { host: "127.0.107.198" port: 40257 } attrs { promote: true } health_report { overall_health: UNKNOWN } } }
I20260608 12:39:35.175499  4927 raft_consensus.cc:2955] T 9acd69fb9350492bb6cffef1f03e0f04 P 8dd3ed01b1764fc2bfc884a3eaaa33a1 [term 1 FOLLOWER]: Committing config change with OpId 1.26: config changed from index -1 to 26, NON_VOTER 8d4bf71bd0664f7b9feff59fd2f11a92 (127.0.107.198) added. New config: { opid_index: 26 OBSOLETE_local: false peers { permanent_uuid: "8dd3ed01b1764fc2bfc884a3eaaa33a1" member_type: VOTER last_known_addr { host: "127.0.107.193" port: 35793 } attrs { replace: true } } peers { permanent_uuid: "f12ba8d199cf4702a7c73f7bbaef0f35" member_type: VOTER last_known_addr { host: "127.0.107.194" port: 37983 } } peers { permanent_uuid: "15e58bc1c3d543219440184a06661355" member_type: VOTER last_known_addr { host: "127.0.107.195" port: 37805 } } peers { permanent_uuid: "8d4bf71bd0664f7b9feff59fd2f11a92" member_type: NON_VOTER last_known_addr { host: "127.0.107.198" port: 40257 } attrs { promote: true } } }
I20260608 12:39:35.177457  5078 raft_consensus.cc:1275] T 9c07c628f19e482186786908c5fe33de P 15e58bc1c3d543219440184a06661355 [term 1 FOLLOWER]: Refusing update from remote peer 8dd3ed01b1764fc2bfc884a3eaaa33a1: Log matching property violated. Preceding OpId in replica: term: 1 index: 25. Preceding OpId from leader: term: 1 index: 26. (index mismatch)
I20260608 12:39:35.178997  5547 consensus_queue.cc:1048] T 9c07c628f19e482186786908c5fe33de P 8dd3ed01b1764fc2bfc884a3eaaa33a1 [LEADER]: Connected to new peer: Peer: permanent_uuid: "15e58bc1c3d543219440184a06661355" member_type: VOTER last_known_addr { host: "127.0.107.195" port: 37805 } attrs { replace: true }, Status: LMP_MISMATCH, Last received: 0.0, Next index: 26, Last known committed idx: 25, Time since last communication: 0.001s
W20260608 12:39:35.189661  4895 consensus_peers.cc:597] T 9c07c628f19e482186786908c5fe33de P 8dd3ed01b1764fc2bfc884a3eaaa33a1 -> Peer b894bca897104cc493e4afb47b4310de (127.0.107.196:35521): Couldn't send request to peer b894bca897104cc493e4afb47b4310de. Error code: TABLET_NOT_FOUND (6). Status: Not found: Tablet not found: 9c07c628f19e482186786908c5fe33de. This is attempt 1: this message will repeat every 5th retry.
I20260608 12:39:35.191977  5001 raft_consensus.cc:1275] T 9c07c628f19e482186786908c5fe33de P f12ba8d199cf4702a7c73f7bbaef0f35 [term 1 FOLLOWER]: Refusing update from remote peer 8dd3ed01b1764fc2bfc884a3eaaa33a1: Log matching property violated. Preceding OpId in replica: term: 1 index: 25. Preceding OpId from leader: term: 1 index: 26. (index mismatch)
I20260608 12:39:35.196511  5547 consensus_queue.cc:1048] T 9c07c628f19e482186786908c5fe33de P 8dd3ed01b1764fc2bfc884a3eaaa33a1 [LEADER]: Connected to new peer: Peer: permanent_uuid: "f12ba8d199cf4702a7c73f7bbaef0f35" member_type: VOTER last_known_addr { host: "127.0.107.194" port: 37983 }, Status: LMP_MISMATCH, Last received: 0.0, Next index: 26, Last known committed idx: 25, Time since last communication: 0.001s
I20260608 12:39:35.200995  5551 raft_consensus.cc:2955] T 9c07c628f19e482186786908c5fe33de P 8dd3ed01b1764fc2bfc884a3eaaa33a1 [term 1 LEADER]: Committing config change with OpId 1.26: config changed from index -1 to 26, NON_VOTER b894bca897104cc493e4afb47b4310de (127.0.107.196) added. New config: { opid_index: 26 OBSOLETE_local: false peers { permanent_uuid: "8dd3ed01b1764fc2bfc884a3eaaa33a1" member_type: VOTER last_known_addr { host: "127.0.107.193" port: 35793 } } peers { permanent_uuid: "f12ba8d199cf4702a7c73f7bbaef0f35" member_type: VOTER last_known_addr { host: "127.0.107.194" port: 37983 } } peers { permanent_uuid: "15e58bc1c3d543219440184a06661355" member_type: VOTER last_known_addr { host: "127.0.107.195" port: 37805 } attrs { replace: true } } peers { permanent_uuid: "b894bca897104cc493e4afb47b4310de" member_type: NON_VOTER last_known_addr { host: "127.0.107.196" port: 35521 } attrs { promote: true } } }
I20260608 12:39:35.202692  5078 raft_consensus.cc:2955] T 9c07c628f19e482186786908c5fe33de P 15e58bc1c3d543219440184a06661355 [term 1 FOLLOWER]: Committing config change with OpId 1.26: config changed from index -1 to 26, NON_VOTER b894bca897104cc493e4afb47b4310de (127.0.107.196) added. New config: { opid_index: 26 OBSOLETE_local: false peers { permanent_uuid: "8dd3ed01b1764fc2bfc884a3eaaa33a1" member_type: VOTER last_known_addr { host: "127.0.107.193" port: 35793 } } peers { permanent_uuid: "f12ba8d199cf4702a7c73f7bbaef0f35" member_type: VOTER last_known_addr { host: "127.0.107.194" port: 37983 } } peers { permanent_uuid: "15e58bc1c3d543219440184a06661355" member_type: VOTER last_known_addr { host: "127.0.107.195" port: 37805 } attrs { replace: true } } peers { permanent_uuid: "b894bca897104cc493e4afb47b4310de" member_type: NON_VOTER last_known_addr { host: "127.0.107.196" port: 35521 } attrs { promote: true } } }
I20260608 12:39:35.213721  5001 raft_consensus.cc:2955] T 9c07c628f19e482186786908c5fe33de P f12ba8d199cf4702a7c73f7bbaef0f35 [term 1 FOLLOWER]: Committing config change with OpId 1.26: config changed from index -1 to 26, NON_VOTER b894bca897104cc493e4afb47b4310de (127.0.107.196) added. New config: { opid_index: 26 OBSOLETE_local: false peers { permanent_uuid: "8dd3ed01b1764fc2bfc884a3eaaa33a1" member_type: VOTER last_known_addr { host: "127.0.107.193" port: 35793 } } peers { permanent_uuid: "f12ba8d199cf4702a7c73f7bbaef0f35" member_type: VOTER last_known_addr { host: "127.0.107.194" port: 37983 } } peers { permanent_uuid: "15e58bc1c3d543219440184a06661355" member_type: VOTER last_known_addr { host: "127.0.107.195" port: 37805 } attrs { replace: true } } peers { permanent_uuid: "b894bca897104cc493e4afb47b4310de" member_type: NON_VOTER last_known_addr { host: "127.0.107.196" port: 35521 } attrs { promote: true } } }
I20260608 12:39:35.215849  4824 catalog_manager.cc:5696] T 9c07c628f19e482186786908c5fe33de P 8dd3ed01b1764fc2bfc884a3eaaa33a1 reported cstate change: config changed from index -1 to 26, NON_VOTER b894bca897104cc493e4afb47b4310de (127.0.107.196) added. New cstate: current_term: 1 leader_uuid: "8dd3ed01b1764fc2bfc884a3eaaa33a1" committed_config { opid_index: 26 OBSOLETE_local: false peers { permanent_uuid: "8dd3ed01b1764fc2bfc884a3eaaa33a1" member_type: VOTER last_known_addr { host: "127.0.107.193" port: 35793 } health_report { overall_health: HEALTHY } } peers { permanent_uuid: "f12ba8d199cf4702a7c73f7bbaef0f35" member_type: VOTER last_known_addr { host: "127.0.107.194" port: 37983 } health_report { overall_health: UNKNOWN } } peers { permanent_uuid: "15e58bc1c3d543219440184a06661355" member_type: VOTER last_known_addr { host: "127.0.107.195" port: 37805 } attrs { replace: true } health_report { overall_health: HEALTHY } } peers { permanent_uuid: "b894bca897104cc493e4afb47b4310de" member_type: NON_VOTER last_known_addr { host: "127.0.107.196" port: 35521 } attrs { promote: true } health_report { overall_health: UNKNOWN } } }
I20260608 12:39:35.218027  5003 consensus_queue.cc:237] T ff40999bddac42a991cd783e60bf2bdb P f12ba8d199cf4702a7c73f7bbaef0f35 [LEADER]: Queue going to LEADER mode. State: All replicated index: 0, Majority replicated index: 25, Committed index: 25, Last appended: 1.25, Last appended by leader: 0, Current term: 1, Majority size: 2, State: 0, Mode: LEADER, active raft config: opid_index: 26 OBSOLETE_local: false peers { permanent_uuid: "15e58bc1c3d543219440184a06661355" member_type: VOTER last_known_addr { host: "127.0.107.195" port: 37805 } } peers { permanent_uuid: "f12ba8d199cf4702a7c73f7bbaef0f35" member_type: VOTER last_known_addr { host: "127.0.107.194" port: 37983 } } peers { permanent_uuid: "8dd3ed01b1764fc2bfc884a3eaaa33a1" member_type: VOTER last_known_addr { host: "127.0.107.193" port: 35793 } attrs { replace: true } } peers { permanent_uuid: "14e479dc7838465c952900b8deef6d12" member_type: NON_VOTER last_known_addr { host: "127.0.107.197" port: 41225 } attrs { promote: true } }
I20260608 12:39:35.236996  4927 raft_consensus.cc:1275] T ff40999bddac42a991cd783e60bf2bdb P 8dd3ed01b1764fc2bfc884a3eaaa33a1 [term 1 FOLLOWER]: Refusing update from remote peer f12ba8d199cf4702a7c73f7bbaef0f35: Log matching property violated. Preceding OpId in replica: term: 1 index: 25. Preceding OpId from leader: term: 1 index: 26. (index mismatch)
I20260608 12:39:35.238595  5570 consensus_queue.cc:1048] T ff40999bddac42a991cd783e60bf2bdb P f12ba8d199cf4702a7c73f7bbaef0f35 [LEADER]: Connected to new peer: Peer: permanent_uuid: "8dd3ed01b1764fc2bfc884a3eaaa33a1" member_type: VOTER last_known_addr { host: "127.0.107.193" port: 35793 } attrs { replace: true }, Status: LMP_MISMATCH, Last received: 0.0, Next index: 26, Last known committed idx: 25, Time since last communication: 0.000s
I20260608 12:39:35.241384  5078 raft_consensus.cc:1275] T ff40999bddac42a991cd783e60bf2bdb P 15e58bc1c3d543219440184a06661355 [term 1 FOLLOWER]: Refusing update from remote peer f12ba8d199cf4702a7c73f7bbaef0f35: Log matching property violated. Preceding OpId in replica: term: 1 index: 25. Preceding OpId from leader: term: 1 index: 26. (index mismatch)
I20260608 12:39:35.245163  5570 consensus_queue.cc:1048] T ff40999bddac42a991cd783e60bf2bdb P f12ba8d199cf4702a7c73f7bbaef0f35 [LEADER]: Connected to new peer: Peer: permanent_uuid: "15e58bc1c3d543219440184a06661355" member_type: VOTER last_known_addr { host: "127.0.107.195" port: 37805 }, Status: LMP_MISMATCH, Last received: 0.0, Next index: 26, Last known committed idx: 25, Time since last communication: 0.000s
W20260608 12:39:35.246345  4971 consensus_peers.cc:597] T ff40999bddac42a991cd783e60bf2bdb P f12ba8d199cf4702a7c73f7bbaef0f35 -> Peer 14e479dc7838465c952900b8deef6d12 (127.0.107.197:41225): Couldn't send request to peer 14e479dc7838465c952900b8deef6d12. Error code: TABLET_NOT_FOUND (6). Status: Not found: Tablet not found: ff40999bddac42a991cd783e60bf2bdb. This is attempt 1: this message will repeat every 5th retry.
I20260608 12:39:35.247758  5322 raft_consensus.cc:2955] T ff40999bddac42a991cd783e60bf2bdb P f12ba8d199cf4702a7c73f7bbaef0f35 [term 1 LEADER]: Committing config change with OpId 1.26: config changed from index -1 to 26, NON_VOTER 14e479dc7838465c952900b8deef6d12 (127.0.107.197) added. New config: { opid_index: 26 OBSOLETE_local: false peers { permanent_uuid: "15e58bc1c3d543219440184a06661355" member_type: VOTER last_known_addr { host: "127.0.107.195" port: 37805 } } peers { permanent_uuid: "f12ba8d199cf4702a7c73f7bbaef0f35" member_type: VOTER last_known_addr { host: "127.0.107.194" port: 37983 } } peers { permanent_uuid: "8dd3ed01b1764fc2bfc884a3eaaa33a1" member_type: VOTER last_known_addr { host: "127.0.107.193" port: 35793 } attrs { replace: true } } peers { permanent_uuid: "14e479dc7838465c952900b8deef6d12" member_type: NON_VOTER last_known_addr { host: "127.0.107.197" port: 41225 } attrs { promote: true } } }
I20260608 12:39:35.249639  4927 raft_consensus.cc:2955] T ff40999bddac42a991cd783e60bf2bdb P 8dd3ed01b1764fc2bfc884a3eaaa33a1 [term 1 FOLLOWER]: Committing config change with OpId 1.26: config changed from index -1 to 26, NON_VOTER 14e479dc7838465c952900b8deef6d12 (127.0.107.197) added. New config: { opid_index: 26 OBSOLETE_local: false peers { permanent_uuid: "15e58bc1c3d543219440184a06661355" member_type: VOTER last_known_addr { host: "127.0.107.195" port: 37805 } } peers { permanent_uuid: "f12ba8d199cf4702a7c73f7bbaef0f35" member_type: VOTER last_known_addr { host: "127.0.107.194" port: 37983 } } peers { permanent_uuid: "8dd3ed01b1764fc2bfc884a3eaaa33a1" member_type: VOTER last_known_addr { host: "127.0.107.193" port: 35793 } attrs { replace: true } } peers { permanent_uuid: "14e479dc7838465c952900b8deef6d12" member_type: NON_VOTER last_known_addr { host: "127.0.107.197" port: 41225 } attrs { promote: true } } }
I20260608 12:39:35.255250  5078 raft_consensus.cc:2955] T ff40999bddac42a991cd783e60bf2bdb P 15e58bc1c3d543219440184a06661355 [term 1 FOLLOWER]: Committing config change with OpId 1.26: config changed from index -1 to 26, NON_VOTER 14e479dc7838465c952900b8deef6d12 (127.0.107.197) added. New config: { opid_index: 26 OBSOLETE_local: false peers { permanent_uuid: "15e58bc1c3d543219440184a06661355" member_type: VOTER last_known_addr { host: "127.0.107.195" port: 37805 } } peers { permanent_uuid: "f12ba8d199cf4702a7c73f7bbaef0f35" member_type: VOTER last_known_addr { host: "127.0.107.194" port: 37983 } } peers { permanent_uuid: "8dd3ed01b1764fc2bfc884a3eaaa33a1" member_type: VOTER last_known_addr { host: "127.0.107.193" port: 35793 } attrs { replace: true } } peers { permanent_uuid: "14e479dc7838465c952900b8deef6d12" member_type: NON_VOTER last_known_addr { host: "127.0.107.197" port: 41225 } attrs { promote: true } } }
I20260608 12:39:35.262912  4824 catalog_manager.cc:5696] T ff40999bddac42a991cd783e60bf2bdb P f12ba8d199cf4702a7c73f7bbaef0f35 reported cstate change: config changed from index -1 to 26, NON_VOTER 14e479dc7838465c952900b8deef6d12 (127.0.107.197) added. New cstate: current_term: 1 leader_uuid: "f12ba8d199cf4702a7c73f7bbaef0f35" committed_config { opid_index: 26 OBSOLETE_local: false peers { permanent_uuid: "15e58bc1c3d543219440184a06661355" member_type: VOTER last_known_addr { host: "127.0.107.195" port: 37805 } health_report { overall_health: HEALTHY } } peers { permanent_uuid: "f12ba8d199cf4702a7c73f7bbaef0f35" member_type: VOTER last_known_addr { host: "127.0.107.194" port: 37983 } health_report { overall_health: HEALTHY } } peers { permanent_uuid: "8dd3ed01b1764fc2bfc884a3eaaa33a1" member_type: VOTER last_known_addr { host: "127.0.107.193" port: 35793 } attrs { replace: true } health_report { overall_health: HEALTHY } } peers { permanent_uuid: "14e479dc7838465c952900b8deef6d12" member_type: NON_VOTER last_known_addr { host: "127.0.107.197" port: 41225 } attrs { promote: true } health_report { overall_health: UNKNOWN } } }
I20260608 12:39:35.264406  5074 consensus_queue.cc:237] T ef3d26afd32e4855ae95e3e0524060da P 15e58bc1c3d543219440184a06661355 [LEADER]: Queue going to LEADER mode. State: All replicated index: 0, Majority replicated index: 25, Committed index: 25, Last appended: 1.25, Last appended by leader: 0, Current term: 1, Majority size: 2, State: 0, Mode: LEADER, active raft config: opid_index: 26 OBSOLETE_local: false peers { permanent_uuid: "8dd3ed01b1764fc2bfc884a3eaaa33a1" member_type: VOTER last_known_addr { host: "127.0.107.193" port: 35793 } } peers { permanent_uuid: "f12ba8d199cf4702a7c73f7bbaef0f35" member_type: VOTER last_known_addr { host: "127.0.107.194" port: 37983 } attrs { replace: true } } peers { permanent_uuid: "15e58bc1c3d543219440184a06661355" member_type: VOTER last_known_addr { host: "127.0.107.195" port: 37805 } } peers { permanent_uuid: "8d4bf71bd0664f7b9feff59fd2f11a92" member_type: NON_VOTER last_known_addr { host: "127.0.107.198" port: 40257 } attrs { promote: true } }
I20260608 12:39:35.274696  5003 raft_consensus.cc:1275] T ef3d26afd32e4855ae95e3e0524060da P f12ba8d199cf4702a7c73f7bbaef0f35 [term 1 FOLLOWER]: Refusing update from remote peer 15e58bc1c3d543219440184a06661355: Log matching property violated. Preceding OpId in replica: term: 1 index: 25. Preceding OpId from leader: term: 1 index: 26. (index mismatch)
I20260608 12:39:35.277192  5156 consensus_queue.cc:1048] T ef3d26afd32e4855ae95e3e0524060da P 15e58bc1c3d543219440184a06661355 [LEADER]: Connected to new peer: Peer: permanent_uuid: "f12ba8d199cf4702a7c73f7bbaef0f35" member_type: VOTER last_known_addr { host: "127.0.107.194" port: 37983 } attrs { replace: true }, Status: LMP_MISMATCH, Last received: 0.0, Next index: 26, Last known committed idx: 25, Time since last communication: 0.000s
I20260608 12:39:35.282716  4927 raft_consensus.cc:1275] T ef3d26afd32e4855ae95e3e0524060da P 8dd3ed01b1764fc2bfc884a3eaaa33a1 [term 1 FOLLOWER]: Refusing update from remote peer 15e58bc1c3d543219440184a06661355: Log matching property violated. Preceding OpId in replica: term: 1 index: 25. Preceding OpId from leader: term: 1 index: 26. (index mismatch)
I20260608 12:39:35.285312  5470 heartbeater.cc:499] Master 127.0.107.254:35225 was elected leader, sending a full tablet report...
I20260608 12:39:35.287606  5567 consensus_queue.cc:1048] T ef3d26afd32e4855ae95e3e0524060da P 15e58bc1c3d543219440184a06661355 [LEADER]: Connected to new peer: Peer: permanent_uuid: "8dd3ed01b1764fc2bfc884a3eaaa33a1" member_type: VOTER last_known_addr { host: "127.0.107.193" port: 35793 }, Status: LMP_MISMATCH, Last received: 0.0, Next index: 26, Last known committed idx: 25, Time since last communication: 0.001s
