dest_uuid: "1982b820855041f3aa4c7819b95eb830"
mode: GRACEFUL
 from {username='slave'} at 127.0.0.1:41398
I20260608 12:50:30.698230  7657 raft_consensus.cc:606] T dfee807a878049fca2dad4752a0a8521 P 1982b820855041f3aa4c7819b95eb830 [term 2 LEADER]: Received request to transfer leadership
W20260608 12:50:30.699430  7539 proxy.cc:239] Call had error, refreshing address and retrying: Remote error: Service unavailable: leadership transfer for dfee807a878049fca2dad4752a0a8521 already in progress [suppressed 2 similar messages]
I20260608 12:50:30.704941  7657 tablet_service.cc:2072] Received LeaderStepDown RPC: tablet_id: "dfee807a878049fca2dad4752a0a8521"
dest_uuid: "1982b820855041f3aa4c7819b95eb830"
mode: GRACEFUL
 from {username='slave'} at 127.0.0.1:41398
I20260608 12:50:30.705375  7657 raft_consensus.cc:606] T dfee807a878049fca2dad4752a0a8521 P 1982b820855041f3aa4c7819b95eb830 [term 2 LEADER]: Received request to transfer leadership
W20260608 12:50:30.709553  7603 auto_rebalancer.cc:855] Removing replace marker failed: Service unavailable: leader transfer in progress
W20260608 12:50:30.709939  7603 auto_rebalancer.cc:863] Could not move replica: Remote error: Service unavailable: leadership transfer for dfee807a878049fca2dad4752a0a8521 already in progress
W20260608 12:50:30.710259  7603 auto_rebalancer.cc:301] scheduled replica move failed to complete: Remote error: Service unavailable: leadership transfer for dfee807a878049fca2dad4752a0a8521 already in progress
I20260608 12:50:30.891402  8039 raft_consensus.cc:993] T dfee807a878049fca2dad4752a0a8521 P 1982b820855041f3aa4c7819b95eb830: : Instructing follower 383664fd661940dbabed3b8da76f5e0e to start an election
I20260608 12:50:30.891870  7889 raft_consensus.cc:1081] T dfee807a878049fca2dad4752a0a8521 P 1982b820855041f3aa4c7819b95eb830 [term 2 LEADER]: Signalling peer 383664fd661940dbabed3b8da76f5e0e to start an election
I20260608 12:50:30.893479  7732 tablet_service.cc:2044] Received Run Leader Election RPC: tablet_id: "dfee807a878049fca2dad4752a0a8521"
dest_uuid: "383664fd661940dbabed3b8da76f5e0e"
 from {username='slave'} at 127.0.0.1:57628
I20260608 12:50:30.893926  7732 raft_consensus.cc:493] T dfee807a878049fca2dad4752a0a8521 P 383664fd661940dbabed3b8da76f5e0e [term 2 FOLLOWER]: Starting forced leader election (received explicit request)
I20260608 12:50:30.894199  7732 raft_consensus.cc:3060] T dfee807a878049fca2dad4752a0a8521 P 383664fd661940dbabed3b8da76f5e0e [term 2 FOLLOWER]: Advancing to term 3
I20260608 12:50:30.898249  7732 raft_consensus.cc:515] T dfee807a878049fca2dad4752a0a8521 P 383664fd661940dbabed3b8da76f5e0e [term 3 FOLLOWER]: Starting forced leader election with config: opid_index: 3 OBSOLETE_local: false peers { permanent_uuid: "383664fd661940dbabed3b8da76f5e0e" member_type: VOTER last_known_addr { host: "127.4.136.130" port: 39803 } } peers { permanent_uuid: "1982b820855041f3aa4c7819b95eb830" member_type: VOTER last_known_addr { host: "127.4.136.129" port: 42531 } attrs { replace: true } } peers { permanent_uuid: "3bdccc53fb3e40a982a253fe23333c33" member_type: VOTER last_known_addr { host: "127.4.136.131" port: 38365 } } peers { permanent_uuid: "2dd0777e8fe14e1a8e8929007d606150" member_type: NON_VOTER last_known_addr { host: "127.4.136.132" port: 37831 } attrs { promote: true } }
I20260608 12:50:30.900247  7732 leader_election.cc:290] T dfee807a878049fca2dad4752a0a8521 P 383664fd661940dbabed3b8da76f5e0e [CANDIDATE]: Term 3 election: Requested vote from peers 1982b820855041f3aa4c7819b95eb830 (127.4.136.129:42531), 3bdccc53fb3e40a982a253fe23333c33 (127.4.136.131:38365)
I20260608 12:50:30.902299  7806 tablet_service.cc:1917] Received RequestConsensusVote() RPC: tablet_id: "dfee807a878049fca2dad4752a0a8521" candidate_uuid: "383664fd661940dbabed3b8da76f5e0e" candidate_term: 3 candidate_status { last_received { term: 2 index: 3 } } ignore_live_leader: true dest_uuid: "3bdccc53fb3e40a982a253fe23333c33"
I20260608 12:50:30.902866  7806 raft_consensus.cc:3060] T dfee807a878049fca2dad4752a0a8521 P 3bdccc53fb3e40a982a253fe23333c33 [term 2 FOLLOWER]: Advancing to term 3
I20260608 12:50:30.903457  7657 tablet_service.cc:1917] Received RequestConsensusVote() RPC: tablet_id: "dfee807a878049fca2dad4752a0a8521" candidate_uuid: "383664fd661940dbabed3b8da76f5e0e" candidate_term: 3 candidate_status { last_received { term: 2 index: 3 } } ignore_live_leader: true dest_uuid: "1982b820855041f3aa4c7819b95eb830"
I20260608 12:50:30.903976  7657 raft_consensus.cc:3055] T dfee807a878049fca2dad4752a0a8521 P 1982b820855041f3aa4c7819b95eb830 [term 2 LEADER]: Stepping down as leader of term 2
I20260608 12:50:30.904268  7657 raft_consensus.cc:740] T dfee807a878049fca2dad4752a0a8521 P 1982b820855041f3aa4c7819b95eb830 [term 2 LEADER]: Becoming Follower/Learner. State: Replica: 1982b820855041f3aa4c7819b95eb830, State: Running, Role: LEADER
I20260608 12:50:30.905078  7657 consensus_queue.cc:260] T dfee807a878049fca2dad4752a0a8521 P 1982b820855041f3aa4c7819b95eb830 [NON_LEADER]: Queue going to NON_LEADER mode. State: All replicated index: 0, Majority replicated index: 3, Committed index: 3, Last appended: 2.3, Last appended by leader: 3, Current term: 2, Majority size: -1, State: 0, Mode: NON_LEADER, active raft config: opid_index: 3 OBSOLETE_local: false peers { permanent_uuid: "383664fd661940dbabed3b8da76f5e0e" member_type: VOTER last_known_addr { host: "127.4.136.130" port: 39803 } } peers { permanent_uuid: "1982b820855041f3aa4c7819b95eb830" member_type: VOTER last_known_addr { host: "127.4.136.129" port: 42531 } attrs { replace: true } } peers { permanent_uuid: "3bdccc53fb3e40a982a253fe23333c33" member_type: VOTER last_known_addr { host: "127.4.136.131" port: 38365 } } peers { permanent_uuid: "2dd0777e8fe14e1a8e8929007d606150" member_type: NON_VOTER last_known_addr { host: "127.4.136.132" port: 37831 } attrs { promote: true } }
I20260608 12:50:30.906467  7657 raft_consensus.cc:3060] T dfee807a878049fca2dad4752a0a8521 P 1982b820855041f3aa4c7819b95eb830 [term 2 FOLLOWER]: Advancing to term 3
I20260608 12:50:30.909101  7806 raft_consensus.cc:2468] T dfee807a878049fca2dad4752a0a8521 P 3bdccc53fb3e40a982a253fe23333c33 [term 3 FOLLOWER]: Leader election vote request: Granting yes vote for candidate 383664fd661940dbabed3b8da76f5e0e in term 3.
I20260608 12:50:30.910372  7698 leader_election.cc:304] T dfee807a878049fca2dad4752a0a8521 P 383664fd661940dbabed3b8da76f5e0e [CANDIDATE]: Term 3 election: Election decided. Result: candidate won. Election summary: received 2 responses out of 3 voters: 2 yes votes; 0 no votes. yes voters: 383664fd661940dbabed3b8da76f5e0e, 3bdccc53fb3e40a982a253fe23333c33; no voters: 
I20260608 12:50:30.911073  8077 raft_consensus.cc:2804] T dfee807a878049fca2dad4752a0a8521 P 383664fd661940dbabed3b8da76f5e0e [term 3 FOLLOWER]: Leader election won for term 3
I20260608 12:50:30.911566  8077 raft_consensus.cc:697] T dfee807a878049fca2dad4752a0a8521 P 383664fd661940dbabed3b8da76f5e0e [term 3 LEADER]: Becoming Leader. State: Replica: 383664fd661940dbabed3b8da76f5e0e, State: Running, Role: LEADER
I20260608 12:50:30.912421  8077 consensus_queue.cc:237] T dfee807a878049fca2dad4752a0a8521 P 383664fd661940dbabed3b8da76f5e0e [LEADER]: Queue going to LEADER mode. State: All replicated index: 0, Majority replicated index: 3, Committed index: 3, Last appended: 2.3, Last appended by leader: 3, Current term: 3, Majority size: 2, State: 0, Mode: LEADER, active raft config: opid_index: 3 OBSOLETE_local: false peers { permanent_uuid: "383664fd661940dbabed3b8da76f5e0e" member_type: VOTER last_known_addr { host: "127.4.136.130" port: 39803 } } peers { permanent_uuid: "1982b820855041f3aa4c7819b95eb830" member_type: VOTER last_known_addr { host: "127.4.136.129" port: 42531 } attrs { replace: true } } peers { permanent_uuid: "3bdccc53fb3e40a982a253fe23333c33" member_type: VOTER last_known_addr { host: "127.4.136.131" port: 38365 } } peers { permanent_uuid: "2dd0777e8fe14e1a8e8929007d606150" member_type: NON_VOTER last_known_addr { host: "127.4.136.132" port: 37831 } attrs { promote: true } }
I20260608 12:50:30.914570  7657 raft_consensus.cc:2468] T dfee807a878049fca2dad4752a0a8521 P 1982b820855041f3aa4c7819b95eb830 [term 3 FOLLOWER]: Leader election vote request: Granting yes vote for candidate 383664fd661940dbabed3b8da76f5e0e in term 3.
I20260608 12:50:30.920751  7551 catalog_manager.cc:5696] T dfee807a878049fca2dad4752a0a8521 P 383664fd661940dbabed3b8da76f5e0e reported cstate change: term changed from 2 to 3, leader changed from 1982b820855041f3aa4c7819b95eb830 (127.4.136.129) to 383664fd661940dbabed3b8da76f5e0e (127.4.136.130). New cstate: current_term: 3 leader_uuid: "383664fd661940dbabed3b8da76f5e0e" committed_config { opid_index: 3 OBSOLETE_local: false peers { permanent_uuid: "383664fd661940dbabed3b8da76f5e0e" member_type: VOTER last_known_addr { host: "127.4.136.130" port: 39803 } health_report { overall_health: HEALTHY } } peers { permanent_uuid: "1982b820855041f3aa4c7819b95eb830" member_type: VOTER last_known_addr { host: "127.4.136.129" port: 42531 } attrs { replace: true } health_report { overall_health: UNKNOWN } } peers { permanent_uuid: "3bdccc53fb3e40a982a253fe23333c33" member_type: VOTER last_known_addr { host: "127.4.136.131" port: 38365 } health_report { overall_health: UNKNOWN } } peers { permanent_uuid: "2dd0777e8fe14e1a8e8929007d606150" member_type: NON_VOTER last_known_addr { host: "127.4.136.132" port: 37831 } attrs { promote: true } health_report { overall_health: UNKNOWN } } }
I20260608 12:50:31.086107  8121 ts_tablet_manager.cc:933] T ca3634f513144ec0b15690d8c46787c6 P 2dd0777e8fe14e1a8e8929007d606150: Initiating tablet copy from peer 3bdccc53fb3e40a982a253fe23333c33 (127.4.136.131:38365)
I20260608 12:50:31.087821  8121 tablet_copy_client.cc:323] T ca3634f513144ec0b15690d8c46787c6 P 2dd0777e8fe14e1a8e8929007d606150: tablet copy: Beginning tablet copy session from remote peer at address 127.4.136.131:38365
I20260608 12:50:31.089716  7816 tablet_copy_service.cc:140] P 3bdccc53fb3e40a982a253fe23333c33: Received BeginTabletCopySession request for tablet ca3634f513144ec0b15690d8c46787c6 from peer 2dd0777e8fe14e1a8e8929007d606150 ({username='slave'} at 127.0.0.1:44280)
I20260608 12:50:31.090276  7816 tablet_copy_service.cc:161] P 3bdccc53fb3e40a982a253fe23333c33: Beginning new tablet copy session on tablet ca3634f513144ec0b15690d8c46787c6 from peer 2dd0777e8fe14e1a8e8929007d606150 at {username='slave'} at 127.0.0.1:44280: session id = 2dd0777e8fe14e1a8e8929007d606150-ca3634f513144ec0b15690d8c46787c6
I20260608 12:50:31.095916  7816 tablet_copy_source_session.cc:215] T ca3634f513144ec0b15690d8c46787c6 P 3bdccc53fb3e40a982a253fe23333c33: Tablet Copy: opened 0 blocks and 1 log segments
I20260608 12:50:31.098490  8121 data_dirs.cc:400] Could only allocate 1 dirs of requested 3 for tablet ca3634f513144ec0b15690d8c46787c6. 1 dirs total, 0 dirs full, 0 dirs failed
I20260608 12:50:31.110440  8121 tablet_copy_client.cc:806] T ca3634f513144ec0b15690d8c46787c6 P 2dd0777e8fe14e1a8e8929007d606150: tablet copy: Starting download of 0 data blocks...
I20260608 12:50:31.111055  8121 tablet_copy_client.cc:670] T ca3634f513144ec0b15690d8c46787c6 P 2dd0777e8fe14e1a8e8929007d606150: tablet copy: Starting download of 1 WAL segments...
I20260608 12:50:31.114598  8121 tablet_copy_client.cc:538] T ca3634f513144ec0b15690d8c46787c6 P 2dd0777e8fe14e1a8e8929007d606150: tablet copy: Tablet Copy complete. Replacing tablet superblock.
I20260608 12:50:31.120940  8121 tablet_bootstrap.cc:492] T ca3634f513144ec0b15690d8c46787c6 P 2dd0777e8fe14e1a8e8929007d606150: Bootstrap starting.
I20260608 12:50:31.140347  8124 ts_tablet_manager.cc:933] T 7cb9731c117b4789ac666e0c12ab0d2a P 2dd0777e8fe14e1a8e8929007d606150: Initiating tablet copy from peer 1982b820855041f3aa4c7819b95eb830 (127.4.136.129:42531)
I20260608 12:50:31.146319  8125 ts_tablet_manager.cc:933] T dc76954196da47d88df11c4c3f3463bf P 2dd0777e8fe14e1a8e8929007d606150: Initiating tablet copy from peer 383664fd661940dbabed3b8da76f5e0e (127.4.136.130:39803)
I20260608 12:50:31.147537  8121 tablet_bootstrap.cc:492] T ca3634f513144ec0b15690d8c46787c6 P 2dd0777e8fe14e1a8e8929007d606150: Bootstrap replayed 1/1 log segments. Stats: ops{read=2 overwritten=0 applied=2 ignored=0} inserts{seen=0 ignored=0} mutations{seen=0 ignored=0} orphaned_commits=0. Pending: 0 replicates
I20260608 12:50:31.148741  8124 tablet_copy_client.cc:323] T 7cb9731c117b4789ac666e0c12ab0d2a P 2dd0777e8fe14e1a8e8929007d606150: tablet copy: Beginning tablet copy session from remote peer at address 127.4.136.129:42531
I20260608 12:50:31.149291  8121 tablet_bootstrap.cc:492] T ca3634f513144ec0b15690d8c46787c6 P 2dd0777e8fe14e1a8e8929007d606150: Bootstrap complete.
I20260608 12:50:31.150866  8125 tablet_copy_client.cc:323] T dc76954196da47d88df11c4c3f3463bf P 2dd0777e8fe14e1a8e8929007d606150: tablet copy: Beginning tablet copy session from remote peer at address 127.4.136.130:39803
I20260608 12:50:31.151271  7667 tablet_copy_service.cc:140] P 1982b820855041f3aa4c7819b95eb830: Received BeginTabletCopySession request for tablet 7cb9731c117b4789ac666e0c12ab0d2a from peer 2dd0777e8fe14e1a8e8929007d606150 ({username='slave'} at 127.0.0.1:41436)
I20260608 12:50:31.151937  7667 tablet_copy_service.cc:161] P 1982b820855041f3aa4c7819b95eb830: Beginning new tablet copy session on tablet 7cb9731c117b4789ac666e0c12ab0d2a from peer 2dd0777e8fe14e1a8e8929007d606150 at {username='slave'} at 127.0.0.1:41436: session id = 2dd0777e8fe14e1a8e8929007d606150-7cb9731c117b4789ac666e0c12ab0d2a
I20260608 12:50:31.153059  7742 tablet_copy_service.cc:140] P 383664fd661940dbabed3b8da76f5e0e: Received BeginTabletCopySession request for tablet dc76954196da47d88df11c4c3f3463bf from peer 2dd0777e8fe14e1a8e8929007d606150 ({username='slave'} at 127.0.0.1:57650)
I20260608 12:50:31.153698  7742 tablet_copy_service.cc:161] P 383664fd661940dbabed3b8da76f5e0e: Beginning new tablet copy session on tablet dc76954196da47d88df11c4c3f3463bf from peer 2dd0777e8fe14e1a8e8929007d606150 at {username='slave'} at 127.0.0.1:57650: session id = 2dd0777e8fe14e1a8e8929007d606150-dc76954196da47d88df11c4c3f3463bf
I20260608 12:50:31.159478  8121 ts_tablet_manager.cc:1403] T ca3634f513144ec0b15690d8c46787c6 P 2dd0777e8fe14e1a8e8929007d606150: Time spent bootstrapping tablet: real 0.039s	user 0.021s	sys 0.000s
I20260608 12:50:31.161612  7667 tablet_copy_source_session.cc:215] T 7cb9731c117b4789ac666e0c12ab0d2a P 1982b820855041f3aa4c7819b95eb830: Tablet Copy: opened 0 blocks and 1 log segments
I20260608 12:50:31.163321  7742 tablet_copy_source_session.cc:215] T dc76954196da47d88df11c4c3f3463bf P 383664fd661940dbabed3b8da76f5e0e: Tablet Copy: opened 0 blocks and 1 log segments
I20260608 12:50:31.165413  8124 data_dirs.cc:400] Could only allocate 1 dirs of requested 3 for tablet 7cb9731c117b4789ac666e0c12ab0d2a. 1 dirs total, 0 dirs full, 0 dirs failed
I20260608 12:50:31.164896  8121 raft_consensus.cc:359] T ca3634f513144ec0b15690d8c46787c6 P 2dd0777e8fe14e1a8e8929007d606150 [term 1 LEARNER]: Replica starting. Triggering 0 pending ops. Active config: opid_index: 2 OBSOLETE_local: false peers { permanent_uuid: "383664fd661940dbabed3b8da76f5e0e" member_type: VOTER last_known_addr { host: "127.4.136.130" port: 39803 } } peers { permanent_uuid: "1982b820855041f3aa4c7819b95eb830" member_type: VOTER last_known_addr { host: "127.4.136.129" port: 42531 } attrs { replace: true } } peers { permanent_uuid: "3bdccc53fb3e40a982a253fe23333c33" member_type: VOTER last_known_addr { host: "127.4.136.131" port: 38365 } } peers { permanent_uuid: "2dd0777e8fe14e1a8e8929007d606150" member_type: NON_VOTER last_known_addr { host: "127.4.136.132" port: 37831 } attrs { promote: true } }
I20260608 12:50:31.165844  8121 raft_consensus.cc:740] T ca3634f513144ec0b15690d8c46787c6 P 2dd0777e8fe14e1a8e8929007d606150 [term 1 LEARNER]: Becoming Follower/Learner. State: Replica: 2dd0777e8fe14e1a8e8929007d606150, State: Initialized, Role: LEARNER
I20260608 12:50:31.166616  8121 consensus_queue.cc:260] T ca3634f513144ec0b15690d8c46787c6 P 2dd0777e8fe14e1a8e8929007d606150 [NON_LEADER]: Queue going to NON_LEADER mode. State: All replicated index: 0, Majority replicated index: 0, Committed index: 2, Last appended: 1.2, Last appended by leader: 2, Current term: 0, Majority size: -1, State: 0, Mode: NON_LEADER, active raft config: opid_index: 2 OBSOLETE_local: false peers { permanent_uuid: "383664fd661940dbabed3b8da76f5e0e" member_type: VOTER last_known_addr { host: "127.4.136.130" port: 39803 } } peers { permanent_uuid: "1982b820855041f3aa4c7819b95eb830" member_type: VOTER last_known_addr { host: "127.4.136.129" port: 42531 } attrs { replace: true } } peers { permanent_uuid: "3bdccc53fb3e40a982a253fe23333c33" member_type: VOTER last_known_addr { host: "127.4.136.131" port: 38365 } } peers { permanent_uuid: "2dd0777e8fe14e1a8e8929007d606150" member_type: NON_VOTER last_known_addr { host: "127.4.136.132" port: 37831 } attrs { promote: true } }
I20260608 12:50:31.171751  8125 data_dirs.cc:400] Could only allocate 1 dirs of requested 3 for tablet dc76954196da47d88df11c4c3f3463bf. 1 dirs total, 0 dirs full, 0 dirs failed
I20260608 12:50:31.177291  8121 ts_tablet_manager.cc:1434] T ca3634f513144ec0b15690d8c46787c6 P 2dd0777e8fe14e1a8e8929007d606150: Time spent starting tablet: real 0.016s	user 0.007s	sys 0.000s
I20260608 12:50:31.182667  8124 tablet_copy_client.cc:806] T 7cb9731c117b4789ac666e0c12ab0d2a P 2dd0777e8fe14e1a8e8929007d606150: tablet copy: Starting download of 0 data blocks...
I20260608 12:50:31.183337  8124 tablet_copy_client.cc:670] T 7cb9731c117b4789ac666e0c12ab0d2a P 2dd0777e8fe14e1a8e8929007d606150: tablet copy: Starting download of 1 WAL segments...
I20260608 12:50:31.187399  7816 tablet_copy_service.cc:342] P 3bdccc53fb3e40a982a253fe23333c33: Request end of tablet copy session 2dd0777e8fe14e1a8e8929007d606150-ca3634f513144ec0b15690d8c46787c6 received from {username='slave'} at 127.0.0.1:44280
I20260608 12:50:31.187778  8124 tablet_copy_client.cc:538] T 7cb9731c117b4789ac666e0c12ab0d2a P 2dd0777e8fe14e1a8e8929007d606150: tablet copy: Tablet Copy complete. Replacing tablet superblock.
I20260608 12:50:31.187881  7816 tablet_copy_service.cc:434] P 3bdccc53fb3e40a982a253fe23333c33: ending tablet copy session 2dd0777e8fe14e1a8e8929007d606150-ca3634f513144ec0b15690d8c46787c6 on tablet ca3634f513144ec0b15690d8c46787c6 with peer 2dd0777e8fe14e1a8e8929007d606150
I20260608 12:50:31.189867  8125 tablet_copy_client.cc:806] T dc76954196da47d88df11c4c3f3463bf P 2dd0777e8fe14e1a8e8929007d606150: tablet copy: Starting download of 0 data blocks...
I20260608 12:50:31.190588  8125 tablet_copy_client.cc:670] T dc76954196da47d88df11c4c3f3463bf P 2dd0777e8fe14e1a8e8929007d606150: tablet copy: Starting download of 1 WAL segments...
I20260608 12:50:31.195106  8125 tablet_copy_client.cc:538] T dc76954196da47d88df11c4c3f3463bf P 2dd0777e8fe14e1a8e8929007d606150: tablet copy: Tablet Copy complete. Replacing tablet superblock.
I20260608 12:50:31.197122  8124 tablet_bootstrap.cc:492] T 7cb9731c117b4789ac666e0c12ab0d2a P 2dd0777e8fe14e1a8e8929007d606150: Bootstrap starting.
I20260608 12:50:31.203835  8125 tablet_bootstrap.cc:492] T dc76954196da47d88df11c4c3f3463bf P 2dd0777e8fe14e1a8e8929007d606150: Bootstrap starting.
I20260608 12:50:31.213824  8124 tablet_bootstrap.cc:492] T 7cb9731c117b4789ac666e0c12ab0d2a P 2dd0777e8fe14e1a8e8929007d606150: Bootstrap replayed 1/1 log segments. Stats: ops{read=2 overwritten=0 applied=2 ignored=0} inserts{seen=0 ignored=0} mutations{seen=0 ignored=0} orphaned_commits=0. Pending: 0 replicates
I20260608 12:50:31.214561  8124 tablet_bootstrap.cc:492] T 7cb9731c117b4789ac666e0c12ab0d2a P 2dd0777e8fe14e1a8e8929007d606150: Bootstrap complete.
I20260608 12:50:31.215128  8124 ts_tablet_manager.cc:1403] T 7cb9731c117b4789ac666e0c12ab0d2a P 2dd0777e8fe14e1a8e8929007d606150: Time spent bootstrapping tablet: real 0.018s	user 0.015s	sys 0.000s
W20260608 12:50:31.217726  4647 debug-util.cc:398] Leaking SignalData structure 0x7b080000f8c0 after lost signal to thread 7891
I20260608 12:50:31.218350  8124 raft_consensus.cc:359] T 7cb9731c117b4789ac666e0c12ab0d2a P 2dd0777e8fe14e1a8e8929007d606150 [term 1 LEARNER]: Replica starting. Triggering 0 pending ops. Active config: opid_index: 2 OBSOLETE_local: false peers { permanent_uuid: "383664fd661940dbabed3b8da76f5e0e" member_type: VOTER last_known_addr { host: "127.4.136.130" port: 39803 } attrs { replace: true } } peers { permanent_uuid: "1982b820855041f3aa4c7819b95eb830" member_type: VOTER last_known_addr { host: "127.4.136.129" port: 42531 } } peers { permanent_uuid: "3bdccc53fb3e40a982a253fe23333c33" member_type: VOTER last_known_addr { host: "127.4.136.131" port: 38365 } } peers { permanent_uuid: "2dd0777e8fe14e1a8e8929007d606150" member_type: NON_VOTER last_known_addr { host: "127.4.136.132" port: 37831 } attrs { promote: true } }
I20260608 12:50:31.219219  8124 raft_consensus.cc:740] T 7cb9731c117b4789ac666e0c12ab0d2a P 2dd0777e8fe14e1a8e8929007d606150 [term 1 LEARNER]: Becoming Follower/Learner. State: Replica: 2dd0777e8fe14e1a8e8929007d606150, State: Initialized, Role: LEARNER
I20260608 12:50:31.219986  8124 consensus_queue.cc:260] T 7cb9731c117b4789ac666e0c12ab0d2a P 2dd0777e8fe14e1a8e8929007d606150 [NON_LEADER]: Queue going to NON_LEADER mode. State: All replicated index: 0, Majority replicated index: 0, Committed index: 2, Last appended: 1.2, Last appended by leader: 2, Current term: 0, Majority size: -1, State: 0, Mode: NON_LEADER, active raft config: opid_index: 2 OBSOLETE_local: false peers { permanent_uuid: "383664fd661940dbabed3b8da76f5e0e" member_type: VOTER last_known_addr { host: "127.4.136.130" port: 39803 } attrs { replace: true } } peers { permanent_uuid: "1982b820855041f3aa4c7819b95eb830" member_type: VOTER last_known_addr { host: "127.4.136.129" port: 42531 } } peers { permanent_uuid: "3bdccc53fb3e40a982a253fe23333c33" member_type: VOTER last_known_addr { host: "127.4.136.131" port: 38365 } } peers { permanent_uuid: "2dd0777e8fe14e1a8e8929007d606150" member_type: NON_VOTER last_known_addr { host: "127.4.136.132" port: 37831 } attrs { promote: true } }
I20260608 12:50:31.224954  8124 ts_tablet_manager.cc:1434] T 7cb9731c117b4789ac666e0c12ab0d2a P 2dd0777e8fe14e1a8e8929007d606150: Time spent starting tablet: real 0.010s	user 0.009s	sys 0.000s
I20260608 12:50:31.225378  8125 tablet_bootstrap.cc:492] T dc76954196da47d88df11c4c3f3463bf P 2dd0777e8fe14e1a8e8929007d606150: Bootstrap replayed 1/1 log segments. Stats: ops{read=2 overwritten=0 applied=2 ignored=0} inserts{seen=0 ignored=0} mutations{seen=0 ignored=0} orphaned_commits=0. Pending: 0 replicates
I20260608 12:50:31.226320  8125 tablet_bootstrap.cc:492] T dc76954196da47d88df11c4c3f3463bf P 2dd0777e8fe14e1a8e8929007d606150: Bootstrap complete.
I20260608 12:50:31.226790  7667 tablet_copy_service.cc:342] P 1982b820855041f3aa4c7819b95eb830: Request end of tablet copy session 2dd0777e8fe14e1a8e8929007d606150-7cb9731c117b4789ac666e0c12ab0d2a received from {username='slave'} at 127.0.0.1:41436
I20260608 12:50:31.227051  8125 ts_tablet_manager.cc:1403] T dc76954196da47d88df11c4c3f3463bf P 2dd0777e8fe14e1a8e8929007d606150: Time spent bootstrapping tablet: real 0.023s	user 0.025s	sys 0.000s
I20260608 12:50:31.227267  7667 tablet_copy_service.cc:434] P 1982b820855041f3aa4c7819b95eb830: ending tablet copy session 2dd0777e8fe14e1a8e8929007d606150-7cb9731c117b4789ac666e0c12ab0d2a on tablet 7cb9731c117b4789ac666e0c12ab0d2a with peer 2dd0777e8fe14e1a8e8929007d606150
I20260608 12:50:31.230638  8125 raft_consensus.cc:359] T dc76954196da47d88df11c4c3f3463bf P 2dd0777e8fe14e1a8e8929007d606150 [term 1 LEARNER]: Replica starting. Triggering 0 pending ops. Active config: opid_index: 2 OBSOLETE_local: false peers { permanent_uuid: "1982b820855041f3aa4c7819b95eb830" member_type: VOTER last_known_addr { host: "127.4.136.129" port: 42531 } } peers { permanent_uuid: "383664fd661940dbabed3b8da76f5e0e" member_type: VOTER last_known_addr { host: "127.4.136.130" port: 39803 } } peers { permanent_uuid: "3bdccc53fb3e40a982a253fe23333c33" member_type: VOTER last_known_addr { host: "127.4.136.131" port: 38365 } attrs { replace: true } } peers { permanent_uuid: "2dd0777e8fe14e1a8e8929007d606150" member_type: NON_VOTER last_known_addr { host: "127.4.136.132" port: 37831 } attrs { promote: true } }
I20260608 12:50:31.231304  8125 raft_consensus.cc:740] T dc76954196da47d88df11c4c3f3463bf P 2dd0777e8fe14e1a8e8929007d606150 [term 1 LEARNER]: Becoming Follower/Learner. State: Replica: 2dd0777e8fe14e1a8e8929007d606150, State: Initialized, Role: LEARNER
I20260608 12:50:31.232035  8125 consensus_queue.cc:260] T dc76954196da47d88df11c4c3f3463bf P 2dd0777e8fe14e1a8e8929007d606150 [NON_LEADER]: Queue going to NON_LEADER mode. State: All replicated index: 0, Majority replicated index: 0, Committed index: 2, Last appended: 1.2, Last appended by leader: 2, Current term: 0, Majority size: -1, State: 0, Mode: NON_LEADER, active raft config: opid_index: 2 OBSOLETE_local: false peers { permanent_uuid: "1982b820855041f3aa4c7819b95eb830" member_type: VOTER last_known_addr { host: "127.4.136.129" port: 42531 } } peers { permanent_uuid: "383664fd661940dbabed3b8da76f5e0e" member_type: VOTER last_known_addr { host: "127.4.136.130" port: 39803 } } peers { permanent_uuid: "3bdccc53fb3e40a982a253fe23333c33" member_type: VOTER last_known_addr { host: "127.4.136.131" port: 38365 } attrs { replace: true } } peers { permanent_uuid: "2dd0777e8fe14e1a8e8929007d606150" member_type: NON_VOTER last_known_addr { host: "127.4.136.132" port: 37831 } attrs { promote: true } }
I20260608 12:50:31.234516  8125 ts_tablet_manager.cc:1434] T dc76954196da47d88df11c4c3f3463bf P 2dd0777e8fe14e1a8e8929007d606150: Time spent starting tablet: real 0.007s	user 0.005s	sys 0.000s
I20260608 12:50:31.236464  7742 tablet_copy_service.cc:342] P 383664fd661940dbabed3b8da76f5e0e: Request end of tablet copy session 2dd0777e8fe14e1a8e8929007d606150-dc76954196da47d88df11c4c3f3463bf received from {username='slave'} at 127.0.0.1:57650
I20260608 12:50:31.236907  7742 tablet_copy_service.cc:434] P 383664fd661940dbabed3b8da76f5e0e: ending tablet copy session 2dd0777e8fe14e1a8e8929007d606150-dc76954196da47d88df11c4c3f3463bf on tablet dc76954196da47d88df11c4c3f3463bf with peer 2dd0777e8fe14e1a8e8929007d606150
W20260608 12:50:31.252547  7753 debug-util.cc:398] Leaking SignalData structure 0x7b08000927c0 after lost signal to thread 4645
W20260608 12:50:31.253705  7753 debug-util.cc:398] Leaking SignalData structure 0x7b08000a0ec0 after lost signal to thread 7589
W20260608 12:50:31.257596  7753 debug-util.cc:398] Leaking SignalData structure 0x7b08000c6940 after lost signal to thread 7996
W20260608 12:50:31.258046  7753 debug-util.cc:398] Leaking SignalData structure 0x7b080016c4a0 after lost signal to thread 8051
I20260608 12:50:31.327852  7656 raft_consensus.cc:1275] T dfee807a878049fca2dad4752a0a8521 P 1982b820855041f3aa4c7819b95eb830 [term 3 FOLLOWER]: Refusing update from remote peer 383664fd661940dbabed3b8da76f5e0e: Log matching property violated. Preceding OpId in replica: term: 2 index: 3. Preceding OpId from leader: term: 3 index: 4. (index mismatch)
I20260608 12:50:31.329701  8077 consensus_queue.cc:1048] T dfee807a878049fca2dad4752a0a8521 P 383664fd661940dbabed3b8da76f5e0e [LEADER]: Connected to new peer: Peer: permanent_uuid: "1982b820855041f3aa4c7819b95eb830" member_type: VOTER last_known_addr { host: "127.4.136.129" port: 42531 } attrs { replace: true }, Status: LMP_MISMATCH, Last received: 0.0, Next index: 4, Last known committed idx: 3, Time since last communication: 0.000s
W20260608 12:50:31.361415  7695 consensus_peers.cc:597] T dfee807a878049fca2dad4752a0a8521 P 383664fd661940dbabed3b8da76f5e0e -> Peer 2dd0777e8fe14e1a8e8929007d606150 (127.4.136.132:37831): Couldn't send request to peer 2dd0777e8fe14e1a8e8929007d606150. Error code: TABLET_NOT_FOUND (6). Status: Not found: Tablet not found: dfee807a878049fca2dad4752a0a8521. This is attempt 1: this message will repeat every 5th retry.
I20260608 12:50:31.379532  7806 raft_consensus.cc:1275] T dfee807a878049fca2dad4752a0a8521 P 3bdccc53fb3e40a982a253fe23333c33 [term 3 FOLLOWER]: Refusing update from remote peer 383664fd661940dbabed3b8da76f5e0e: Log matching property violated. Preceding OpId in replica: term: 2 index: 3. Preceding OpId from leader: term: 3 index: 4. (index mismatch)
I20260608 12:50:31.384281  8131 consensus_queue.cc:1048] T dfee807a878049fca2dad4752a0a8521 P 383664fd661940dbabed3b8da76f5e0e [LEADER]: Connected to new peer: Peer: permanent_uuid: "3bdccc53fb3e40a982a253fe23333c33" member_type: VOTER last_known_addr { host: "127.4.136.131" port: 38365 }, Status: LMP_MISMATCH, Last received: 0.0, Next index: 4, Last known committed idx: 3, Time since last communication: 0.001s
I20260608 12:50:31.414656  7608 auto_leader_rebalancer.cc:140] leader rebalance for table range_aware_rebalance_new_range
I20260608 12:50:31.466533  7732 tablet_service.cc:2072] Received LeaderStepDown RPC: tablet_id: "70830a75604d47d281468766dccd6998"
dest_uuid: "383664fd661940dbabed3b8da76f5e0e"
mode: GRACEFUL
new_leader_uuid: "3bdccc53fb3e40a982a253fe23333c33"
 from {username='slave'} at 127.0.0.1:57658
I20260608 12:50:31.467077  7732 raft_consensus.cc:606] T 70830a75604d47d281468766dccd6998 P 383664fd661940dbabed3b8da76f5e0e [term 2 LEADER]: Received request to transfer leadership to TS 3bdccc53fb3e40a982a253fe23333c33
I20260608 12:50:31.469949  7732 tablet_service.cc:2072] Received LeaderStepDown RPC: tablet_id: "dfee807a878049fca2dad4752a0a8521"
dest_uuid: "383664fd661940dbabed3b8da76f5e0e"
mode: GRACEFUL
new_leader_uuid: "1982b820855041f3aa4c7819b95eb830"
 from {username='slave'} at 127.0.0.1:57658
I20260608 12:50:31.470422  7732 raft_consensus.cc:606] T dfee807a878049fca2dad4752a0a8521 P 383664fd661940dbabed3b8da76f5e0e [term 3 LEADER]: Received request to transfer leadership to TS 1982b820855041f3aa4c7819b95eb830
I20260608 12:50:31.471519  7608 auto_leader_rebalancer.cc:388] table: range_aware_rebalance_new_range, leader rebalance finish, leader transfer count: 2
I20260608 12:50:31.472151  7608 auto_leader_rebalancer.cc:451] All tables' leader rebalancing finished this round
I20260608 12:50:31.560207  7971 raft_consensus.cc:1217] T 7cb9731c117b4789ac666e0c12ab0d2a P 2dd0777e8fe14e1a8e8929007d606150 [term 1 LEARNER]: Deduplicated request from leader. Original: 1.1->[1.2-1.2]   Dedup: 1.2->[]
I20260608 12:50:31.573444  7971 raft_consensus.cc:1217] T dc76954196da47d88df11c4c3f3463bf P 2dd0777e8fe14e1a8e8929007d606150 [term 1 LEARNER]: Deduplicated request from leader. Original: 1.1->[1.2-1.2]   Dedup: 1.2->[]
I20260608 12:50:31.641047  8130 raft_consensus.cc:993] T 70830a75604d47d281468766dccd6998 P 383664fd661940dbabed3b8da76f5e0e: : Instructing follower 3bdccc53fb3e40a982a253fe23333c33 to start an election
I20260608 12:50:31.641610  8131 raft_consensus.cc:1081] T 70830a75604d47d281468766dccd6998 P 383664fd661940dbabed3b8da76f5e0e [term 2 LEADER]: Signalling peer 3bdccc53fb3e40a982a253fe23333c33 to start an election
I20260608 12:50:31.643345  7806 tablet_service.cc:2044] Received Run Leader Election RPC: tablet_id: "70830a75604d47d281468766dccd6998"
dest_uuid: "3bdccc53fb3e40a982a253fe23333c33"
 from {username='slave'} at 127.0.0.1:44276
I20260608 12:50:31.643929  7806 raft_consensus.cc:493] T 70830a75604d47d281468766dccd6998 P 3bdccc53fb3e40a982a253fe23333c33 [term 2 FOLLOWER]: Starting forced leader election (received explicit request)
I20260608 12:50:31.644284  7806 raft_consensus.cc:3060] T 70830a75604d47d281468766dccd6998 P 3bdccc53fb3e40a982a253fe23333c33 [term 2 FOLLOWER]: Advancing to term 3
I20260608 12:50:31.651160  7806 raft_consensus.cc:515] T 70830a75604d47d281468766dccd6998 P 3bdccc53fb3e40a982a253fe23333c33 [term 3 FOLLOWER]: Starting forced leader election with config: opid_index: -1 OBSOLETE_local: false peers { permanent_uuid: "383664fd661940dbabed3b8da76f5e0e" member_type: VOTER last_known_addr { host: "127.4.136.130" port: 39803 } } peers { permanent_uuid: "1982b820855041f3aa4c7819b95eb830" member_type: VOTER last_known_addr { host: "127.4.136.129" port: 42531 } } peers { permanent_uuid: "3bdccc53fb3e40a982a253fe23333c33" member_type: VOTER last_known_addr { host: "127.4.136.131" port: 38365 } }
I20260608 12:50:31.654116  7732 tablet_service.cc:1917] Received RequestConsensusVote() RPC: tablet_id: "70830a75604d47d281468766dccd6998" candidate_uuid: "3bdccc53fb3e40a982a253fe23333c33" candidate_term: 3 candidate_status { last_received { term: 2 index: 2 } } ignore_live_leader: true dest_uuid: "383664fd661940dbabed3b8da76f5e0e"
I20260608 12:50:31.654709  7732 raft_consensus.cc:3055] T 70830a75604d47d281468766dccd6998 P 383664fd661940dbabed3b8da76f5e0e [term 2 LEADER]: Stepping down as leader of term 2
I20260608 12:50:31.655022  7732 raft_consensus.cc:740] T 70830a75604d47d281468766dccd6998 P 383664fd661940dbabed3b8da76f5e0e [term 2 LEADER]: Becoming Follower/Learner. State: Replica: 383664fd661940dbabed3b8da76f5e0e, State: Running, Role: LEADER
I20260608 12:50:31.655808  7732 consensus_queue.cc:260] T 70830a75604d47d281468766dccd6998 P 383664fd661940dbabed3b8da76f5e0e [NON_LEADER]: Queue going to NON_LEADER mode. State: All replicated index: 0, Majority replicated index: 2, Committed index: 2, Last appended: 2.2, Last appended by leader: 2, Current term: 2, Majority size: -1, State: 0, Mode: NON_LEADER, active raft config: opid_index: -1 OBSOLETE_local: false peers { permanent_uuid: "383664fd661940dbabed3b8da76f5e0e" member_type: VOTER last_known_addr { host: "127.4.136.130" port: 39803 } } peers { permanent_uuid: "1982b820855041f3aa4c7819b95eb830" member_type: VOTER last_known_addr { host: "127.4.136.129" port: 42531 } } peers { permanent_uuid: "3bdccc53fb3e40a982a253fe23333c33" member_type: VOTER last_known_addr { host: "127.4.136.131" port: 38365 } }
I20260608 12:50:31.656932  7732 raft_consensus.cc:3060] T 70830a75604d47d281468766dccd6998 P 383664fd661940dbabed3b8da76f5e0e [term 2 FOLLOWER]: Advancing to term 3
I20260608 12:50:31.664121  7732 raft_consensus.cc:2468] T 70830a75604d47d281468766dccd6998 P 383664fd661940dbabed3b8da76f5e0e [term 3 FOLLOWER]: Leader election vote request: Granting yes vote for candidate 3bdccc53fb3e40a982a253fe23333c33 in term 3.
I20260608 12:50:31.666395  7656 tablet_service.cc:1917] Received RequestConsensusVote() RPC: tablet_id: "70830a75604d47d281468766dccd6998" candidate_uuid: "3bdccc53fb3e40a982a253fe23333c33" candidate_term: 3 candidate_status { last_received { term: 2 index: 2 } } ignore_live_leader: true dest_uuid: "1982b820855041f3aa4c7819b95eb830"
I20260608 12:50:31.667421  7656 raft_consensus.cc:3060] T 70830a75604d47d281468766dccd6998 P 1982b820855041f3aa4c7819b95eb830 [term 2 FOLLOWER]: Advancing to term 3
I20260608 12:50:31.674170  7971 raft_consensus.cc:1217] T ca3634f513144ec0b15690d8c46787c6 P 2dd0777e8fe14e1a8e8929007d606150 [term 1 LEARNER]: Deduplicated request from leader. Original: 1.1->[1.2-1.2]   Dedup: 1.2->[]
I20260608 12:50:31.676829  7656 raft_consensus.cc:2468] T 70830a75604d47d281468766dccd6998 P 1982b820855041f3aa4c7819b95eb830 [term 3 FOLLOWER]: Leader election vote request: Granting yes vote for candidate 3bdccc53fb3e40a982a253fe23333c33 in term 3.
I20260608 12:50:31.678196  7769 leader_election.cc:304] T 70830a75604d47d281468766dccd6998 P 3bdccc53fb3e40a982a253fe23333c33 [CANDIDATE]: Term 3 election: Election decided. Result: candidate won. Election summary: received 2 responses out of 3 voters: 2 yes votes; 0 no votes. yes voters: 1982b820855041f3aa4c7819b95eb830, 3bdccc53fb3e40a982a253fe23333c33; no voters: 
I20260608 12:50:31.679250  8142 raft_consensus.cc:2804] T 70830a75604d47d281468766dccd6998 P 3bdccc53fb3e40a982a253fe23333c33 [term 3 FOLLOWER]: Leader election won for term 3
I20260608 12:50:31.666885  7806 leader_election.cc:290] T 70830a75604d47d281468766dccd6998 P 3bdccc53fb3e40a982a253fe23333c33 [CANDIDATE]: Term 3 election: Requested vote from peers 383664fd661940dbabed3b8da76f5e0e (127.4.136.130:39803), 1982b820855041f3aa4c7819b95eb830 (127.4.136.129:42531)
I20260608 12:50:31.679922  8142 raft_consensus.cc:697] T 70830a75604d47d281468766dccd6998 P 3bdccc53fb3e40a982a253fe23333c33 [term 3 LEADER]: Becoming Leader. State: Replica: 3bdccc53fb3e40a982a253fe23333c33, State: Running, Role: LEADER
I20260608 12:50:31.683689  8142 consensus_queue.cc:237] T 70830a75604d47d281468766dccd6998 P 3bdccc53fb3e40a982a253fe23333c33 [LEADER]: Queue going to LEADER mode. State: All replicated index: 0, Majority replicated index: 2, Committed index: 2, Last appended: 2.2, Last appended by leader: 2, Current term: 3, Majority size: 2, State: 0, Mode: LEADER, active raft config: opid_index: -1 OBSOLETE_local: false peers { permanent_uuid: "383664fd661940dbabed3b8da76f5e0e" member_type: VOTER last_known_addr { host: "127.4.136.130" port: 39803 } } peers { permanent_uuid: "1982b820855041f3aa4c7819b95eb830" member_type: VOTER last_known_addr { host: "127.4.136.129" port: 42531 } } peers { permanent_uuid: "3bdccc53fb3e40a982a253fe23333c33" member_type: VOTER last_known_addr { host: "127.4.136.131" port: 38365 } }
I20260608 12:50:31.701807  7551 catalog_manager.cc:5696] T 70830a75604d47d281468766dccd6998 P 3bdccc53fb3e40a982a253fe23333c33 reported cstate change: term changed from 2 to 3, leader changed from 383664fd661940dbabed3b8da76f5e0e (127.4.136.130) to 3bdccc53fb3e40a982a253fe23333c33 (127.4.136.131). New cstate: current_term: 3 leader_uuid: "3bdccc53fb3e40a982a253fe23333c33" committed_config { opid_index: -1 OBSOLETE_local: false peers { permanent_uuid: "383664fd661940dbabed3b8da76f5e0e" member_type: VOTER last_known_addr { host: "127.4.136.130" port: 39803 } health_report { overall_health: UNKNOWN } } peers { permanent_uuid: "1982b820855041f3aa4c7819b95eb830" member_type: VOTER last_known_addr { host: "127.4.136.129" port: 42531 } health_report { overall_health: UNKNOWN } } peers { permanent_uuid: "3bdccc53fb3e40a982a253fe23333c33" member_type: VOTER last_known_addr { host: "127.4.136.131" port: 38365 } health_report { overall_health: HEALTHY } } }
I20260608 12:50:31.839572  8147 ts_tablet_manager.cc:933] T dfee807a878049fca2dad4752a0a8521 P 2dd0777e8fe14e1a8e8929007d606150: Initiating tablet copy from peer 383664fd661940dbabed3b8da76f5e0e (127.4.136.130:39803)
I20260608 12:50:31.841728  8147 tablet_copy_client.cc:323] T dfee807a878049fca2dad4752a0a8521 P 2dd0777e8fe14e1a8e8929007d606150: tablet copy: Beginning tablet copy session from remote peer at address 127.4.136.130:39803
I20260608 12:50:31.843773  7742 tablet_copy_service.cc:140] P 383664fd661940dbabed3b8da76f5e0e: Received BeginTabletCopySession request for tablet dfee807a878049fca2dad4752a0a8521 from peer 2dd0777e8fe14e1a8e8929007d606150 ({username='slave'} at 127.0.0.1:57650)
I20260608 12:50:31.844349  7742 tablet_copy_service.cc:161] P 383664fd661940dbabed3b8da76f5e0e: Beginning new tablet copy session on tablet dfee807a878049fca2dad4752a0a8521 from peer 2dd0777e8fe14e1a8e8929007d606150 at {username='slave'} at 127.0.0.1:57650: session id = 2dd0777e8fe14e1a8e8929007d606150-dfee807a878049fca2dad4752a0a8521
I20260608 12:50:31.851722  7742 tablet_copy_source_session.cc:215] T dfee807a878049fca2dad4752a0a8521 P 383664fd661940dbabed3b8da76f5e0e: Tablet Copy: opened 0 blocks and 1 log segments
I20260608 12:50:31.855278  8147 data_dirs.cc:400] Could only allocate 1 dirs of requested 3 for tablet dfee807a878049fca2dad4752a0a8521. 1 dirs total, 0 dirs full, 0 dirs failed
I20260608 12:50:31.874706  8147 tablet_copy_client.cc:806] T dfee807a878049fca2dad4752a0a8521 P 2dd0777e8fe14e1a8e8929007d606150: tablet copy: Starting download of 0 data blocks...
I20260608 12:50:31.875391  8147 tablet_copy_client.cc:670] T dfee807a878049fca2dad4752a0a8521 P 2dd0777e8fe14e1a8e8929007d606150: tablet copy: Starting download of 1 WAL segments...
I20260608 12:50:31.880537  8147 tablet_copy_client.cc:538] T dfee807a878049fca2dad4752a0a8521 P 2dd0777e8fe14e1a8e8929007d606150: tablet copy: Tablet Copy complete. Replacing tablet superblock.
I20260608 12:50:31.891049  8147 tablet_bootstrap.cc:492] T dfee807a878049fca2dad4752a0a8521 P 2dd0777e8fe14e1a8e8929007d606150: Bootstrap starting.
I20260608 12:50:31.918416  8130 raft_consensus.cc:993] T dfee807a878049fca2dad4752a0a8521 P 383664fd661940dbabed3b8da76f5e0e: : Instructing follower 1982b820855041f3aa4c7819b95eb830 to start an election
I20260608 12:50:31.918939  8130 raft_consensus.cc:1081] T dfee807a878049fca2dad4752a0a8521 P 383664fd661940dbabed3b8da76f5e0e [term 3 LEADER]: Signalling peer 1982b820855041f3aa4c7819b95eb830 to start an election
I20260608 12:50:31.921558  7656 tablet_service.cc:2044] Received Run Leader Election RPC: tablet_id: "dfee807a878049fca2dad4752a0a8521"
dest_uuid: "1982b820855041f3aa4c7819b95eb830"
 from {username='slave'} at 127.0.0.1:41408
I20260608 12:50:31.922147  7656 raft_consensus.cc:493] T dfee807a878049fca2dad4752a0a8521 P 1982b820855041f3aa4c7819b95eb830 [term 3 FOLLOWER]: Starting forced leader election (received explicit request)
I20260608 12:50:31.922509  7656 raft_consensus.cc:3060] T dfee807a878049fca2dad4752a0a8521 P 1982b820855041f3aa4c7819b95eb830 [term 3 FOLLOWER]: Advancing to term 4
I20260608 12:50:31.934799  7656 raft_consensus.cc:515] T dfee807a878049fca2dad4752a0a8521 P 1982b820855041f3aa4c7819b95eb830 [term 4 FOLLOWER]: Starting forced leader election with config: opid_index: 3 OBSOLETE_local: false peers { permanent_uuid: "383664fd661940dbabed3b8da76f5e0e" member_type: VOTER last_known_addr { host: "127.4.136.130" port: 39803 } } peers { permanent_uuid: "1982b820855041f3aa4c7819b95eb830" member_type: VOTER last_known_addr { host: "127.4.136.129" port: 42531 } attrs { replace: true } } peers { permanent_uuid: "3bdccc53fb3e40a982a253fe23333c33" member_type: VOTER last_known_addr { host: "127.4.136.131" port: 38365 } } peers { permanent_uuid: "2dd0777e8fe14e1a8e8929007d606150" member_type: NON_VOTER last_known_addr { host: "127.4.136.132" port: 37831 } attrs { promote: true } }
I20260608 12:50:31.943436  7732 tablet_service.cc:1917] Received RequestConsensusVote() RPC: tablet_id: "dfee807a878049fca2dad4752a0a8521" candidate_uuid: "1982b820855041f3aa4c7819b95eb830" candidate_term: 4 candidate_status { last_received { term: 3 index: 4 } } ignore_live_leader: true dest_uuid: "383664fd661940dbabed3b8da76f5e0e"
I20260608 12:50:31.944038  7732 raft_consensus.cc:3055] T dfee807a878049fca2dad4752a0a8521 P 383664fd661940dbabed3b8da76f5e0e [term 3 LEADER]: Stepping down as leader of term 3
I20260608 12:50:31.944346  7732 raft_consensus.cc:740] T dfee807a878049fca2dad4752a0a8521 P 383664fd661940dbabed3b8da76f5e0e [term 3 LEADER]: Becoming Follower/Learner. State: Replica: 383664fd661940dbabed3b8da76f5e0e, State: Running, Role: LEADER
I20260608 12:50:31.945242  7732 consensus_queue.cc:260] T dfee807a878049fca2dad4752a0a8521 P 383664fd661940dbabed3b8da76f5e0e [NON_LEADER]: Queue going to NON_LEADER mode. State: All replicated index: 0, Majority replicated index: 4, Committed index: 4, Last appended: 3.4, Last appended by leader: 4, Current term: 3, Majority size: -1, State: 0, Mode: NON_LEADER, active raft config: opid_index: 3 OBSOLETE_local: false peers { permanent_uuid: "383664fd661940dbabed3b8da76f5e0e" member_type: VOTER last_known_addr { host: "127.4.136.130" port: 39803 } } peers { permanent_uuid: "1982b820855041f3aa4c7819b95eb830" member_type: VOTER last_known_addr { host: "127.4.136.129" port: 42531 } attrs { replace: true } } peers { permanent_uuid: "3bdccc53fb3e40a982a253fe23333c33" member_type: VOTER last_known_addr { host: "127.4.136.131" port: 38365 } } peers { permanent_uuid: "2dd0777e8fe14e1a8e8929007d606150" member_type: NON_VOTER last_known_addr { host: "127.4.136.132" port: 37831 } attrs { promote: true } }
I20260608 12:50:31.946578  7732 raft_consensus.cc:3060] T dfee807a878049fca2dad4752a0a8521 P 383664fd661940dbabed3b8da76f5e0e [term 3 FOLLOWER]: Advancing to term 4
I20260608 12:50:31.960204  7732 raft_consensus.cc:2468] T dfee807a878049fca2dad4752a0a8521 P 383664fd661940dbabed3b8da76f5e0e [term 4 FOLLOWER]: Leader election vote request: Granting yes vote for candidate 1982b820855041f3aa4c7819b95eb830 in term 4.
I20260608 12:50:31.962234  7806 tablet_service.cc:1917] Received RequestConsensusVote() RPC: tablet_id: "dfee807a878049fca2dad4752a0a8521" candidate_uuid: "1982b820855041f3aa4c7819b95eb830" candidate_term: 4 candidate_status { last_received { term: 3 index: 4 } } ignore_live_leader: true dest_uuid: "3bdccc53fb3e40a982a253fe23333c33"
I20260608 12:50:31.963332  7806 raft_consensus.cc:3060] T dfee807a878049fca2dad4752a0a8521 P 3bdccc53fb3e40a982a253fe23333c33 [term 3 FOLLOWER]: Advancing to term 4
I20260608 12:50:31.985302  7806 raft_consensus.cc:2468] T dfee807a878049fca2dad4752a0a8521 P 3bdccc53fb3e40a982a253fe23333c33 [term 4 FOLLOWER]: Leader election vote request: Granting yes vote for candidate 1982b820855041f3aa4c7819b95eb830 in term 4.
I20260608 12:50:31.986706  7623 leader_election.cc:304] T dfee807a878049fca2dad4752a0a8521 P 1982b820855041f3aa4c7819b95eb830 [CANDIDATE]: Term 4 election: Election decided. Result: candidate won. Election summary: received 2 responses out of 3 voters: 2 yes votes; 0 no votes. yes voters: 1982b820855041f3aa4c7819b95eb830, 3bdccc53fb3e40a982a253fe23333c33; no voters: 
I20260608 12:50:31.987674  8139 raft_consensus.cc:2804] T dfee807a878049fca2dad4752a0a8521 P 1982b820855041f3aa4c7819b95eb830 [term 4 FOLLOWER]: Leader election won for term 4
I20260608 12:50:31.988181  8139 raft_consensus.cc:697] T dfee807a878049fca2dad4752a0a8521 P 1982b820855041f3aa4c7819b95eb830 [term 4 LEADER]: Becoming Leader. State: Replica: 1982b820855041f3aa4c7819b95eb830, State: Running, Role: LEADER
I20260608 12:50:31.989852  8139 consensus_queue.cc:237] T dfee807a878049fca2dad4752a0a8521 P 1982b820855041f3aa4c7819b95eb830 [LEADER]: Queue going to LEADER mode. State: All replicated index: 0, Majority replicated index: 4, Committed index: 4, Last appended: 3.4, Last appended by leader: 4, Current term: 4, Majority size: 2, State: 0, Mode: LEADER, active raft config: opid_index: 3 OBSOLETE_local: false peers { permanent_uuid: "383664fd661940dbabed3b8da76f5e0e" member_type: VOTER last_known_addr { host: "127.4.136.130" port: 39803 } } peers { permanent_uuid: "1982b820855041f3aa4c7819b95eb830" member_type: VOTER last_known_addr { host: "127.4.136.129" port: 42531 } attrs { replace: true } } peers { permanent_uuid: "3bdccc53fb3e40a982a253fe23333c33" member_type: VOTER last_known_addr { host: "127.4.136.131" port: 38365 } } peers { permanent_uuid: "2dd0777e8fe14e1a8e8929007d606150" member_type: NON_VOTER last_known_addr { host: "127.4.136.132" port: 37831 } attrs { promote: true } }
I20260608 12:50:32.000420  7551 catalog_manager.cc:5696] T dfee807a878049fca2dad4752a0a8521 P 1982b820855041f3aa4c7819b95eb830 reported cstate change: term changed from 3 to 4, leader changed from 383664fd661940dbabed3b8da76f5e0e (127.4.136.130) to 1982b820855041f3aa4c7819b95eb830 (127.4.136.129). New cstate: current_term: 4 leader_uuid: "1982b820855041f3aa4c7819b95eb830" committed_config { opid_index: 3 OBSOLETE_local: false peers { permanent_uuid: "383664fd661940dbabed3b8da76f5e0e" member_type: VOTER last_known_addr { host: "127.4.136.130" port: 39803 } health_report { overall_health: UNKNOWN } } peers { permanent_uuid: "1982b820855041f3aa4c7819b95eb830" member_type: VOTER last_known_addr { host: "127.4.136.129" port: 42531 } attrs { replace: true } health_report { overall_health: HEALTHY } } peers { permanent_uuid: "3bdccc53fb3e40a982a253fe23333c33" member_type: VOTER last_known_addr { host: "127.4.136.131" port: 38365 } health_report { overall_health: UNKNOWN } } peers { permanent_uuid: "2dd0777e8fe14e1a8e8929007d606150" member_type: NON_VOTER last_known_addr { host: "127.4.136.132" port: 37831 } attrs { promote: true } health_report { overall_health: UNKNOWN } } }
I20260608 12:50:31.962694  7656 leader_election.cc:290] T dfee807a878049fca2dad4752a0a8521 P 1982b820855041f3aa4c7819b95eb830 [CANDIDATE]: Term 4 election: Requested vote from peers 383664fd661940dbabed3b8da76f5e0e (127.4.136.130:39803), 3bdccc53fb3e40a982a253fe23333c33 (127.4.136.131:38365)
I20260608 12:50:32.031327  8147 tablet_bootstrap.cc:492] T dfee807a878049fca2dad4752a0a8521 P 2dd0777e8fe14e1a8e8929007d606150: Bootstrap replayed 1/1 log segments. Stats: ops{read=4 overwritten=0 applied=4 ignored=0} inserts{seen=0 ignored=0} mutations{seen=0 ignored=0} orphaned_commits=0. Pending: 0 replicates
I20260608 12:50:32.032380  8147 tablet_bootstrap.cc:492] T dfee807a878049fca2dad4752a0a8521 P 2dd0777e8fe14e1a8e8929007d606150: Bootstrap complete.
I20260608 12:50:32.033171  8147 ts_tablet_manager.cc:1403] T dfee807a878049fca2dad4752a0a8521 P 2dd0777e8fe14e1a8e8929007d606150: Time spent bootstrapping tablet: real 0.142s	user 0.051s	sys 0.077s
I20260608 12:50:32.036415  8147 raft_consensus.cc:359] T dfee807a878049fca2dad4752a0a8521 P 2dd0777e8fe14e1a8e8929007d606150 [term 3 LEARNER]: Replica starting. Triggering 0 pending ops. Active config: opid_index: 3 OBSOLETE_local: false peers { permanent_uuid: "383664fd661940dbabed3b8da76f5e0e" member_type: VOTER last_known_addr { host: "127.4.136.130" port: 39803 } } peers { permanent_uuid: "1982b820855041f3aa4c7819b95eb830" member_type: VOTER last_known_addr { host: "127.4.136.129" port: 42531 } attrs { replace: true } } peers { permanent_uuid: "3bdccc53fb3e40a982a253fe23333c33" member_type: VOTER last_known_addr { host: "127.4.136.131" port: 38365 } } peers { permanent_uuid: "2dd0777e8fe14e1a8e8929007d606150" member_type: NON_VOTER last_known_addr { host: "127.4.136.132" port: 37831 } attrs { promote: true } }
