I20260608 12:51:02.103559 29698 raft_consensus.cc:515] T caeb0b66206a4486894eed848e8e3572 P 219d519c62cb4f8b8bd70006b9d24860 [term 1 FOLLOWER]: Starting pre-election with config: opid_index: -1 OBSOLETE_local: false peers { permanent_uuid: "bce116382d2e4cdd85a86f887b8a49ec" member_type: VOTER last_known_addr { host: "127.24.98.1" port: 45579 } } peers { permanent_uuid: "219d519c62cb4f8b8bd70006b9d24860" member_type: VOTER last_known_addr { host: "127.24.98.2" port: 38803 } } peers { permanent_uuid: "9d545a1aea0b4dc28d1b6a604061ca8a" member_type: VOTER last_known_addr { host: "127.24.98.3" port: 41041 } }
I20260608 12:51:02.105057 29697 raft_consensus.cc:493] T e3c2b9fca02f4680a36124181df940b2 P 219d519c62cb4f8b8bd70006b9d24860 [term 0 FOLLOWER]: Starting pre-election (no leader contacted us within the election timeout)
I20260608 12:51:02.105401 29689 consensus_queue.cc:1048] T 18cd99fb240f4d05bdddcab9658a9bc4 P bce116382d2e4cdd85a86f887b8a49ec [LEADER]: Connected to new peer: Peer: permanent_uuid: "219d519c62cb4f8b8bd70006b9d24860" member_type: VOTER last_known_addr { host: "127.24.98.2" port: 38803 }, Status: LMP_MISMATCH, Last received: 0.0, Next index: 1, Last known committed idx: 0, Time since last communication: 0.001s
I20260608 12:51:02.105657 29697 raft_consensus.cc:515] T e3c2b9fca02f4680a36124181df940b2 P 219d519c62cb4f8b8bd70006b9d24860 [term 0 FOLLOWER]: Starting pre-election with config: opid_index: -1 OBSOLETE_local: false peers { permanent_uuid: "bce116382d2e4cdd85a86f887b8a49ec" member_type: VOTER last_known_addr { host: "127.24.98.1" port: 45579 } } peers { permanent_uuid: "219d519c62cb4f8b8bd70006b9d24860" member_type: VOTER last_known_addr { host: "127.24.98.2" port: 38803 } } peers { permanent_uuid: "9d545a1aea0b4dc28d1b6a604061ca8a" member_type: VOTER last_known_addr { host: "127.24.98.3" port: 41041 } }
I20260608 12:51:02.109961 29697 leader_election.cc:290] T e3c2b9fca02f4680a36124181df940b2 P 219d519c62cb4f8b8bd70006b9d24860 [CANDIDATE]: Term 1 pre-election: Requested pre-vote from peers bce116382d2e4cdd85a86f887b8a49ec (127.24.98.1:45579), 9d545a1aea0b4dc28d1b6a604061ca8a (127.24.98.3:41041)
I20260608 12:51:02.087989 29350 catalog_manager.cc:5696] T 704af4c0be194013b61f1773cfef8120 P bce116382d2e4cdd85a86f887b8a49ec reported cstate change: term changed from 0 to 1, leader changed from <none> to bce116382d2e4cdd85a86f887b8a49ec (127.24.98.1). New cstate: current_term: 1 leader_uuid: "bce116382d2e4cdd85a86f887b8a49ec" committed_config { opid_index: -1 OBSOLETE_local: false peers { permanent_uuid: "bce116382d2e4cdd85a86f887b8a49ec" member_type: VOTER last_known_addr { host: "127.24.98.1" port: 45579 } health_report { overall_health: HEALTHY } } peers { permanent_uuid: "219d519c62cb4f8b8bd70006b9d24860" member_type: VOTER last_known_addr { host: "127.24.98.2" port: 38803 } health_report { overall_health: UNKNOWN } } peers { permanent_uuid: "9d545a1aea0b4dc28d1b6a604061ca8a" member_type: VOTER last_known_addr { host: "127.24.98.3" port: 41041 } health_report { overall_health: UNKNOWN } } }
I20260608 12:51:02.112475 29604 tablet_service.cc:1917] Received RequestConsensusVote() RPC: tablet_id: "e3c2b9fca02f4680a36124181df940b2" candidate_uuid: "219d519c62cb4f8b8bd70006b9d24860" candidate_term: 1 candidate_status { last_received { term: 0 index: 0 } } ignore_live_leader: false dest_uuid: "9d545a1aea0b4dc28d1b6a604061ca8a" is_pre_election: true
I20260608 12:51:02.113263 29604 raft_consensus.cc:2468] T e3c2b9fca02f4680a36124181df940b2 P 9d545a1aea0b4dc28d1b6a604061ca8a [term 0 FOLLOWER]: Leader pre-election vote request: Granting yes vote for candidate 219d519c62cb4f8b8bd70006b9d24860 in term 0.
I20260608 12:51:02.114593 29497 leader_election.cc:304] T e3c2b9fca02f4680a36124181df940b2 P 219d519c62cb4f8b8bd70006b9d24860 [CANDIDATE]: Term 1 pre-election: Election decided. Result: candidate won. Election summary: received 2 responses out of 3 voters: 2 yes votes; 0 no votes. yes voters: 219d519c62cb4f8b8bd70006b9d24860, 9d545a1aea0b4dc28d1b6a604061ca8a; no voters: 
I20260608 12:51:02.114745 29698 leader_election.cc:290] T caeb0b66206a4486894eed848e8e3572 P 219d519c62cb4f8b8bd70006b9d24860 [CANDIDATE]: Term 2 pre-election: Requested pre-vote from peers bce116382d2e4cdd85a86f887b8a49ec (127.24.98.1:45579), 9d545a1aea0b4dc28d1b6a604061ca8a (127.24.98.3:41041)
I20260608 12:51:02.115489 29656 raft_consensus.cc:2804] T e3c2b9fca02f4680a36124181df940b2 P 219d519c62cb4f8b8bd70006b9d24860 [term 0 FOLLOWER]: Leader pre-election won for term 1
I20260608 12:51:02.115970 29656 raft_consensus.cc:493] T e3c2b9fca02f4680a36124181df940b2 P 219d519c62cb4f8b8bd70006b9d24860 [term 0 FOLLOWER]: Starting leader election (no leader contacted us within the election timeout)
I20260608 12:51:02.116364 29656 raft_consensus.cc:3060] T e3c2b9fca02f4680a36124181df940b2 P 219d519c62cb4f8b8bd70006b9d24860 [term 0 FOLLOWER]: Advancing to term 1
I20260608 12:51:02.124734 29657 consensus_queue.cc:1048] T 9a6d7e0ff7964c029c065e145e2f35ee P bce116382d2e4cdd85a86f887b8a49ec [LEADER]: Connected to new peer: Peer: permanent_uuid: "219d519c62cb4f8b8bd70006b9d24860" member_type: VOTER last_known_addr { host: "127.24.98.2" port: 38803 }, Status: LMP_MISMATCH, Last received: 0.0, Next index: 1, Last known committed idx: 0, Time since last communication: 0.001s
I20260608 12:51:02.125464 29456 tablet_service.cc:1917] Received RequestConsensusVote() RPC: tablet_id: "e3c2b9fca02f4680a36124181df940b2" candidate_uuid: "219d519c62cb4f8b8bd70006b9d24860" candidate_term: 1 candidate_status { last_received { term: 0 index: 0 } } ignore_live_leader: false dest_uuid: "bce116382d2e4cdd85a86f887b8a49ec" is_pre_election: true
I20260608 12:51:02.126183 29456 raft_consensus.cc:2468] T e3c2b9fca02f4680a36124181df940b2 P bce116382d2e4cdd85a86f887b8a49ec [term 0 FOLLOWER]: Leader pre-election vote request: Granting yes vote for candidate 219d519c62cb4f8b8bd70006b9d24860 in term 0.
I20260608 12:51:02.126483 29657 consensus_queue.cc:1048] T caeb0b66206a4486894eed848e8e3572 P bce116382d2e4cdd85a86f887b8a49ec [LEADER]: Connected to new peer: Peer: permanent_uuid: "219d519c62cb4f8b8bd70006b9d24860" member_type: VOTER last_known_addr { host: "127.24.98.2" port: 38803 }, Status: LMP_MISMATCH, Last received: 0.0, Next index: 1, Last known committed idx: 0, Time since last communication: 0.000s
I20260608 12:51:02.124682 29656 raft_consensus.cc:515] T e3c2b9fca02f4680a36124181df940b2 P 219d519c62cb4f8b8bd70006b9d24860 [term 1 FOLLOWER]: Starting leader election with config: opid_index: -1 OBSOLETE_local: false peers { permanent_uuid: "bce116382d2e4cdd85a86f887b8a49ec" member_type: VOTER last_known_addr { host: "127.24.98.1" port: 45579 } } peers { permanent_uuid: "219d519c62cb4f8b8bd70006b9d24860" member_type: VOTER last_known_addr { host: "127.24.98.2" port: 38803 } } peers { permanent_uuid: "9d545a1aea0b4dc28d1b6a604061ca8a" member_type: VOTER last_known_addr { host: "127.24.98.3" port: 41041 } }
I20260608 12:51:02.131218 29605 tablet_service.cc:1917] Received RequestConsensusVote() RPC: tablet_id: "e3c2b9fca02f4680a36124181df940b2" candidate_uuid: "219d519c62cb4f8b8bd70006b9d24860" candidate_term: 1 candidate_status { last_received { term: 0 index: 0 } } ignore_live_leader: false dest_uuid: "9d545a1aea0b4dc28d1b6a604061ca8a"
I20260608 12:51:02.132036 29605 raft_consensus.cc:3060] T e3c2b9fca02f4680a36124181df940b2 P 9d545a1aea0b4dc28d1b6a604061ca8a [term 0 FOLLOWER]: Advancing to term 1
I20260608 12:51:02.133242 29456 tablet_service.cc:1917] Received RequestConsensusVote() RPC: tablet_id: "caeb0b66206a4486894eed848e8e3572" candidate_uuid: "219d519c62cb4f8b8bd70006b9d24860" candidate_term: 2 candidate_status { last_received { term: 0 index: 0 } } ignore_live_leader: false dest_uuid: "bce116382d2e4cdd85a86f887b8a49ec" is_pre_election: true
I20260608 12:51:02.136875 29456 tablet_service.cc:1917] Received RequestConsensusVote() RPC: tablet_id: "e3c2b9fca02f4680a36124181df940b2" candidate_uuid: "219d519c62cb4f8b8bd70006b9d24860" candidate_term: 1 candidate_status { last_received { term: 0 index: 0 } } ignore_live_leader: false dest_uuid: "bce116382d2e4cdd85a86f887b8a49ec"
I20260608 12:51:02.137612 29456 raft_consensus.cc:3060] T e3c2b9fca02f4680a36124181df940b2 P bce116382d2e4cdd85a86f887b8a49ec [term 0 FOLLOWER]: Advancing to term 1
I20260608 12:51:02.137912 29656 leader_election.cc:290] T e3c2b9fca02f4680a36124181df940b2 P 219d519c62cb4f8b8bd70006b9d24860 [CANDIDATE]: Term 1 election: Requested vote from peers bce116382d2e4cdd85a86f887b8a49ec (127.24.98.1:45579), 9d545a1aea0b4dc28d1b6a604061ca8a (127.24.98.3:41041)
I20260608 12:51:02.140851 29605 raft_consensus.cc:2468] T e3c2b9fca02f4680a36124181df940b2 P 9d545a1aea0b4dc28d1b6a604061ca8a [term 1 FOLLOWER]: Leader election vote request: Granting yes vote for candidate 219d519c62cb4f8b8bd70006b9d24860 in term 1.
I20260608 12:51:02.142113 29497 leader_election.cc:304] T e3c2b9fca02f4680a36124181df940b2 P 219d519c62cb4f8b8bd70006b9d24860 [CANDIDATE]: Term 1 election: Election decided. Result: candidate won. Election summary: received 2 responses out of 3 voters: 2 yes votes; 0 no votes. yes voters: 219d519c62cb4f8b8bd70006b9d24860, 9d545a1aea0b4dc28d1b6a604061ca8a; no voters: 
I20260608 12:51:02.143568 29656 raft_consensus.cc:2804] T e3c2b9fca02f4680a36124181df940b2 P 219d519c62cb4f8b8bd70006b9d24860 [term 1 FOLLOWER]: Leader election won for term 1
I20260608 12:51:02.144125 29656 raft_consensus.cc:697] T e3c2b9fca02f4680a36124181df940b2 P 219d519c62cb4f8b8bd70006b9d24860 [term 1 LEADER]: Becoming Leader. State: Replica: 219d519c62cb4f8b8bd70006b9d24860, State: Running, Role: LEADER
I20260608 12:51:02.145196 29656 consensus_queue.cc:237] T e3c2b9fca02f4680a36124181df940b2 P 219d519c62cb4f8b8bd70006b9d24860 [LEADER]: Queue going to LEADER mode. State: All replicated index: 0, Majority replicated index: 0, Committed index: 0, Last appended: 0.0, Last appended by leader: 0, Current term: 1, Majority size: 2, State: 0, Mode: LEADER, active raft config: opid_index: -1 OBSOLETE_local: false peers { permanent_uuid: "bce116382d2e4cdd85a86f887b8a49ec" member_type: VOTER last_known_addr { host: "127.24.98.1" port: 45579 } } peers { permanent_uuid: "219d519c62cb4f8b8bd70006b9d24860" member_type: VOTER last_known_addr { host: "127.24.98.2" port: 38803 } } peers { permanent_uuid: "9d545a1aea0b4dc28d1b6a604061ca8a" member_type: VOTER last_known_addr { host: "127.24.98.3" port: 41041 } }
I20260608 12:51:02.146293 29604 tablet_service.cc:1917] Received RequestConsensusVote() RPC: tablet_id: "caeb0b66206a4486894eed848e8e3572" candidate_uuid: "219d519c62cb4f8b8bd70006b9d24860" candidate_term: 2 candidate_status { last_received { term: 0 index: 0 } } ignore_live_leader: false dest_uuid: "9d545a1aea0b4dc28d1b6a604061ca8a" is_pre_election: true
I20260608 12:51:02.146982 29604 raft_consensus.cc:2468] T caeb0b66206a4486894eed848e8e3572 P 9d545a1aea0b4dc28d1b6a604061ca8a [term 1 FOLLOWER]: Leader pre-election vote request: Granting yes vote for candidate 219d519c62cb4f8b8bd70006b9d24860 in term 1.
I20260608 12:51:02.150254 29497 leader_election.cc:304] T caeb0b66206a4486894eed848e8e3572 P 219d519c62cb4f8b8bd70006b9d24860 [CANDIDATE]: Term 2 pre-election: Election decided. Result: candidate won. Election summary: received 3 responses out of 3 voters: 2 yes votes; 1 no votes. yes voters: 219d519c62cb4f8b8bd70006b9d24860, 9d545a1aea0b4dc28d1b6a604061ca8a; no voters: bce116382d2e4cdd85a86f887b8a49ec
I20260608 12:51:02.154151 29698 raft_consensus.cc:2804] T caeb0b66206a4486894eed848e8e3572 P 219d519c62cb4f8b8bd70006b9d24860 [term 1 FOLLOWER]: Leader pre-election won for term 2
I20260608 12:51:02.154642 29698 raft_consensus.cc:493] T caeb0b66206a4486894eed848e8e3572 P 219d519c62cb4f8b8bd70006b9d24860 [term 1 FOLLOWER]: Starting leader election (detected failure of leader bce116382d2e4cdd85a86f887b8a49ec)
I20260608 12:51:02.155169 29698 raft_consensus.cc:3060] T caeb0b66206a4486894eed848e8e3572 P 219d519c62cb4f8b8bd70006b9d24860 [term 1 FOLLOWER]: Advancing to term 2
I20260608 12:51:02.172052 29456 raft_consensus.cc:2468] T e3c2b9fca02f4680a36124181df940b2 P bce116382d2e4cdd85a86f887b8a49ec [term 1 FOLLOWER]: Leader election vote request: Granting yes vote for candidate 219d519c62cb4f8b8bd70006b9d24860 in term 1.
I20260608 12:51:02.172454 29698 raft_consensus.cc:515] T caeb0b66206a4486894eed848e8e3572 P 219d519c62cb4f8b8bd70006b9d24860 [term 2 FOLLOWER]: Starting leader election with config: opid_index: -1 OBSOLETE_local: false peers { permanent_uuid: "bce116382d2e4cdd85a86f887b8a49ec" member_type: VOTER last_known_addr { host: "127.24.98.1" port: 45579 } } peers { permanent_uuid: "219d519c62cb4f8b8bd70006b9d24860" member_type: VOTER last_known_addr { host: "127.24.98.2" port: 38803 } } peers { permanent_uuid: "9d545a1aea0b4dc28d1b6a604061ca8a" member_type: VOTER last_known_addr { host: "127.24.98.3" port: 41041 } }
I20260608 12:51:02.175601 29698 leader_election.cc:290] T caeb0b66206a4486894eed848e8e3572 P 219d519c62cb4f8b8bd70006b9d24860 [CANDIDATE]: Term 2 election: Requested vote from peers bce116382d2e4cdd85a86f887b8a49ec (127.24.98.1:45579), 9d545a1aea0b4dc28d1b6a604061ca8a (127.24.98.3:41041)
I20260608 12:51:02.176990 29605 tablet_service.cc:1917] Received RequestConsensusVote() RPC: tablet_id: "caeb0b66206a4486894eed848e8e3572" candidate_uuid: "219d519c62cb4f8b8bd70006b9d24860" candidate_term: 2 candidate_status { last_received { term: 1 index: 1 } } ignore_live_leader: false dest_uuid: "9d545a1aea0b4dc28d1b6a604061ca8a"
I20260608 12:51:02.177829 29605 raft_consensus.cc:3060] T caeb0b66206a4486894eed848e8e3572 P 9d545a1aea0b4dc28d1b6a604061ca8a [term 1 FOLLOWER]: Advancing to term 2
I20260608 12:51:02.184767 29605 raft_consensus.cc:2468] T caeb0b66206a4486894eed848e8e3572 P 9d545a1aea0b4dc28d1b6a604061ca8a [term 2 FOLLOWER]: Leader election vote request: Granting yes vote for candidate 219d519c62cb4f8b8bd70006b9d24860 in term 2.
I20260608 12:51:02.186076 29497 leader_election.cc:304] T caeb0b66206a4486894eed848e8e3572 P 219d519c62cb4f8b8bd70006b9d24860 [CANDIDATE]: Term 2 election: Election decided. Result: candidate won. Election summary: received 2 responses out of 3 voters: 2 yes votes; 0 no votes. yes voters: 219d519c62cb4f8b8bd70006b9d24860, 9d545a1aea0b4dc28d1b6a604061ca8a; no voters: 
I20260608 12:51:02.186842 29698 raft_consensus.cc:2804] T caeb0b66206a4486894eed848e8e3572 P 219d519c62cb4f8b8bd70006b9d24860 [term 2 FOLLOWER]: Leader election won for term 2
I20260608 12:51:02.187331 29698 raft_consensus.cc:697] T caeb0b66206a4486894eed848e8e3572 P 219d519c62cb4f8b8bd70006b9d24860 [term 2 LEADER]: Becoming Leader. State: Replica: 219d519c62cb4f8b8bd70006b9d24860, State: Running, Role: LEADER
I20260608 12:51:02.188072 29698 consensus_queue.cc:237] T caeb0b66206a4486894eed848e8e3572 P 219d519c62cb4f8b8bd70006b9d24860 [LEADER]: Queue going to LEADER mode. State: All replicated index: 0, Majority replicated index: 1, Committed index: 1, Last appended: 1.1, Last appended by leader: 1, Current term: 2, Majority size: 2, State: 0, Mode: LEADER, active raft config: opid_index: -1 OBSOLETE_local: false peers { permanent_uuid: "bce116382d2e4cdd85a86f887b8a49ec" member_type: VOTER last_known_addr { host: "127.24.98.1" port: 45579 } } peers { permanent_uuid: "219d519c62cb4f8b8bd70006b9d24860" member_type: VOTER last_known_addr { host: "127.24.98.2" port: 38803 } } peers { permanent_uuid: "9d545a1aea0b4dc28d1b6a604061ca8a" member_type: VOTER last_known_addr { host: "127.24.98.3" port: 41041 } }
W20260608 12:51:02.195348 29402 auto_rebalancer.cc:259] Could not retrieve cluster info: Service unavailable: Tablet not running
I20260608 12:51:02.196309 29691 consensus_queue.cc:1048] T caeb0b66206a4486894eed848e8e3572 P bce116382d2e4cdd85a86f887b8a49ec [LEADER]: Connected to new peer: Peer: permanent_uuid: "9d545a1aea0b4dc28d1b6a604061ca8a" member_type: VOTER last_known_addr { host: "127.24.98.3" port: 41041 }, Status: LMP_MISMATCH, Last received: 0.0, Next index: 1, Last known committed idx: 0, Time since last communication: 0.000s
I20260608 12:51:02.198421 29456 tablet_service.cc:1917] Received RequestConsensusVote() RPC: tablet_id: "caeb0b66206a4486894eed848e8e3572" candidate_uuid: "219d519c62cb4f8b8bd70006b9d24860" candidate_term: 2 candidate_status { last_received { term: 1 index: 1 } } ignore_live_leader: false dest_uuid: "bce116382d2e4cdd85a86f887b8a49ec"
I20260608 12:51:02.200700 29603 raft_consensus.cc:1240] T caeb0b66206a4486894eed848e8e3572 P 9d545a1aea0b4dc28d1b6a604061ca8a [term 2 FOLLOWER]: Rejecting Update request from peer bce116382d2e4cdd85a86f887b8a49ec for earlier term 1. Current term is 2. Ops: [1.1-1.1]
I20260608 12:51:02.200436 29352 catalog_manager.cc:5696] T caeb0b66206a4486894eed848e8e3572 P 219d519c62cb4f8b8bd70006b9d24860 reported cstate change: term changed from 1 to 2, leader changed from bce116382d2e4cdd85a86f887b8a49ec (127.24.98.1) to 219d519c62cb4f8b8bd70006b9d24860 (127.24.98.2). New cstate: current_term: 2 leader_uuid: "219d519c62cb4f8b8bd70006b9d24860" committed_config { opid_index: -1 OBSOLETE_local: false peers { permanent_uuid: "bce116382d2e4cdd85a86f887b8a49ec" member_type: VOTER last_known_addr { host: "127.24.98.1" port: 45579 } health_report { overall_health: UNKNOWN } } peers { permanent_uuid: "219d519c62cb4f8b8bd70006b9d24860" member_type: VOTER last_known_addr { host: "127.24.98.2" port: 38803 } health_report { overall_health: HEALTHY } } peers { permanent_uuid: "9d545a1aea0b4dc28d1b6a604061ca8a" member_type: VOTER last_known_addr { host: "127.24.98.3" port: 41041 } health_report { overall_health: UNKNOWN } } }
I20260608 12:51:02.202566 29352 catalog_manager.cc:5696] T e3c2b9fca02f4680a36124181df940b2 P 219d519c62cb4f8b8bd70006b9d24860 reported cstate change: term changed from 0 to 1, leader changed from <none> to 219d519c62cb4f8b8bd70006b9d24860 (127.24.98.2). New cstate: current_term: 1 leader_uuid: "219d519c62cb4f8b8bd70006b9d24860" committed_config { opid_index: -1 OBSOLETE_local: false peers { permanent_uuid: "bce116382d2e4cdd85a86f887b8a49ec" member_type: VOTER last_known_addr { host: "127.24.98.1" port: 45579 } health_report { overall_health: UNKNOWN } } peers { permanent_uuid: "219d519c62cb4f8b8bd70006b9d24860" member_type: VOTER last_known_addr { host: "127.24.98.2" port: 38803 } health_report { overall_health: HEALTHY } } peers { permanent_uuid: "9d545a1aea0b4dc28d1b6a604061ca8a" member_type: VOTER last_known_addr { host: "127.24.98.3" port: 41041 } health_report { overall_health: UNKNOWN } } }
I20260608 12:51:02.206472 29691 consensus_queue.cc:1059] T caeb0b66206a4486894eed848e8e3572 P bce116382d2e4cdd85a86f887b8a49ec [LEADER]: Peer responded invalid term: Peer: permanent_uuid: "9d545a1aea0b4dc28d1b6a604061ca8a" member_type: VOTER last_known_addr { host: "127.24.98.3" port: 41041 }, Status: INVALID_TERM, Last received: 0.0, Next index: 1, Last known committed idx: 0, Time since last communication: 0.000s
I20260608 12:51:02.207762 29689 raft_consensus.cc:3055] T caeb0b66206a4486894eed848e8e3572 P bce116382d2e4cdd85a86f887b8a49ec [term 1 LEADER]: Stepping down as leader of term 1
I20260608 12:51:02.208199 29689 raft_consensus.cc:740] T caeb0b66206a4486894eed848e8e3572 P bce116382d2e4cdd85a86f887b8a49ec [term 1 LEADER]: Becoming Follower/Learner. State: Replica: bce116382d2e4cdd85a86f887b8a49ec, State: Running, Role: LEADER
I20260608 12:51:02.209125 29689 consensus_queue.cc:260] T caeb0b66206a4486894eed848e8e3572 P bce116382d2e4cdd85a86f887b8a49ec [NON_LEADER]: Queue going to NON_LEADER mode. State: All replicated index: 0, Majority replicated index: 1, Committed index: 1, Last appended: 1.1, Last appended by leader: 1, Current term: 1, Majority size: -1, State: 0, Mode: NON_LEADER, active raft config: opid_index: -1 OBSOLETE_local: false peers { permanent_uuid: "bce116382d2e4cdd85a86f887b8a49ec" member_type: VOTER last_known_addr { host: "127.24.98.1" port: 45579 } } peers { permanent_uuid: "219d519c62cb4f8b8bd70006b9d24860" member_type: VOTER last_known_addr { host: "127.24.98.2" port: 38803 } } peers { permanent_uuid: "9d545a1aea0b4dc28d1b6a604061ca8a" member_type: VOTER last_known_addr { host: "127.24.98.3" port: 41041 } }
I20260608 12:51:02.210553 29689 raft_consensus.cc:3060] T caeb0b66206a4486894eed848e8e3572 P bce116382d2e4cdd85a86f887b8a49ec [term 1 FOLLOWER]: Advancing to term 2
I20260608 12:51:02.331458 29698 raft_consensus.cc:493] T 704af4c0be194013b61f1773cfef8120 P 219d519c62cb4f8b8bd70006b9d24860 [term 0 FOLLOWER]: Starting pre-election (no leader contacted us within the election timeout)
I20260608 12:51:02.331947 29698 raft_consensus.cc:515] T 704af4c0be194013b61f1773cfef8120 P 219d519c62cb4f8b8bd70006b9d24860 [term 0 FOLLOWER]: Starting pre-election with config: opid_index: -1 OBSOLETE_local: false peers { permanent_uuid: "bce116382d2e4cdd85a86f887b8a49ec" member_type: VOTER last_known_addr { host: "127.24.98.1" port: 45579 } } peers { permanent_uuid: "219d519c62cb4f8b8bd70006b9d24860" member_type: VOTER last_known_addr { host: "127.24.98.2" port: 38803 } } peers { permanent_uuid: "9d545a1aea0b4dc28d1b6a604061ca8a" member_type: VOTER last_known_addr { host: "127.24.98.3" port: 41041 } }
I20260608 12:51:02.333648 29698 leader_election.cc:290] T 704af4c0be194013b61f1773cfef8120 P 219d519c62cb4f8b8bd70006b9d24860 [CANDIDATE]: Term 1 pre-election: Requested pre-vote from peers bce116382d2e4cdd85a86f887b8a49ec (127.24.98.1:45579), 9d545a1aea0b4dc28d1b6a604061ca8a (127.24.98.3:41041)
I20260608 12:51:02.334623 29456 tablet_service.cc:1917] Received RequestConsensusVote() RPC: tablet_id: "704af4c0be194013b61f1773cfef8120" candidate_uuid: "219d519c62cb4f8b8bd70006b9d24860" candidate_term: 1 candidate_status { last_received { term: 0 index: 0 } } ignore_live_leader: false dest_uuid: "bce116382d2e4cdd85a86f887b8a49ec" is_pre_election: true
I20260608 12:51:02.334859 29603 tablet_service.cc:1917] Received RequestConsensusVote() RPC: tablet_id: "704af4c0be194013b61f1773cfef8120" candidate_uuid: "219d519c62cb4f8b8bd70006b9d24860" candidate_term: 1 candidate_status { last_received { term: 0 index: 0 } } ignore_live_leader: false dest_uuid: "9d545a1aea0b4dc28d1b6a604061ca8a" is_pre_election: true
I20260608 12:51:02.335621 29603 raft_consensus.cc:2393] T 704af4c0be194013b61f1773cfef8120 P 9d545a1aea0b4dc28d1b6a604061ca8a [term 1 FOLLOWER]: Leader pre-election vote request: Denying vote to candidate 219d519c62cb4f8b8bd70006b9d24860 in current term 1: Already voted for candidate bce116382d2e4cdd85a86f887b8a49ec in this term.
I20260608 12:51:02.336680 29497 leader_election.cc:304] T 704af4c0be194013b61f1773cfef8120 P 219d519c62cb4f8b8bd70006b9d24860 [CANDIDATE]: Term 1 pre-election: Election decided. Result: candidate lost. Election summary: received 3 responses out of 3 voters: 1 yes votes; 2 no votes. yes voters: 219d519c62cb4f8b8bd70006b9d24860; no voters: 9d545a1aea0b4dc28d1b6a604061ca8a, bce116382d2e4cdd85a86f887b8a49ec
I20260608 12:51:02.337363 29698 raft_consensus.cc:3060] T 704af4c0be194013b61f1773cfef8120 P 219d519c62cb4f8b8bd70006b9d24860 [term 0 FOLLOWER]: Advancing to term 1
I20260608 12:51:02.342042 29698 raft_consensus.cc:2749] T 704af4c0be194013b61f1773cfef8120 P 219d519c62cb4f8b8bd70006b9d24860 [term 1 FOLLOWER]: Leader pre-election lost for term 1. Reason: could not achieve majority
I20260608 12:51:02.423166 29689 consensus_queue.cc:1048] T 0e77df10ee734280ab1a07ba0ddb9b23 P bce116382d2e4cdd85a86f887b8a49ec [LEADER]: Connected to new peer: Peer: permanent_uuid: "9d545a1aea0b4dc28d1b6a604061ca8a" member_type: VOTER last_known_addr { host: "127.24.98.3" port: 41041 }, Status: LMP_MISMATCH, Last received: 0.0, Next index: 1, Last known committed idx: 0, Time since last communication: 0.000s
I20260608 12:51:02.436069 29689 consensus_queue.cc:1048] T 0e77df10ee734280ab1a07ba0ddb9b23 P bce116382d2e4cdd85a86f887b8a49ec [LEADER]: Connected to new peer: Peer: permanent_uuid: "219d519c62cb4f8b8bd70006b9d24860" member_type: VOTER last_known_addr { host: "127.24.98.2" port: 38803 }, Status: LMP_MISMATCH, Last received: 0.0, Next index: 1, Last known committed idx: 0, Time since last communication: 0.000s
I20260608 12:51:02.462087 29689 consensus_queue.cc:1048] T 3b26c69d15a54305bae1796bfe6a0f15 P bce116382d2e4cdd85a86f887b8a49ec [LEADER]: Connected to new peer: Peer: permanent_uuid: "219d519c62cb4f8b8bd70006b9d24860" member_type: VOTER last_known_addr { host: "127.24.98.2" port: 38803 }, Status: LMP_MISMATCH, Last received: 0.0, Next index: 1, Last known committed idx: 0, Time since last communication: 0.000s
I20260608 12:51:02.473984 29689 consensus_queue.cc:1048] T 3b26c69d15a54305bae1796bfe6a0f15 P bce116382d2e4cdd85a86f887b8a49ec [LEADER]: Connected to new peer: Peer: permanent_uuid: "9d545a1aea0b4dc28d1b6a604061ca8a" member_type: VOTER last_known_addr { host: "127.24.98.3" port: 41041 }, Status: LMP_MISMATCH, Last received: 0.0, Next index: 1, Last known committed idx: 0, Time since last communication: 0.000s
I20260608 12:51:02.480044 29670 consensus_queue.cc:1048] T c3b8b6c6165848238a31ff6c428e9797 P 9d545a1aea0b4dc28d1b6a604061ca8a [LEADER]: Connected to new peer: Peer: permanent_uuid: "219d519c62cb4f8b8bd70006b9d24860" member_type: VOTER last_known_addr { host: "127.24.98.2" port: 38803 }, Status: LMP_MISMATCH, Last received: 0.0, Next index: 1, Last known committed idx: 0, Time since last communication: 0.000s
I20260608 12:51:02.495764 29679 consensus_queue.cc:1048] T c3b8b6c6165848238a31ff6c428e9797 P 9d545a1aea0b4dc28d1b6a604061ca8a [LEADER]: Connected to new peer: Peer: permanent_uuid: "bce116382d2e4cdd85a86f887b8a49ec" member_type: VOTER last_known_addr { host: "127.24.98.1" port: 45579 }, Status: LMP_MISMATCH, Last received: 0.0, Next index: 1, Last known committed idx: 0, Time since last communication: 0.000s
I20260608 12:51:02.538165 29695 consensus_queue.cc:1048] T 6194d5f0a7cb4b418ca63b26dd8e9b9c P bce116382d2e4cdd85a86f887b8a49ec [LEADER]: Connected to new peer: Peer: permanent_uuid: "9d545a1aea0b4dc28d1b6a604061ca8a" member_type: VOTER last_known_addr { host: "127.24.98.3" port: 41041 }, Status: LMP_MISMATCH, Last received: 0.0, Next index: 1, Last known committed idx: 0, Time since last communication: 0.000s
I20260608 12:51:02.570457 29689 consensus_queue.cc:1048] T 704af4c0be194013b61f1773cfef8120 P bce116382d2e4cdd85a86f887b8a49ec [LEADER]: Connected to new peer: Peer: permanent_uuid: "219d519c62cb4f8b8bd70006b9d24860" member_type: VOTER last_known_addr { host: "127.24.98.2" port: 38803 }, Status: LMP_MISMATCH, Last received: 0.0, Next index: 1, Last known committed idx: 0, Time since last communication: 0.000s
I20260608 12:51:02.604727 29691 consensus_queue.cc:1048] T 704af4c0be194013b61f1773cfef8120 P bce116382d2e4cdd85a86f887b8a49ec [LEADER]: Connected to new peer: Peer: permanent_uuid: "9d545a1aea0b4dc28d1b6a604061ca8a" member_type: VOTER last_known_addr { host: "127.24.98.3" port: 41041 }, Status: LMP_MISMATCH, Last received: 0.0, Next index: 1, Last known committed idx: 0, Time since last communication: 0.000s
I20260608 12:51:02.608245 29456 raft_consensus.cc:1275] T caeb0b66206a4486894eed848e8e3572 P bce116382d2e4cdd85a86f887b8a49ec [term 2 FOLLOWER]: Refusing update from remote peer 219d519c62cb4f8b8bd70006b9d24860: Log matching property violated. Preceding OpId in replica: term: 1 index: 1. Preceding OpId from leader: term: 2 index: 2. (index mismatch)
I20260608 12:51:02.609687 29698 consensus_queue.cc:1048] T caeb0b66206a4486894eed848e8e3572 P 219d519c62cb4f8b8bd70006b9d24860 [LEADER]: Connected to new peer: Peer: permanent_uuid: "bce116382d2e4cdd85a86f887b8a49ec" member_type: VOTER last_known_addr { host: "127.24.98.1" port: 45579 }, Status: LMP_MISMATCH, Last received: 0.0, Next index: 2, Last known committed idx: 1, Time since last communication: 0.000s
I20260608 12:51:02.629139 29695 consensus_queue.cc:1048] T 6194d5f0a7cb4b418ca63b26dd8e9b9c P bce116382d2e4cdd85a86f887b8a49ec [LEADER]: Connected to new peer: Peer: permanent_uuid: "219d519c62cb4f8b8bd70006b9d24860" member_type: VOTER last_known_addr { host: "127.24.98.2" port: 38803 }, Status: LMP_MISMATCH, Last received: 0.0, Next index: 1, Last known committed idx: 0, Time since last communication: 0.000s
I20260608 12:51:02.642163 29603 raft_consensus.cc:1275] T caeb0b66206a4486894eed848e8e3572 P 9d545a1aea0b4dc28d1b6a604061ca8a [term 2 FOLLOWER]: Refusing update from remote peer 219d519c62cb4f8b8bd70006b9d24860: Log matching property violated. Preceding OpId in replica: term: 0 index: 0. Preceding OpId from leader: term: 2 index: 2. (index mismatch)
I20260608 12:51:02.646523 29698 consensus_queue.cc:1048] T caeb0b66206a4486894eed848e8e3572 P 219d519c62cb4f8b8bd70006b9d24860 [LEADER]: Connected to new peer: Peer: permanent_uuid: "9d545a1aea0b4dc28d1b6a604061ca8a" member_type: VOTER last_known_addr { host: "127.24.98.3" port: 41041 }, Status: LMP_MISMATCH, Last received: 0.0, Next index: 2, Last known committed idx: 0, Time since last communication: 0.000s
I20260608 12:51:02.719398 29752 consensus_queue.cc:1048] T e3c2b9fca02f4680a36124181df940b2 P 219d519c62cb4f8b8bd70006b9d24860 [LEADER]: Connected to new peer: Peer: permanent_uuid: "bce116382d2e4cdd85a86f887b8a49ec" member_type: VOTER last_known_addr { host: "127.24.98.1" port: 45579 }, Status: LMP_MISMATCH, Last received: 0.0, Next index: 1, Last known committed idx: 0, Time since last communication: 0.000s
I20260608 12:51:02.746229 29698 consensus_queue.cc:1048] T e3c2b9fca02f4680a36124181df940b2 P 219d519c62cb4f8b8bd70006b9d24860 [LEADER]: Connected to new peer: Peer: permanent_uuid: "9d545a1aea0b4dc28d1b6a604061ca8a" member_type: VOTER last_known_addr { host: "127.24.98.3" port: 41041 }, Status: LMP_MISMATCH, Last received: 0.0, Next index: 1, Last known committed idx: 0, Time since last communication: 0.005s
W20260608 12:51:02.940032 29634 outbound_call.cc:321] RPC callback for RPC call kudu.master.MasterService.GetTableLocations -> {remote=127.24.98.62:39667, user_credentials={real_user=slave}} blocked reactor thread for 70381.9us
W20260608 12:51:03.044250 29634 outbound_call.cc:321] RPC callback for RPC call kudu.master.MasterService.GetTableLocations -> {remote=127.24.98.62:39667, user_credentials={real_user=slave}} blocked reactor thread for 97004.7us
W20260608 12:51:03.225792 29422 outbound_call.cc:321] RPC callback for RPC call kudu.consensus.ConsensusService.UpdateConsensus -> {remote=127.24.98.3:41041, user_credentials={real_user=slave}} blocked reactor thread for 120864us
W20260608 12:51:03.371557 29569 outbound_call.cc:321] RPC callback for RPC call kudu.consensus.ConsensusService.UpdateConsensus -> {remote=127.24.98.1:45579, user_credentials={real_user=slave}} blocked reactor thread for 91582.6us
W20260608 12:51:03.803186 29813 log.cc:927] Time spent T 3b26c69d15a54305bae1796bfe6a0f15 P 219d519c62cb4f8b8bd70006b9d24860: Append to log took a long time: real 0.067s	user 0.000s	sys 0.001s
W20260608 12:51:03.871224 29635 outbound_call.cc:321] RPC callback for RPC call kudu.tserver.TabletServerService.Write -> {remote=127.24.98.1:45579, user_credentials={real_user=slave}} blocked reactor thread for 60111.5us
I20260608 12:51:03.912505 29771 rpcz_store.cc:275] Call kudu.tserver.TabletServerService.Write from 127.0.0.1:49870 (ReqId={client: 8e0476eff68649f3923508de1dbc6efe, seq_no=14, attempt_no=0}) took 1053 ms. Trace:
I20260608 12:51:03.913168 29771 rpcz_store.cc:276] 0608 12:51:02.858292 (+     0us) service_pool.cc:167] Inserting onto call queue
0608 12:51:02.858804 (+   512us) service_pool.cc:224] Handling call
0608 12:51:03.911498 (+1052694us) inbound_call.cc:177] Queueing success response
Related trace 'op':
0608 12:51:03.488507 (+     0us) write_op.cc:183] PREPARE: starting on tablet 79705ae342f94f4abdc5e8b6d3e65631
0608 12:51:03.489025 (+   518us) write_op.cc:432] Acquiring schema lock in shared mode
0608 12:51:03.489058 (+    33us) write_op.cc:435] Acquired schema lock
0608 12:51:03.489078 (+    20us) tablet.cc:662] Decoding operations
0608 12:51:03.489505 (+   427us) write_op.cc:620] Acquiring the partition lock for write op
0608 12:51:03.489563 (+    58us) write_op.cc:641] Partition lock acquired for write op
0608 12:51:03.489596 (+    33us) tablet.cc:685] Acquiring locks for 3 operations
0608 12:51:03.489955 (+   359us) tablet.cc:701] Row locks acquired
0608 12:51:03.489977 (+    22us) write_op.cc:260] PREPARE: finished
0608 12:51:03.490180 (+   203us) write_op.cc:270] Start()
0608 12:51:03.490298 (+   118us) write_op.cc:276] Timestamp: P: 1780923063490128 usec, L: 0
0608 12:51:03.490323 (+    25us) op_driver.cc:348] REPLICATION: starting
0608 12:51:03.584988 (+ 94665us) log.cc:844] Serialized 432 byte log entry
0608 12:51:03.704777 (+119789us) spinlock_profiling.cc:243] Waited 93.9 ms on lock 0x7b54002eb3d4. stack: 00007fdad64643a1 00007fdad64641c8 00007fdad5c3ff11 000000000047f705 000000000047f658 00007fdad9b175cb 00007fdad9c24115 00007fdadd77c788 00007fdadd77b660 00007fdadd785950 00007fdadd7858b0 00007fdadd785810 00007fdadd7857b0 00007fdadd78392f 000000000049a986 000000000049a618
0608 12:51:03.907946 (+203169us) op_driver.cc:464] REPLICATION: finished
0608 12:51:03.908469 (+   523us) write_op.cc:301] APPLY: starting
0608 12:51:03.908632 (+   163us) tablet.cc:1367] starting BulkCheckPresence
0608 12:51:03.908898 (+   266us) tablet.cc:1370] finished BulkCheckPresence
0608 12:51:03.908921 (+    23us) tablet.cc:1372] starting ApplyRowOperation cycle
0608 12:51:03.909645 (+   724us) tablet.cc:1383] finished ApplyRowOperation cycle
0608 12:51:03.910033 (+   388us) tablet_metrics.cc:581] ProbeStats: bloom_lookups=0,key_file_lookups=0,delta_file_lookups=0,mrs_lookups=0
0608 12:51:03.910104 (+    71us) write_op.cc:312] APPLY: finished
0608 12:51:03.910393 (+   289us) log.cc:844] Serialized 34 byte log entry
0608 12:51:03.910668 (+   275us) write_op.cc:489] Releasing partition, row and schema locks
0608 12:51:03.910805 (+   137us) write_op.cc:454] Released schema lock
0608 12:51:03.910881 (+    76us) write_op.cc:341] FINISH: Updating metrics
Metrics: {"child_traces":[["op",{"apply.queue_time_us":271,"num_ops":3,"prepare.queue_time_us":628410,"prepare.run_cpu_time_us":5841,"prepare.run_wall_time_us":216550,"raft.queue_time_us":3219,"raft.run_cpu_time_us":1039,"raft.run_wall_time_us":23066,"replication_time_us":417346,"spinlock_wait_cycles":216072960}]]}
I20260608 12:51:04.012053 29771 rpcz_store.cc:275] Call kudu.tserver.TabletServerService.Write from 127.0.0.1:49870 (ReqId={client: 8e0476eff68649f3923508de1dbc6efe, seq_no=35, attempt_no=0}) took 1052 ms. Trace:
I20260608 12:51:04.018888 29794 rpcz_store.cc:275] Call kudu.tserver.TabletServerService.Write from 127.0.0.1:49870 (ReqId={client: 8e0476eff68649f3923508de1dbc6efe, seq_no=31, attempt_no=0}) took 1059 ms. Trace:
I20260608 12:51:04.051411 29776 rpcz_store.cc:275] Call kudu.tserver.TabletServerService.Write from 127.0.0.1:49870 (ReqId={client: 8e0476eff68649f3923508de1dbc6efe, seq_no=39, attempt_no=0}) took 1056 ms. Trace:
I20260608 12:51:04.012668 29771 rpcz_store.cc:276] 0608 12:51:02.959984 (+     0us) service_pool.cc:167] Inserting onto call queue
0608 12:51:02.961999 (+  2015us) service_pool.cc:224] Handling call
0608 12:51:04.011934 (+1049935us) inbound_call.cc:177] Queueing success response
Related trace 'op':
0608 12:51:03.705265 (+     0us) write_op.cc:183] PREPARE: starting on tablet 79705ae342f94f4abdc5e8b6d3e65631
0608 12:51:03.705926 (+   661us) write_op.cc:432] Acquiring schema lock in shared mode
0608 12:51:03.705962 (+    36us) write_op.cc:435] Acquired schema lock
0608 12:51:03.705985 (+    23us) tablet.cc:662] Decoding operations
0608 12:51:03.728475 (+ 22490us) write_op.cc:620] Acquiring the partition lock for write op
0608 12:51:03.729962 (+  1487us) write_op.cc:641] Partition lock acquired for write op
0608 12:51:03.732342 (+  2380us) tablet.cc:685] Acquiring locks for 6 operations
0608 12:51:03.732645 (+   303us) tablet.cc:701] Row locks acquired
0608 12:51:03.732658 (+    13us) write_op.cc:260] PREPARE: finished
0608 12:51:03.738591 (+  5933us) spinlock_profiling.cc:243] Waited 3.39 ms on lock 0x7b3400361b98. stack: 00007fdad64643a1 00007fdad64641c8 00007fdad5c3ff11 000000000047f705 000000000047f658 00007fdad7ae84bb 00007fdad7b69a42 00007fdadd77bec4 00007fdadd77b660 00007fdadd785950 00007fdadd7858b0 00007fdadd785810 00007fdadd7857b0 00007fdadd78392f 000000000049a986 000000000049a618
0608 12:51:03.738730 (+   139us) write_op.cc:270] Start()
0608 12:51:03.738950 (+   220us) write_op.cc:276] Timestamp: P: 1780923063738680 usec, L: 0
0608 12:51:03.738975 (+    25us) op_driver.cc:348] REPLICATION: starting
0608 12:51:03.739657 (+   682us) log.cc:844] Serialized 562 byte log entry
0608 12:51:04.002342 (+262685us) op_driver.cc:464] REPLICATION: finished
0608 12:51:04.003236 (+   894us) write_op.cc:301] APPLY: starting
0608 12:51:04.003325 (+    89us) tablet.cc:1367] starting BulkCheckPresence
0608 12:51:04.003573 (+   248us) tablet.cc:1370] finished BulkCheckPresence
0608 12:51:04.003599 (+    26us) tablet.cc:1372] starting ApplyRowOperation cycle
0608 12:51:04.010219 (+  6620us) tablet.cc:1383] finished ApplyRowOperation cycle
0608 12:51:04.010503 (+   284us) tablet_metrics.cc:581] ProbeStats: bloom_lookups=0,key_file_lookups=0,delta_file_lookups=0,mrs_lookups=0
0608 12:51:04.010571 (+    68us) write_op.cc:312] APPLY: finished
0608 12:51:04.010926 (+   355us) log.cc:844] Serialized 52 byte log entry
0608 12:51:04.011246 (+   320us) write_op.cc:489] Releasing partition, row and schema locks
0608 12:51:04.011387 (+   141us) write_op.cc:454] Released schema lock
0608 12:51:04.011449 (+    62us) write_op.cc:341] FINISH: Updating metrics
Metrics: {"spinlock_wait_cycles":207232,"child_traces":[["op",{"apply.queue_time_us":662,"mutex_wait_us":10301,"num_ops":6,"prepare.queue_time_us":735888,"prepare.run_cpu_time_us":4464,"prepare.run_wall_time_us":34685,"replication_time_us":263169,"spinlock_wait_cycles":7806592}]]}
I20260608 12:51:04.108533 29786 rpcz_store.cc:275] Call kudu.tserver.TabletServerService.Write from 127.0.0.1:41978 (ReqId={client: 8e0476eff68649f3923508de1dbc6efe, seq_no=26, attempt_no=0}) took 1059 ms. Trace:
I20260608 12:51:04.109988 29814 rpcz_store.cc:275] Call kudu.tserver.TabletServerService.Write from 127.0.0.1:41978 (ReqId={client: 8e0476eff68649f3923508de1dbc6efe, seq_no=18, attempt_no=0}) took 1131 ms. Trace:
I20260608 12:51:04.110561 29767 rpcz_store.cc:275] Call kudu.tserver.TabletServerService.Write from 127.0.0.1:41978 (ReqId={client: 8e0476eff68649f3923508de1dbc6efe, seq_no=7, attempt_no=0}) took 1187 ms. Trace:
I20260608 12:51:04.019546 29794 rpcz_store.cc:276] 0608 12:51:02.959243 (+     0us) service_pool.cc:167] Inserting onto call queue
0608 12:51:02.961949 (+  2706us) service_pool.cc:224] Handling call
0608 12:51:04.018670 (+1056721us) inbound_call.cc:177] Queueing success response
Related trace 'op':
0608 12:51:03.595905 (+     0us) write_op.cc:183] PREPARE: starting on tablet f5a1fa1030dd47a0ada77908f505fa3f
0608 12:51:03.596436 (+   531us) write_op.cc:432] Acquiring schema lock in shared mode
0608 12:51:03.596470 (+    34us) write_op.cc:435] Acquired schema lock
0608 12:51:03.596490 (+    20us) tablet.cc:662] Decoding operations
0608 12:51:03.610605 (+ 14115us) write_op.cc:620] Acquiring the partition lock for write op
0608 12:51:03.612154 (+  1549us) write_op.cc:641] Partition lock acquired for write op
0608 12:51:03.616576 (+  4422us) tablet.cc:685] Acquiring locks for 7 operations
0608 12:51:03.655542 (+ 38966us) tablet.cc:701] Row locks acquired
0608 12:51:03.657195 (+  1653us) write_op.cc:260] PREPARE: finished
0608 12:51:03.670513 (+ 13318us) write_op.cc:270] Start()
0608 12:51:03.670647 (+   134us) write_op.cc:276] Timestamp: P: 1780923063670456 usec, L: 0
0608 12:51:03.670673 (+    26us) op_driver.cc:348] REPLICATION: starting
0608 12:51:03.671403 (+   730us) log.cc:844] Serialized 605 byte log entry
0608 12:51:04.003708 (+332305us) op_driver.cc:464] REPLICATION: finished
0608 12:51:04.013947 (+ 10239us) write_op.cc:301] APPLY: starting
0608 12:51:04.014070 (+   123us) tablet.cc:1367] starting BulkCheckPresence
0608 12:51:04.014347 (+   277us) tablet.cc:1370] finished BulkCheckPresence
0608 12:51:04.014440 (+    93us) tablet.cc:1372] starting ApplyRowOperation cycle
0608 12:51:04.015911 (+  1471us) tablet.cc:1383] finished ApplyRowOperation cycle
0608 12:51:04.017129 (+  1218us) tablet_metrics.cc:581] ProbeStats: bloom_lookups=0,key_file_lookups=0,delta_file_lookups=0,mrs_lookups=0
0608 12:51:04.017220 (+    91us) write_op.cc:312] APPLY: finished
0608 12:51:04.017605 (+   385us) log.cc:844] Serialized 58 byte log entry
0608 12:51:04.017927 (+   322us) write_op.cc:489] Releasing partition, row and schema locks
0608 12:51:04.018146 (+   219us) write_op.cc:454] Released schema lock
0608 12:51:04.018198 (+    52us) write_op.cc:341] FINISH: Updating metrics
Metrics: {"child_traces":[["op",{"apply.queue_time_us":1874,"num_ops":7,"prepare.queue_time_us":577445,"prepare.run_cpu_time_us":4354,"prepare.run_wall_time_us":81316,"replication_time_us":332825}]]}
I20260608 12:51:04.110621 29814 rpcz_store.cc:276] 0608 12:51:02.985316 (+     0us) service_pool.cc:167] Inserting onto call queue
0608 12:51:02.987335 (+  2019us) service_pool.cc:224] Handling call
0608 12:51:04.105302 (+1117967us) inbound_call.cc:177] Queueing success response
Related trace 'op':
0608 12:51:03.068386 (+     0us) write_op.cc:183] PREPARE: starting on tablet 0e77df10ee734280ab1a07ba0ddb9b23
0608 12:51:03.095753 (+ 27367us) write_op.cc:432] Acquiring schema lock in shared mode
0608 12:51:03.095807 (+    54us) write_op.cc:435] Acquired schema lock
0608 12:51:03.095839 (+    32us) tablet.cc:662] Decoding operations
0608 12:51:03.096774 (+   935us) write_op.cc:620] Acquiring the partition lock for write op
0608 12:51:03.096854 (+    80us) write_op.cc:641] Partition lock acquired for write op
0608 12:51:03.096903 (+    49us) tablet.cc:685] Acquiring locks for 6 operations
0608 12:51:03.097685 (+   782us) tablet.cc:701] Row locks acquired
0608 12:51:03.105186 (+  7501us) write_op.cc:260] PREPARE: finished
0608 12:51:03.121813 (+ 16627us) write_op.cc:270] Start()
0608 12:51:03.121954 (+   141us) write_op.cc:276] Timestamp: P: 1780923063121759 usec, L: 0
0608 12:51:03.121978 (+    24us) op_driver.cc:348] REPLICATION: starting
0608 12:51:03.122770 (+   792us) log.cc:844] Serialized 562 byte log entry
0608 12:51:03.664872 (+542102us) spinlock_profiling.cc:243] Waited 298 ms on lock 0x7b5800064ad0. stack: 00007fdad64643a1 00007fdad64641c8 00007fdad5c3ff11 000000000047f705 000000000047f658 00007fdad9b18abc 00007fdad9af8305 00007fdad9b05490 00007fdad9b053a0 00007fdad9b05300 00007fdad9b052a0 00007fdad9b0339f 000000000049a986 000000000049a618 00007fdad64c3131 00007fdad64c7b0b
0608 12:51:03.845472 (+180600us) op_driver.cc:464] REPLICATION: finished
0608 12:51:03.846188 (+   716us) write_op.cc:301] APPLY: starting
0608 12:51:03.846373 (+   185us) tablet.cc:1367] starting BulkCheckPresence
0608 12:51:03.846762 (+   389us) tablet.cc:1370] finished BulkCheckPresence
0608 12:51:03.846793 (+    31us) tablet.cc:1372] starting ApplyRowOperation cycle
0608 12:51:03.875042 (+ 28249us) tablet.cc:1383] finished ApplyRowOperation cycle
0608 12:51:03.928963 (+ 53921us) tablet_metrics.cc:581] ProbeStats: bloom_lookups=0,key_file_lookups=0,delta_file_lookups=0,mrs_lookups=0
0608 12:51:03.934259 (+  5296us) write_op.cc:312] APPLY: finished
0608 12:51:03.934595 (+   336us) log.cc:844] Serialized 52 byte log entry
0608 12:51:03.964252 (+ 29657us) write_op.cc:489] Releasing partition, row and schema locks
0608 12:51:03.979772 (+ 15520us) write_op.cc:454] Released schema lock
0608 12:51:03.998931 (+ 19159us) write_op.cc:341] FINISH: Updating metrics
0608 12:51:04.097015 (+ 98084us) spinlock_profiling.cc:243] Waited 27.6 ms on lock 0x7b340017afc8. stack: 00007fdad64643a1 00007fdad64641c8 00007fdad5c3ff11 000000000047f705 000000000047f658 00007fdad7ae84bb 00007fdad7b6bc91 00007fdad7b90273 00007fdadf4679a7 00007fdadd780396 00007fdadd77fb8f 00007fdadd7884e0 00007fdadd788440 00007fdadd7883a0 00007fdadd788340 00007fdadd7864bf
Metrics: {"child_traces":[["op",{"apply.queue_time_us":313,"mutex_wait_us":3505,"num_ops":6,"prepare.queue_time_us":47644,"prepare.run_cpu_time_us":12748,"prepare.run_wall_time_us":124100,"raft.queue_time_us":99273,"raft.run_cpu_time_us":6950,"raft.run_wall_time_us":441833,"replication_time_us":723082,"spinlock_wait_cycles":748460032,"thread_start_us":38025,"threads_started":1}]]}
I20260608 12:51:04.111236 29767 rpcz_store.cc:276] 0608 12:51:02.940867 (+     0us) service_pool.cc:167] Inserting onto call queue
0608 12:51:02.942198 (+  1331us) service_pool.cc:224] Handling call
0608 12:51:04.110354 (+1168156us) inbound_call.cc:177] Queueing success response
Related trace 'op':
0608 12:51:03.258665 (+     0us) write_op.cc:183] PREPARE: starting on tablet 0e77df10ee734280ab1a07ba0ddb9b23
0608 12:51:03.259204 (+   539us) write_op.cc:432] Acquiring schema lock in shared mode
0608 12:51:03.259249 (+    45us) write_op.cc:435] Acquired schema lock
0608 12:51:03.259264 (+    15us) tablet.cc:662] Decoding operations
0608 12:51:03.259780 (+   516us) write_op.cc:620] Acquiring the partition lock for write op
0608 12:51:03.259834 (+    54us) write_op.cc:641] Partition lock acquired for write op
0608 12:51:03.259872 (+    38us) tablet.cc:685] Acquiring locks for 4 operations
0608 12:51:03.260433 (+   561us) tablet.cc:701] Row locks acquired
0608 12:51:03.260453 (+    20us) write_op.cc:260] PREPARE: finished
0608 12:51:03.260676 (+   223us) write_op.cc:270] Start()
0608 12:51:03.260996 (+   320us) write_op.cc:276] Timestamp: P: 1780923063260617 usec, L: 0
0608 12:51:03.261024 (+    28us) op_driver.cc:348] REPLICATION: starting
0608 12:51:03.481811 (+220787us) spinlock_profiling.cc:243] Waited 5.17 ms on lock 0x7b54002fdb98. stack: 00007fdad64643a1 00007fdad64641c8 00007fdad5c3ff11 000000000047f705 000000000047f658 00007fdadf095152 00007fdad9bb0fb6 00007fdad9b311e8 00007fdad9b30ae6 00007fdad9c236ff 00007fdad9c24072 00007fdadd77c788 00007fdadd77b660 00007fdadd785950 00007fdadd7858b0 00007fdadd785810
0608 12:51:03.484229 (+  2418us) log.cc:844] Serialized 475 byte log entry
0608 12:51:03.725194 (+240965us) spinlock_profiling.cc:243] Waited 39.1 ms on lock 0x7b5800064ad0. stack: 00007fdad64643a1 00007fdad64641c8 00007fdad5c3ff11 000000000047f705 000000000047f658 00007fdad9b18abc 00007fdad9af8305 00007fdad9b05490 00007fdad9b053a0 00007fdad9b05300 00007fdad9b052a0 00007fdad9b0339f 000000000049a986 000000000049a618 00007fdad64c3131 00007fdad64c7b0b
0608 12:51:04.080974 (+355780us) op_driver.cc:464] REPLICATION: finished
0608 12:51:04.084657 (+  3683us) write_op.cc:301] APPLY: starting
0608 12:51:04.084777 (+   120us) tablet.cc:1367] starting BulkCheckPresence
0608 12:51:04.085052 (+   275us) tablet.cc:1370] finished BulkCheckPresence
0608 12:51:04.085087 (+    35us) tablet.cc:1372] starting ApplyRowOperation cycle
0608 12:51:04.105122 (+ 20035us) tablet.cc:1383] finished ApplyRowOperation cycle
0608 12:51:04.108666 (+  3544us) tablet_metrics.cc:581] ProbeStats: bloom_lookups=0,key_file_lookups=0,delta_file_lookups=0,mrs_lookups=0
0608 12:51:04.108730 (+    64us) write_op.cc:312] APPLY: finished
0608 12:51:04.109493 (+   763us) log.cc:844] Serialized 40 byte log entry
0608 12:51:04.109790 (+   297us) write_op.cc:489] Releasing partition, row and schema locks
0608 12:51:04.109911 (+   121us) write_op.cc:454] Released schema lock
0608 12:51:04.109959 (+    48us) write_op.cc:341] FINISH: Updating metrics
Metrics: {"child_traces":[["op",{"apply.queue_time_us":3443,"num_ops":4,"prepare.queue_time_us":264077,"prepare.run_cpu_time_us":7975,"prepare.run_wall_time_us":225975,"raft.queue_time_us":120,"raft.run_cpu_time_us":3142,"raft.run_wall_time_us":242739,"replication_time_us":819753,"spinlock_wait_cycles":101727744,"thread_start_us":26272,"threads_started":1}]]}
I20260608 12:51:04.108964 29786 rpcz_store.cc:276] 0608 12:51:03.049412 (+     0us) service_pool.cc:167] Inserting onto call queue
0608 12:51:03.073704 (+ 24292us) service_pool.cc:224] Handling call
0608 12:51:04.106887 (+1033183us) inbound_call.cc:177] Queueing success response
Related trace 'op':
0608 12:51:03.255031 (+     0us) write_op.cc:183] PREPARE: starting on tablet 9a6d7e0ff7964c029c065e145e2f35ee
0608 12:51:03.257908 (+  2877us) write_op.cc:432] Acquiring schema lock in shared mode
0608 12:51:03.257944 (+    36us) write_op.cc:435] Acquired schema lock
0608 12:51:03.257964 (+    20us) tablet.cc:662] Decoding operations
0608 12:51:03.258393 (+   429us) write_op.cc:620] Acquiring the partition lock for write op
0608 12:51:03.258446 (+    53us) write_op.cc:641] Partition lock acquired for write op
0608 12:51:03.258477 (+    31us) tablet.cc:685] Acquiring locks for 2 operations
0608 12:51:03.258698 (+   221us) tablet.cc:701] Row locks acquired
0608 12:51:03.258718 (+    20us) write_op.cc:260] PREPARE: finished
0608 12:51:03.590880 (+332162us) spinlock_profiling.cc:243] Waited 255 ms on lock 0x7b18001a37c0. stack: 00007fdad64643a1 00007fdad64641c8 00007fdad5c3ff11 000000000047f705 000000000047f658 00007fdad9b175cb 00007fdad9c9fa49 00007fdadd77c1d2 00007fdadd77b660 00007fdadd785950 00007fdadd7858b0 00007fdadd785810 00007fdadd7857b0 00007fdadd78392f 000000000049a986 000000000049a618
0608 12:51:03.592232 (+  1352us) write_op.cc:270] Start()
0608 12:51:03.604701 (+ 12469us) write_op.cc:276] Timestamp: P: 1780923063513496 usec, L: 0
0608 12:51:03.604744 (+    43us) op_driver.cc:348] REPLICATION: starting
0608 12:51:03.740905 (+136161us) spinlock_profiling.cc:243] Waited 1.29 ms on lock 0x7b54005a6520. stack: 00007fdad64643a1 00007fdad64641c8 00007fdad5c3ff11 000000000047f705 000000000047f658 00007fdad9b175cb 00007fdad9b3de64 00007fdad9c3a671 00007fdad9c245e1 00007fdad9c23ed2 00007fdadd77c788 00007fdadd77b660 00007fdadd785950 00007fdadd7858b0 00007fdadd785810 00007fdadd7857b0
