I20260608 12:50:05.710574  4793 rpc_server.cc:225] running with OpenSSL 1.1.1  11 Sep 2018
I20260608 12:50:05.711864  4793 kserver.cc:163] Server-wide thread pool size limit: 3276
I20260608 12:50:05.713433  4793 txn_system_client.cc:432] TxnSystemClient initialization is disabled...
I20260608 12:50:05.715788  4793 ts_tablet_manager.cc:585] Loaded tablet metadata (0 total tablets, 0 live tablets)
I20260608 12:50:05.716013  4793 ts_tablet_manager.cc:531] Time spent load tablet metadata: real 0.000s	user 0.000s	sys 0.000s
I20260608 12:50:05.716333  4793 ts_tablet_manager.cc:616] Registered 0 tablets
I20260608 12:50:05.716502  4793 ts_tablet_manager.cc:595] Time spent register tablets: real 0.000s	user 0.000s	sys 0.000s
I20260608 12:50:05.757966  4793 rpc_server.cc:307] RPC server started. Bound to: 127.4.174.66:35479
I20260608 12:50:05.758103  7208 acceptor_pool.cc:272] collecting diagnostics on the listening RPC socket 127.4.174.66:35479 every 8 connection(s)
I20260608 12:50:05.763198  4793 file_cache.cc:492] Constructed file cache file cache with capacity 419430
W20260608 12:50:05.770248  7212 instance_detector.cc:116] could not retrieve AWS instance metadata: Network error: curl error: HTTP response code said error: The requested URL returned error: 404
W20260608 12:50:05.772202  7213 instance_detector.cc:116] could not retrieve Azure instance metadata: Network error: curl error: HTTP response code said error: The requested URL returned error: 404
I20260608 12:50:05.776139  4793 server_base.cc:1061] running on GCE node
W20260608 12:50:05.776980  7215 instance_detector.cc:116] could not retrieve OpenStack instance metadata: Network error: curl error: HTTP response code said error: The requested URL returned error: 404
I20260608 12:50:05.777151  7209 heartbeater.cc:344] Connected to a master server at 127.4.174.126:40065
I20260608 12:50:05.777599  7209 heartbeater.cc:461] Registering TS with master...
I20260608 12:50:05.778040  4793 hybrid_clock.cc:584] initializing the hybrid clock with 'system_unsync' time source
W20260608 12:50:05.778331  4793 system_unsync_time.cc:38] NTP support is disabled. Clock error bounds will not be accurate. This configuration is not suitable for distributed clusters.
I20260608 12:50:05.778380  7209 heartbeater.cc:507] Master 127.4.174.126:40065 requested a full tablet report, sending...
I20260608 12:50:05.778554  4793 hybrid_clock.cc:648] HybridClock initialized: now 1780923005778539 us; error 0 us; skew 500 ppm
I20260608 12:50:05.779323  4793 server_base.cc:861] Flag tcmalloc_max_total_thread_cache_bytes is not working since tcmalloc is not enabled.
I20260608 12:50:05.780658  7007 ts_manager.cc:194] Registered new tserver with Master: b3cf459e830f40b7ba016bad7a58d85f (127.4.174.66:35479)
I20260608 12:50:05.782073  4793 webserver.cc:533] Webserver started at http://127.4.174.67:34461/ using document root <none> and password file <none>
I20260608 12:50:05.782433  7007 master_service.cc:502] Signed X509 certificate for tserver {username='slave'} at 127.0.0.1:45336
I20260608 12:50:05.782646  4793 fs_manager.cc:362] Metadata directory not provided
I20260608 12:50:05.782914  4793 fs_manager.cc:368] Using write-ahead log directory (fs_wal_dir) as metadata directory
I20260608 12:50:05.783214  4793 server_base.cc:909] This appears to be a new deployment of Kudu; creating new FS layout
I20260608 12:50:05.784682  4793 fs_manager.cc:1068] Generated new instance metadata in path /tmp/dist-test-taskWE3MMc/test-tmp/auto_rebalancer-test.0.AutoRebalancerTest.NoReplicaMovesIfNoTablets.1780922937793527-4793-0/minicluster-data/ts-2-root/instance:
uuid: "15ea58c46fb84cf685e685eb9487b3ce"
format_stamp: "Formatted at 2026-06-08 12:50:05 on dist-test-slave-zll8"
I20260608 12:50:05.789839  4793 fs_manager.cc:696] Time spent creating directory manager: real 0.005s	user 0.004s	sys 0.000s
I20260608 12:50:05.793498  7220 log_block_manager.cc:4031] Time spent loading block containers with low live blocks: real 0.000s	user 0.000s	sys 0.000s
I20260608 12:50:05.794341  4793 fs_manager.cc:730] Time spent opening block manager: real 0.002s	user 0.002s	sys 0.001s
I20260608 12:50:05.794800  4793 fs_manager.cc:647] Opened local filesystem: /tmp/dist-test-taskWE3MMc/test-tmp/auto_rebalancer-test.0.AutoRebalancerTest.NoReplicaMovesIfNoTablets.1780922937793527-4793-0/minicluster-data/ts-2-root
uuid: "15ea58c46fb84cf685e685eb9487b3ce"
format_stamp: "Formatted at 2026-06-08 12:50:05 on dist-test-slave-zll8"
I20260608 12:50:05.795110  4793 fs_report.cc:389] FS layout report
--------------------
wal directory: /tmp/dist-test-taskWE3MMc/test-tmp/auto_rebalancer-test.0.AutoRebalancerTest.NoReplicaMovesIfNoTablets.1780922937793527-4793-0/minicluster-data/ts-2-root
metadata directory: /tmp/dist-test-taskWE3MMc/test-tmp/auto_rebalancer-test.0.AutoRebalancerTest.NoReplicaMovesIfNoTablets.1780922937793527-4793-0/minicluster-data/ts-2-root
1 data directories: /tmp/dist-test-taskWE3MMc/test-tmp/auto_rebalancer-test.0.AutoRebalancerTest.NoReplicaMovesIfNoTablets.1780922937793527-4793-0/minicluster-data/ts-2-root/data
Total live blocks: 0
Total live bytes: 0
Total live bytes (after alignment): 0
Total number of LBM containers: 0 (0 full)
Did not check for missing blocks
Did not check for orphaned blocks
Total full LBM containers with extra space: 0 (0 repaired)
Total full LBM container extra space in bytes: 0 (0 repaired)
Total incomplete LBM containers: 0 (0 repaired)
Total LBM partial records: 0 (0 repaired)
Total corrupted LBM metadata records in RocksDB: 0 (0 repaired)
I20260608 12:50:05.825567  4793 rpc_server.cc:225] running with OpenSSL 1.1.1  11 Sep 2018
I20260608 12:50:05.826918  4793 kserver.cc:163] Server-wide thread pool size limit: 3276
I20260608 12:50:05.828543  4793 txn_system_client.cc:432] TxnSystemClient initialization is disabled...
I20260608 12:50:05.830920  4793 ts_tablet_manager.cc:585] Loaded tablet metadata (0 total tablets, 0 live tablets)
I20260608 12:50:05.831171  4793 ts_tablet_manager.cc:531] Time spent load tablet metadata: real 0.000s	user 0.000s	sys 0.000s
I20260608 12:50:05.831419  4793 ts_tablet_manager.cc:616] Registered 0 tablets
I20260608 12:50:05.831604  4793 ts_tablet_manager.cc:595] Time spent register tablets: real 0.000s	user 0.000s	sys 0.000s
I20260608 12:50:05.874569  4793 rpc_server.cc:307] RPC server started. Bound to: 127.4.174.67:38675
I20260608 12:50:05.874684  7282 acceptor_pool.cc:272] collecting diagnostics on the listening RPC socket 127.4.174.67:38675 every 8 connection(s)
I20260608 12:50:05.889865  7283 heartbeater.cc:344] Connected to a master server at 127.4.174.126:40065
I20260608 12:50:05.890223  7283 heartbeater.cc:461] Registering TS with master...
I20260608 12:50:05.891062  7283 heartbeater.cc:507] Master 127.4.174.126:40065 requested a full tablet report, sending...
I20260608 12:50:05.893283  7007 ts_manager.cc:194] Registered new tserver with Master: 15ea58c46fb84cf685e685eb9487b3ce (127.4.174.67:38675)
I20260608 12:50:05.894045  4793 internal_mini_cluster.cc:371] 3 TS(s) registered with all masters after 0.015981646s
I20260608 12:50:05.895181  7007 master_service.cc:502] Signed X509 certificate for tserver {username='slave'} at 127.0.0.1:45346
I20260608 12:50:06.682561  7134 heartbeater.cc:499] Master 127.4.174.126:40065 was elected leader, sending a full tablet report...
I20260608 12:50:06.785526  7209 heartbeater.cc:499] Master 127.4.174.126:40065 was elected leader, sending a full tablet report...
I20260608 12:50:06.898224  7283 heartbeater.cc:499] Master 127.4.174.126:40065 was elected leader, sending a full tablet report...
I20260608 12:50:07.490561  7060 auto_leader_rebalancer.cc:451] All tables' leader rebalancing finished this round
I20260608 12:50:09.491782  7060 auto_leader_rebalancer.cc:451] All tables' leader rebalancing finished this round
I20260608 12:50:11.493088  7060 auto_leader_rebalancer.cc:451] All tables' leader rebalancing finished this round
I20260608 12:50:13.494323  7060 auto_leader_rebalancer.cc:451] All tables' leader rebalancing finished this round
W20260608 12:50:13.621690  7205 debug-util.cc:398] Leaking SignalData structure 0x7b0800051760 after lost signal to thread 4796
W20260608 12:50:13.622681  7205 debug-util.cc:398] Leaking SignalData structure 0x7b08001f0f60 after lost signal to thread 7041
W20260608 12:50:13.623672  7205 debug-util.cc:398] Leaking SignalData structure 0x7b08001e8e80 after lost signal to thread 7133
W20260608 12:50:13.624692  7205 debug-util.cc:398] Leaking SignalData structure 0x7b08000f4540 after lost signal to thread 7208
W20260608 12:50:13.625538  7205 debug-util.cc:398] Leaking SignalData structure 0x7b08002062c0 after lost signal to thread 7282
I20260608 12:50:15.495375  7060 auto_leader_rebalancer.cc:451] All tables' leader rebalancing finished this round
I20260608 12:50:17.496407  7060 auto_leader_rebalancer.cc:451] All tables' leader rebalancing finished this round
I20260608 12:50:17.584398  4793 tablet_server.cc:179] TabletServer@127.4.174.65:0 shutting down...
I20260608 12:50:17.610071  4793 ts_tablet_manager.cc:1507] Shutting down tablet manager...
I20260608 12:50:17.626912  4793 tablet_server.cc:196] TabletServer@127.4.174.65:0 shutdown complete.
I20260608 12:50:17.636940  4793 tablet_server.cc:179] TabletServer@127.4.174.66:0 shutting down...
I20260608 12:50:17.656692  4793 ts_tablet_manager.cc:1507] Shutting down tablet manager...
I20260608 12:50:17.688927  4793 tablet_server.cc:196] TabletServer@127.4.174.66:0 shutdown complete.
I20260608 12:50:17.699291  4793 tablet_server.cc:179] TabletServer@127.4.174.67:0 shutting down...
I20260608 12:50:17.719316  4793 ts_tablet_manager.cc:1507] Shutting down tablet manager...
I20260608 12:50:17.735366  4793 tablet_server.cc:196] TabletServer@127.4.174.67:0 shutdown complete.
I20260608 12:50:17.744678  4793 master.cc:562] Master@127.4.174.126:40065 shutting down...
I20260608 12:50:17.761556  4793 raft_consensus.cc:2243] T 00000000000000000000000000000000 P e05d93b5e2f94f5d8c67669e3ebbb13a [term 1 LEADER]: Raft consensus shutting down.
I20260608 12:50:17.762369  4793 raft_consensus.cc:2272] T 00000000000000000000000000000000 P e05d93b5e2f94f5d8c67669e3ebbb13a [term 1 FOLLOWER]: Raft consensus is shut down!
I20260608 12:50:17.762750  4793 tablet_replica.cc:333] T 00000000000000000000000000000000 P e05d93b5e2f94f5d8c67669e3ebbb13a: stopping tablet replica
I20260608 12:50:17.780979  4793 master.cc:584] Master@127.4.174.126:40065 shutdown complete.
[       OK ] AutoRebalancerTest.NoReplicaMovesIfNoTablets (12500 ms)
[ RUN      ] AutoRebalancerTest.RangeAwareBuildClusterInfoGroupsByRange
I20260608 12:50:17.812590  4793 internal_mini_cluster.cc:156] Creating distributed mini masters. Addrs: 127.4.174.126:38569
I20260608 12:50:17.813819  4793 file_cache.cc:492] Constructed file cache file cache with capacity 419430
W20260608 12:50:17.819244  7288 instance_detector.cc:116] could not retrieve AWS instance metadata: Network error: curl error: HTTP response code said error: The requested URL returned error: 404
W20260608 12:50:17.819252  7289 instance_detector.cc:116] could not retrieve Azure instance metadata: Network error: curl error: HTTP response code said error: The requested URL returned error: 404
W20260608 12:50:17.821339  7291 instance_detector.cc:116] could not retrieve OpenStack instance metadata: Network error: curl error: HTTP response code said error: The requested URL returned error: 404
I20260608 12:50:17.822297  4793 server_base.cc:1061] running on GCE node
I20260608 12:50:17.823288  4793 hybrid_clock.cc:584] initializing the hybrid clock with 'system_unsync' time source
W20260608 12:50:17.823464  4793 system_unsync_time.cc:38] NTP support is disabled. Clock error bounds will not be accurate. This configuration is not suitable for distributed clusters.
I20260608 12:50:17.823583  4793 hybrid_clock.cc:648] HybridClock initialized: now 1780923017823573 us; error 0 us; skew 500 ppm
I20260608 12:50:17.824093  4793 server_base.cc:861] Flag tcmalloc_max_total_thread_cache_bytes is not working since tcmalloc is not enabled.
I20260608 12:50:17.826380  4793 webserver.cc:533] Webserver started at http://127.4.174.126:37915/ using document root <none> and password file <none>
I20260608 12:50:17.826864  4793 fs_manager.cc:362] Metadata directory not provided
I20260608 12:50:17.827033  4793 fs_manager.cc:368] Using write-ahead log directory (fs_wal_dir) as metadata directory
I20260608 12:50:17.827247  4793 server_base.cc:909] This appears to be a new deployment of Kudu; creating new FS layout
I20260608 12:50:17.828464  4793 fs_manager.cc:1068] Generated new instance metadata in path /tmp/dist-test-taskWE3MMc/test-tmp/auto_rebalancer-test.0.AutoRebalancerTest.RangeAwareBuildClusterInfoGroupsByRange.1780922937793527-4793-0/minicluster-data/master-0-root/instance:
uuid: "01a534135de74c40bb71e14143350d1a"
format_stamp: "Formatted at 2026-06-08 12:50:17 on dist-test-slave-zll8"
I20260608 12:50:17.832991  4793 fs_manager.cc:696] Time spent creating directory manager: real 0.004s	user 0.000s	sys 0.004s
I20260608 12:50:17.836338  7296 log_block_manager.cc:4031] Time spent loading block containers with low live blocks: real 0.000s	user 0.000s	sys 0.000s
I20260608 12:50:17.837117  4793 fs_manager.cc:730] Time spent opening block manager: real 0.002s	user 0.002s	sys 0.001s
I20260608 12:50:17.837404  4793 fs_manager.cc:647] Opened local filesystem: /tmp/dist-test-taskWE3MMc/test-tmp/auto_rebalancer-test.0.AutoRebalancerTest.RangeAwareBuildClusterInfoGroupsByRange.1780922937793527-4793-0/minicluster-data/master-0-root
uuid: "01a534135de74c40bb71e14143350d1a"
format_stamp: "Formatted at 2026-06-08 12:50:17 on dist-test-slave-zll8"
I20260608 12:50:17.837716  4793 fs_report.cc:389] FS layout report
--------------------
wal directory: /tmp/dist-test-taskWE3MMc/test-tmp/auto_rebalancer-test.0.AutoRebalancerTest.RangeAwareBuildClusterInfoGroupsByRange.1780922937793527-4793-0/minicluster-data/master-0-root
metadata directory: /tmp/dist-test-taskWE3MMc/test-tmp/auto_rebalancer-test.0.AutoRebalancerTest.RangeAwareBuildClusterInfoGroupsByRange.1780922937793527-4793-0/minicluster-data/master-0-root
1 data directories: /tmp/dist-test-taskWE3MMc/test-tmp/auto_rebalancer-test.0.AutoRebalancerTest.RangeAwareBuildClusterInfoGroupsByRange.1780922937793527-4793-0/minicluster-data/master-0-root/data
Total live blocks: 0
Total live bytes: 0
Total live bytes (after alignment): 0
Total number of LBM containers: 0 (0 full)
Did not check for missing blocks
Did not check for orphaned blocks
Total full LBM containers with extra space: 0 (0 repaired)
Total full LBM container extra space in bytes: 0 (0 repaired)
Total incomplete LBM containers: 0 (0 repaired)
Total LBM partial records: 0 (0 repaired)
Total corrupted LBM metadata records in RocksDB: 0 (0 repaired)
I20260608 12:50:17.850991  4793 rpc_server.cc:225] running with OpenSSL 1.1.1  11 Sep 2018
I20260608 12:50:17.852272  4793 kserver.cc:163] Server-wide thread pool size limit: 3276
I20260608 12:50:17.890403  4793 rpc_server.cc:307] RPC server started. Bound to: 127.4.174.126:38569
I20260608 12:50:17.890523  7347 acceptor_pool.cc:272] collecting diagnostics on the listening RPC socket 127.4.174.126:38569 every 8 connection(s)
I20260608 12:50:17.894695  7348 data_dirs.cc:400] Could only allocate 1 dirs of requested 3 for tablet 00000000000000000000000000000000. 1 dirs total, 0 dirs full, 0 dirs failed
I20260608 12:50:17.905118  7348 tablet_bootstrap.cc:492] T 00000000000000000000000000000000 P 01a534135de74c40bb71e14143350d1a: Bootstrap starting.
I20260608 12:50:17.909791  7348 tablet_bootstrap.cc:654] T 00000000000000000000000000000000 P 01a534135de74c40bb71e14143350d1a: Neither blocks nor log segments found. Creating new log.
I20260608 12:50:17.913875  7348 tablet_bootstrap.cc:492] T 00000000000000000000000000000000 P 01a534135de74c40bb71e14143350d1a: No bootstrap required, opened a new log
I20260608 12:50:17.916043  7348 raft_consensus.cc:359] T 00000000000000000000000000000000 P 01a534135de74c40bb71e14143350d1a [term 0 FOLLOWER]: Replica starting. Triggering 0 pending ops. Active config: opid_index: -1 OBSOLETE_local: true peers { permanent_uuid: "01a534135de74c40bb71e14143350d1a" member_type: VOTER }
I20260608 12:50:17.916486  7348 raft_consensus.cc:385] T 00000000000000000000000000000000 P 01a534135de74c40bb71e14143350d1a [term 0 FOLLOWER]: Consensus starting up: Expiring failure detector timer to make a prompt election more likely
I20260608 12:50:17.916672  7348 raft_consensus.cc:740] T 00000000000000000000000000000000 P 01a534135de74c40bb71e14143350d1a [term 0 FOLLOWER]: Becoming Follower/Learner. State: Replica: 01a534135de74c40bb71e14143350d1a, State: Initialized, Role: FOLLOWER
I20260608 12:50:17.917178  7348 consensus_queue.cc:260] T 00000000000000000000000000000000 P 01a534135de74c40bb71e14143350d1a [NON_LEADER]: Queue going to NON_LEADER mode. State: All replicated index: 0, Majority replicated index: 0, Committed index: 0, Last appended: 0.0, Last appended by leader: 0, Current term: 0, Majority size: -1, State: 0, Mode: NON_LEADER, active raft config: opid_index: -1 OBSOLETE_local: true peers { permanent_uuid: "01a534135de74c40bb71e14143350d1a" member_type: VOTER }
I20260608 12:50:17.917610  7348 raft_consensus.cc:399] T 00000000000000000000000000000000 P 01a534135de74c40bb71e14143350d1a [term 0 FOLLOWER]: Only one voter in the Raft config. Triggering election immediately
I20260608 12:50:17.917800  7348 raft_consensus.cc:493] T 00000000000000000000000000000000 P 01a534135de74c40bb71e14143350d1a [term 0 FOLLOWER]: Starting leader election (initial election of a single-replica configuration)
I20260608 12:50:17.918013  7348 raft_consensus.cc:3060] T 00000000000000000000000000000000 P 01a534135de74c40bb71e14143350d1a [term 0 FOLLOWER]: Advancing to term 1
I20260608 12:50:17.922210  7348 raft_consensus.cc:515] T 00000000000000000000000000000000 P 01a534135de74c40bb71e14143350d1a [term 1 FOLLOWER]: Starting leader election with config: opid_index: -1 OBSOLETE_local: true peers { permanent_uuid: "01a534135de74c40bb71e14143350d1a" member_type: VOTER }
I20260608 12:50:17.922693  7348 leader_election.cc:304] T 00000000000000000000000000000000 P 01a534135de74c40bb71e14143350d1a [CANDIDATE]: Term 1 election: Election decided. Result: candidate won. Election summary: received 1 responses out of 1 voters: 1 yes votes; 0 no votes. yes voters: 01a534135de74c40bb71e14143350d1a; no voters: 
I20260608 12:50:17.923744  7348 leader_election.cc:290] T 00000000000000000000000000000000 P 01a534135de74c40bb71e14143350d1a [CANDIDATE]: Term 1 election: Requested vote from peers 
I20260608 12:50:17.924260  7351 raft_consensus.cc:2804] T 00000000000000000000000000000000 P 01a534135de74c40bb71e14143350d1a [term 1 FOLLOWER]: Leader election won for term 1
I20260608 12:50:17.925608  7351 raft_consensus.cc:697] T 00000000000000000000000000000000 P 01a534135de74c40bb71e14143350d1a [term 1 LEADER]: Becoming Leader. State: Replica: 01a534135de74c40bb71e14143350d1a, State: Running, Role: LEADER
I20260608 12:50:17.926349  7351 consensus_queue.cc:237] T 00000000000000000000000000000000 P 01a534135de74c40bb71e14143350d1a [LEADER]: Queue going to LEADER mode. State: All replicated index: 0, Majority replicated index: 0, Committed index: 0, Last appended: 0.0, Last appended by leader: 0, Current term: 1, Majority size: 1, State: 0, Mode: LEADER, active raft config: opid_index: -1 OBSOLETE_local: true peers { permanent_uuid: "01a534135de74c40bb71e14143350d1a" member_type: VOTER }
I20260608 12:50:17.926854  7348 sys_catalog.cc:565] T 00000000000000000000000000000000 P 01a534135de74c40bb71e14143350d1a [sys.catalog]: configured and running, proceeding with master startup.
I20260608 12:50:17.931427  7352 sys_catalog.cc:455] T 00000000000000000000000000000000 P 01a534135de74c40bb71e14143350d1a [sys.catalog]: SysCatalogTable state changed. Reason: RaftConsensus started. Latest consensus state: current_term: 1 leader_uuid: "01a534135de74c40bb71e14143350d1a" committed_config { opid_index: -1 OBSOLETE_local: true peers { permanent_uuid: "01a534135de74c40bb71e14143350d1a" member_type: VOTER } }
I20260608 12:50:17.931833  7353 sys_catalog.cc:455] T 00000000000000000000000000000000 P 01a534135de74c40bb71e14143350d1a [sys.catalog]: SysCatalogTable state changed. Reason: New leader 01a534135de74c40bb71e14143350d1a. Latest consensus state: current_term: 1 leader_uuid: "01a534135de74c40bb71e14143350d1a" committed_config { opid_index: -1 OBSOLETE_local: true peers { permanent_uuid: "01a534135de74c40bb71e14143350d1a" member_type: VOTER } }
I20260608 12:50:17.932255  7352 sys_catalog.cc:458] T 00000000000000000000000000000000 P 01a534135de74c40bb71e14143350d1a [sys.catalog]: This master's current role is: LEADER
I20260608 12:50:17.932714  7353 sys_catalog.cc:458] T 00000000000000000000000000000000 P 01a534135de74c40bb71e14143350d1a [sys.catalog]: This master's current role is: LEADER
I20260608 12:50:17.936681  7358 catalog_manager.cc:1510] Loading table and tablet metadata into memory...
I20260608 12:50:17.944682  7358 catalog_manager.cc:1519] Initializing Kudu cluster ID...
I20260608 12:50:17.945703  4793 internal_mini_cluster.cc:184] Waiting to initialize catalog manager on master 0
I20260608 12:50:17.954111  7358 catalog_manager.cc:1382] Generated new cluster ID: ea9f6a29ac9944098ea3ae943608cee4
I20260608 12:50:17.954371  7358 catalog_manager.cc:1530] Initializing Kudu internal certificate authority...
I20260608 12:50:17.995168  7358 catalog_manager.cc:1405] Generated new certificate authority record
I20260608 12:50:17.996510  7358 catalog_manager.cc:1539] Loading token signing keys...
I20260608 12:50:18.020007  7358 catalog_manager.cc:6069] T 00000000000000000000000000000000 P 01a534135de74c40bb71e14143350d1a: Generated new TSK 0
I20260608 12:50:18.020658  7358 catalog_manager.cc:1549] Initializing in-progress tserver states...
I20260608 12:50:18.076525  4793 file_cache.cc:492] Constructed file cache file cache with capacity 419430
W20260608 12:50:18.083052  7369 instance_detector.cc:116] could not retrieve AWS instance metadata: Network error: curl error: HTTP response code said error: The requested URL returned error: 404
W20260608 12:50:18.083835  7370 instance_detector.cc:116] could not retrieve Azure instance metadata: Network error: curl error: HTTP response code said error: The requested URL returned error: 404
W20260608 12:50:18.085270  7372 instance_detector.cc:116] could not retrieve OpenStack instance metadata: Network error: curl error: HTTP response code said error: The requested URL returned error: 404
I20260608 12:50:18.085748  4793 server_base.cc:1061] running on GCE node
I20260608 12:50:18.086563  4793 hybrid_clock.cc:584] initializing the hybrid clock with 'system_unsync' time source
W20260608 12:50:18.086745  4793 system_unsync_time.cc:38] NTP support is disabled. Clock error bounds will not be accurate. This configuration is not suitable for distributed clusters.
I20260608 12:50:18.086874  4793 hybrid_clock.cc:648] HybridClock initialized: now 1780923018086863 us; error 0 us; skew 500 ppm
I20260608 12:50:18.087375  4793 server_base.cc:861] Flag tcmalloc_max_total_thread_cache_bytes is not working since tcmalloc is not enabled.
I20260608 12:50:18.089629  4793 webserver.cc:533] Webserver started at http://127.4.174.65:42243/ using document root <none> and password file <none>
I20260608 12:50:18.090073  4793 fs_manager.cc:362] Metadata directory not provided
I20260608 12:50:18.090240  4793 fs_manager.cc:368] Using write-ahead log directory (fs_wal_dir) as metadata directory
I20260608 12:50:18.090463  4793 server_base.cc:909] This appears to be a new deployment of Kudu; creating new FS layout
I20260608 12:50:18.091524  4793 fs_manager.cc:1068] Generated new instance metadata in path /tmp/dist-test-taskWE3MMc/test-tmp/auto_rebalancer-test.0.AutoRebalancerTest.RangeAwareBuildClusterInfoGroupsByRange.1780922937793527-4793-0/minicluster-data/ts-0-root/instance:
uuid: "b514775749ab41d8a900e4366f3486c9"
format_stamp: "Formatted at 2026-06-08 12:50:18 on dist-test-slave-zll8"
I20260608 12:50:18.096067  4793 fs_manager.cc:696] Time spent creating directory manager: real 0.004s	user 0.004s	sys 0.002s
I20260608 12:50:18.099344  7377 log_block_manager.cc:4031] Time spent loading block containers with low live blocks: real 0.000s	user 0.000s	sys 0.000s
I20260608 12:50:18.100095  4793 fs_manager.cc:730] Time spent opening block manager: real 0.002s	user 0.003s	sys 0.000s
I20260608 12:50:18.100453  4793 fs_manager.cc:647] Opened local filesystem: /tmp/dist-test-taskWE3MMc/test-tmp/auto_rebalancer-test.0.AutoRebalancerTest.RangeAwareBuildClusterInfoGroupsByRange.1780922937793527-4793-0/minicluster-data/ts-0-root
uuid: "b514775749ab41d8a900e4366f3486c9"
format_stamp: "Formatted at 2026-06-08 12:50:18 on dist-test-slave-zll8"
I20260608 12:50:18.100737  4793 fs_report.cc:389] FS layout report
--------------------
wal directory: /tmp/dist-test-taskWE3MMc/test-tmp/auto_rebalancer-test.0.AutoRebalancerTest.RangeAwareBuildClusterInfoGroupsByRange.1780922937793527-4793-0/minicluster-data/ts-0-root
metadata directory: /tmp/dist-test-taskWE3MMc/test-tmp/auto_rebalancer-test.0.AutoRebalancerTest.RangeAwareBuildClusterInfoGroupsByRange.1780922937793527-4793-0/minicluster-data/ts-0-root
1 data directories: /tmp/dist-test-taskWE3MMc/test-tmp/auto_rebalancer-test.0.AutoRebalancerTest.RangeAwareBuildClusterInfoGroupsByRange.1780922937793527-4793-0/minicluster-data/ts-0-root/data
Total live blocks: 0
Total live bytes: 0
Total live bytes (after alignment): 0
Total number of LBM containers: 0 (0 full)
Did not check for missing blocks
Did not check for orphaned blocks
Total full LBM containers with extra space: 0 (0 repaired)
Total full LBM container extra space in bytes: 0 (0 repaired)
Total incomplete LBM containers: 0 (0 repaired)
Total LBM partial records: 0 (0 repaired)
Total corrupted LBM metadata records in RocksDB: 0 (0 repaired)
I20260608 12:50:18.117620  4793 rpc_server.cc:225] running with OpenSSL 1.1.1  11 Sep 2018
I20260608 12:50:18.118810  4793 kserver.cc:163] Server-wide thread pool size limit: 3276
I20260608 12:50:18.120329  4793 txn_system_client.cc:432] TxnSystemClient initialization is disabled...
I20260608 12:50:18.122633  4793 ts_tablet_manager.cc:585] Loaded tablet metadata (0 total tablets, 0 live tablets)
I20260608 12:50:18.122856  4793 ts_tablet_manager.cc:531] Time spent load tablet metadata: real 0.000s	user 0.000s	sys 0.000s
I20260608 12:50:18.123106  4793 ts_tablet_manager.cc:616] Registered 0 tablets
I20260608 12:50:18.123288  4793 ts_tablet_manager.cc:595] Time spent register tablets: real 0.000s	user 0.000s	sys 0.000s
I20260608 12:50:18.163739  4793 rpc_server.cc:307] RPC server started. Bound to: 127.4.174.65:41703
I20260608 12:50:18.163864  7439 acceptor_pool.cc:272] collecting diagnostics on the listening RPC socket 127.4.174.65:41703 every 8 connection(s)
I20260608 12:50:18.169035  4793 file_cache.cc:492] Constructed file cache file cache with capacity 419430
W20260608 12:50:18.176906  7444 instance_detector.cc:116] could not retrieve AWS instance metadata: Network error: curl error: HTTP response code said error: The requested URL returned error: 404
W20260608 12:50:18.178261  7445 instance_detector.cc:116] could not retrieve Azure instance metadata: Network error: curl error: HTTP response code said error: The requested URL returned error: 404
I20260608 12:50:18.180377  4793 server_base.cc:1061] running on GCE node
W20260608 12:50:18.181063  7447 instance_detector.cc:116] could not retrieve OpenStack instance metadata: Network error: curl error: HTTP response code said error: The requested URL returned error: 404
I20260608 12:50:18.182225  4793 hybrid_clock.cc:584] initializing the hybrid clock with 'system_unsync' time source
W20260608 12:50:18.182504  4793 system_unsync_time.cc:38] NTP support is disabled. Clock error bounds will not be accurate. This configuration is not suitable for distributed clusters.
I20260608 12:50:18.182739  4793 hybrid_clock.cc:648] HybridClock initialized: now 1780923018182720 us; error 0 us; skew 500 ppm
I20260608 12:50:18.183674  4793 server_base.cc:861] Flag tcmalloc_max_total_thread_cache_bytes is not working since tcmalloc is not enabled.
I20260608 12:50:18.186609  7440 heartbeater.cc:344] Connected to a master server at 127.4.174.126:38569
I20260608 12:50:18.186995  7440 heartbeater.cc:461] Registering TS with master...
I20260608 12:50:18.187748  7440 heartbeater.cc:507] Master 127.4.174.126:38569 requested a full tablet report, sending...
I20260608 12:50:18.188800  4793 webserver.cc:533] Webserver started at http://127.4.174.66:34523/ using document root <none> and password file <none>
I20260608 12:50:18.189643  4793 fs_manager.cc:362] Metadata directory not provided
I20260608 12:50:18.189908  4793 fs_manager.cc:368] Using write-ahead log directory (fs_wal_dir) as metadata directory
I20260608 12:50:18.190353  4793 server_base.cc:909] This appears to be a new deployment of Kudu; creating new FS layout
I20260608 12:50:18.190372  7313 ts_manager.cc:194] Registered new tserver with Master: b514775749ab41d8a900e4366f3486c9 (127.4.174.65:41703)
I20260608 12:50:18.191952  4793 fs_manager.cc:1068] Generated new instance metadata in path /tmp/dist-test-taskWE3MMc/test-tmp/auto_rebalancer-test.0.AutoRebalancerTest.RangeAwareBuildClusterInfoGroupsByRange.1780922937793527-4793-0/minicluster-data/ts-1-root/instance:
uuid: "57d928bc759b44ff9c38bc13cae55d5c"
format_stamp: "Formatted at 2026-06-08 12:50:18 on dist-test-slave-zll8"
I20260608 12:50:18.192727  7313 master_service.cc:502] Signed X509 certificate for tserver {username='slave'} at 127.0.0.1:40884
I20260608 12:50:18.196848  4793 fs_manager.cc:696] Time spent creating directory manager: real 0.004s	user 0.003s	sys 0.000s
I20260608 12:50:18.200402  7452 log_block_manager.cc:4031] Time spent loading block containers with low live blocks: real 0.000s	user 0.000s	sys 0.000s
I20260608 12:50:18.201141  4793 fs_manager.cc:730] Time spent opening block manager: real 0.002s	user 0.002s	sys 0.001s
I20260608 12:50:18.201431  4793 fs_manager.cc:647] Opened local filesystem: /tmp/dist-test-taskWE3MMc/test-tmp/auto_rebalancer-test.0.AutoRebalancerTest.RangeAwareBuildClusterInfoGroupsByRange.1780922937793527-4793-0/minicluster-data/ts-1-root
uuid: "57d928bc759b44ff9c38bc13cae55d5c"
format_stamp: "Formatted at 2026-06-08 12:50:18 on dist-test-slave-zll8"
I20260608 12:50:18.201715  4793 fs_report.cc:389] FS layout report
--------------------
wal directory: /tmp/dist-test-taskWE3MMc/test-tmp/auto_rebalancer-test.0.AutoRebalancerTest.RangeAwareBuildClusterInfoGroupsByRange.1780922937793527-4793-0/minicluster-data/ts-1-root
metadata directory: /tmp/dist-test-taskWE3MMc/test-tmp/auto_rebalancer-test.0.AutoRebalancerTest.RangeAwareBuildClusterInfoGroupsByRange.1780922937793527-4793-0/minicluster-data/ts-1-root
1 data directories: /tmp/dist-test-taskWE3MMc/test-tmp/auto_rebalancer-test.0.AutoRebalancerTest.RangeAwareBuildClusterInfoGroupsByRange.1780922937793527-4793-0/minicluster-data/ts-1-root/data
Total live blocks: 0
Total live bytes: 0
Total live bytes (after alignment): 0
Total number of LBM containers: 0 (0 full)
Did not check for missing blocks
Did not check for orphaned blocks
Total full LBM containers with extra space: 0 (0 repaired)
Total full LBM container extra space in bytes: 0 (0 repaired)
Total incomplete LBM containers: 0 (0 repaired)
Total LBM partial records: 0 (0 repaired)
Total corrupted LBM metadata records in RocksDB: 0 (0 repaired)
I20260608 12:50:18.259279  4793 rpc_server.cc:225] running with OpenSSL 1.1.1  11 Sep 2018
I20260608 12:50:18.261078  4793 kserver.cc:163] Server-wide thread pool size limit: 3276
I20260608 12:50:18.262719  4793 txn_system_client.cc:432] TxnSystemClient initialization is disabled...
I20260608 12:50:18.265565  4793 ts_tablet_manager.cc:585] Loaded tablet metadata (0 total tablets, 0 live tablets)
I20260608 12:50:18.265795  4793 ts_tablet_manager.cc:531] Time spent load tablet metadata: real 0.000s	user 0.000s	sys 0.000s
I20260608 12:50:18.266057  4793 ts_tablet_manager.cc:616] Registered 0 tablets
I20260608 12:50:18.266242  4793 ts_tablet_manager.cc:595] Time spent register tablets: real 0.000s	user 0.000s	sys 0.000s
I20260608 12:50:18.311635  4793 rpc_server.cc:307] RPC server started. Bound to: 127.4.174.66:40729
I20260608 12:50:18.311834  7515 acceptor_pool.cc:272] collecting diagnostics on the listening RPC socket 127.4.174.66:40729 every 8 connection(s)
I20260608 12:50:18.318360  4793 file_cache.cc:492] Constructed file cache file cache with capacity 419430
W20260608 12:50:18.326957  7519 instance_detector.cc:116] could not retrieve AWS instance metadata: Network error: curl error: HTTP response code said error: The requested URL returned error: 404
W20260608 12:50:18.328747  7520 instance_detector.cc:116] could not retrieve Azure instance metadata: Network error: curl error: HTTP response code said error: The requested URL returned error: 404
W20260608 12:50:18.330422  7522 instance_detector.cc:116] could not retrieve OpenStack instance metadata: Network error: curl error: HTTP response code said error: The requested URL returned error: 404
I20260608 12:50:18.331336  4793 server_base.cc:1061] running on GCE node
I20260608 12:50:18.332422  4793 hybrid_clock.cc:584] initializing the hybrid clock with 'system_unsync' time source
W20260608 12:50:18.332722  4793 system_unsync_time.cc:38] NTP support is disabled. Clock error bounds will not be accurate. This configuration is not suitable for distributed clusters.
I20260608 12:50:18.333007  4793 hybrid_clock.cc:648] HybridClock initialized: now 1780923018332982 us; error 0 us; skew 500 ppm
I20260608 12:50:18.333751  4793 server_base.cc:861] Flag tcmalloc_max_total_thread_cache_bytes is not working since tcmalloc is not enabled.
I20260608 12:50:18.334252  7516 heartbeater.cc:344] Connected to a master server at 127.4.174.126:38569
I20260608 12:50:18.334621  7516 heartbeater.cc:461] Registering TS with master...
I20260608 12:50:18.335736  7516 heartbeater.cc:507] Master 127.4.174.126:38569 requested a full tablet report, sending...
I20260608 12:50:18.336982  4793 webserver.cc:533] Webserver started at http://127.4.174.67:37831/ using document root <none> and password file <none>
I20260608 12:50:18.337683  4793 fs_manager.cc:362] Metadata directory not provided
I20260608 12:50:18.337958  4793 fs_manager.cc:368] Using write-ahead log directory (fs_wal_dir) as metadata directory
I20260608 12:50:18.338430  4793 server_base.cc:909] This appears to be a new deployment of Kudu; creating new FS layout
I20260608 12:50:18.338877  7313 ts_manager.cc:194] Registered new tserver with Master: 57d928bc759b44ff9c38bc13cae55d5c (127.4.174.66:40729)
I20260608 12:50:18.340765  4793 fs_manager.cc:1068] Generated new instance metadata in path /tmp/dist-test-taskWE3MMc/test-tmp/auto_rebalancer-test.0.AutoRebalancerTest.RangeAwareBuildClusterInfoGroupsByRange.1780922937793527-4793-0/minicluster-data/ts-2-root/instance:
uuid: "bf9523c98f554349a11a796cb59ac836"
format_stamp: "Formatted at 2026-06-08 12:50:18 on dist-test-slave-zll8"
I20260608 12:50:18.341500  7313 master_service.cc:502] Signed X509 certificate for tserver {username='slave'} at 127.0.0.1:40892
I20260608 12:50:18.346449  4793 fs_manager.cc:696] Time spent creating directory manager: real 0.005s	user 0.005s	sys 0.000s
I20260608 12:50:18.350116  7527 log_block_manager.cc:4031] Time spent loading block containers with low live blocks: real 0.000s	user 0.000s	sys 0.000s
I20260608 12:50:18.350857  4793 fs_manager.cc:730] Time spent opening block manager: real 0.002s	user 0.001s	sys 0.000s
I20260608 12:50:18.351101  4793 fs_manager.cc:647] Opened local filesystem: /tmp/dist-test-taskWE3MMc/test-tmp/auto_rebalancer-test.0.AutoRebalancerTest.RangeAwareBuildClusterInfoGroupsByRange.1780922937793527-4793-0/minicluster-data/ts-2-root
uuid: "bf9523c98f554349a11a796cb59ac836"
format_stamp: "Formatted at 2026-06-08 12:50:18 on dist-test-slave-zll8"
I20260608 12:50:18.351338  4793 fs_report.cc:389] FS layout report
--------------------
wal directory: /tmp/dist-test-taskWE3MMc/test-tmp/auto_rebalancer-test.0.AutoRebalancerTest.RangeAwareBuildClusterInfoGroupsByRange.1780922937793527-4793-0/minicluster-data/ts-2-root
metadata directory: /tmp/dist-test-taskWE3MMc/test-tmp/auto_rebalancer-test.0.AutoRebalancerTest.RangeAwareBuildClusterInfoGroupsByRange.1780922937793527-4793-0/minicluster-data/ts-2-root
1 data directories: /tmp/dist-test-taskWE3MMc/test-tmp/auto_rebalancer-test.0.AutoRebalancerTest.RangeAwareBuildClusterInfoGroupsByRange.1780922937793527-4793-0/minicluster-data/ts-2-root/data
Total live blocks: 0
Total live bytes: 0
Total live bytes (after alignment): 0
Total number of LBM containers: 0 (0 full)
Did not check for missing blocks
Did not check for orphaned blocks
Total full LBM containers with extra space: 0 (0 repaired)
Total full LBM container extra space in bytes: 0 (0 repaired)
Total incomplete LBM containers: 0 (0 repaired)
Total LBM partial records: 0 (0 repaired)
Total corrupted LBM metadata records in RocksDB: 0 (0 repaired)
I20260608 12:50:18.372718  4793 rpc_server.cc:225] running with OpenSSL 1.1.1  11 Sep 2018
I20260608 12:50:18.374054  4793 kserver.cc:163] Server-wide thread pool size limit: 3276
I20260608 12:50:18.375470  4793 txn_system_client.cc:432] TxnSystemClient initialization is disabled...
I20260608 12:50:18.377849  4793 ts_tablet_manager.cc:585] Loaded tablet metadata (0 total tablets, 0 live tablets)
I20260608 12:50:18.378052  4793 ts_tablet_manager.cc:531] Time spent load tablet metadata: real 0.000s	user 0.000s	sys 0.000s
I20260608 12:50:18.378326  4793 ts_tablet_manager.cc:616] Registered 0 tablets
I20260608 12:50:18.378489  4793 ts_tablet_manager.cc:595] Time spent register tablets: real 0.000s	user 0.000s	sys 0.000s
I20260608 12:50:18.420027  4793 rpc_server.cc:307] RPC server started. Bound to: 127.4.174.67:34491
I20260608 12:50:18.420140  7589 acceptor_pool.cc:272] collecting diagnostics on the listening RPC socket 127.4.174.67:34491 every 8 connection(s)
I20260608 12:50:18.434345  7590 heartbeater.cc:344] Connected to a master server at 127.4.174.126:38569
I20260608 12:50:18.434733  7590 heartbeater.cc:461] Registering TS with master...
I20260608 12:50:18.435581  7590 heartbeater.cc:507] Master 127.4.174.126:38569 requested a full tablet report, sending...
I20260608 12:50:18.437630  7313 ts_manager.cc:194] Registered new tserver with Master: bf9523c98f554349a11a796cb59ac836 (127.4.174.67:34491)
I20260608 12:50:18.438012  4793 internal_mini_cluster.cc:371] 3 TS(s) registered with all masters after 0.014668559s
I20260608 12:50:18.439608  7313 master_service.cc:502] Signed X509 certificate for tserver {username='slave'} at 127.0.0.1:40900
I20260608 12:50:18.980091  7313 catalog_manager.cc:2282] Servicing CreateTable request from {username='slave'} at 127.0.0.1:40914:
name: "range_aware_auto_rebalancer_test"
schema {
  columns {
    name: "key"
    type: INT32
    is_key: true
    is_nullable: false
    encoding: AUTO_ENCODING
    compression: DEFAULT_COMPRESSION
    cfile_block_size: 0
    immutable: false
  }
}
num_replicas: 3
split_rows_range_bounds {
  rows: "\006\001\000\000\000\000\007\001\n\000\000\000\006\001\n\000\000\000\007\001\024\000\000\000""\006\001\000\000\000\000\007\001\n\000\000\000\006\001\n\000\000\000\007\001\024\000\000\000"
  indirect_data: """"
}
partition_schema {
  hash_schema {
    columns {
      name: "key"
    }
    num_buckets: 2
    seed: 0
  }
  range_schema {
    columns {
      name: "key"
    }
  }
}
W20260608 12:50:18.982697  7313 catalog_manager.cc:7076] The number of live tablet servers is not enough to re-replicate a tablet replica of the newly created table range_aware_auto_rebalancer_test in case of a server failure: 4 tablet servers would be needed, 3 are available. Consider bringing up more tablet servers.
I20260608 12:50:19.047060  7480 tablet_service.cc:1511] Processing CreateTablet for tablet 1fbc9a1f8e6d41498145fd59a70e0d4c (DEFAULT_TABLE table=range_aware_auto_rebalancer_test [id=16b556a72b5c4c1990c5739d5497e01f]), partition=HASH (key) PARTITION 0, RANGE (key) PARTITION 10 <= VALUES < 20
I20260608 12:50:19.044534  7481 tablet_service.cc:1511] Processing CreateTablet for tablet ab036b2c796d4152815a770b7f1e6094 (DEFAULT_TABLE table=range_aware_auto_rebalancer_test [id=16b556a72b5c4c1990c5739d5497e01f]), partition=HASH (key) PARTITION 0, RANGE (key) PARTITION 0 <= VALUES < 10
I20260608 12:50:19.048698  7480 data_dirs.cc:400] Could only allocate 1 dirs of requested 3 for tablet 1fbc9a1f8e6d41498145fd59a70e0d4c. 1 dirs total, 0 dirs full, 0 dirs failed
I20260608 12:50:19.049393  7481 data_dirs.cc:400] Could only allocate 1 dirs of requested 3 for tablet ab036b2c796d4152815a770b7f1e6094. 1 dirs total, 0 dirs full, 0 dirs failed
I20260608 12:50:19.051002  7479 tablet_service.cc:1511] Processing CreateTablet for tablet d5cbf73c6f454c3f99b3535c6fd8d3d9 (DEFAULT_TABLE table=range_aware_auto_rebalancer_test [id=16b556a72b5c4c1990c5739d5497e01f]), partition=HASH (key) PARTITION 1, RANGE (key) PARTITION 0 <= VALUES < 10
I20260608 12:50:19.056559  7479 data_dirs.cc:400] Could only allocate 1 dirs of requested 3 for tablet d5cbf73c6f454c3f99b3535c6fd8d3d9. 1 dirs total, 0 dirs full, 0 dirs failed
I20260608 12:50:19.061429  7478 tablet_service.cc:1511] Processing CreateTablet for tablet 7337ff0546e84be8b3ee939f9e84660f (DEFAULT_TABLE table=range_aware_auto_rebalancer_test [id=16b556a72b5c4c1990c5739d5497e01f]), partition=HASH (key) PARTITION 1, RANGE (key) PARTITION 10 <= VALUES < 20
I20260608 12:50:19.062986  7478 data_dirs.cc:400] Could only allocate 1 dirs of requested 3 for tablet 7337ff0546e84be8b3ee939f9e84660f. 1 dirs total, 0 dirs full, 0 dirs failed
I20260608 12:50:19.070681  7609 tablet_bootstrap.cc:492] T 1fbc9a1f8e6d41498145fd59a70e0d4c P 57d928bc759b44ff9c38bc13cae55d5c: Bootstrap starting.
I20260608 12:50:19.073902  7555 tablet_service.cc:1511] Processing CreateTablet for tablet ab036b2c796d4152815a770b7f1e6094 (DEFAULT_TABLE table=range_aware_auto_rebalancer_test [id=16b556a72b5c4c1990c5739d5497e01f]), partition=HASH (key) PARTITION 0, RANGE (key) PARTITION 0 <= VALUES < 10
I20260608 12:50:19.075445  7555 data_dirs.cc:400] Could only allocate 1 dirs of requested 3 for tablet ab036b2c796d4152815a770b7f1e6094. 1 dirs total, 0 dirs full, 0 dirs failed
I20260608 12:50:19.075037  7553 tablet_service.cc:1511] Processing CreateTablet for tablet d5cbf73c6f454c3f99b3535c6fd8d3d9 (DEFAULT_TABLE table=range_aware_auto_rebalancer_test [id=16b556a72b5c4c1990c5739d5497e01f]), partition=HASH (key) PARTITION 1, RANGE (key) PARTITION 0 <= VALUES < 10
I20260608 12:50:19.076494  7553 data_dirs.cc:400] Could only allocate 1 dirs of requested 3 for tablet d5cbf73c6f454c3f99b3535c6fd8d3d9. 1 dirs total, 0 dirs full, 0 dirs failed
I20260608 12:50:19.077665  7554 tablet_service.cc:1511] Processing CreateTablet for tablet 1fbc9a1f8e6d41498145fd59a70e0d4c (DEFAULT_TABLE table=range_aware_auto_rebalancer_test [id=16b556a72b5c4c1990c5739d5497e01f]), partition=HASH (key) PARTITION 0, RANGE (key) PARTITION 10 <= VALUES < 20
I20260608 12:50:19.079138  7554 data_dirs.cc:400] Could only allocate 1 dirs of requested 3 for tablet 1fbc9a1f8e6d41498145fd59a70e0d4c. 1 dirs total, 0 dirs full, 0 dirs failed
I20260608 12:50:19.085057  7552 tablet_service.cc:1511] Processing CreateTablet for tablet 7337ff0546e84be8b3ee939f9e84660f (DEFAULT_TABLE table=range_aware_auto_rebalancer_test [id=16b556a72b5c4c1990c5739d5497e01f]), partition=HASH (key) PARTITION 1, RANGE (key) PARTITION 10 <= VALUES < 20
I20260608 12:50:19.085987  7405 tablet_service.cc:1511] Processing CreateTablet for tablet ab036b2c796d4152815a770b7f1e6094 (DEFAULT_TABLE table=range_aware_auto_rebalancer_test [id=16b556a72b5c4c1990c5739d5497e01f]), partition=HASH (key) PARTITION 0, RANGE (key) PARTITION 0 <= VALUES < 10
I20260608 12:50:19.086625  7552 data_dirs.cc:400] Could only allocate 1 dirs of requested 3 for tablet 7337ff0546e84be8b3ee939f9e84660f. 1 dirs total, 0 dirs full, 0 dirs failed
I20260608 12:50:19.087603  7405 data_dirs.cc:400] Could only allocate 1 dirs of requested 3 for tablet ab036b2c796d4152815a770b7f1e6094. 1 dirs total, 0 dirs full, 0 dirs failed
I20260608 12:50:19.094440  7404 tablet_service.cc:1511] Processing CreateTablet for tablet 1fbc9a1f8e6d41498145fd59a70e0d4c (DEFAULT_TABLE table=range_aware_auto_rebalancer_test [id=16b556a72b5c4c1990c5739d5497e01f]), partition=HASH (key) PARTITION 0, RANGE (key) PARTITION 10 <= VALUES < 20
I20260608 12:50:19.095938  7404 data_dirs.cc:400] Could only allocate 1 dirs of requested 3 for tablet 1fbc9a1f8e6d41498145fd59a70e0d4c. 1 dirs total, 0 dirs full, 0 dirs failed
I20260608 12:50:19.103727  7609 tablet_bootstrap.cc:654] T 1fbc9a1f8e6d41498145fd59a70e0d4c P 57d928bc759b44ff9c38bc13cae55d5c: Neither blocks nor log segments found. Creating new log.
I20260608 12:50:19.105348  7403 tablet_service.cc:1511] Processing CreateTablet for tablet d5cbf73c6f454c3f99b3535c6fd8d3d9 (DEFAULT_TABLE table=range_aware_auto_rebalancer_test [id=16b556a72b5c4c1990c5739d5497e01f]), partition=HASH (key) PARTITION 1, RANGE (key) PARTITION 0 <= VALUES < 10
I20260608 12:50:19.107440  7403 data_dirs.cc:400] Could only allocate 1 dirs of requested 3 for tablet d5cbf73c6f454c3f99b3535c6fd8d3d9. 1 dirs total, 0 dirs full, 0 dirs failed
I20260608 12:50:19.118825  7402 tablet_service.cc:1511] Processing CreateTablet for tablet 7337ff0546e84be8b3ee939f9e84660f (DEFAULT_TABLE table=range_aware_auto_rebalancer_test [id=16b556a72b5c4c1990c5739d5497e01f]), partition=HASH (key) PARTITION 1, RANGE (key) PARTITION 10 <= VALUES < 20
I20260608 12:50:19.121001  7402 data_dirs.cc:400] Could only allocate 1 dirs of requested 3 for tablet 7337ff0546e84be8b3ee939f9e84660f. 1 dirs total, 0 dirs full, 0 dirs failed
I20260608 12:50:19.124279  7612 tablet_bootstrap.cc:492] T 7337ff0546e84be8b3ee939f9e84660f P bf9523c98f554349a11a796cb59ac836: Bootstrap starting.
I20260608 12:50:19.130096  7609 tablet_bootstrap.cc:492] T 1fbc9a1f8e6d41498145fd59a70e0d4c P 57d928bc759b44ff9c38bc13cae55d5c: No bootstrap required, opened a new log
I20260608 12:50:19.130733  7609 ts_tablet_manager.cc:1403] T 1fbc9a1f8e6d41498145fd59a70e0d4c P 57d928bc759b44ff9c38bc13cae55d5c: Time spent bootstrapping tablet: real 0.060s	user 0.015s	sys 0.004s
I20260608 12:50:19.134153  7609 raft_consensus.cc:359] T 1fbc9a1f8e6d41498145fd59a70e0d4c P 57d928bc759b44ff9c38bc13cae55d5c [term 0 FOLLOWER]: Replica starting. Triggering 0 pending ops. Active config: opid_index: -1 OBSOLETE_local: false peers { permanent_uuid: "b514775749ab41d8a900e4366f3486c9" member_type: VOTER last_known_addr { host: "127.4.174.65" port: 41703 } } peers { permanent_uuid: "57d928bc759b44ff9c38bc13cae55d5c" member_type: VOTER last_known_addr { host: "127.4.174.66" port: 40729 } } peers { permanent_uuid: "bf9523c98f554349a11a796cb59ac836" member_type: VOTER last_known_addr { host: "127.4.174.67" port: 34491 } }
I20260608 12:50:19.135239  7609 raft_consensus.cc:385] T 1fbc9a1f8e6d41498145fd59a70e0d4c P 57d928bc759b44ff9c38bc13cae55d5c [term 0 FOLLOWER]: Consensus starting up: Expiring failure detector timer to make a prompt election more likely
I20260608 12:50:19.135628  7609 raft_consensus.cc:740] T 1fbc9a1f8e6d41498145fd59a70e0d4c P 57d928bc759b44ff9c38bc13cae55d5c [term 0 FOLLOWER]: Becoming Follower/Learner. State: Replica: 57d928bc759b44ff9c38bc13cae55d5c, State: Initialized, Role: FOLLOWER
I20260608 12:50:19.137072  7612 tablet_bootstrap.cc:654] T 7337ff0546e84be8b3ee939f9e84660f P bf9523c98f554349a11a796cb59ac836: Neither blocks nor log segments found. Creating new log.
I20260608 12:50:19.136698  7609 consensus_queue.cc:260] T 1fbc9a1f8e6d41498145fd59a70e0d4c P 57d928bc759b44ff9c38bc13cae55d5c [NON_LEADER]: Queue going to NON_LEADER mode. State: All replicated index: 0, Majority replicated index: 0, Committed index: 0, Last appended: 0.0, Last appended by leader: 0, Current term: 0, Majority size: -1, State: 0, Mode: NON_LEADER, active raft config: opid_index: -1 OBSOLETE_local: false peers { permanent_uuid: "b514775749ab41d8a900e4366f3486c9" member_type: VOTER last_known_addr { host: "127.4.174.65" port: 41703 } } peers { permanent_uuid: "57d928bc759b44ff9c38bc13cae55d5c" member_type: VOTER last_known_addr { host: "127.4.174.66" port: 40729 } } peers { permanent_uuid: "bf9523c98f554349a11a796cb59ac836" member_type: VOTER last_known_addr { host: "127.4.174.67" port: 34491 } }
I20260608 12:50:19.145783  7516 heartbeater.cc:499] Master 127.4.174.126:38569 was elected leader, sending a full tablet report...
I20260608 12:50:19.146981  7609 ts_tablet_manager.cc:1434] T 1fbc9a1f8e6d41498145fd59a70e0d4c P 57d928bc759b44ff9c38bc13cae55d5c: Time spent starting tablet: real 0.016s	user 0.006s	sys 0.007s
I20260608 12:50:19.148178  7609 tablet_bootstrap.cc:492] T 7337ff0546e84be8b3ee939f9e84660f P 57d928bc759b44ff9c38bc13cae55d5c: Bootstrap starting.
I20260608 12:50:19.171277  7609 tablet_bootstrap.cc:654] T 7337ff0546e84be8b3ee939f9e84660f P 57d928bc759b44ff9c38bc13cae55d5c: Neither blocks nor log segments found. Creating new log.
I20260608 12:50:19.171512  7610 tablet_bootstrap.cc:492] T ab036b2c796d4152815a770b7f1e6094 P b514775749ab41d8a900e4366f3486c9: Bootstrap starting.
I20260608 12:50:19.178597  7612 tablet_bootstrap.cc:492] T 7337ff0546e84be8b3ee939f9e84660f P bf9523c98f554349a11a796cb59ac836: No bootstrap required, opened a new log
I20260608 12:50:19.179176  7612 ts_tablet_manager.cc:1403] T 7337ff0546e84be8b3ee939f9e84660f P bf9523c98f554349a11a796cb59ac836: Time spent bootstrapping tablet: real 0.055s	user 0.024s	sys 0.012s
