I20260608 12:38:51.914736  3317 ts_tablet_manager.cc:1403] T 0feadfb1eaa3447ba9a2e2ba7802ec8e P 897d980d523c4e06b61bda03682d63fe: Time spent bootstrapping tablet: real 0.022s	user 0.014s	sys 0.005s
I20260608 12:38:51.919059  3317 raft_consensus.cc:359] T 0feadfb1eaa3447ba9a2e2ba7802ec8e P 897d980d523c4e06b61bda03682d63fe [term 0 FOLLOWER]: Replica starting. Triggering 0 pending ops. Active config: opid_index: -1 OBSOLETE_local: false peers { permanent_uuid: "3e87ab67bf1b46e1ad48ea859af99aa6" member_type: VOTER last_known_addr { host: "127.0.107.193" port: 42911 } } peers { permanent_uuid: "897d980d523c4e06b61bda03682d63fe" member_type: VOTER last_known_addr { host: "127.0.107.194" port: 36249 } } peers { permanent_uuid: "57a576b588344a229caefd4552e154c7" member_type: VOTER last_known_addr { host: "127.0.107.195" port: 34273 } }
I20260608 12:38:51.920434  3317 raft_consensus.cc:385] T 0feadfb1eaa3447ba9a2e2ba7802ec8e P 897d980d523c4e06b61bda03682d63fe [term 0 FOLLOWER]: Consensus starting up: Expiring failure detector timer to make a prompt election more likely
I20260608 12:38:51.920936  3317 raft_consensus.cc:740] T 0feadfb1eaa3447ba9a2e2ba7802ec8e P 897d980d523c4e06b61bda03682d63fe [term 0 FOLLOWER]: Becoming Follower/Learner. State: Replica: 897d980d523c4e06b61bda03682d63fe, State: Initialized, Role: FOLLOWER
I20260608 12:38:51.922761  3317 consensus_queue.cc:260] T 0feadfb1eaa3447ba9a2e2ba7802ec8e P 897d980d523c4e06b61bda03682d63fe [NON_LEADER]: Queue going to NON_LEADER mode. State: All replicated index: 0, Majority replicated index: 0, Committed index: 0, Last appended: 0.0, Last appended by leader: 0, Current term: 0, Majority size: -1, State: 0, Mode: NON_LEADER, active raft config: opid_index: -1 OBSOLETE_local: false peers { permanent_uuid: "3e87ab67bf1b46e1ad48ea859af99aa6" member_type: VOTER last_known_addr { host: "127.0.107.193" port: 42911 } } peers { permanent_uuid: "897d980d523c4e06b61bda03682d63fe" member_type: VOTER last_known_addr { host: "127.0.107.194" port: 36249 } } peers { permanent_uuid: "57a576b588344a229caefd4552e154c7" member_type: VOTER last_known_addr { host: "127.0.107.195" port: 34273 } }
I20260608 12:38:51.937081  3317 ts_tablet_manager.cc:1434] T 0feadfb1eaa3447ba9a2e2ba7802ec8e P 897d980d523c4e06b61bda03682d63fe: Time spent starting tablet: real 0.022s	user 0.009s	sys 0.000s
I20260608 12:38:51.942284  3319 ts_tablet_manager.cc:1434] T de035500c57b442aa7007d593ca867eb P 3e87ab67bf1b46e1ad48ea859af99aa6: Time spent starting tablet: real 0.065s	user 0.020s	sys 0.008s
I20260608 12:38:51.943518  3319 tablet_bootstrap.cc:492] T 8b68d4a6f21346258970a15be23b603f P 3e87ab67bf1b46e1ad48ea859af99aa6: Bootstrap starting.
I20260608 12:38:51.944422  3316 tablet_bootstrap.cc:492] T 106bcf0e775641b1830862a033019c15 P 57a576b588344a229caefd4552e154c7: No bootstrap required, opened a new log
I20260608 12:38:51.945037  3316 ts_tablet_manager.cc:1403] T 106bcf0e775641b1830862a033019c15 P 57a576b588344a229caefd4552e154c7: Time spent bootstrapping tablet: real 0.042s	user 0.019s	sys 0.018s
I20260608 12:38:51.946758  3317 tablet_bootstrap.cc:492] T de035500c57b442aa7007d593ca867eb P 897d980d523c4e06b61bda03682d63fe: Bootstrap starting.
I20260608 12:38:51.948670  3316 raft_consensus.cc:359] T 106bcf0e775641b1830862a033019c15 P 57a576b588344a229caefd4552e154c7 [term 0 FOLLOWER]: Replica starting. Triggering 0 pending ops. Active config: opid_index: -1 OBSOLETE_local: false peers { permanent_uuid: "3e87ab67bf1b46e1ad48ea859af99aa6" member_type: VOTER last_known_addr { host: "127.0.107.193" port: 42911 } } peers { permanent_uuid: "897d980d523c4e06b61bda03682d63fe" member_type: VOTER last_known_addr { host: "127.0.107.194" port: 36249 } } peers { permanent_uuid: "57a576b588344a229caefd4552e154c7" member_type: VOTER last_known_addr { host: "127.0.107.195" port: 34273 } }
I20260608 12:38:51.949620  3316 raft_consensus.cc:385] T 106bcf0e775641b1830862a033019c15 P 57a576b588344a229caefd4552e154c7 [term 0 FOLLOWER]: Consensus starting up: Expiring failure detector timer to make a prompt election more likely
I20260608 12:38:51.950028  3316 raft_consensus.cc:740] T 106bcf0e775641b1830862a033019c15 P 57a576b588344a229caefd4552e154c7 [term 0 FOLLOWER]: Becoming Follower/Learner. State: Replica: 57a576b588344a229caefd4552e154c7, State: Initialized, Role: FOLLOWER
I20260608 12:38:51.950456  3319 tablet_bootstrap.cc:654] T 8b68d4a6f21346258970a15be23b603f P 3e87ab67bf1b46e1ad48ea859af99aa6: Neither blocks nor log segments found. Creating new log.
I20260608 12:38:51.951074  3316 consensus_queue.cc:260] T 106bcf0e775641b1830862a033019c15 P 57a576b588344a229caefd4552e154c7 [NON_LEADER]: Queue going to NON_LEADER mode. State: All replicated index: 0, Majority replicated index: 0, Committed index: 0, Last appended: 0.0, Last appended by leader: 0, Current term: 0, Majority size: -1, State: 0, Mode: NON_LEADER, active raft config: opid_index: -1 OBSOLETE_local: false peers { permanent_uuid: "3e87ab67bf1b46e1ad48ea859af99aa6" member_type: VOTER last_known_addr { host: "127.0.107.193" port: 42911 } } peers { permanent_uuid: "897d980d523c4e06b61bda03682d63fe" member_type: VOTER last_known_addr { host: "127.0.107.194" port: 36249 } } peers { permanent_uuid: "57a576b588344a229caefd4552e154c7" member_type: VOTER last_known_addr { host: "127.0.107.195" port: 34273 } }
I20260608 12:38:51.956629  3317 tablet_bootstrap.cc:654] T de035500c57b442aa7007d593ca867eb P 897d980d523c4e06b61bda03682d63fe: Neither blocks nor log segments found. Creating new log.
I20260608 12:38:51.956667  3316 ts_tablet_manager.cc:1434] T 106bcf0e775641b1830862a033019c15 P 57a576b588344a229caefd4552e154c7: Time spent starting tablet: real 0.011s	user 0.006s	sys 0.001s
I20260608 12:38:51.963936  3197 tablet_service.cc:1917] Received RequestConsensusVote() RPC: tablet_id: "0feadfb1eaa3447ba9a2e2ba7802ec8e" candidate_uuid: "57a576b588344a229caefd4552e154c7" candidate_term: 1 candidate_status { last_received { term: 0 index: 0 } } ignore_live_leader: false dest_uuid: "897d980d523c4e06b61bda03682d63fe" is_pre_election: true
I20260608 12:38:51.964987  3122 tablet_service.cc:1917] Received RequestConsensusVote() RPC: tablet_id: "0feadfb1eaa3447ba9a2e2ba7802ec8e" candidate_uuid: "57a576b588344a229caefd4552e154c7" candidate_term: 1 candidate_status { last_received { term: 0 index: 0 } } ignore_live_leader: false dest_uuid: "3e87ab67bf1b46e1ad48ea859af99aa6" is_pre_election: true
I20260608 12:38:51.965013  3197 raft_consensus.cc:2468] T 0feadfb1eaa3447ba9a2e2ba7802ec8e P 897d980d523c4e06b61bda03682d63fe [term 0 FOLLOWER]: Leader pre-election vote request: Granting yes vote for candidate 57a576b588344a229caefd4552e154c7 in term 0.
W20260608 12:38:51.966804  3235 leader_election.cc:343] T 0feadfb1eaa3447ba9a2e2ba7802ec8e P 57a576b588344a229caefd4552e154c7 [CANDIDATE]: Term 1 pre-election: Tablet error from VoteRequest() call to peer 3e87ab67bf1b46e1ad48ea859af99aa6 (127.0.107.193:42911): Illegal state: must be running to vote when last-logged opid is not known
I20260608 12:38:51.968101  3236 leader_election.cc:304] T 0feadfb1eaa3447ba9a2e2ba7802ec8e P 57a576b588344a229caefd4552e154c7 [CANDIDATE]: Term 1 pre-election: Election decided. Result: candidate won. Election summary: received 3 responses out of 3 voters: 2 yes votes; 1 no votes. yes voters: 57a576b588344a229caefd4552e154c7, 897d980d523c4e06b61bda03682d63fe; no voters: 3e87ab67bf1b46e1ad48ea859af99aa6
I20260608 12:38:51.969050  3320 raft_consensus.cc:2804] T 0feadfb1eaa3447ba9a2e2ba7802ec8e P 57a576b588344a229caefd4552e154c7 [term 0 FOLLOWER]: Leader pre-election won for term 1
I20260608 12:38:51.969616  3320 raft_consensus.cc:493] T 0feadfb1eaa3447ba9a2e2ba7802ec8e P 57a576b588344a229caefd4552e154c7 [term 0 FOLLOWER]: Starting leader election (no leader contacted us within the election timeout)
I20260608 12:38:51.970072  3320 raft_consensus.cc:3060] T 0feadfb1eaa3447ba9a2e2ba7802ec8e P 57a576b588344a229caefd4552e154c7 [term 0 FOLLOWER]: Advancing to term 1
I20260608 12:38:51.970966  3319 tablet_bootstrap.cc:492] T 8b68d4a6f21346258970a15be23b603f P 3e87ab67bf1b46e1ad48ea859af99aa6: No bootstrap required, opened a new log
I20260608 12:38:51.971443  3319 ts_tablet_manager.cc:1403] T 8b68d4a6f21346258970a15be23b603f P 3e87ab67bf1b46e1ad48ea859af99aa6: Time spent bootstrapping tablet: real 0.028s	user 0.007s	sys 0.010s
I20260608 12:38:51.972589  3317 tablet_bootstrap.cc:492] T de035500c57b442aa7007d593ca867eb P 897d980d523c4e06b61bda03682d63fe: No bootstrap required, opened a new log
I20260608 12:38:51.973178  3317 ts_tablet_manager.cc:1403] T de035500c57b442aa7007d593ca867eb P 897d980d523c4e06b61bda03682d63fe: Time spent bootstrapping tablet: real 0.027s	user 0.013s	sys 0.006s
I20260608 12:38:51.973881  3319 raft_consensus.cc:359] T 8b68d4a6f21346258970a15be23b603f P 3e87ab67bf1b46e1ad48ea859af99aa6 [term 0 FOLLOWER]: Replica starting. Triggering 0 pending ops. Active config: opid_index: -1 OBSOLETE_local: false peers { permanent_uuid: "3e87ab67bf1b46e1ad48ea859af99aa6" member_type: VOTER last_known_addr { host: "127.0.107.193" port: 42911 } } peers { permanent_uuid: "897d980d523c4e06b61bda03682d63fe" member_type: VOTER last_known_addr { host: "127.0.107.194" port: 36249 } } peers { permanent_uuid: "57a576b588344a229caefd4552e154c7" member_type: VOTER last_known_addr { host: "127.0.107.195" port: 34273 } }
I20260608 12:38:51.974452  3319 raft_consensus.cc:385] T 8b68d4a6f21346258970a15be23b603f P 3e87ab67bf1b46e1ad48ea859af99aa6 [term 0 FOLLOWER]: Consensus starting up: Expiring failure detector timer to make a prompt election more likely
I20260608 12:38:51.974691  3319 raft_consensus.cc:740] T 8b68d4a6f21346258970a15be23b603f P 3e87ab67bf1b46e1ad48ea859af99aa6 [term 0 FOLLOWER]: Becoming Follower/Learner. State: Replica: 3e87ab67bf1b46e1ad48ea859af99aa6, State: Initialized, Role: FOLLOWER
I20260608 12:38:51.975395  3319 consensus_queue.cc:260] T 8b68d4a6f21346258970a15be23b603f P 3e87ab67bf1b46e1ad48ea859af99aa6 [NON_LEADER]: Queue going to NON_LEADER mode. State: All replicated index: 0, Majority replicated index: 0, Committed index: 0, Last appended: 0.0, Last appended by leader: 0, Current term: 0, Majority size: -1, State: 0, Mode: NON_LEADER, active raft config: opid_index: -1 OBSOLETE_local: false peers { permanent_uuid: "3e87ab67bf1b46e1ad48ea859af99aa6" member_type: VOTER last_known_addr { host: "127.0.107.193" port: 42911 } } peers { permanent_uuid: "897d980d523c4e06b61bda03682d63fe" member_type: VOTER last_known_addr { host: "127.0.107.194" port: 36249 } } peers { permanent_uuid: "57a576b588344a229caefd4552e154c7" member_type: VOTER last_known_addr { host: "127.0.107.195" port: 34273 } }
I20260608 12:38:51.976632  3317 raft_consensus.cc:359] T de035500c57b442aa7007d593ca867eb P 897d980d523c4e06b61bda03682d63fe [term 0 FOLLOWER]: Replica starting. Triggering 0 pending ops. Active config: opid_index: -1 OBSOLETE_local: false peers { permanent_uuid: "897d980d523c4e06b61bda03682d63fe" member_type: VOTER last_known_addr { host: "127.0.107.194" port: 36249 } } peers { permanent_uuid: "57a576b588344a229caefd4552e154c7" member_type: VOTER last_known_addr { host: "127.0.107.195" port: 34273 } } peers { permanent_uuid: "3e87ab67bf1b46e1ad48ea859af99aa6" member_type: VOTER last_known_addr { host: "127.0.107.193" port: 42911 } }
I20260608 12:38:51.977465  3319 ts_tablet_manager.cc:1434] T 8b68d4a6f21346258970a15be23b603f P 3e87ab67bf1b46e1ad48ea859af99aa6: Time spent starting tablet: real 0.006s	user 0.001s	sys 0.003s
I20260608 12:38:51.977475  3317 raft_consensus.cc:385] T de035500c57b442aa7007d593ca867eb P 897d980d523c4e06b61bda03682d63fe [term 0 FOLLOWER]: Consensus starting up: Expiring failure detector timer to make a prompt election more likely
I20260608 12:38:51.978171  3317 raft_consensus.cc:740] T de035500c57b442aa7007d593ca867eb P 897d980d523c4e06b61bda03682d63fe [term 0 FOLLOWER]: Becoming Follower/Learner. State: Replica: 897d980d523c4e06b61bda03682d63fe, State: Initialized, Role: FOLLOWER
I20260608 12:38:51.978619  3319 tablet_bootstrap.cc:492] T 0feadfb1eaa3447ba9a2e2ba7802ec8e P 3e87ab67bf1b46e1ad48ea859af99aa6: Bootstrap starting.
I20260608 12:38:51.979367  3317 consensus_queue.cc:260] T de035500c57b442aa7007d593ca867eb P 897d980d523c4e06b61bda03682d63fe [NON_LEADER]: Queue going to NON_LEADER mode. State: All replicated index: 0, Majority replicated index: 0, Committed index: 0, Last appended: 0.0, Last appended by leader: 0, Current term: 0, Majority size: -1, State: 0, Mode: NON_LEADER, active raft config: opid_index: -1 OBSOLETE_local: false peers { permanent_uuid: "897d980d523c4e06b61bda03682d63fe" member_type: VOTER last_known_addr { host: "127.0.107.194" port: 36249 } } peers { permanent_uuid: "57a576b588344a229caefd4552e154c7" member_type: VOTER last_known_addr { host: "127.0.107.195" port: 34273 } } peers { permanent_uuid: "3e87ab67bf1b46e1ad48ea859af99aa6" member_type: VOTER last_known_addr { host: "127.0.107.193" port: 42911 } }
I20260608 12:38:51.982003  3317 ts_tablet_manager.cc:1434] T de035500c57b442aa7007d593ca867eb P 897d980d523c4e06b61bda03682d63fe: Time spent starting tablet: real 0.008s	user 0.008s	sys 0.000s
I20260608 12:38:51.978107  3320 raft_consensus.cc:515] T 0feadfb1eaa3447ba9a2e2ba7802ec8e P 57a576b588344a229caefd4552e154c7 [term 1 FOLLOWER]: Starting leader election with config: opid_index: -1 OBSOLETE_local: false peers { permanent_uuid: "3e87ab67bf1b46e1ad48ea859af99aa6" member_type: VOTER last_known_addr { host: "127.0.107.193" port: 42911 } } peers { permanent_uuid: "897d980d523c4e06b61bda03682d63fe" member_type: VOTER last_known_addr { host: "127.0.107.194" port: 36249 } } peers { permanent_uuid: "57a576b588344a229caefd4552e154c7" member_type: VOTER last_known_addr { host: "127.0.107.195" port: 34273 } }
I20260608 12:38:51.985494  3122 tablet_service.cc:1917] Received RequestConsensusVote() RPC: tablet_id: "0feadfb1eaa3447ba9a2e2ba7802ec8e" candidate_uuid: "57a576b588344a229caefd4552e154c7" candidate_term: 1 candidate_status { last_received { term: 0 index: 0 } } ignore_live_leader: false dest_uuid: "3e87ab67bf1b46e1ad48ea859af99aa6"
I20260608 12:38:51.985826  3319 tablet_bootstrap.cc:654] T 0feadfb1eaa3447ba9a2e2ba7802ec8e P 3e87ab67bf1b46e1ad48ea859af99aa6: Neither blocks nor log segments found. Creating new log.
W20260608 12:38:51.987564  3235 leader_election.cc:343] T 0feadfb1eaa3447ba9a2e2ba7802ec8e P 57a576b588344a229caefd4552e154c7 [CANDIDATE]: Term 1 election: Tablet error from VoteRequest() call to peer 3e87ab67bf1b46e1ad48ea859af99aa6 (127.0.107.193:42911): Illegal state: must be running to vote when last-logged opid is not known
I20260608 12:38:51.988770  3320 leader_election.cc:290] T 0feadfb1eaa3447ba9a2e2ba7802ec8e P 57a576b588344a229caefd4552e154c7 [CANDIDATE]: Term 1 election: Requested vote from peers 3e87ab67bf1b46e1ad48ea859af99aa6 (127.0.107.193:42911), 897d980d523c4e06b61bda03682d63fe (127.0.107.194:36249)
I20260608 12:38:51.991025  3197 tablet_service.cc:1917] Received RequestConsensusVote() RPC: tablet_id: "0feadfb1eaa3447ba9a2e2ba7802ec8e" candidate_uuid: "57a576b588344a229caefd4552e154c7" candidate_term: 1 candidate_status { last_received { term: 0 index: 0 } } ignore_live_leader: false dest_uuid: "897d980d523c4e06b61bda03682d63fe"
I20260608 12:38:51.991612  3197 raft_consensus.cc:3060] T 0feadfb1eaa3447ba9a2e2ba7802ec8e P 897d980d523c4e06b61bda03682d63fe [term 0 FOLLOWER]: Advancing to term 1
I20260608 12:38:51.992987  3319 tablet_bootstrap.cc:492] T 0feadfb1eaa3447ba9a2e2ba7802ec8e P 3e87ab67bf1b46e1ad48ea859af99aa6: No bootstrap required, opened a new log
I20260608 12:38:51.993544  3319 ts_tablet_manager.cc:1403] T 0feadfb1eaa3447ba9a2e2ba7802ec8e P 3e87ab67bf1b46e1ad48ea859af99aa6: Time spent bootstrapping tablet: real 0.015s	user 0.004s	sys 0.008s
I20260608 12:38:51.997234  3197 raft_consensus.cc:2468] T 0feadfb1eaa3447ba9a2e2ba7802ec8e P 897d980d523c4e06b61bda03682d63fe [term 1 FOLLOWER]: Leader election vote request: Granting yes vote for candidate 57a576b588344a229caefd4552e154c7 in term 1.
I20260608 12:38:51.997028  3319 raft_consensus.cc:359] T 0feadfb1eaa3447ba9a2e2ba7802ec8e P 3e87ab67bf1b46e1ad48ea859af99aa6 [term 0 FOLLOWER]: Replica starting. Triggering 0 pending ops. Active config: opid_index: -1 OBSOLETE_local: false peers { permanent_uuid: "3e87ab67bf1b46e1ad48ea859af99aa6" member_type: VOTER last_known_addr { host: "127.0.107.193" port: 42911 } } peers { permanent_uuid: "897d980d523c4e06b61bda03682d63fe" member_type: VOTER last_known_addr { host: "127.0.107.194" port: 36249 } } peers { permanent_uuid: "57a576b588344a229caefd4552e154c7" member_type: VOTER last_known_addr { host: "127.0.107.195" port: 34273 } }
I20260608 12:38:51.997946  3319 raft_consensus.cc:385] T 0feadfb1eaa3447ba9a2e2ba7802ec8e P 3e87ab67bf1b46e1ad48ea859af99aa6 [term 0 FOLLOWER]: Consensus starting up: Expiring failure detector timer to make a prompt election more likely
I20260608 12:38:51.998364  3319 raft_consensus.cc:740] T 0feadfb1eaa3447ba9a2e2ba7802ec8e P 3e87ab67bf1b46e1ad48ea859af99aa6 [term 0 FOLLOWER]: Becoming Follower/Learner. State: Replica: 3e87ab67bf1b46e1ad48ea859af99aa6, State: Initialized, Role: FOLLOWER
I20260608 12:38:51.998507  3236 leader_election.cc:304] T 0feadfb1eaa3447ba9a2e2ba7802ec8e P 57a576b588344a229caefd4552e154c7 [CANDIDATE]: Term 1 election: Election decided. Result: candidate won. Election summary: received 3 responses out of 3 voters: 2 yes votes; 1 no votes. yes voters: 57a576b588344a229caefd4552e154c7, 897d980d523c4e06b61bda03682d63fe; no voters: 3e87ab67bf1b46e1ad48ea859af99aa6
I20260608 12:38:51.999408  3320 raft_consensus.cc:2804] T 0feadfb1eaa3447ba9a2e2ba7802ec8e P 57a576b588344a229caefd4552e154c7 [term 1 FOLLOWER]: Leader election won for term 1
I20260608 12:38:51.999238  3319 consensus_queue.cc:260] T 0feadfb1eaa3447ba9a2e2ba7802ec8e P 3e87ab67bf1b46e1ad48ea859af99aa6 [NON_LEADER]: Queue going to NON_LEADER mode. State: All replicated index: 0, Majority replicated index: 0, Committed index: 0, Last appended: 0.0, Last appended by leader: 0, Current term: 0, Majority size: -1, State: 0, Mode: NON_LEADER, active raft config: opid_index: -1 OBSOLETE_local: false peers { permanent_uuid: "3e87ab67bf1b46e1ad48ea859af99aa6" member_type: VOTER last_known_addr { host: "127.0.107.193" port: 42911 } } peers { permanent_uuid: "897d980d523c4e06b61bda03682d63fe" member_type: VOTER last_known_addr { host: "127.0.107.194" port: 36249 } } peers { permanent_uuid: "57a576b588344a229caefd4552e154c7" member_type: VOTER last_known_addr { host: "127.0.107.195" port: 34273 } }
I20260608 12:38:52.001585  3319 ts_tablet_manager.cc:1434] T 0feadfb1eaa3447ba9a2e2ba7802ec8e P 3e87ab67bf1b46e1ad48ea859af99aa6: Time spent starting tablet: real 0.008s	user 0.006s	sys 0.000s
I20260608 12:38:52.004379  3319 tablet_bootstrap.cc:492] T 106bcf0e775641b1830862a033019c15 P 3e87ab67bf1b46e1ad48ea859af99aa6: Bootstrap starting.
I20260608 12:38:52.005383  3330 raft_consensus.cc:493] T 0feadfb1eaa3447ba9a2e2ba7802ec8e P 3e87ab67bf1b46e1ad48ea859af99aa6 [term 0 FOLLOWER]: Starting pre-election (no leader contacted us within the election timeout)
I20260608 12:38:52.005942  3330 raft_consensus.cc:515] T 0feadfb1eaa3447ba9a2e2ba7802ec8e P 3e87ab67bf1b46e1ad48ea859af99aa6 [term 0 FOLLOWER]: Starting pre-election with config: opid_index: -1 OBSOLETE_local: false peers { permanent_uuid: "3e87ab67bf1b46e1ad48ea859af99aa6" member_type: VOTER last_known_addr { host: "127.0.107.193" port: 42911 } } peers { permanent_uuid: "897d980d523c4e06b61bda03682d63fe" member_type: VOTER last_known_addr { host: "127.0.107.194" port: 36249 } } peers { permanent_uuid: "57a576b588344a229caefd4552e154c7" member_type: VOTER last_known_addr { host: "127.0.107.195" port: 34273 } }
I20260608 12:38:52.009375  3330 leader_election.cc:290] T 0feadfb1eaa3447ba9a2e2ba7802ec8e P 3e87ab67bf1b46e1ad48ea859af99aa6 [CANDIDATE]: Term 1 pre-election: Requested pre-vote from peers 897d980d523c4e06b61bda03682d63fe (127.0.107.194:36249), 57a576b588344a229caefd4552e154c7 (127.0.107.195:34273)
I20260608 12:38:52.012121  3319 tablet_bootstrap.cc:654] T 106bcf0e775641b1830862a033019c15 P 3e87ab67bf1b46e1ad48ea859af99aa6: Neither blocks nor log segments found. Creating new log.
I20260608 12:38:52.017871  3320 raft_consensus.cc:697] T 0feadfb1eaa3447ba9a2e2ba7802ec8e P 57a576b588344a229caefd4552e154c7 [term 1 LEADER]: Becoming Leader. State: Replica: 57a576b588344a229caefd4552e154c7, State: Running, Role: LEADER
I20260608 12:38:52.019136  3320 consensus_queue.cc:237] T 0feadfb1eaa3447ba9a2e2ba7802ec8e P 57a576b588344a229caefd4552e154c7 [LEADER]: Queue going to LEADER mode. State: All replicated index: 0, Majority replicated index: 0, Committed index: 0, Last appended: 0.0, Last appended by leader: 0, Current term: 1, Majority size: 2, State: 0, Mode: LEADER, active raft config: opid_index: -1 OBSOLETE_local: false peers { permanent_uuid: "3e87ab67bf1b46e1ad48ea859af99aa6" member_type: VOTER last_known_addr { host: "127.0.107.193" port: 42911 } } peers { permanent_uuid: "897d980d523c4e06b61bda03682d63fe" member_type: VOTER last_known_addr { host: "127.0.107.194" port: 36249 } } peers { permanent_uuid: "57a576b588344a229caefd4552e154c7" member_type: VOTER last_known_addr { host: "127.0.107.195" port: 34273 } }
I20260608 12:38:52.025000  3330 raft_consensus.cc:493] T 8b68d4a6f21346258970a15be23b603f P 3e87ab67bf1b46e1ad48ea859af99aa6 [term 0 FOLLOWER]: Starting pre-election (no leader contacted us within the election timeout)
I20260608 12:38:52.025583  3330 raft_consensus.cc:515] T 8b68d4a6f21346258970a15be23b603f P 3e87ab67bf1b46e1ad48ea859af99aa6 [term 0 FOLLOWER]: Starting pre-election with config: opid_index: -1 OBSOLETE_local: false peers { permanent_uuid: "3e87ab67bf1b46e1ad48ea859af99aa6" member_type: VOTER last_known_addr { host: "127.0.107.193" port: 42911 } } peers { permanent_uuid: "897d980d523c4e06b61bda03682d63fe" member_type: VOTER last_known_addr { host: "127.0.107.194" port: 36249 } } peers { permanent_uuid: "57a576b588344a229caefd4552e154c7" member_type: VOTER last_known_addr { host: "127.0.107.195" port: 34273 } }
I20260608 12:38:52.027427  3319 tablet_bootstrap.cc:492] T 106bcf0e775641b1830862a033019c15 P 3e87ab67bf1b46e1ad48ea859af99aa6: No bootstrap required, opened a new log
I20260608 12:38:52.027953  3319 ts_tablet_manager.cc:1403] T 106bcf0e775641b1830862a033019c15 P 3e87ab67bf1b46e1ad48ea859af99aa6: Time spent bootstrapping tablet: real 0.024s	user 0.019s	sys 0.003s
I20260608 12:38:52.028203  3330 leader_election.cc:290] T 8b68d4a6f21346258970a15be23b603f P 3e87ab67bf1b46e1ad48ea859af99aa6 [CANDIDATE]: Term 1 pre-election: Requested pre-vote from peers 897d980d523c4e06b61bda03682d63fe (127.0.107.194:36249), 57a576b588344a229caefd4552e154c7 (127.0.107.195:34273)
I20260608 12:38:52.031203  3319 raft_consensus.cc:359] T 106bcf0e775641b1830862a033019c15 P 3e87ab67bf1b46e1ad48ea859af99aa6 [term 0 FOLLOWER]: Replica starting. Triggering 0 pending ops. Active config: opid_index: -1 OBSOLETE_local: false peers { permanent_uuid: "3e87ab67bf1b46e1ad48ea859af99aa6" member_type: VOTER last_known_addr { host: "127.0.107.193" port: 42911 } } peers { permanent_uuid: "897d980d523c4e06b61bda03682d63fe" member_type: VOTER last_known_addr { host: "127.0.107.194" port: 36249 } } peers { permanent_uuid: "57a576b588344a229caefd4552e154c7" member_type: VOTER last_known_addr { host: "127.0.107.195" port: 34273 } }
I20260608 12:38:52.032037  3319 raft_consensus.cc:385] T 106bcf0e775641b1830862a033019c15 P 3e87ab67bf1b46e1ad48ea859af99aa6 [term 0 FOLLOWER]: Consensus starting up: Expiring failure detector timer to make a prompt election more likely
I20260608 12:38:52.032359  3319 raft_consensus.cc:740] T 106bcf0e775641b1830862a033019c15 P 3e87ab67bf1b46e1ad48ea859af99aa6 [term 0 FOLLOWER]: Becoming Follower/Learner. State: Replica: 3e87ab67bf1b46e1ad48ea859af99aa6, State: Initialized, Role: FOLLOWER
I20260608 12:38:52.033135  3319 consensus_queue.cc:260] T 106bcf0e775641b1830862a033019c15 P 3e87ab67bf1b46e1ad48ea859af99aa6 [NON_LEADER]: Queue going to NON_LEADER mode. State: All replicated index: 0, Majority replicated index: 0, Committed index: 0, Last appended: 0.0, Last appended by leader: 0, Current term: 0, Majority size: -1, State: 0, Mode: NON_LEADER, active raft config: opid_index: -1 OBSOLETE_local: false peers { permanent_uuid: "3e87ab67bf1b46e1ad48ea859af99aa6" member_type: VOTER last_known_addr { host: "127.0.107.193" port: 42911 } } peers { permanent_uuid: "897d980d523c4e06b61bda03682d63fe" member_type: VOTER last_known_addr { host: "127.0.107.194" port: 36249 } } peers { permanent_uuid: "57a576b588344a229caefd4552e154c7" member_type: VOTER last_known_addr { host: "127.0.107.195" port: 34273 } }
I20260608 12:38:52.035897  3319 ts_tablet_manager.cc:1434] T 106bcf0e775641b1830862a033019c15 P 3e87ab67bf1b46e1ad48ea859af99aa6: Time spent starting tablet: real 0.008s	user 0.008s	sys 0.000s
I20260608 12:38:52.037011  3271 tablet_service.cc:1917] Received RequestConsensusVote() RPC: tablet_id: "0feadfb1eaa3447ba9a2e2ba7802ec8e" candidate_uuid: "3e87ab67bf1b46e1ad48ea859af99aa6" candidate_term: 1 candidate_status { last_received { term: 0 index: 0 } } ignore_live_leader: false dest_uuid: "57a576b588344a229caefd4552e154c7" is_pre_election: true
I20260608 12:38:52.039443  3271 tablet_service.cc:1917] Received RequestConsensusVote() RPC: tablet_id: "8b68d4a6f21346258970a15be23b603f" candidate_uuid: "3e87ab67bf1b46e1ad48ea859af99aa6" candidate_term: 1 candidate_status { last_received { term: 0 index: 0 } } ignore_live_leader: false dest_uuid: "57a576b588344a229caefd4552e154c7" is_pre_election: true
I20260608 12:38:52.040145  3271 raft_consensus.cc:2468] T 8b68d4a6f21346258970a15be23b603f P 57a576b588344a229caefd4552e154c7 [term 0 FOLLOWER]: Leader pre-election vote request: Granting yes vote for candidate 3e87ab67bf1b46e1ad48ea859af99aa6 in term 0.
I20260608 12:38:52.040851  3020 catalog_manager.cc:5696] T 0feadfb1eaa3447ba9a2e2ba7802ec8e P 57a576b588344a229caefd4552e154c7 reported cstate change: term changed from 0 to 1, leader changed from <none> to 57a576b588344a229caefd4552e154c7 (127.0.107.195). New cstate: current_term: 1 leader_uuid: "57a576b588344a229caefd4552e154c7" committed_config { opid_index: -1 OBSOLETE_local: false peers { permanent_uuid: "3e87ab67bf1b46e1ad48ea859af99aa6" member_type: VOTER last_known_addr { host: "127.0.107.193" port: 42911 } health_report { overall_health: UNKNOWN } } peers { permanent_uuid: "897d980d523c4e06b61bda03682d63fe" member_type: VOTER last_known_addr { host: "127.0.107.194" port: 36249 } health_report { overall_health: UNKNOWN } } peers { permanent_uuid: "57a576b588344a229caefd4552e154c7" member_type: VOTER last_known_addr { host: "127.0.107.195" port: 34273 } health_report { overall_health: HEALTHY } } }
I20260608 12:38:52.041715  3085 leader_election.cc:304] T 8b68d4a6f21346258970a15be23b603f P 3e87ab67bf1b46e1ad48ea859af99aa6 [CANDIDATE]: Term 1 pre-election: Election decided. Result: candidate won. Election summary: received 2 responses out of 3 voters: 2 yes votes; 0 no votes. yes voters: 3e87ab67bf1b46e1ad48ea859af99aa6, 57a576b588344a229caefd4552e154c7; no voters: 
I20260608 12:38:52.042681  3330 raft_consensus.cc:2804] T 8b68d4a6f21346258970a15be23b603f P 3e87ab67bf1b46e1ad48ea859af99aa6 [term 0 FOLLOWER]: Leader pre-election won for term 1
I20260608 12:38:52.043035  3330 raft_consensus.cc:493] T 8b68d4a6f21346258970a15be23b603f P 3e87ab67bf1b46e1ad48ea859af99aa6 [term 0 FOLLOWER]: Starting leader election (no leader contacted us within the election timeout)
I20260608 12:38:52.043411  3330 raft_consensus.cc:3060] T 8b68d4a6f21346258970a15be23b603f P 3e87ab67bf1b46e1ad48ea859af99aa6 [term 0 FOLLOWER]: Advancing to term 1
I20260608 12:38:52.045254  3197 tablet_service.cc:1917] Received RequestConsensusVote() RPC: tablet_id: "0feadfb1eaa3447ba9a2e2ba7802ec8e" candidate_uuid: "3e87ab67bf1b46e1ad48ea859af99aa6" candidate_term: 1 candidate_status { last_received { term: 0 index: 0 } } ignore_live_leader: false dest_uuid: "897d980d523c4e06b61bda03682d63fe" is_pre_election: true
I20260608 12:38:52.046144  3197 raft_consensus.cc:2393] T 0feadfb1eaa3447ba9a2e2ba7802ec8e P 897d980d523c4e06b61bda03682d63fe [term 1 FOLLOWER]: Leader pre-election vote request: Denying vote to candidate 3e87ab67bf1b46e1ad48ea859af99aa6 in current term 1: Already voted for candidate 57a576b588344a229caefd4552e154c7 in this term.
I20260608 12:38:52.047796  3087 leader_election.cc:304] T 0feadfb1eaa3447ba9a2e2ba7802ec8e P 3e87ab67bf1b46e1ad48ea859af99aa6 [CANDIDATE]: Term 1 pre-election: Election decided. Result: candidate lost. Election summary: received 3 responses out of 3 voters: 1 yes votes; 2 no votes. yes voters: 3e87ab67bf1b46e1ad48ea859af99aa6; no voters: 57a576b588344a229caefd4552e154c7, 897d980d523c4e06b61bda03682d63fe
I20260608 12:38:52.048544  3196 tablet_service.cc:1917] Received RequestConsensusVote() RPC: tablet_id: "8b68d4a6f21346258970a15be23b603f" candidate_uuid: "3e87ab67bf1b46e1ad48ea859af99aa6" candidate_term: 1 candidate_status { last_received { term: 0 index: 0 } } ignore_live_leader: false dest_uuid: "897d980d523c4e06b61bda03682d63fe" is_pre_election: true
I20260608 12:38:52.049218  3196 raft_consensus.cc:2468] T 8b68d4a6f21346258970a15be23b603f P 897d980d523c4e06b61bda03682d63fe [term 0 FOLLOWER]: Leader pre-election vote request: Granting yes vote for candidate 3e87ab67bf1b46e1ad48ea859af99aa6 in term 0.
I20260608 12:38:52.050606  3330 raft_consensus.cc:515] T 8b68d4a6f21346258970a15be23b603f P 3e87ab67bf1b46e1ad48ea859af99aa6 [term 1 FOLLOWER]: Starting leader election with config: opid_index: -1 OBSOLETE_local: false peers { permanent_uuid: "3e87ab67bf1b46e1ad48ea859af99aa6" member_type: VOTER last_known_addr { host: "127.0.107.193" port: 42911 } } peers { permanent_uuid: "897d980d523c4e06b61bda03682d63fe" member_type: VOTER last_known_addr { host: "127.0.107.194" port: 36249 } } peers { permanent_uuid: "57a576b588344a229caefd4552e154c7" member_type: VOTER last_known_addr { host: "127.0.107.195" port: 34273 } }
I20260608 12:38:52.052860  3330 leader_election.cc:290] T 8b68d4a6f21346258970a15be23b603f P 3e87ab67bf1b46e1ad48ea859af99aa6 [CANDIDATE]: Term 1 election: Requested vote from peers 897d980d523c4e06b61bda03682d63fe (127.0.107.194:36249), 57a576b588344a229caefd4552e154c7 (127.0.107.195:34273)
I20260608 12:38:52.053509  3196 tablet_service.cc:1917] Received RequestConsensusVote() RPC: tablet_id: "8b68d4a6f21346258970a15be23b603f" candidate_uuid: "3e87ab67bf1b46e1ad48ea859af99aa6" candidate_term: 1 candidate_status { last_received { term: 0 index: 0 } } ignore_live_leader: false dest_uuid: "897d980d523c4e06b61bda03682d63fe"
I20260608 12:38:52.053962  3196 raft_consensus.cc:3060] T 8b68d4a6f21346258970a15be23b603f P 897d980d523c4e06b61bda03682d63fe [term 0 FOLLOWER]: Advancing to term 1
I20260608 12:38:52.055423  3271 tablet_service.cc:1917] Received RequestConsensusVote() RPC: tablet_id: "8b68d4a6f21346258970a15be23b603f" candidate_uuid: "3e87ab67bf1b46e1ad48ea859af99aa6" candidate_term: 1 candidate_status { last_received { term: 0 index: 0 } } ignore_live_leader: false dest_uuid: "57a576b588344a229caefd4552e154c7"
I20260608 12:38:52.056071  3271 raft_consensus.cc:3060] T 8b68d4a6f21346258970a15be23b603f P 57a576b588344a229caefd4552e154c7 [term 0 FOLLOWER]: Advancing to term 1
I20260608 12:38:52.052603  3340 raft_consensus.cc:3060] T 0feadfb1eaa3447ba9a2e2ba7802ec8e P 3e87ab67bf1b46e1ad48ea859af99aa6 [term 0 FOLLOWER]: Advancing to term 1
I20260608 12:38:52.060150  3196 raft_consensus.cc:2468] T 8b68d4a6f21346258970a15be23b603f P 897d980d523c4e06b61bda03682d63fe [term 1 FOLLOWER]: Leader election vote request: Granting yes vote for candidate 3e87ab67bf1b46e1ad48ea859af99aa6 in term 1.
I20260608 12:38:52.061151  3087 leader_election.cc:304] T 8b68d4a6f21346258970a15be23b603f P 3e87ab67bf1b46e1ad48ea859af99aa6 [CANDIDATE]: Term 1 election: Election decided. Result: candidate won. Election summary: received 2 responses out of 3 voters: 2 yes votes; 0 no votes. yes voters: 3e87ab67bf1b46e1ad48ea859af99aa6, 897d980d523c4e06b61bda03682d63fe; no voters: 
I20260608 12:38:52.061861  3330 raft_consensus.cc:2804] T 8b68d4a6f21346258970a15be23b603f P 3e87ab67bf1b46e1ad48ea859af99aa6 [term 1 FOLLOWER]: Leader election won for term 1
I20260608 12:38:52.063398  3330 raft_consensus.cc:697] T 8b68d4a6f21346258970a15be23b603f P 3e87ab67bf1b46e1ad48ea859af99aa6 [term 1 LEADER]: Becoming Leader. State: Replica: 3e87ab67bf1b46e1ad48ea859af99aa6, State: Running, Role: LEADER
I20260608 12:38:52.064765  3340 raft_consensus.cc:2749] T 0feadfb1eaa3447ba9a2e2ba7802ec8e P 3e87ab67bf1b46e1ad48ea859af99aa6 [term 1 FOLLOWER]: Leader pre-election lost for term 1. Reason: could not achieve majority
I20260608 12:38:52.064534  3330 consensus_queue.cc:237] T 8b68d4a6f21346258970a15be23b603f P 3e87ab67bf1b46e1ad48ea859af99aa6 [LEADER]: Queue going to LEADER mode. State: All replicated index: 0, Majority replicated index: 0, Committed index: 0, Last appended: 0.0, Last appended by leader: 0, Current term: 1, Majority size: 2, State: 0, Mode: LEADER, active raft config: opid_index: -1 OBSOLETE_local: false peers { permanent_uuid: "3e87ab67bf1b46e1ad48ea859af99aa6" member_type: VOTER last_known_addr { host: "127.0.107.193" port: 42911 } } peers { permanent_uuid: "897d980d523c4e06b61bda03682d63fe" member_type: VOTER last_known_addr { host: "127.0.107.194" port: 36249 } } peers { permanent_uuid: "57a576b588344a229caefd4552e154c7" member_type: VOTER last_known_addr { host: "127.0.107.195" port: 34273 } }
I20260608 12:38:52.066965  3271 raft_consensus.cc:2468] T 8b68d4a6f21346258970a15be23b603f P 57a576b588344a229caefd4552e154c7 [term 1 FOLLOWER]: Leader election vote request: Granting yes vote for candidate 3e87ab67bf1b46e1ad48ea859af99aa6 in term 1.
I20260608 12:38:52.073570  3019 catalog_manager.cc:5696] T 8b68d4a6f21346258970a15be23b603f P 3e87ab67bf1b46e1ad48ea859af99aa6 reported cstate change: term changed from 0 to 1, leader changed from <none> to 3e87ab67bf1b46e1ad48ea859af99aa6 (127.0.107.193). New cstate: current_term: 1 leader_uuid: "3e87ab67bf1b46e1ad48ea859af99aa6" committed_config { opid_index: -1 OBSOLETE_local: false peers { permanent_uuid: "3e87ab67bf1b46e1ad48ea859af99aa6" member_type: VOTER last_known_addr { host: "127.0.107.193" port: 42911 } health_report { overall_health: HEALTHY } } peers { permanent_uuid: "897d980d523c4e06b61bda03682d63fe" member_type: VOTER last_known_addr { host: "127.0.107.194" port: 36249 } health_report { overall_health: UNKNOWN } } peers { permanent_uuid: "57a576b588344a229caefd4552e154c7" member_type: VOTER last_known_addr { host: "127.0.107.195" port: 34273 } health_report { overall_health: UNKNOWN } } }
I20260608 12:38:52.087247  3330 raft_consensus.cc:493] T de035500c57b442aa7007d593ca867eb P 3e87ab67bf1b46e1ad48ea859af99aa6 [term 0 FOLLOWER]: Starting pre-election (no leader contacted us within the election timeout)
I20260608 12:38:52.087761  3330 raft_consensus.cc:515] T de035500c57b442aa7007d593ca867eb P 3e87ab67bf1b46e1ad48ea859af99aa6 [term 0 FOLLOWER]: Starting pre-election with config: opid_index: -1 OBSOLETE_local: false peers { permanent_uuid: "897d980d523c4e06b61bda03682d63fe" member_type: VOTER last_known_addr { host: "127.0.107.194" port: 36249 } } peers { permanent_uuid: "57a576b588344a229caefd4552e154c7" member_type: VOTER last_known_addr { host: "127.0.107.195" port: 34273 } } peers { permanent_uuid: "3e87ab67bf1b46e1ad48ea859af99aa6" member_type: VOTER last_known_addr { host: "127.0.107.193" port: 42911 } }
I20260608 12:38:52.089499  3330 leader_election.cc:290] T de035500c57b442aa7007d593ca867eb P 3e87ab67bf1b46e1ad48ea859af99aa6 [CANDIDATE]: Term 1 pre-election: Requested pre-vote from peers 897d980d523c4e06b61bda03682d63fe (127.0.107.194:36249), 57a576b588344a229caefd4552e154c7 (127.0.107.195:34273)
I20260608 12:38:52.090344  3196 tablet_service.cc:1917] Received RequestConsensusVote() RPC: tablet_id: "de035500c57b442aa7007d593ca867eb" candidate_uuid: "3e87ab67bf1b46e1ad48ea859af99aa6" candidate_term: 1 candidate_status { last_received { term: 0 index: 0 } } ignore_live_leader: false dest_uuid: "897d980d523c4e06b61bda03682d63fe" is_pre_election: true
I20260608 12:38:52.090518  3271 tablet_service.cc:1917] Received RequestConsensusVote() RPC: tablet_id: "de035500c57b442aa7007d593ca867eb" candidate_uuid: "3e87ab67bf1b46e1ad48ea859af99aa6" candidate_term: 1 candidate_status { last_received { term: 0 index: 0 } } ignore_live_leader: false dest_uuid: "57a576b588344a229caefd4552e154c7" is_pre_election: true
I20260608 12:38:52.090943  3196 raft_consensus.cc:2468] T de035500c57b442aa7007d593ca867eb P 897d980d523c4e06b61bda03682d63fe [term 0 FOLLOWER]: Leader pre-election vote request: Granting yes vote for candidate 3e87ab67bf1b46e1ad48ea859af99aa6 in term 0.
I20260608 12:38:52.091104  3271 raft_consensus.cc:2468] T de035500c57b442aa7007d593ca867eb P 57a576b588344a229caefd4552e154c7 [term 0 FOLLOWER]: Leader pre-election vote request: Granting yes vote for candidate 3e87ab67bf1b46e1ad48ea859af99aa6 in term 0.
I20260608 12:38:52.092082  3087 leader_election.cc:304] T de035500c57b442aa7007d593ca867eb P 3e87ab67bf1b46e1ad48ea859af99aa6 [CANDIDATE]: Term 1 pre-election: Election decided. Result: candidate won. Election summary: received 2 responses out of 3 voters: 2 yes votes; 0 no votes. yes voters: 3e87ab67bf1b46e1ad48ea859af99aa6, 897d980d523c4e06b61bda03682d63fe; no voters: 
I20260608 12:38:52.092830  3330 raft_consensus.cc:2804] T de035500c57b442aa7007d593ca867eb P 3e87ab67bf1b46e1ad48ea859af99aa6 [term 0 FOLLOWER]: Leader pre-election won for term 1
I20260608 12:38:52.093206  3330 raft_consensus.cc:493] T de035500c57b442aa7007d593ca867eb P 3e87ab67bf1b46e1ad48ea859af99aa6 [term 0 FOLLOWER]: Starting leader election (no leader contacted us within the election timeout)
I20260608 12:38:52.093523  3330 raft_consensus.cc:3060] T de035500c57b442aa7007d593ca867eb P 3e87ab67bf1b46e1ad48ea859af99aa6 [term 0 FOLLOWER]: Advancing to term 1
I20260608 12:38:52.097937  3330 raft_consensus.cc:515] T de035500c57b442aa7007d593ca867eb P 3e87ab67bf1b46e1ad48ea859af99aa6 [term 1 FOLLOWER]: Starting leader election with config: opid_index: -1 OBSOLETE_local: false peers { permanent_uuid: "897d980d523c4e06b61bda03682d63fe" member_type: VOTER last_known_addr { host: "127.0.107.194" port: 36249 } } peers { permanent_uuid: "57a576b588344a229caefd4552e154c7" member_type: VOTER last_known_addr { host: "127.0.107.195" port: 34273 } } peers { permanent_uuid: "3e87ab67bf1b46e1ad48ea859af99aa6" member_type: VOTER last_known_addr { host: "127.0.107.193" port: 42911 } }
I20260608 12:38:52.099872  3330 leader_election.cc:290] T de035500c57b442aa7007d593ca867eb P 3e87ab67bf1b46e1ad48ea859af99aa6 [CANDIDATE]: Term 1 election: Requested vote from peers 897d980d523c4e06b61bda03682d63fe (127.0.107.194:36249), 57a576b588344a229caefd4552e154c7 (127.0.107.195:34273)
I20260608 12:38:52.100733  3196 tablet_service.cc:1917] Received RequestConsensusVote() RPC: tablet_id: "de035500c57b442aa7007d593ca867eb" candidate_uuid: "3e87ab67bf1b46e1ad48ea859af99aa6" candidate_term: 1 candidate_status { last_received { term: 0 index: 0 } } ignore_live_leader: false dest_uuid: "897d980d523c4e06b61bda03682d63fe"
I20260608 12:38:52.101033  3271 tablet_service.cc:1917] Received RequestConsensusVote() RPC: tablet_id: "de035500c57b442aa7007d593ca867eb" candidate_uuid: "3e87ab67bf1b46e1ad48ea859af99aa6" candidate_term: 1 candidate_status { last_received { term: 0 index: 0 } } ignore_live_leader: false dest_uuid: "57a576b588344a229caefd4552e154c7"
I20260608 12:38:52.101249  3196 raft_consensus.cc:3060] T de035500c57b442aa7007d593ca867eb P 897d980d523c4e06b61bda03682d63fe [term 0 FOLLOWER]: Advancing to term 1
I20260608 12:38:52.101630  3271 raft_consensus.cc:3060] T de035500c57b442aa7007d593ca867eb P 57a576b588344a229caefd4552e154c7 [term 0 FOLLOWER]: Advancing to term 1
I20260608 12:38:52.105773  3196 raft_consensus.cc:2468] T de035500c57b442aa7007d593ca867eb P 897d980d523c4e06b61bda03682d63fe [term 1 FOLLOWER]: Leader election vote request: Granting yes vote for candidate 3e87ab67bf1b46e1ad48ea859af99aa6 in term 1.
I20260608 12:38:52.106212  3271 raft_consensus.cc:2468] T de035500c57b442aa7007d593ca867eb P 57a576b588344a229caefd4552e154c7 [term 1 FOLLOWER]: Leader election vote request: Granting yes vote for candidate 3e87ab67bf1b46e1ad48ea859af99aa6 in term 1.
I20260608 12:38:52.106958  3087 leader_election.cc:304] T de035500c57b442aa7007d593ca867eb P 3e87ab67bf1b46e1ad48ea859af99aa6 [CANDIDATE]: Term 1 election: Election decided. Result: candidate won. Election summary: received 2 responses out of 3 voters: 2 yes votes; 0 no votes. yes voters: 3e87ab67bf1b46e1ad48ea859af99aa6, 897d980d523c4e06b61bda03682d63fe; no voters: 
I20260608 12:38:52.107827  3330 raft_consensus.cc:2804] T de035500c57b442aa7007d593ca867eb P 3e87ab67bf1b46e1ad48ea859af99aa6 [term 1 FOLLOWER]: Leader election won for term 1
I20260608 12:38:52.108253  3330 raft_consensus.cc:697] T de035500c57b442aa7007d593ca867eb P 3e87ab67bf1b46e1ad48ea859af99aa6 [term 1 LEADER]: Becoming Leader. State: Replica: 3e87ab67bf1b46e1ad48ea859af99aa6, State: Running, Role: LEADER
I20260608 12:38:52.109020  3330 consensus_queue.cc:237] T de035500c57b442aa7007d593ca867eb P 3e87ab67bf1b46e1ad48ea859af99aa6 [LEADER]: Queue going to LEADER mode. State: All replicated index: 0, Majority replicated index: 0, Committed index: 0, Last appended: 0.0, Last appended by leader: 0, Current term: 1, Majority size: 2, State: 0, Mode: LEADER, active raft config: opid_index: -1 OBSOLETE_local: false peers { permanent_uuid: "897d980d523c4e06b61bda03682d63fe" member_type: VOTER last_known_addr { host: "127.0.107.194" port: 36249 } } peers { permanent_uuid: "57a576b588344a229caefd4552e154c7" member_type: VOTER last_known_addr { host: "127.0.107.195" port: 34273 } } peers { permanent_uuid: "3e87ab67bf1b46e1ad48ea859af99aa6" member_type: VOTER last_known_addr { host: "127.0.107.193" port: 42911 } }
I20260608 12:38:52.116233  3019 catalog_manager.cc:5696] T de035500c57b442aa7007d593ca867eb P 3e87ab67bf1b46e1ad48ea859af99aa6 reported cstate change: term changed from 0 to 1, leader changed from <none> to 3e87ab67bf1b46e1ad48ea859af99aa6 (127.0.107.193). New cstate: current_term: 1 leader_uuid: "3e87ab67bf1b46e1ad48ea859af99aa6" committed_config { opid_index: -1 OBSOLETE_local: false peers { permanent_uuid: "897d980d523c4e06b61bda03682d63fe" member_type: VOTER last_known_addr { host: "127.0.107.194" port: 36249 } health_report { overall_health: UNKNOWN } } peers { permanent_uuid: "57a576b588344a229caefd4552e154c7" member_type: VOTER last_known_addr { host: "127.0.107.195" port: 34273 } health_report { overall_health: UNKNOWN } } peers { permanent_uuid: "3e87ab67bf1b46e1ad48ea859af99aa6" member_type: VOTER last_known_addr { host: "127.0.107.193" port: 42911 } health_report { overall_health: HEALTHY } } }
W20260608 12:38:52.146600  3068 auto_rebalancer.cc:259] Could not retrieve cluster info: Service unavailable: Tablet not running
I20260608 12:38:52.148402  3073 auto_leader_rebalancer.cc:140] leader rebalance for table range_aware_auto_rebalancer_test
W20260608 12:38:52.149940  3073 auto_leader_rebalancer.cc:460] the master instance isn't leader: Service unavailable: Tablet not running
I20260608 12:38:52.194360  3330 raft_consensus.cc:493] T 106bcf0e775641b1830862a033019c15 P 3e87ab67bf1b46e1ad48ea859af99aa6 [term 0 FOLLOWER]: Starting pre-election (no leader contacted us within the election timeout)
I20260608 12:38:52.194876  3330 raft_consensus.cc:515] T 106bcf0e775641b1830862a033019c15 P 3e87ab67bf1b46e1ad48ea859af99aa6 [term 0 FOLLOWER]: Starting pre-election with config: opid_index: -1 OBSOLETE_local: false peers { permanent_uuid: "3e87ab67bf1b46e1ad48ea859af99aa6" member_type: VOTER last_known_addr { host: "127.0.107.193" port: 42911 } } peers { permanent_uuid: "897d980d523c4e06b61bda03682d63fe" member_type: VOTER last_known_addr { host: "127.0.107.194" port: 36249 } } peers { permanent_uuid: "57a576b588344a229caefd4552e154c7" member_type: VOTER last_known_addr { host: "127.0.107.195" port: 34273 } }
I20260608 12:38:52.196740  3330 leader_election.cc:290] T 106bcf0e775641b1830862a033019c15 P 3e87ab67bf1b46e1ad48ea859af99aa6 [CANDIDATE]: Term 1 pre-election: Requested pre-vote from peers 897d980d523c4e06b61bda03682d63fe (127.0.107.194:36249), 57a576b588344a229caefd4552e154c7 (127.0.107.195:34273)
I20260608 12:38:52.197593  3196 tablet_service.cc:1917] Received RequestConsensusVote() RPC: tablet_id: "106bcf0e775641b1830862a033019c15" candidate_uuid: "3e87ab67bf1b46e1ad48ea859af99aa6" candidate_term: 1 candidate_status { last_received { term: 0 index: 0 } } ignore_live_leader: false dest_uuid: "897d980d523c4e06b61bda03682d63fe" is_pre_election: true
I20260608 12:38:52.197861  3271 tablet_service.cc:1917] Received RequestConsensusVote() RPC: tablet_id: "106bcf0e775641b1830862a033019c15" candidate_uuid: "3e87ab67bf1b46e1ad48ea859af99aa6" candidate_term: 1 candidate_status { last_received { term: 0 index: 0 } } ignore_live_leader: false dest_uuid: "57a576b588344a229caefd4552e154c7" is_pre_election: true
I20260608 12:38:52.198277  3196 raft_consensus.cc:2468] T 106bcf0e775641b1830862a033019c15 P 897d980d523c4e06b61bda03682d63fe [term 0 FOLLOWER]: Leader pre-election vote request: Granting yes vote for candidate 3e87ab67bf1b46e1ad48ea859af99aa6 in term 0.
I20260608 12:38:52.198505  3271 raft_consensus.cc:2468] T 106bcf0e775641b1830862a033019c15 P 57a576b588344a229caefd4552e154c7 [term 0 FOLLOWER]: Leader pre-election vote request: Granting yes vote for candidate 3e87ab67bf1b46e1ad48ea859af99aa6 in term 0.
I20260608 12:38:52.199438  3087 leader_election.cc:304] T 106bcf0e775641b1830862a033019c15 P 3e87ab67bf1b46e1ad48ea859af99aa6 [CANDIDATE]: Term 1 pre-election: Election decided. Result: candidate won. Election summary: received 2 responses out of 3 voters: 2 yes votes; 0 no votes. yes voters: 3e87ab67bf1b46e1ad48ea859af99aa6, 897d980d523c4e06b61bda03682d63fe; no voters: 
I20260608 12:38:52.200168  3330 raft_consensus.cc:2804] T 106bcf0e775641b1830862a033019c15 P 3e87ab67bf1b46e1ad48ea859af99aa6 [term 0 FOLLOWER]: Leader pre-election won for term 1
I20260608 12:38:52.200544  3330 raft_consensus.cc:493] T 106bcf0e775641b1830862a033019c15 P 3e87ab67bf1b46e1ad48ea859af99aa6 [term 0 FOLLOWER]: Starting leader election (no leader contacted us within the election timeout)
I20260608 12:38:52.200812  3330 raft_consensus.cc:3060] T 106bcf0e775641b1830862a033019c15 P 3e87ab67bf1b46e1ad48ea859af99aa6 [term 0 FOLLOWER]: Advancing to term 1
I20260608 12:38:52.205325  3330 raft_consensus.cc:515] T 106bcf0e775641b1830862a033019c15 P 3e87ab67bf1b46e1ad48ea859af99aa6 [term 1 FOLLOWER]: Starting leader election with config: opid_index: -1 OBSOLETE_local: false peers { permanent_uuid: "3e87ab67bf1b46e1ad48ea859af99aa6" member_type: VOTER last_known_addr { host: "127.0.107.193" port: 42911 } } peers { permanent_uuid: "897d980d523c4e06b61bda03682d63fe" member_type: VOTER last_known_addr { host: "127.0.107.194" port: 36249 } } peers { permanent_uuid: "57a576b588344a229caefd4552e154c7" member_type: VOTER last_known_addr { host: "127.0.107.195" port: 34273 } }
I20260608 12:38:52.206959  3330 leader_election.cc:290] T 106bcf0e775641b1830862a033019c15 P 3e87ab67bf1b46e1ad48ea859af99aa6 [CANDIDATE]: Term 1 election: Requested vote from peers 897d980d523c4e06b61bda03682d63fe (127.0.107.194:36249), 57a576b588344a229caefd4552e154c7 (127.0.107.195:34273)
I20260608 12:38:52.207798  3196 tablet_service.cc:1917] Received RequestConsensusVote() RPC: tablet_id: "106bcf0e775641b1830862a033019c15" candidate_uuid: "3e87ab67bf1b46e1ad48ea859af99aa6" candidate_term: 1 candidate_status { last_received { term: 0 index: 0 } } ignore_live_leader: false dest_uuid: "897d980d523c4e06b61bda03682d63fe"
I20260608 12:38:52.208196  3271 tablet_service.cc:1917] Received RequestConsensusVote() RPC: tablet_id: "106bcf0e775641b1830862a033019c15" candidate_uuid: "3e87ab67bf1b46e1ad48ea859af99aa6" candidate_term: 1 candidate_status { last_received { term: 0 index: 0 } } ignore_live_leader: false dest_uuid: "57a576b588344a229caefd4552e154c7"
I20260608 12:38:52.208396  3196 raft_consensus.cc:3060] T 106bcf0e775641b1830862a033019c15 P 897d980d523c4e06b61bda03682d63fe [term 0 FOLLOWER]: Advancing to term 1
I20260608 12:38:52.208771  3271 raft_consensus.cc:3060] T 106bcf0e775641b1830862a033019c15 P 57a576b588344a229caefd4552e154c7 [term 0 FOLLOWER]: Advancing to term 1
I20260608 12:38:52.215144  3271 raft_consensus.cc:2468] T 106bcf0e775641b1830862a033019c15 P 57a576b588344a229caefd4552e154c7 [term 1 FOLLOWER]: Leader election vote request: Granting yes vote for candidate 3e87ab67bf1b46e1ad48ea859af99aa6 in term 1.
I20260608 12:38:52.215144  3196 raft_consensus.cc:2468] T 106bcf0e775641b1830862a033019c15 P 897d980d523c4e06b61bda03682d63fe [term 1 FOLLOWER]: Leader election vote request: Granting yes vote for candidate 3e87ab67bf1b46e1ad48ea859af99aa6 in term 1.
I20260608 12:38:52.216682  3087 leader_election.cc:304] T 106bcf0e775641b1830862a033019c15 P 3e87ab67bf1b46e1ad48ea859af99aa6 [CANDIDATE]: Term 1 election: Election decided. Result: candidate won. Election summary: received 2 responses out of 3 voters: 2 yes votes; 0 no votes. yes voters: 3e87ab67bf1b46e1ad48ea859af99aa6, 897d980d523c4e06b61bda03682d63fe; no voters: 
I20260608 12:38:52.217514  3330 raft_consensus.cc:2804] T 106bcf0e775641b1830862a033019c15 P 3e87ab67bf1b46e1ad48ea859af99aa6 [term 1 FOLLOWER]: Leader election won for term 1
I20260608 12:38:52.218019  3330 raft_consensus.cc:697] T 106bcf0e775641b1830862a033019c15 P 3e87ab67bf1b46e1ad48ea859af99aa6 [term 1 LEADER]: Becoming Leader. State: Replica: 3e87ab67bf1b46e1ad48ea859af99aa6, State: Running, Role: LEADER
