[==========] Running 24 tests from 2 test suites.
[----------] Global test environment set-up.
[----------] 22 tests from AutoRebalancerTest
[ RUN      ] AutoRebalancerTest.OnlyLeaderDoesAutoRebalancing
WARNING: Logging before InitGoogleLogging() is written to STDERR
I20260608 12:37:26.334784   431 internal_mini_cluster.cc:156] Creating distributed mini masters. Addrs: 127.0.107.254:34791,127.0.107.253:38427,127.0.107.252:37531
I20260608 12:37:26.336686   431 env_posix.cc:2267] Not raising this process' open files per process limit of 1048576; it is already as high as it can go
I20260608 12:37:26.337771   431 file_cache.cc:492] Constructed file cache file cache with capacity 419430
W20260608 12:37:26.357769   438 instance_detector.cc:116] could not retrieve Azure instance metadata: Network error: curl error: HTTP response code said error: The requested URL returned error: 404
W20260608 12:37:26.357859   437 instance_detector.cc:116] could not retrieve AWS instance metadata: Network error: curl error: HTTP response code said error: The requested URL returned error: 404
W20260608 12:37:26.360634   440 instance_detector.cc:116] could not retrieve OpenStack instance metadata: Network error: curl error: HTTP response code said error: The requested URL returned error: 404
W20260608 12:37:27.569458   439 instance_detector.cc:116] could not retrieve GCE instance metadata: Timed out: curl timeout: Timeout was reached: Connection time-out
I20260608 12:37:27.569674   431 server_base.cc:1056] Not found: could not retrieve instance metadata: unable to detect cloud type of this node, probably running in non-cloud environment
I20260608 12:37:27.573714   431 hybrid_clock.cc:584] initializing the hybrid clock with 'system_unsync' time source
W20260608 12:37:27.573962   431 system_unsync_time.cc:38] NTP support is disabled. Clock error bounds will not be accurate. This configuration is not suitable for distributed clusters.
I20260608 12:37:27.574129   431 hybrid_clock.cc:648] HybridClock initialized: now 1780922247574110 us; error 0 us; skew 500 ppm
I20260608 12:37:27.574995   431 server_base.cc:861] Flag tcmalloc_max_total_thread_cache_bytes is not working since tcmalloc is not enabled.
I20260608 12:37:27.580973   431 webserver.cc:533] Webserver started at http://127.0.107.254:37369/ using document root <none> and password file <none>
I20260608 12:37:27.581857   431 fs_manager.cc:362] Metadata directory not provided
I20260608 12:37:27.582067   431 fs_manager.cc:368] Using write-ahead log directory (fs_wal_dir) as metadata directory
I20260608 12:37:27.582484   431 server_base.cc:909] This appears to be a new deployment of Kudu; creating new FS layout
I20260608 12:37:27.588393   431 fs_manager.cc:1068] Generated new instance metadata in path /tmp/dist-test-taskEpex3X/test-tmp/auto_rebalancer-test.0.AutoRebalancerTest.OnlyLeaderDoesAutoRebalancing.1780922246159600-431-0/minicluster-data/master-0-root/instance:
uuid: "6fac495a78c84fc9898b0ea1bfc55d89"
format_stamp: "Formatted at 2026-06-08 12:37:27 on dist-test-slave-zch2"
I20260608 12:37:27.597056   431 fs_manager.cc:696] Time spent creating directory manager: real 0.008s	user 0.007s	sys 0.000s
I20260608 12:37:27.602700   446 log_block_manager.cc:4031] Time spent loading block containers with low live blocks: real 0.000s	user 0.000s	sys 0.000s
I20260608 12:37:27.604400   431 fs_manager.cc:730] Time spent opening block manager: real 0.004s	user 0.002s	sys 0.000s
I20260608 12:37:27.604794   431 fs_manager.cc:647] Opened local filesystem: /tmp/dist-test-taskEpex3X/test-tmp/auto_rebalancer-test.0.AutoRebalancerTest.OnlyLeaderDoesAutoRebalancing.1780922246159600-431-0/minicluster-data/master-0-root
uuid: "6fac495a78c84fc9898b0ea1bfc55d89"
format_stamp: "Formatted at 2026-06-08 12:37:27 on dist-test-slave-zch2"
I20260608 12:37:27.605175   431 fs_report.cc:389] FS layout report
--------------------
wal directory: /tmp/dist-test-taskEpex3X/test-tmp/auto_rebalancer-test.0.AutoRebalancerTest.OnlyLeaderDoesAutoRebalancing.1780922246159600-431-0/minicluster-data/master-0-root
metadata directory: /tmp/dist-test-taskEpex3X/test-tmp/auto_rebalancer-test.0.AutoRebalancerTest.OnlyLeaderDoesAutoRebalancing.1780922246159600-431-0/minicluster-data/master-0-root
1 data directories: /tmp/dist-test-taskEpex3X/test-tmp/auto_rebalancer-test.0.AutoRebalancerTest.OnlyLeaderDoesAutoRebalancing.1780922246159600-431-0/minicluster-data/master-0-root/data
Total live blocks: 0
Total live bytes: 0
Total live bytes (after alignment): 0
Total number of LBM containers: 0 (0 full)
Did not check for missing blocks
Did not check for orphaned blocks
Total full LBM containers with extra space: 0 (0 repaired)
Total full LBM container extra space in bytes: 0 (0 repaired)
Total incomplete LBM containers: 0 (0 repaired)
Total LBM partial records: 0 (0 repaired)
Total corrupted LBM metadata records in RocksDB: 0 (0 repaired)
I20260608 12:37:27.667714   431 rpc_server.cc:225] running with OpenSSL 1.1.1  11 Sep 2018
I20260608 12:37:27.669556   431 env_posix.cc:2267] Not raising this process' running threads per effective uid limit of 18446744073709551615; it is already as high as it can go
I20260608 12:37:27.670153   431 kserver.cc:163] Server-wide thread pool size limit: 3276
I20260608 12:37:27.758123   431 rpc_server.cc:307] RPC server started. Bound to: 127.0.107.254:34791
I20260608 12:37:27.758240   497 acceptor_pool.cc:272] collecting diagnostics on the listening RPC socket 127.0.107.254:34791 every 8 connection(s)
I20260608 12:37:27.765092   431 file_cache.cc:492] Constructed file cache file cache with capacity 419430
I20260608 12:37:27.768203   498 data_dirs.cc:400] Could only allocate 1 dirs of requested 3 for tablet 00000000000000000000000000000000. 1 dirs total, 0 dirs full, 0 dirs failed
W20260608 12:37:27.774755   500 instance_detector.cc:116] could not retrieve AWS instance metadata: Network error: curl error: HTTP response code said error: The requested URL returned error: 404
W20260608 12:37:27.777596   501 instance_detector.cc:116] could not retrieve Azure instance metadata: Network error: curl error: HTTP response code said error: The requested URL returned error: 404
W20260608 12:37:27.778790   503 instance_detector.cc:116] could not retrieve OpenStack instance metadata: Network error: curl error: HTTP response code said error: The requested URL returned error: 404
I20260608 12:37:27.780787   431 server_base.cc:1061] running on GCE node
I20260608 12:37:27.781493   431 hybrid_clock.cc:584] initializing the hybrid clock with 'system_unsync' time source
W20260608 12:37:27.781718   431 system_unsync_time.cc:38] NTP support is disabled. Clock error bounds will not be accurate. This configuration is not suitable for distributed clusters.
I20260608 12:37:27.781919   431 hybrid_clock.cc:648] HybridClock initialized: now 1780922247781901 us; error 0 us; skew 500 ppm
I20260608 12:37:27.782557   431 server_base.cc:861] Flag tcmalloc_max_total_thread_cache_bytes is not working since tcmalloc is not enabled.
I20260608 12:37:27.786636   431 webserver.cc:533] Webserver started at http://127.0.107.253:33067/ using document root <none> and password file <none>
I20260608 12:37:27.787204   431 fs_manager.cc:362] Metadata directory not provided
I20260608 12:37:27.787434   431 fs_manager.cc:368] Using write-ahead log directory (fs_wal_dir) as metadata directory
I20260608 12:37:27.787781   431 server_base.cc:909] This appears to be a new deployment of Kudu; creating new FS layout
I20260608 12:37:27.788897   431 fs_manager.cc:1068] Generated new instance metadata in path /tmp/dist-test-taskEpex3X/test-tmp/auto_rebalancer-test.0.AutoRebalancerTest.OnlyLeaderDoesAutoRebalancing.1780922246159600-431-0/minicluster-data/master-1-root/instance:
uuid: "b3eca232fc1b4f0590f9124b3eb56b32"
format_stamp: "Formatted at 2026-06-08 12:37:27 on dist-test-slave-zch2"
I20260608 12:37:27.791968   498 sys_catalog.cc:422] member_type: VOTER last_known_addr { host: "127.0.107.254" port: 34791 } has no permanent_uuid. Determining permanent_uuid...
I20260608 12:37:27.794921   431 fs_manager.cc:696] Time spent creating directory manager: real 0.005s	user 0.000s	sys 0.006s
I20260608 12:37:27.807406   510 log_block_manager.cc:4031] Time spent loading block containers with low live blocks: real 0.000s	user 0.000s	sys 0.000s
I20260608 12:37:27.808583   431 fs_manager.cc:730] Time spent opening block manager: real 0.011s	user 0.001s	sys 0.007s
I20260608 12:37:27.808993   431 fs_manager.cc:647] Opened local filesystem: /tmp/dist-test-taskEpex3X/test-tmp/auto_rebalancer-test.0.AutoRebalancerTest.OnlyLeaderDoesAutoRebalancing.1780922246159600-431-0/minicluster-data/master-1-root
uuid: "b3eca232fc1b4f0590f9124b3eb56b32"
format_stamp: "Formatted at 2026-06-08 12:37:27 on dist-test-slave-zch2"
I20260608 12:37:27.809410   431 fs_report.cc:389] FS layout report
--------------------
wal directory: /tmp/dist-test-taskEpex3X/test-tmp/auto_rebalancer-test.0.AutoRebalancerTest.OnlyLeaderDoesAutoRebalancing.1780922246159600-431-0/minicluster-data/master-1-root
metadata directory: /tmp/dist-test-taskEpex3X/test-tmp/auto_rebalancer-test.0.AutoRebalancerTest.OnlyLeaderDoesAutoRebalancing.1780922246159600-431-0/minicluster-data/master-1-root
1 data directories: /tmp/dist-test-taskEpex3X/test-tmp/auto_rebalancer-test.0.AutoRebalancerTest.OnlyLeaderDoesAutoRebalancing.1780922246159600-431-0/minicluster-data/master-1-root/data
Total live blocks: 0
Total live bytes: 0
Total live bytes (after alignment): 0
Total number of LBM containers: 0 (0 full)
Did not check for missing blocks
Did not check for orphaned blocks
Total full LBM containers with extra space: 0 (0 repaired)
Total full LBM container extra space in bytes: 0 (0 repaired)
Total incomplete LBM containers: 0 (0 repaired)
Total LBM partial records: 0 (0 repaired)
Total corrupted LBM metadata records in RocksDB: 0 (0 repaired)
I20260608 12:37:27.834116   431 rpc_server.cc:225] running with OpenSSL 1.1.1  11 Sep 2018
I20260608 12:37:27.835659   431 kserver.cc:163] Server-wide thread pool size limit: 3276
I20260608 12:37:27.843503   498 sys_catalog.cc:422] member_type: VOTER last_known_addr { host: "127.0.107.253" port: 38427 } has no permanent_uuid. Determining permanent_uuid...
W20260608 12:37:27.846413   447 proxy.cc:239] Call had error, refreshing address and retrying: Network error: Client connection negotiation failed: client connection to 127.0.107.253:38427: connect: Connection refused (error 111)
W20260608 12:37:27.851318   498 consensus_peers.cc:760] Error getting permanent uuid from config peer 127.0.107.253:38427: Network error: Client connection negotiation failed: client connection to 127.0.107.253:38427: connect: Connection refused (error 111)
I20260608 12:37:27.901239   498 consensus_peers.cc:770] Retrying to get permanent uuid for remote peer: member_type: VOTER last_known_addr { host: "127.0.107.253" port: 38427 } attempt: 1
W20260608 12:37:27.907141   498 consensus_peers.cc:760] Error getting permanent uuid from config peer 127.0.107.253:38427: Network error: Client connection negotiation failed: client connection to 127.0.107.253:38427: connect: Connection refused (error 111)
I20260608 12:37:27.918136   431 rpc_server.cc:307] RPC server started. Bound to: 127.0.107.253:38427
I20260608 12:37:27.918442   562 acceptor_pool.cc:272] collecting diagnostics on the listening RPC socket 127.0.107.253:38427 every 8 connection(s)
I20260608 12:37:27.924882   563 data_dirs.cc:400] Could only allocate 1 dirs of requested 3 for tablet 00000000000000000000000000000000. 1 dirs total, 0 dirs full, 0 dirs failed
I20260608 12:37:27.924964   431 file_cache.cc:492] Constructed file cache file cache with capacity 419430
I20260608 12:37:27.931749   563 sys_catalog.cc:422] member_type: VOTER last_known_addr { host: "127.0.107.254" port: 34791 } has no permanent_uuid. Determining permanent_uuid...
W20260608 12:37:27.933213   565 instance_detector.cc:116] could not retrieve AWS instance metadata: Network error: curl error: HTTP response code said error: The requested URL returned error: 404
W20260608 12:37:27.934780   566 instance_detector.cc:116] could not retrieve Azure instance metadata: Network error: curl error: HTTP response code said error: The requested URL returned error: 404
W20260608 12:37:27.942034   569 instance_detector.cc:116] could not retrieve OpenStack instance metadata: Network error: curl error: HTTP response code said error: The requested URL returned error: 404
I20260608 12:37:27.942968   431 server_base.cc:1061] running on GCE node
I20260608 12:37:27.944049   431 hybrid_clock.cc:584] initializing the hybrid clock with 'system_unsync' time source
W20260608 12:37:27.944350   431 system_unsync_time.cc:38] NTP support is disabled. Clock error bounds will not be accurate. This configuration is not suitable for distributed clusters.
I20260608 12:37:27.944599   431 hybrid_clock.cc:648] HybridClock initialized: now 1780922247944576 us; error 0 us; skew 500 ppm
I20260608 12:37:27.945319   431 server_base.cc:861] Flag tcmalloc_max_total_thread_cache_bytes is not working since tcmalloc is not enabled.
I20260608 12:37:27.949080   431 webserver.cc:533] Webserver started at http://127.0.107.252:35611/ using document root <none> and password file <none>
I20260608 12:37:27.949780   431 fs_manager.cc:362] Metadata directory not provided
I20260608 12:37:27.950033   431 fs_manager.cc:368] Using write-ahead log directory (fs_wal_dir) as metadata directory
I20260608 12:37:27.950393   431 server_base.cc:909] This appears to be a new deployment of Kudu; creating new FS layout
I20260608 12:37:27.950855   563 sys_catalog.cc:422] member_type: VOTER last_known_addr { host: "127.0.107.253" port: 38427 } has no permanent_uuid. Determining permanent_uuid...
I20260608 12:37:27.952033   431 fs_manager.cc:1068] Generated new instance metadata in path /tmp/dist-test-taskEpex3X/test-tmp/auto_rebalancer-test.0.AutoRebalancerTest.OnlyLeaderDoesAutoRebalancing.1780922246159600-431-0/minicluster-data/master-2-root/instance:
uuid: "80c16f19b2d242388e8f40887b011217"
format_stamp: "Formatted at 2026-06-08 12:37:27 on dist-test-slave-zch2"
I20260608 12:37:27.960209   431 fs_manager.cc:696] Time spent creating directory manager: real 0.007s	user 0.006s	sys 0.000s
I20260608 12:37:27.966430   575 log_block_manager.cc:4031] Time spent loading block containers with low live blocks: real 0.000s	user 0.000s	sys 0.000s
I20260608 12:37:27.966480   563 sys_catalog.cc:422] member_type: VOTER last_known_addr { host: "127.0.107.252" port: 37531 } has no permanent_uuid. Determining permanent_uuid...
I20260608 12:37:27.967511   431 fs_manager.cc:730] Time spent opening block manager: real 0.004s	user 0.001s	sys 0.005s
I20260608 12:37:27.967965   431 fs_manager.cc:647] Opened local filesystem: /tmp/dist-test-taskEpex3X/test-tmp/auto_rebalancer-test.0.AutoRebalancerTest.OnlyLeaderDoesAutoRebalancing.1780922246159600-431-0/minicluster-data/master-2-root
uuid: "80c16f19b2d242388e8f40887b011217"
format_stamp: "Formatted at 2026-06-08 12:37:27 on dist-test-slave-zch2"
I20260608 12:37:27.968266   431 fs_report.cc:389] FS layout report
--------------------
wal directory: /tmp/dist-test-taskEpex3X/test-tmp/auto_rebalancer-test.0.AutoRebalancerTest.OnlyLeaderDoesAutoRebalancing.1780922246159600-431-0/minicluster-data/master-2-root
metadata directory: /tmp/dist-test-taskEpex3X/test-tmp/auto_rebalancer-test.0.AutoRebalancerTest.OnlyLeaderDoesAutoRebalancing.1780922246159600-431-0/minicluster-data/master-2-root
1 data directories: /tmp/dist-test-taskEpex3X/test-tmp/auto_rebalancer-test.0.AutoRebalancerTest.OnlyLeaderDoesAutoRebalancing.1780922246159600-431-0/minicluster-data/master-2-root/data
Total live blocks: 0
Total live bytes: 0
Total live bytes (after alignment): 0
Total number of LBM containers: 0 (0 full)
Did not check for missing blocks
Did not check for orphaned blocks
Total full LBM containers with extra space: 0 (0 repaired)
Total full LBM container extra space in bytes: 0 (0 repaired)
Total incomplete LBM containers: 0 (0 repaired)
Total LBM partial records: 0 (0 repaired)
Total corrupted LBM metadata records in RocksDB: 0 (0 repaired)
W20260608 12:37:27.974527   563 consensus_peers.cc:760] Error getting permanent uuid from config peer 127.0.107.252:37531: Network error: Client connection negotiation failed: client connection to 127.0.107.252:37531: connect: Connection refused (error 111)
I20260608 12:37:27.975615   498 consensus_peers.cc:770] Retrying to get permanent uuid for remote peer: member_type: VOTER last_known_addr { host: "127.0.107.253" port: 38427 } attempt: 2
I20260608 12:37:27.986402   498 sys_catalog.cc:422] member_type: VOTER last_known_addr { host: "127.0.107.252" port: 37531 } has no permanent_uuid. Determining permanent_uuid...
W20260608 12:37:27.991313   498 consensus_peers.cc:760] Error getting permanent uuid from config peer 127.0.107.252:37531: Network error: Client connection negotiation failed: client connection to 127.0.107.252:37531: connect: Connection refused (error 111)
I20260608 12:37:27.999706   431 rpc_server.cc:225] running with OpenSSL 1.1.1  11 Sep 2018
I20260608 12:37:28.000980   431 kserver.cc:163] Server-wide thread pool size limit: 3276
I20260608 12:37:28.018656   563 consensus_peers.cc:770] Retrying to get permanent uuid for remote peer: member_type: VOTER last_known_addr { host: "127.0.107.252" port: 37531 } attempt: 1
I20260608 12:37:28.023432   498 consensus_peers.cc:770] Retrying to get permanent uuid for remote peer: member_type: VOTER last_known_addr { host: "127.0.107.252" port: 37531 } attempt: 1
W20260608 12:37:28.026049   563 consensus_peers.cc:760] Error getting permanent uuid from config peer 127.0.107.252:37531: Network error: Client connection negotiation failed: client connection to 127.0.107.252:37531: connect: Connection refused (error 111)
W20260608 12:37:28.030874   498 consensus_peers.cc:760] Error getting permanent uuid from config peer 127.0.107.252:37531: Network error: Client connection negotiation failed: client connection to 127.0.107.252:37531: connect: Connection refused (error 111)
I20260608 12:37:28.081744   431 rpc_server.cc:307] RPC server started. Bound to: 127.0.107.252:37531
I20260608 12:37:28.081914   627 acceptor_pool.cc:272] collecting diagnostics on the listening RPC socket 127.0.107.252:37531 every 8 connection(s)
I20260608 12:37:28.086148   431 internal_mini_cluster.cc:184] Waiting to initialize catalog manager on master 0
I20260608 12:37:28.087565   628 data_dirs.cc:400] Could only allocate 1 dirs of requested 3 for tablet 00000000000000000000000000000000. 1 dirs total, 0 dirs full, 0 dirs failed
I20260608 12:37:28.093367   628 sys_catalog.cc:422] member_type: VOTER last_known_addr { host: "127.0.107.254" port: 34791 } has no permanent_uuid. Determining permanent_uuid...
I20260608 12:37:28.098476   498 consensus_peers.cc:770] Retrying to get permanent uuid for remote peer: member_type: VOTER last_known_addr { host: "127.0.107.252" port: 37531 } attempt: 2
I20260608 12:37:28.101958   563 consensus_peers.cc:770] Retrying to get permanent uuid for remote peer: member_type: VOTER last_known_addr { host: "127.0.107.252" port: 37531 } attempt: 2
I20260608 12:37:28.112028   628 sys_catalog.cc:422] member_type: VOTER last_known_addr { host: "127.0.107.253" port: 38427 } has no permanent_uuid. Determining permanent_uuid...
I20260608 12:37:28.125167   628 sys_catalog.cc:422] member_type: VOTER last_known_addr { host: "127.0.107.252" port: 37531 } has no permanent_uuid. Determining permanent_uuid...
I20260608 12:37:28.126291   498 tablet_bootstrap.cc:492] T 00000000000000000000000000000000 P 6fac495a78c84fc9898b0ea1bfc55d89: Bootstrap starting.
I20260608 12:37:28.127055   563 tablet_bootstrap.cc:492] T 00000000000000000000000000000000 P b3eca232fc1b4f0590f9124b3eb56b32: Bootstrap starting.
I20260608 12:37:28.134608   563 tablet_bootstrap.cc:654] T 00000000000000000000000000000000 P b3eca232fc1b4f0590f9124b3eb56b32: Neither blocks nor log segments found. Creating new log.
I20260608 12:37:28.135027   498 tablet_bootstrap.cc:654] T 00000000000000000000000000000000 P 6fac495a78c84fc9898b0ea1bfc55d89: Neither blocks nor log segments found. Creating new log.
I20260608 12:37:28.137748   563 log.cc:826] T 00000000000000000000000000000000 P b3eca232fc1b4f0590f9124b3eb56b32: Log is configured to *not* fsync() on all Append() calls
I20260608 12:37:28.146222   498 tablet_bootstrap.cc:492] T 00000000000000000000000000000000 P 6fac495a78c84fc9898b0ea1bfc55d89: No bootstrap required, opened a new log
I20260608 12:37:28.146652   563 tablet_bootstrap.cc:492] T 00000000000000000000000000000000 P b3eca232fc1b4f0590f9124b3eb56b32: No bootstrap required, opened a new log
I20260608 12:37:28.147168   628 tablet_bootstrap.cc:492] T 00000000000000000000000000000000 P 80c16f19b2d242388e8f40887b011217: Bootstrap starting.
I20260608 12:37:28.153370   628 tablet_bootstrap.cc:654] T 00000000000000000000000000000000 P 80c16f19b2d242388e8f40887b011217: Neither blocks nor log segments found. Creating new log.
I20260608 12:37:28.159051   628 tablet_bootstrap.cc:492] T 00000000000000000000000000000000 P 80c16f19b2d242388e8f40887b011217: No bootstrap required, opened a new log
I20260608 12:37:28.168056   628 raft_consensus.cc:359] T 00000000000000000000000000000000 P 80c16f19b2d242388e8f40887b011217 [term 0 FOLLOWER]: Replica starting. Triggering 0 pending ops. Active config: opid_index: -1 OBSOLETE_local: false peers { permanent_uuid: "6fac495a78c84fc9898b0ea1bfc55d89" member_type: VOTER last_known_addr { host: "127.0.107.254" port: 34791 } } peers { permanent_uuid: "b3eca232fc1b4f0590f9124b3eb56b32" member_type: VOTER last_known_addr { host: "127.0.107.253" port: 38427 } } peers { permanent_uuid: "80c16f19b2d242388e8f40887b011217" member_type: VOTER last_known_addr { host: "127.0.107.252" port: 37531 } }
I20260608 12:37:28.168064   563 raft_consensus.cc:359] T 00000000000000000000000000000000 P b3eca232fc1b4f0590f9124b3eb56b32 [term 0 FOLLOWER]: Replica starting. Triggering 0 pending ops. Active config: opid_index: -1 OBSOLETE_local: false peers { permanent_uuid: "6fac495a78c84fc9898b0ea1bfc55d89" member_type: VOTER last_known_addr { host: "127.0.107.254" port: 34791 } } peers { permanent_uuid: "b3eca232fc1b4f0590f9124b3eb56b32" member_type: VOTER last_known_addr { host: "127.0.107.253" port: 38427 } } peers { permanent_uuid: "80c16f19b2d242388e8f40887b011217" member_type: VOTER last_known_addr { host: "127.0.107.252" port: 37531 } }
I20260608 12:37:28.168064   498 raft_consensus.cc:359] T 00000000000000000000000000000000 P 6fac495a78c84fc9898b0ea1bfc55d89 [term 0 FOLLOWER]: Replica starting. Triggering 0 pending ops. Active config: opid_index: -1 OBSOLETE_local: false peers { permanent_uuid: "6fac495a78c84fc9898b0ea1bfc55d89" member_type: VOTER last_known_addr { host: "127.0.107.254" port: 34791 } } peers { permanent_uuid: "b3eca232fc1b4f0590f9124b3eb56b32" member_type: VOTER last_known_addr { host: "127.0.107.253" port: 38427 } } peers { permanent_uuid: "80c16f19b2d242388e8f40887b011217" member_type: VOTER last_known_addr { host: "127.0.107.252" port: 37531 } }
I20260608 12:37:28.169524   628 raft_consensus.cc:385] T 00000000000000000000000000000000 P 80c16f19b2d242388e8f40887b011217 [term 0 FOLLOWER]: Consensus starting up: Expiring failure detector timer to make a prompt election more likely
I20260608 12:37:28.169646   498 raft_consensus.cc:385] T 00000000000000000000000000000000 P 6fac495a78c84fc9898b0ea1bfc55d89 [term 0 FOLLOWER]: Consensus starting up: Expiring failure detector timer to make a prompt election more likely
I20260608 12:37:28.169608   563 raft_consensus.cc:385] T 00000000000000000000000000000000 P b3eca232fc1b4f0590f9124b3eb56b32 [term 0 FOLLOWER]: Consensus starting up: Expiring failure detector timer to make a prompt election more likely
I20260608 12:37:28.169922   628 raft_consensus.cc:740] T 00000000000000000000000000000000 P 80c16f19b2d242388e8f40887b011217 [term 0 FOLLOWER]: Becoming Follower/Learner. State: Replica: 80c16f19b2d242388e8f40887b011217, State: Initialized, Role: FOLLOWER
I20260608 12:37:28.170076   563 raft_consensus.cc:740] T 00000000000000000000000000000000 P b3eca232fc1b4f0590f9124b3eb56b32 [term 0 FOLLOWER]: Becoming Follower/Learner. State: Replica: b3eca232fc1b4f0590f9124b3eb56b32, State: Initialized, Role: FOLLOWER
I20260608 12:37:28.170046   498 raft_consensus.cc:740] T 00000000000000000000000000000000 P 6fac495a78c84fc9898b0ea1bfc55d89 [term 0 FOLLOWER]: Becoming Follower/Learner. State: Replica: 6fac495a78c84fc9898b0ea1bfc55d89, State: Initialized, Role: FOLLOWER
I20260608 12:37:28.171244   563 consensus_queue.cc:260] T 00000000000000000000000000000000 P b3eca232fc1b4f0590f9124b3eb56b32 [NON_LEADER]: Queue going to NON_LEADER mode. State: All replicated index: 0, Majority replicated index: 0, Committed index: 0, Last appended: 0.0, Last appended by leader: 0, Current term: 0, Majority size: -1, State: 0, Mode: NON_LEADER, active raft config: opid_index: -1 OBSOLETE_local: false peers { permanent_uuid: "6fac495a78c84fc9898b0ea1bfc55d89" member_type: VOTER last_known_addr { host: "127.0.107.254" port: 34791 } } peers { permanent_uuid: "b3eca232fc1b4f0590f9124b3eb56b32" member_type: VOTER last_known_addr { host: "127.0.107.253" port: 38427 } } peers { permanent_uuid: "80c16f19b2d242388e8f40887b011217" member_type: VOTER last_known_addr { host: "127.0.107.252" port: 37531 } }
I20260608 12:37:28.171247   628 consensus_queue.cc:260] T 00000000000000000000000000000000 P 80c16f19b2d242388e8f40887b011217 [NON_LEADER]: Queue going to NON_LEADER mode. State: All replicated index: 0, Majority replicated index: 0, Committed index: 0, Last appended: 0.0, Last appended by leader: 0, Current term: 0, Majority size: -1, State: 0, Mode: NON_LEADER, active raft config: opid_index: -1 OBSOLETE_local: false peers { permanent_uuid: "6fac495a78c84fc9898b0ea1bfc55d89" member_type: VOTER last_known_addr { host: "127.0.107.254" port: 34791 } } peers { permanent_uuid: "b3eca232fc1b4f0590f9124b3eb56b32" member_type: VOTER last_known_addr { host: "127.0.107.253" port: 38427 } } peers { permanent_uuid: "80c16f19b2d242388e8f40887b011217" member_type: VOTER last_known_addr { host: "127.0.107.252" port: 37531 } }
I20260608 12:37:28.171247   498 consensus_queue.cc:260] T 00000000000000000000000000000000 P 6fac495a78c84fc9898b0ea1bfc55d89 [NON_LEADER]: Queue going to NON_LEADER mode. State: All replicated index: 0, Majority replicated index: 0, Committed index: 0, Last appended: 0.0, Last appended by leader: 0, Current term: 0, Majority size: -1, State: 0, Mode: NON_LEADER, active raft config: opid_index: -1 OBSOLETE_local: false peers { permanent_uuid: "6fac495a78c84fc9898b0ea1bfc55d89" member_type: VOTER last_known_addr { host: "127.0.107.254" port: 34791 } } peers { permanent_uuid: "b3eca232fc1b4f0590f9124b3eb56b32" member_type: VOTER last_known_addr { host: "127.0.107.253" port: 38427 } } peers { permanent_uuid: "80c16f19b2d242388e8f40887b011217" member_type: VOTER last_known_addr { host: "127.0.107.252" port: 37531 } }
I20260608 12:37:28.179333   638 sys_catalog.cc:455] T 00000000000000000000000000000000 P 6fac495a78c84fc9898b0ea1bfc55d89 [sys.catalog]: SysCatalogTable state changed. Reason: RaftConsensus started. Latest consensus state: current_term: 0 committed_config { opid_index: -1 OBSOLETE_local: false peers { permanent_uuid: "6fac495a78c84fc9898b0ea1bfc55d89" member_type: VOTER last_known_addr { host: "127.0.107.254" port: 34791 } } peers { permanent_uuid: "b3eca232fc1b4f0590f9124b3eb56b32" member_type: VOTER last_known_addr { host: "127.0.107.253" port: 38427 } } peers { permanent_uuid: "80c16f19b2d242388e8f40887b011217" member_type: VOTER last_known_addr { host: "127.0.107.252" port: 37531 } } }
I20260608 12:37:28.179775   637 sys_catalog.cc:455] T 00000000000000000000000000000000 P 80c16f19b2d242388e8f40887b011217 [sys.catalog]: SysCatalogTable state changed. Reason: RaftConsensus started. Latest consensus state: current_term: 0 committed_config { opid_index: -1 OBSOLETE_local: false peers { permanent_uuid: "6fac495a78c84fc9898b0ea1bfc55d89" member_type: VOTER last_known_addr { host: "127.0.107.254" port: 34791 } } peers { permanent_uuid: "b3eca232fc1b4f0590f9124b3eb56b32" member_type: VOTER last_known_addr { host: "127.0.107.253" port: 38427 } } peers { permanent_uuid: "80c16f19b2d242388e8f40887b011217" member_type: VOTER last_known_addr { host: "127.0.107.252" port: 37531 } } }
I20260608 12:37:28.181525   638 sys_catalog.cc:458] T 00000000000000000000000000000000 P 6fac495a78c84fc9898b0ea1bfc55d89 [sys.catalog]: This master's current role is: FOLLOWER
I20260608 12:37:28.181500   637 sys_catalog.cc:458] T 00000000000000000000000000000000 P 80c16f19b2d242388e8f40887b011217 [sys.catalog]: This master's current role is: FOLLOWER
I20260608 12:37:28.181847   498 sys_catalog.cc:565] T 00000000000000000000000000000000 P 6fac495a78c84fc9898b0ea1bfc55d89 [sys.catalog]: configured and running, proceeding with master startup.
I20260608 12:37:28.181952   628 sys_catalog.cc:565] T 00000000000000000000000000000000 P 80c16f19b2d242388e8f40887b011217 [sys.catalog]: configured and running, proceeding with master startup.
I20260608 12:37:28.182425   636 sys_catalog.cc:455] T 00000000000000000000000000000000 P b3eca232fc1b4f0590f9124b3eb56b32 [sys.catalog]: SysCatalogTable state changed. Reason: RaftConsensus started. Latest consensus state: current_term: 0 committed_config { opid_index: -1 OBSOLETE_local: false peers { permanent_uuid: "6fac495a78c84fc9898b0ea1bfc55d89" member_type: VOTER last_known_addr { host: "127.0.107.254" port: 34791 } } peers { permanent_uuid: "b3eca232fc1b4f0590f9124b3eb56b32" member_type: VOTER last_known_addr { host: "127.0.107.253" port: 38427 } } peers { permanent_uuid: "80c16f19b2d242388e8f40887b011217" member_type: VOTER last_known_addr { host: "127.0.107.252" port: 37531 } } }
I20260608 12:37:28.183131   563 sys_catalog.cc:565] T 00000000000000000000000000000000 P b3eca232fc1b4f0590f9124b3eb56b32 [sys.catalog]: configured and running, proceeding with master startup.
I20260608 12:37:28.183228   636 sys_catalog.cc:458] T 00000000000000000000000000000000 P b3eca232fc1b4f0590f9124b3eb56b32 [sys.catalog]: This master's current role is: FOLLOWER
W20260608 12:37:28.244989   666 catalog_manager.cc:1593] T 00000000000000000000000000000000 P 80c16f19b2d242388e8f40887b011217: loading cluster ID for follower catalog manager: Not found: cluster ID entry not found
W20260608 12:37:28.245335   666 catalog_manager.cc:883] Not found: cluster ID entry not found: failed to prepare follower catalog manager, will retry
I20260608 12:37:28.248366   431 internal_mini_cluster.cc:184] Waiting to initialize catalog manager on master 1
I20260608 12:37:28.248680   431 internal_mini_cluster.cc:184] Waiting to initialize catalog manager on master 2
W20260608 12:37:28.249855   671 catalog_manager.cc:1593] T 00000000000000000000000000000000 P b3eca232fc1b4f0590f9124b3eb56b32: loading cluster ID for follower catalog manager: Not found: cluster ID entry not found
W20260608 12:37:28.250192   671 catalog_manager.cc:883] Not found: cluster ID entry not found: failed to prepare follower catalog manager, will retry
I20260608 12:37:28.250707   431 file_cache.cc:492] Constructed file cache file cache with capacity 419430
W20260608 12:37:28.254370   672 catalog_manager.cc:1593] T 00000000000000000000000000000000 P 6fac495a78c84fc9898b0ea1bfc55d89: loading cluster ID for follower catalog manager: Not found: cluster ID entry not found
W20260608 12:37:28.254710   672 catalog_manager.cc:883] Not found: cluster ID entry not found: failed to prepare follower catalog manager, will retry
W20260608 12:37:28.256220   582 tablet.cc:2404] T 00000000000000000000000000000000 P 80c16f19b2d242388e8f40887b011217: Can't schedule compaction. Clean time has not been advanced past its initial value.
W20260608 12:37:28.259250   673 instance_detector.cc:116] could not retrieve AWS instance metadata: Network error: curl error: HTTP response code said error: The requested URL returned error: 404
W20260608 12:37:28.261374   674 instance_detector.cc:116] could not retrieve Azure instance metadata: Network error: curl error: HTTP response code said error: The requested URL returned error: 404
W20260608 12:37:28.265821   676 instance_detector.cc:116] could not retrieve OpenStack instance metadata: Network error: curl error: HTTP response code said error: The requested URL returned error: 404
I20260608 12:37:28.266978   431 server_base.cc:1061] running on GCE node
I20260608 12:37:28.268150   431 hybrid_clock.cc:584] initializing the hybrid clock with 'system_unsync' time source
W20260608 12:37:28.268426   431 system_unsync_time.cc:38] NTP support is disabled. Clock error bounds will not be accurate. This configuration is not suitable for distributed clusters.
I20260608 12:37:28.268653   431 hybrid_clock.cc:648] HybridClock initialized: now 1780922248268633 us; error 0 us; skew 500 ppm
I20260608 12:37:28.269476   431 server_base.cc:861] Flag tcmalloc_max_total_thread_cache_bytes is not working since tcmalloc is not enabled.
I20260608 12:37:28.272711   431 webserver.cc:533] Webserver started at http://127.0.107.193:33155/ using document root <none> and password file <none>
I20260608 12:37:28.273420   431 fs_manager.cc:362] Metadata directory not provided
I20260608 12:37:28.273684   431 fs_manager.cc:368] Using write-ahead log directory (fs_wal_dir) as metadata directory
I20260608 12:37:28.274029   431 server_base.cc:909] This appears to be a new deployment of Kudu; creating new FS layout
I20260608 12:37:28.276340   431 fs_manager.cc:1068] Generated new instance metadata in path /tmp/dist-test-taskEpex3X/test-tmp/auto_rebalancer-test.0.AutoRebalancerTest.OnlyLeaderDoesAutoRebalancing.1780922246159600-431-0/minicluster-data/ts-0-root/instance:
uuid: "025b56d4f9a345a28aa6374c0ba84a19"
format_stamp: "Formatted at 2026-06-08 12:37:28 on dist-test-slave-zch2"
I20260608 12:37:28.283010   431 fs_manager.cc:696] Time spent creating directory manager: real 0.006s	user 0.006s	sys 0.000s
I20260608 12:37:28.288093   681 log_block_manager.cc:4031] Time spent loading block containers with low live blocks: real 0.000s	user 0.000s	sys 0.000s
I20260608 12:37:28.289063   431 fs_manager.cc:730] Time spent opening block manager: real 0.003s	user 0.004s	sys 0.000s
I20260608 12:37:28.289855   431 fs_manager.cc:647] Opened local filesystem: /tmp/dist-test-taskEpex3X/test-tmp/auto_rebalancer-test.0.AutoRebalancerTest.OnlyLeaderDoesAutoRebalancing.1780922246159600-431-0/minicluster-data/ts-0-root
uuid: "025b56d4f9a345a28aa6374c0ba84a19"
format_stamp: "Formatted at 2026-06-08 12:37:28 on dist-test-slave-zch2"
I20260608 12:37:28.290253   431 fs_report.cc:389] FS layout report
--------------------
wal directory: /tmp/dist-test-taskEpex3X/test-tmp/auto_rebalancer-test.0.AutoRebalancerTest.OnlyLeaderDoesAutoRebalancing.1780922246159600-431-0/minicluster-data/ts-0-root
metadata directory: /tmp/dist-test-taskEpex3X/test-tmp/auto_rebalancer-test.0.AutoRebalancerTest.OnlyLeaderDoesAutoRebalancing.1780922246159600-431-0/minicluster-data/ts-0-root
1 data directories: /tmp/dist-test-taskEpex3X/test-tmp/auto_rebalancer-test.0.AutoRebalancerTest.OnlyLeaderDoesAutoRebalancing.1780922246159600-431-0/minicluster-data/ts-0-root/data
Total live blocks: 0
Total live bytes: 0
Total live bytes (after alignment): 0
Total number of LBM containers: 0 (0 full)
Did not check for missing blocks
Did not check for orphaned blocks
Total full LBM containers with extra space: 0 (0 repaired)
Total full LBM container extra space in bytes: 0 (0 repaired)
Total incomplete LBM containers: 0 (0 repaired)
Total LBM partial records: 0 (0 repaired)
Total corrupted LBM metadata records in RocksDB: 0 (0 repaired)
I20260608 12:37:28.334539   431 rpc_server.cc:225] running with OpenSSL 1.1.1  11 Sep 2018
I20260608 12:37:28.336057   431 kserver.cc:163] Server-wide thread pool size limit: 3276
I20260608 12:37:28.337682   431 txn_system_client.cc:432] TxnSystemClient initialization is disabled...
I20260608 12:37:28.342036   431 ts_tablet_manager.cc:585] Loaded tablet metadata (0 total tablets, 0 live tablets)
I20260608 12:37:28.342315   431 ts_tablet_manager.cc:531] Time spent load tablet metadata: real 0.000s	user 0.000s	sys 0.000s
I20260608 12:37:28.342581   431 ts_tablet_manager.cc:616] Registered 0 tablets
I20260608 12:37:28.342773   431 ts_tablet_manager.cc:595] Time spent register tablets: real 0.000s	user 0.000s	sys 0.000s
I20260608 12:37:28.381090   638 raft_consensus.cc:493] T 00000000000000000000000000000000 P 6fac495a78c84fc9898b0ea1bfc55d89 [term 0 FOLLOWER]: Starting pre-election (no leader contacted us within the election timeout)
I20260608 12:37:28.382081   638 raft_consensus.cc:515] T 00000000000000000000000000000000 P 6fac495a78c84fc9898b0ea1bfc55d89 [term 0 FOLLOWER]: Starting pre-election with config: opid_index: -1 OBSOLETE_local: false peers { permanent_uuid: "6fac495a78c84fc9898b0ea1bfc55d89" member_type: VOTER last_known_addr { host: "127.0.107.254" port: 34791 } } peers { permanent_uuid: "b3eca232fc1b4f0590f9124b3eb56b32" member_type: VOTER last_known_addr { host: "127.0.107.253" port: 38427 } } peers { permanent_uuid: "80c16f19b2d242388e8f40887b011217" member_type: VOTER last_known_addr { host: "127.0.107.252" port: 37531 } }
I20260608 12:37:28.385979   638 leader_election.cc:290] T 00000000000000000000000000000000 P 6fac495a78c84fc9898b0ea1bfc55d89 [CANDIDATE]: Term 1 pre-election: Requested pre-vote from peers b3eca232fc1b4f0590f9124b3eb56b32 (127.0.107.253:38427), 80c16f19b2d242388e8f40887b011217 (127.0.107.252:37531)
I20260608 12:37:28.386541   538 tablet_service.cc:1917] Received RequestConsensusVote() RPC: tablet_id: "00000000000000000000000000000000" candidate_uuid: "6fac495a78c84fc9898b0ea1bfc55d89" candidate_term: 1 candidate_status { last_received { term: 0 index: 0 } } ignore_live_leader: false dest_uuid: "b3eca232fc1b4f0590f9124b3eb56b32" is_pre_election: true
I20260608 12:37:28.387428   538 raft_consensus.cc:2468] T 00000000000000000000000000000000 P b3eca232fc1b4f0590f9124b3eb56b32 [term 0 FOLLOWER]: Leader pre-election vote request: Granting yes vote for candidate 6fac495a78c84fc9898b0ea1bfc55d89 in term 0.
I20260608 12:37:28.388032   603 tablet_service.cc:1917] Received RequestConsensusVote() RPC: tablet_id: "00000000000000000000000000000000" candidate_uuid: "6fac495a78c84fc9898b0ea1bfc55d89" candidate_term: 1 candidate_status { last_received { term: 0 index: 0 } } ignore_live_leader: false dest_uuid: "80c16f19b2d242388e8f40887b011217" is_pre_election: true
I20260608 12:37:28.388990   603 raft_consensus.cc:2468] T 00000000000000000000000000000000 P 80c16f19b2d242388e8f40887b011217 [term 0 FOLLOWER]: Leader pre-election vote request: Granting yes vote for candidate 6fac495a78c84fc9898b0ea1bfc55d89 in term 0.
I20260608 12:37:28.389174   447 leader_election.cc:304] T 00000000000000000000000000000000 P 6fac495a78c84fc9898b0ea1bfc55d89 [CANDIDATE]: Term 1 pre-election: Election decided. Result: candidate won. Election summary: received 2 responses out of 3 voters: 2 yes votes; 0 no votes. yes voters: 6fac495a78c84fc9898b0ea1bfc55d89, b3eca232fc1b4f0590f9124b3eb56b32; no voters: 
I20260608 12:37:28.390250   638 raft_consensus.cc:2804] T 00000000000000000000000000000000 P 6fac495a78c84fc9898b0ea1bfc55d89 [term 0 FOLLOWER]: Leader pre-election won for term 1
I20260608 12:37:28.390650   638 raft_consensus.cc:493] T 00000000000000000000000000000000 P 6fac495a78c84fc9898b0ea1bfc55d89 [term 0 FOLLOWER]: Starting leader election (no leader contacted us within the election timeout)
I20260608 12:37:28.391040   638 raft_consensus.cc:3060] T 00000000000000000000000000000000 P 6fac495a78c84fc9898b0ea1bfc55d89 [term 0 FOLLOWER]: Advancing to term 1
I20260608 12:37:28.399778   638 raft_consensus.cc:515] T 00000000000000000000000000000000 P 6fac495a78c84fc9898b0ea1bfc55d89 [term 1 FOLLOWER]: Starting leader election with config: opid_index: -1 OBSOLETE_local: false peers { permanent_uuid: "6fac495a78c84fc9898b0ea1bfc55d89" member_type: VOTER last_known_addr { host: "127.0.107.254" port: 34791 } } peers { permanent_uuid: "b3eca232fc1b4f0590f9124b3eb56b32" member_type: VOTER last_known_addr { host: "127.0.107.253" port: 38427 } } peers { permanent_uuid: "80c16f19b2d242388e8f40887b011217" member_type: VOTER last_known_addr { host: "127.0.107.252" port: 37531 } }
I20260608 12:37:28.403370   538 tablet_service.cc:1917] Received RequestConsensusVote() RPC: tablet_id: "00000000000000000000000000000000" candidate_uuid: "6fac495a78c84fc9898b0ea1bfc55d89" candidate_term: 1 candidate_status { last_received { term: 0 index: 0 } } ignore_live_leader: false dest_uuid: "b3eca232fc1b4f0590f9124b3eb56b32"
I20260608 12:37:28.404196   538 raft_consensus.cc:3060] T 00000000000000000000000000000000 P b3eca232fc1b4f0590f9124b3eb56b32 [term 0 FOLLOWER]: Advancing to term 1
I20260608 12:37:28.404559   603 tablet_service.cc:1917] Received RequestConsensusVote() RPC: tablet_id: "00000000000000000000000000000000" candidate_uuid: "6fac495a78c84fc9898b0ea1bfc55d89" candidate_term: 1 candidate_status { last_received { term: 0 index: 0 } } ignore_live_leader: false dest_uuid: "80c16f19b2d242388e8f40887b011217"
I20260608 12:37:28.405176   603 raft_consensus.cc:3060] T 00000000000000000000000000000000 P 80c16f19b2d242388e8f40887b011217 [term 0 FOLLOWER]: Advancing to term 1
I20260608 12:37:28.413167   603 raft_consensus.cc:2468] T 00000000000000000000000000000000 P 80c16f19b2d242388e8f40887b011217 [term 1 FOLLOWER]: Leader election vote request: Granting yes vote for candidate 6fac495a78c84fc9898b0ea1bfc55d89 in term 1.
I20260608 12:37:28.414139   538 raft_consensus.cc:2468] T 00000000000000000000000000000000 P b3eca232fc1b4f0590f9124b3eb56b32 [term 1 FOLLOWER]: Leader election vote request: Granting yes vote for candidate 6fac495a78c84fc9898b0ea1bfc55d89 in term 1.
I20260608 12:37:28.414707   450 leader_election.cc:304] T 00000000000000000000000000000000 P 6fac495a78c84fc9898b0ea1bfc55d89 [CANDIDATE]: Term 1 election: Election decided. Result: candidate won. Election summary: received 2 responses out of 3 voters: 2 yes votes; 0 no votes. yes voters: 6fac495a78c84fc9898b0ea1bfc55d89, 80c16f19b2d242388e8f40887b011217; no voters: 
I20260608 12:37:28.419831   638 leader_election.cc:290] T 00000000000000000000000000000000 P 6fac495a78c84fc9898b0ea1bfc55d89 [CANDIDATE]: Term 1 election: Requested vote from peers b3eca232fc1b4f0590f9124b3eb56b32 (127.0.107.253:38427), 80c16f19b2d242388e8f40887b011217 (127.0.107.252:37531)
I20260608 12:37:28.420627   638 raft_consensus.cc:2804] T 00000000000000000000000000000000 P 6fac495a78c84fc9898b0ea1bfc55d89 [term 1 FOLLOWER]: Leader election won for term 1
I20260608 12:37:28.421247   638 raft_consensus.cc:697] T 00000000000000000000000000000000 P 6fac495a78c84fc9898b0ea1bfc55d89 [term 1 LEADER]: Becoming Leader. State: Replica: 6fac495a78c84fc9898b0ea1bfc55d89, State: Running, Role: LEADER
I20260608 12:37:28.422684   638 consensus_queue.cc:237] T 00000000000000000000000000000000 P 6fac495a78c84fc9898b0ea1bfc55d89 [LEADER]: Queue going to LEADER mode. State: All replicated index: 0, Majority replicated index: 0, Committed index: 0, Last appended: 0.0, Last appended by leader: 0, Current term: 1, Majority size: 2, State: 0, Mode: LEADER, active raft config: opid_index: -1 OBSOLETE_local: false peers { permanent_uuid: "6fac495a78c84fc9898b0ea1bfc55d89" member_type: VOTER last_known_addr { host: "127.0.107.254" port: 34791 } } peers { permanent_uuid: "b3eca232fc1b4f0590f9124b3eb56b32" member_type: VOTER last_known_addr { host: "127.0.107.253" port: 38427 } } peers { permanent_uuid: "80c16f19b2d242388e8f40887b011217" member_type: VOTER last_known_addr { host: "127.0.107.252" port: 37531 } }
I20260608 12:37:28.441087   712 sys_catalog.cc:455] T 00000000000000000000000000000000 P 6fac495a78c84fc9898b0ea1bfc55d89 [sys.catalog]: SysCatalogTable state changed. Reason: New leader 6fac495a78c84fc9898b0ea1bfc55d89. Latest consensus state: current_term: 1 leader_uuid: "6fac495a78c84fc9898b0ea1bfc55d89" committed_config { opid_index: -1 OBSOLETE_local: false peers { permanent_uuid: "6fac495a78c84fc9898b0ea1bfc55d89" member_type: VOTER last_known_addr { host: "127.0.107.254" port: 34791 } } peers { permanent_uuid: "b3eca232fc1b4f0590f9124b3eb56b32" member_type: VOTER last_known_addr { host: "127.0.107.253" port: 38427 } } peers { permanent_uuid: "80c16f19b2d242388e8f40887b011217" member_type: VOTER last_known_addr { host: "127.0.107.252" port: 37531 } } }
I20260608 12:37:28.442649   712 sys_catalog.cc:458] T 00000000000000000000000000000000 P 6fac495a78c84fc9898b0ea1bfc55d89 [sys.catalog]: This master's current role is: LEADER
I20260608 12:37:28.447970   720 catalog_manager.cc:1510] Loading table and tablet metadata into memory...
I20260608 12:37:28.463145   720 catalog_manager.cc:1519] Initializing Kudu cluster ID...
I20260608 12:37:28.490568   538 raft_consensus.cc:1275] T 00000000000000000000000000000000 P b3eca232fc1b4f0590f9124b3eb56b32 [term 1 FOLLOWER]: Refusing update from remote peer 6fac495a78c84fc9898b0ea1bfc55d89: Log matching property violated. Preceding OpId in replica: term: 0 index: 0. Preceding OpId from leader: term: 1 index: 2. (index mismatch)
I20260608 12:37:28.493232   603 raft_consensus.cc:1275] T 00000000000000000000000000000000 P 80c16f19b2d242388e8f40887b011217 [term 1 FOLLOWER]: Refusing update from remote peer 6fac495a78c84fc9898b0ea1bfc55d89: Log matching property violated. Preceding OpId in replica: term: 0 index: 0. Preceding OpId from leader: term: 1 index: 2. (index mismatch)
I20260608 12:37:28.496138   638 consensus_queue.cc:1048] T 00000000000000000000000000000000 P 6fac495a78c84fc9898b0ea1bfc55d89 [LEADER]: Connected to new peer: Peer: permanent_uuid: "80c16f19b2d242388e8f40887b011217" member_type: VOTER last_known_addr { host: "127.0.107.252" port: 37531 }, Status: LMP_MISMATCH, Last received: 0.0, Next index: 1, Last known committed idx: 0, Time since last communication: 0.000s
I20260608 12:37:28.498299   712 consensus_queue.cc:1048] T 00000000000000000000000000000000 P 6fac495a78c84fc9898b0ea1bfc55d89 [LEADER]: Connected to new peer: Peer: permanent_uuid: "b3eca232fc1b4f0590f9124b3eb56b32" member_type: VOTER last_known_addr { host: "127.0.107.253" port: 38427 }, Status: LMP_MISMATCH, Last received: 0.0, Next index: 1, Last known committed idx: 0, Time since last communication: 0.001s
I20260608 12:37:28.520164   637 sys_catalog.cc:455] T 00000000000000000000000000000000 P 80c16f19b2d242388e8f40887b011217 [sys.catalog]: SysCatalogTable state changed. Reason: New leader 6fac495a78c84fc9898b0ea1bfc55d89. Latest consensus state: current_term: 1 leader_uuid: "6fac495a78c84fc9898b0ea1bfc55d89" committed_config { opid_index: -1 OBSOLETE_local: false peers { permanent_uuid: "6fac495a78c84fc9898b0ea1bfc55d89" member_type: VOTER last_known_addr { host: "127.0.107.254" port: 34791 } } peers { permanent_uuid: "b3eca232fc1b4f0590f9124b3eb56b32" member_type: VOTER last_known_addr { host: "127.0.107.253" port: 38427 } } peers { permanent_uuid: "80c16f19b2d242388e8f40887b011217" member_type: VOTER last_known_addr { host: "127.0.107.252" port: 37531 } } }
I20260608 12:37:28.520937   637 sys_catalog.cc:458] T 00000000000000000000000000000000 P 80c16f19b2d242388e8f40887b011217 [sys.catalog]: This master's current role is: FOLLOWER
I20260608 12:37:28.530829   743 mvcc.cc:204] Tried to move back new op lower bound from 7294657529790459904 to 7294657529563570176. Current Snapshot: MvccSnapshot[applied={T|T < 7294657529790459904}]
I20260608 12:37:28.532675   712 sys_catalog.cc:455] T 00000000000000000000000000000000 P 6fac495a78c84fc9898b0ea1bfc55d89 [sys.catalog]: SysCatalogTable state changed. Reason: Peer health change. Latest consensus state: current_term: 1 leader_uuid: "6fac495a78c84fc9898b0ea1bfc55d89" committed_config { opid_index: -1 OBSOLETE_local: false peers { permanent_uuid: "6fac495a78c84fc9898b0ea1bfc55d89" member_type: VOTER last_known_addr { host: "127.0.107.254" port: 34791 } } peers { permanent_uuid: "b3eca232fc1b4f0590f9124b3eb56b32" member_type: VOTER last_known_addr { host: "127.0.107.253" port: 38427 } } peers { permanent_uuid: "80c16f19b2d242388e8f40887b011217" member_type: VOTER last_known_addr { host: "127.0.107.252" port: 37531 } } }
I20260608 12:37:28.533430   637 sys_catalog.cc:455] T 00000000000000000000000000000000 P 80c16f19b2d242388e8f40887b011217 [sys.catalog]: SysCatalogTable state changed. Reason: Replicated consensus-only round. Latest consensus state: current_term: 1 leader_uuid: "6fac495a78c84fc9898b0ea1bfc55d89" committed_config { opid_index: -1 OBSOLETE_local: false peers { permanent_uuid: "6fac495a78c84fc9898b0ea1bfc55d89" member_type: VOTER last_known_addr { host: "127.0.107.254" port: 34791 } } peers { permanent_uuid: "b3eca232fc1b4f0590f9124b3eb56b32" member_type: VOTER last_known_addr { host: "127.0.107.253" port: 38427 } } peers { permanent_uuid: "80c16f19b2d242388e8f40887b011217" member_type: VOTER last_known_addr { host: "127.0.107.252" port: 37531 } } }
I20260608 12:37:28.534164   712 sys_catalog.cc:458] T 00000000000000000000000000000000 P 6fac495a78c84fc9898b0ea1bfc55d89 [sys.catalog]: This master's current role is: LEADER
I20260608 12:37:28.534466   637 sys_catalog.cc:458] T 00000000000000000000000000000000 P 80c16f19b2d242388e8f40887b011217 [sys.catalog]: This master's current role is: FOLLOWER
I20260608 12:37:28.543556   720 catalog_manager.cc:1382] Generated new cluster ID: ca96810c9579460793ebd343e1fb3b01
I20260608 12:37:28.544059   720 catalog_manager.cc:1530] Initializing Kudu internal certificate authority...
