I20260608 12:50:20.631577 28395 raft_consensus.cc:2955] T 35aa8b711e694bf985890a222475f155 P 88a2d8092ad14bcf82a5596d6312b113 [term 1 LEADER]: Committing config change with OpId 1.3: config changed from index 2 to 3, 2da11d9f35e443d6ba4c03a51782b32a (127.24.81.196) changed from NON_VOTER to VOTER. New config: { opid_index: 3 OBSOLETE_local: false peers { permanent_uuid: "88a2d8092ad14bcf82a5596d6312b113" member_type: VOTER last_known_addr { host: "127.24.81.194" port: 36529 } } peers { permanent_uuid: "16d7377b8f9a44898321e1f60155e7dd" member_type: VOTER last_known_addr { host: "127.24.81.193" port: 33861 } attrs { replace: true } } peers { permanent_uuid: "4b6bfd69da5347e0a8e3a0edcf673820" member_type: VOTER last_known_addr { host: "127.24.81.195" port: 42421 } } peers { permanent_uuid: "2da11d9f35e443d6ba4c03a51782b32a" member_type: VOTER last_known_addr { host: "127.24.81.196" port: 42799 } attrs { promote: false } } }
I20260608 12:50:20.639693 27797 catalog_manager.cc:5696] T f15941b1b24f474f95d09def0c906b4d P 16d7377b8f9a44898321e1f60155e7dd reported cstate change: term changed from 1 to 2, leader changed from 4b6bfd69da5347e0a8e3a0edcf673820 (127.24.81.195) to 16d7377b8f9a44898321e1f60155e7dd (127.24.81.193). New cstate: current_term: 2 leader_uuid: "16d7377b8f9a44898321e1f60155e7dd" committed_config { opid_index: -1 OBSOLETE_local: false peers { permanent_uuid: "88a2d8092ad14bcf82a5596d6312b113" member_type: VOTER last_known_addr { host: "127.24.81.194" port: 36529 } health_report { overall_health: UNKNOWN } } peers { permanent_uuid: "16d7377b8f9a44898321e1f60155e7dd" member_type: VOTER last_known_addr { host: "127.24.81.193" port: 33861 } health_report { overall_health: HEALTHY } } peers { permanent_uuid: "4b6bfd69da5347e0a8e3a0edcf673820" member_type: VOTER last_known_addr { host: "127.24.81.195" port: 42421 } health_report { overall_health: UNKNOWN } } }
I20260608 12:50:20.640779 28046 raft_consensus.cc:2468] T f15941b1b24f474f95d09def0c906b4d P 4b6bfd69da5347e0a8e3a0edcf673820 [term 2 FOLLOWER]: Leader election vote request: Granting yes vote for candidate 16d7377b8f9a44898321e1f60155e7dd in term 2.
I20260608 12:50:20.643174 28213 raft_consensus.cc:2955] T 35aa8b711e694bf985890a222475f155 P 2da11d9f35e443d6ba4c03a51782b32a [term 1 FOLLOWER]: Committing config change with OpId 1.3: config changed from index 2 to 3, 2da11d9f35e443d6ba4c03a51782b32a (127.24.81.196) changed from NON_VOTER to VOTER. New config: { opid_index: 3 OBSOLETE_local: false peers { permanent_uuid: "88a2d8092ad14bcf82a5596d6312b113" member_type: VOTER last_known_addr { host: "127.24.81.194" port: 36529 } } peers { permanent_uuid: "16d7377b8f9a44898321e1f60155e7dd" member_type: VOTER last_known_addr { host: "127.24.81.193" port: 33861 } attrs { replace: true } } peers { permanent_uuid: "4b6bfd69da5347e0a8e3a0edcf673820" member_type: VOTER last_known_addr { host: "127.24.81.195" port: 42421 } } peers { permanent_uuid: "2da11d9f35e443d6ba4c03a51782b32a" member_type: VOTER last_known_addr { host: "127.24.81.196" port: 42799 } attrs { promote: false } } }
I20260608 12:50:20.655910 27894 raft_consensus.cc:2955] T 35aa8b711e694bf985890a222475f155 P 16d7377b8f9a44898321e1f60155e7dd [term 1 FOLLOWER]: Committing config change with OpId 1.3: config changed from index 2 to 3, 2da11d9f35e443d6ba4c03a51782b32a (127.24.81.196) changed from NON_VOTER to VOTER. New config: { opid_index: 3 OBSOLETE_local: false peers { permanent_uuid: "88a2d8092ad14bcf82a5596d6312b113" member_type: VOTER last_known_addr { host: "127.24.81.194" port: 36529 } } peers { permanent_uuid: "16d7377b8f9a44898321e1f60155e7dd" member_type: VOTER last_known_addr { host: "127.24.81.193" port: 33861 } attrs { replace: true } } peers { permanent_uuid: "4b6bfd69da5347e0a8e3a0edcf673820" member_type: VOTER last_known_addr { host: "127.24.81.195" port: 42421 } } peers { permanent_uuid: "2da11d9f35e443d6ba4c03a51782b32a" member_type: VOTER last_known_addr { host: "127.24.81.196" port: 42799 } attrs { promote: false } } }
I20260608 12:50:20.667739 28047 tablet_service.cc:1917] Received RequestConsensusVote() RPC: tablet_id: "e624f67c2fd64890bf4a10931926714f" candidate_uuid: "2da11d9f35e443d6ba4c03a51782b32a" candidate_term: 3 candidate_status { last_received { term: 2 index: 1 } } ignore_live_leader: true dest_uuid: "4b6bfd69da5347e0a8e3a0edcf673820"
I20260608 12:50:20.669296 28047 raft_consensus.cc:3055] T e624f67c2fd64890bf4a10931926714f P 4b6bfd69da5347e0a8e3a0edcf673820 [term 2 LEADER]: Stepping down as leader of term 2
I20260608 12:50:20.669621 28047 raft_consensus.cc:740] T e624f67c2fd64890bf4a10931926714f P 4b6bfd69da5347e0a8e3a0edcf673820 [term 2 LEADER]: Becoming Follower/Learner. State: Replica: 4b6bfd69da5347e0a8e3a0edcf673820, State: Running, Role: LEADER
I20260608 12:50:20.670454 28047 consensus_queue.cc:260] T e624f67c2fd64890bf4a10931926714f P 4b6bfd69da5347e0a8e3a0edcf673820 [NON_LEADER]: Queue going to NON_LEADER mode. State: All replicated index: 0, Majority replicated index: 1, Committed index: 1, Last appended: 2.1, Last appended by leader: 1, Current term: 2, Majority size: -1, State: 0, Mode: NON_LEADER, active raft config: opid_index: -1 OBSOLETE_local: false peers { permanent_uuid: "2da11d9f35e443d6ba4c03a51782b32a" member_type: VOTER last_known_addr { host: "127.24.81.196" port: 42799 } } peers { permanent_uuid: "4b6bfd69da5347e0a8e3a0edcf673820" member_type: VOTER last_known_addr { host: "127.24.81.195" port: 42421 } } peers { permanent_uuid: "88a2d8092ad14bcf82a5596d6312b113" member_type: VOTER last_known_addr { host: "127.24.81.194" port: 36529 } }
I20260608 12:50:20.671528 28047 raft_consensus.cc:3060] T e624f67c2fd64890bf4a10931926714f P 4b6bfd69da5347e0a8e3a0edcf673820 [term 2 FOLLOWER]: Advancing to term 3
I20260608 12:50:20.682092 28211 leader_election.cc:290] T e624f67c2fd64890bf4a10931926714f P 2da11d9f35e443d6ba4c03a51782b32a [CANDIDATE]: Term 3 election: Requested vote from peers 4b6bfd69da5347e0a8e3a0edcf673820 (127.24.81.195:42421), 88a2d8092ad14bcf82a5596d6312b113 (127.24.81.194:36529)
I20260608 12:50:20.683192 27974 tablet_service.cc:1917] Received RequestConsensusVote() RPC: tablet_id: "e624f67c2fd64890bf4a10931926714f" candidate_uuid: "2da11d9f35e443d6ba4c03a51782b32a" candidate_term: 3 candidate_status { last_received { term: 2 index: 1 } } ignore_live_leader: true dest_uuid: "88a2d8092ad14bcf82a5596d6312b113"
I20260608 12:50:20.683753 27974 raft_consensus.cc:3060] T e624f67c2fd64890bf4a10931926714f P 88a2d8092ad14bcf82a5596d6312b113 [term 2 FOLLOWER]: Advancing to term 3
I20260608 12:50:20.684929 27795 catalog_manager.cc:5696] T 35aa8b711e694bf985890a222475f155 P 16d7377b8f9a44898321e1f60155e7dd reported cstate change: config changed from index 2 to 3, 2da11d9f35e443d6ba4c03a51782b32a (127.24.81.196) changed from NON_VOTER to VOTER. New cstate: current_term: 1 leader_uuid: "88a2d8092ad14bcf82a5596d6312b113" committed_config { opid_index: 3 OBSOLETE_local: false peers { permanent_uuid: "88a2d8092ad14bcf82a5596d6312b113" member_type: VOTER last_known_addr { host: "127.24.81.194" port: 36529 } } peers { permanent_uuid: "16d7377b8f9a44898321e1f60155e7dd" member_type: VOTER last_known_addr { host: "127.24.81.193" port: 33861 } attrs { replace: true } } peers { permanent_uuid: "4b6bfd69da5347e0a8e3a0edcf673820" member_type: VOTER last_known_addr { host: "127.24.81.195" port: 42421 } } peers { permanent_uuid: "2da11d9f35e443d6ba4c03a51782b32a" member_type: VOTER last_known_addr { host: "127.24.81.196" port: 42799 } attrs { promote: false } } }
I20260608 12:50:20.685907 28046 raft_consensus.cc:2955] T 35aa8b711e694bf985890a222475f155 P 4b6bfd69da5347e0a8e3a0edcf673820 [term 1 FOLLOWER]: Committing config change with OpId 1.3: config changed from index 2 to 3, 2da11d9f35e443d6ba4c03a51782b32a (127.24.81.196) changed from NON_VOTER to VOTER. New config: { opid_index: 3 OBSOLETE_local: false peers { permanent_uuid: "88a2d8092ad14bcf82a5596d6312b113" member_type: VOTER last_known_addr { host: "127.24.81.194" port: 36529 } } peers { permanent_uuid: "16d7377b8f9a44898321e1f60155e7dd" member_type: VOTER last_known_addr { host: "127.24.81.193" port: 33861 } attrs { replace: true } } peers { permanent_uuid: "4b6bfd69da5347e0a8e3a0edcf673820" member_type: VOTER last_known_addr { host: "127.24.81.195" port: 42421 } } peers { permanent_uuid: "2da11d9f35e443d6ba4c03a51782b32a" member_type: VOTER last_known_addr { host: "127.24.81.196" port: 42799 } attrs { promote: false } } }
I20260608 12:50:20.679381 28047 raft_consensus.cc:2468] T e624f67c2fd64890bf4a10931926714f P 4b6bfd69da5347e0a8e3a0edcf673820 [term 3 FOLLOWER]: Leader election vote request: Granting yes vote for candidate 2da11d9f35e443d6ba4c03a51782b32a in term 3.
I20260608 12:50:20.697139 28169 leader_election.cc:304] T e624f67c2fd64890bf4a10931926714f P 2da11d9f35e443d6ba4c03a51782b32a [CANDIDATE]: Term 3 election: Election decided. Result: candidate won. Election summary: received 2 responses out of 3 voters: 2 yes votes; 0 no votes. yes voters: 2da11d9f35e443d6ba4c03a51782b32a, 4b6bfd69da5347e0a8e3a0edcf673820; no voters: 
I20260608 12:50:20.698136 28436 raft_consensus.cc:2804] T e624f67c2fd64890bf4a10931926714f P 2da11d9f35e443d6ba4c03a51782b32a [term 3 FOLLOWER]: Leader election won for term 3
I20260608 12:50:20.698836 28436 raft_consensus.cc:697] T e624f67c2fd64890bf4a10931926714f P 2da11d9f35e443d6ba4c03a51782b32a [term 3 LEADER]: Becoming Leader. State: Replica: 2da11d9f35e443d6ba4c03a51782b32a, State: Running, Role: LEADER
I20260608 12:50:20.700400 27974 raft_consensus.cc:2468] T e624f67c2fd64890bf4a10931926714f P 88a2d8092ad14bcf82a5596d6312b113 [term 3 FOLLOWER]: Leader election vote request: Granting yes vote for candidate 2da11d9f35e443d6ba4c03a51782b32a in term 3.
I20260608 12:50:20.699659 28436 consensus_queue.cc:237] T e624f67c2fd64890bf4a10931926714f P 2da11d9f35e443d6ba4c03a51782b32a [LEADER]: Queue going to LEADER mode. State: All replicated index: 0, Majority replicated index: 1, Committed index: 1, Last appended: 2.1, Last appended by leader: 1, Current term: 3, Majority size: 2, State: 0, Mode: LEADER, active raft config: opid_index: -1 OBSOLETE_local: false peers { permanent_uuid: "2da11d9f35e443d6ba4c03a51782b32a" member_type: VOTER last_known_addr { host: "127.24.81.196" port: 42799 } } peers { permanent_uuid: "4b6bfd69da5347e0a8e3a0edcf673820" member_type: VOTER last_known_addr { host: "127.24.81.195" port: 42421 } } peers { permanent_uuid: "88a2d8092ad14bcf82a5596d6312b113" member_type: VOTER last_known_addr { host: "127.24.81.194" port: 36529 } }
I20260608 12:50:20.705503 27974 consensus_queue.cc:237] T 35aa8b711e694bf985890a222475f155 P 88a2d8092ad14bcf82a5596d6312b113 [LEADER]: Queue going to LEADER mode. State: All replicated index: 0, Majority replicated index: 3, Committed index: 3, Last appended: 1.3, Last appended by leader: 0, Current term: 1, Majority size: 2, State: 0, Mode: LEADER, active raft config: opid_index: 4 OBSOLETE_local: false peers { permanent_uuid: "88a2d8092ad14bcf82a5596d6312b113" member_type: VOTER last_known_addr { host: "127.24.81.194" port: 36529 } } peers { permanent_uuid: "4b6bfd69da5347e0a8e3a0edcf673820" member_type: VOTER last_known_addr { host: "127.24.81.195" port: 42421 } } peers { permanent_uuid: "2da11d9f35e443d6ba4c03a51782b32a" member_type: VOTER last_known_addr { host: "127.24.81.196" port: 42799 } attrs { promote: false } }
I20260608 12:50:20.709563 28433 ts_tablet_manager.cc:1929] T fa2da2003bc243fe8edeb9a430f273c7 P 4b6bfd69da5347e0a8e3a0edcf673820: tablet deleted with delete type TABLET_DATA_TOMBSTONED: last-logged OpId 1.3
I20260608 12:50:20.711458 28433 log.cc:1199] T fa2da2003bc243fe8edeb9a430f273c7 P 4b6bfd69da5347e0a8e3a0edcf673820: Deleting WAL directory at /tmp/dist-test-task4y8XOc/test-tmp/auto_rebalancer-test.0.AutoRebalancerTest.RangeAwareRebalancesNewRangeReplicas.1780922932409228-24903-0/minicluster-data/ts-2-root/wals/fa2da2003bc243fe8edeb9a430f273c7
I20260608 12:50:20.713596 27782 catalog_manager.cc:5027] TS 4b6bfd69da5347e0a8e3a0edcf673820 (127.24.81.195:42421): tablet fa2da2003bc243fe8edeb9a430f273c7 (table range_aware_rebalance_new_range [id=e55a2bfdcfc54f5c80e697b60ed8de71]) successfully deleted
I20260608 12:50:20.717978 28213 raft_consensus.cc:1275] T 35aa8b711e694bf985890a222475f155 P 2da11d9f35e443d6ba4c03a51782b32a [term 1 FOLLOWER]: Refusing update from remote peer 88a2d8092ad14bcf82a5596d6312b113: Log matching property violated. Preceding OpId in replica: term: 1 index: 3. Preceding OpId from leader: term: 1 index: 4. (index mismatch)
I20260608 12:50:20.719763 28387 consensus_queue.cc:1048] T 35aa8b711e694bf985890a222475f155 P 88a2d8092ad14bcf82a5596d6312b113 [LEADER]: Connected to new peer: Peer: permanent_uuid: "2da11d9f35e443d6ba4c03a51782b32a" member_type: VOTER last_known_addr { host: "127.24.81.196" port: 42799 } attrs { promote: false }, Status: LMP_MISMATCH, Last received: 0.0, Next index: 4, Last known committed idx: 3, Time since last communication: 0.000s
I20260608 12:50:20.724433 28046 raft_consensus.cc:1275] T 35aa8b711e694bf985890a222475f155 P 4b6bfd69da5347e0a8e3a0edcf673820 [term 1 FOLLOWER]: Refusing update from remote peer 88a2d8092ad14bcf82a5596d6312b113: Log matching property violated. Preceding OpId in replica: term: 1 index: 3. Preceding OpId from leader: term: 1 index: 4. (index mismatch)
I20260608 12:50:20.726627 28387 consensus_queue.cc:1048] T 35aa8b711e694bf985890a222475f155 P 88a2d8092ad14bcf82a5596d6312b113 [LEADER]: Connected to new peer: Peer: permanent_uuid: "4b6bfd69da5347e0a8e3a0edcf673820" member_type: VOTER last_known_addr { host: "127.24.81.195" port: 42421 }, Status: LMP_MISMATCH, Last received: 0.0, Next index: 4, Last known committed idx: 3, Time since last communication: 0.000s
I20260608 12:50:20.733901 28387 raft_consensus.cc:2955] T 35aa8b711e694bf985890a222475f155 P 88a2d8092ad14bcf82a5596d6312b113 [term 1 LEADER]: Committing config change with OpId 1.4: config changed from index 3 to 4, VOTER 16d7377b8f9a44898321e1f60155e7dd (127.24.81.193) evicted. New config: { opid_index: 4 OBSOLETE_local: false peers { permanent_uuid: "88a2d8092ad14bcf82a5596d6312b113" member_type: VOTER last_known_addr { host: "127.24.81.194" port: 36529 } } peers { permanent_uuid: "4b6bfd69da5347e0a8e3a0edcf673820" member_type: VOTER last_known_addr { host: "127.24.81.195" port: 42421 } } peers { permanent_uuid: "2da11d9f35e443d6ba4c03a51782b32a" member_type: VOTER last_known_addr { host: "127.24.81.196" port: 42799 } attrs { promote: false } } }
I20260608 12:50:20.739826 28046 raft_consensus.cc:2955] T 35aa8b711e694bf985890a222475f155 P 4b6bfd69da5347e0a8e3a0edcf673820 [term 1 FOLLOWER]: Committing config change with OpId 1.4: config changed from index 3 to 4, VOTER 16d7377b8f9a44898321e1f60155e7dd (127.24.81.193) evicted. New config: { opid_index: 4 OBSOLETE_local: false peers { permanent_uuid: "88a2d8092ad14bcf82a5596d6312b113" member_type: VOTER last_known_addr { host: "127.24.81.194" port: 36529 } } peers { permanent_uuid: "4b6bfd69da5347e0a8e3a0edcf673820" member_type: VOTER last_known_addr { host: "127.24.81.195" port: 42421 } } peers { permanent_uuid: "2da11d9f35e443d6ba4c03a51782b32a" member_type: VOTER last_known_addr { host: "127.24.81.196" port: 42799 } attrs { promote: false } } }
I20260608 12:50:20.742165 27795 catalog_manager.cc:5696] T e624f67c2fd64890bf4a10931926714f P 2da11d9f35e443d6ba4c03a51782b32a reported cstate change: term changed from 2 to 3, leader changed from 4b6bfd69da5347e0a8e3a0edcf673820 (127.24.81.195) to 2da11d9f35e443d6ba4c03a51782b32a (127.24.81.196). New cstate: current_term: 3 leader_uuid: "2da11d9f35e443d6ba4c03a51782b32a" committed_config { opid_index: -1 OBSOLETE_local: false peers { permanent_uuid: "2da11d9f35e443d6ba4c03a51782b32a" member_type: VOTER last_known_addr { host: "127.24.81.196" port: 42799 } health_report { overall_health: HEALTHY } } peers { permanent_uuid: "4b6bfd69da5347e0a8e3a0edcf673820" member_type: VOTER last_known_addr { host: "127.24.81.195" port: 42421 } health_report { overall_health: UNKNOWN } } peers { permanent_uuid: "88a2d8092ad14bcf82a5596d6312b113" member_type: VOTER last_known_addr { host: "127.24.81.194" port: 36529 } health_report { overall_health: UNKNOWN } } }
I20260608 12:50:20.745278 28213 raft_consensus.cc:2955] T 35aa8b711e694bf985890a222475f155 P 2da11d9f35e443d6ba4c03a51782b32a [term 1 FOLLOWER]: Committing config change with OpId 1.4: config changed from index 3 to 4, VOTER 16d7377b8f9a44898321e1f60155e7dd (127.24.81.193) evicted. New config: { opid_index: 4 OBSOLETE_local: false peers { permanent_uuid: "88a2d8092ad14bcf82a5596d6312b113" member_type: VOTER last_known_addr { host: "127.24.81.194" port: 36529 } } peers { permanent_uuid: "4b6bfd69da5347e0a8e3a0edcf673820" member_type: VOTER last_known_addr { host: "127.24.81.195" port: 42421 } } peers { permanent_uuid: "2da11d9f35e443d6ba4c03a51782b32a" member_type: VOTER last_known_addr { host: "127.24.81.196" port: 42799 } attrs { promote: false } } }
I20260608 12:50:20.750998 27894 raft_consensus.cc:1275] T 9f7ddb99577c4564ab3f0a05419ff7bd P 16d7377b8f9a44898321e1f60155e7dd [term 2 FOLLOWER]: Refusing update from remote peer 88a2d8092ad14bcf82a5596d6312b113: Log matching property violated. Preceding OpId in replica: term: 1 index: 3. Preceding OpId from leader: term: 2 index: 4. (index mismatch)
I20260608 12:50:20.752707 28395 consensus_queue.cc:1048] T 9f7ddb99577c4564ab3f0a05419ff7bd P 88a2d8092ad14bcf82a5596d6312b113 [LEADER]: Connected to new peer: Peer: permanent_uuid: "16d7377b8f9a44898321e1f60155e7dd" member_type: VOTER last_known_addr { host: "127.24.81.193" port: 33861 }, Status: LMP_MISMATCH, Last received: 0.0, Next index: 4, Last known committed idx: 3, Time since last communication: 0.000s
I20260608 12:50:20.763193 28404 raft_consensus.cc:993] T 9f7ddb99577c4564ab3f0a05419ff7bd P 88a2d8092ad14bcf82a5596d6312b113: : Instructing follower 16d7377b8f9a44898321e1f60155e7dd to start an election
I20260608 12:50:20.763701 28404 raft_consensus.cc:1081] T 9f7ddb99577c4564ab3f0a05419ff7bd P 88a2d8092ad14bcf82a5596d6312b113 [term 2 LEADER]: Signalling peer 16d7377b8f9a44898321e1f60155e7dd to start an election
I20260608 12:50:20.763811 27795 catalog_manager.cc:5696] T 35aa8b711e694bf985890a222475f155 P 2da11d9f35e443d6ba4c03a51782b32a reported cstate change: config changed from index 3 to 4, VOTER 16d7377b8f9a44898321e1f60155e7dd (127.24.81.193) evicted. New cstate: current_term: 1 leader_uuid: "88a2d8092ad14bcf82a5596d6312b113" committed_config { opid_index: 4 OBSOLETE_local: false peers { permanent_uuid: "88a2d8092ad14bcf82a5596d6312b113" member_type: VOTER last_known_addr { host: "127.24.81.194" port: 36529 } } peers { permanent_uuid: "4b6bfd69da5347e0a8e3a0edcf673820" member_type: VOTER last_known_addr { host: "127.24.81.195" port: 42421 } } peers { permanent_uuid: "2da11d9f35e443d6ba4c03a51782b32a" member_type: VOTER last_known_addr { host: "127.24.81.196" port: 42799 } attrs { promote: false } } }
I20260608 12:50:20.765683 27894 tablet_service.cc:2044] Received Run Leader Election RPC: tablet_id: "9f7ddb99577c4564ab3f0a05419ff7bd"
dest_uuid: "16d7377b8f9a44898321e1f60155e7dd"
 from {username='slave'} at 127.0.0.1:44176
I20260608 12:50:20.766366 27894 raft_consensus.cc:493] T 9f7ddb99577c4564ab3f0a05419ff7bd P 16d7377b8f9a44898321e1f60155e7dd [term 2 FOLLOWER]: Starting forced leader election (received explicit request)
I20260608 12:50:20.766840 27894 raft_consensus.cc:3060] T 9f7ddb99577c4564ab3f0a05419ff7bd P 16d7377b8f9a44898321e1f60155e7dd [term 2 FOLLOWER]: Advancing to term 3
I20260608 12:50:20.776475 27886 tablet_service.cc:1558] Processing DeleteTablet for tablet 35aa8b711e694bf985890a222475f155 with delete_type TABLET_DATA_TOMBSTONED (TS 16d7377b8f9a44898321e1f60155e7dd not found in new config with opid_index 4) from {username='slave'} at 127.0.0.1:44158
I20260608 12:50:20.776614 27894 raft_consensus.cc:515] T 9f7ddb99577c4564ab3f0a05419ff7bd P 16d7377b8f9a44898321e1f60155e7dd [term 3 FOLLOWER]: Starting forced leader election with config: opid_index: 3 OBSOLETE_local: false peers { permanent_uuid: "88a2d8092ad14bcf82a5596d6312b113" member_type: VOTER last_known_addr { host: "127.24.81.194" port: 36529 } attrs { replace: true } } peers { permanent_uuid: "16d7377b8f9a44898321e1f60155e7dd" member_type: VOTER last_known_addr { host: "127.24.81.193" port: 33861 } } peers { permanent_uuid: "4b6bfd69da5347e0a8e3a0edcf673820" member_type: VOTER last_known_addr { host: "127.24.81.195" port: 42421 } } peers { permanent_uuid: "2da11d9f35e443d6ba4c03a51782b32a" member_type: VOTER last_known_addr { host: "127.24.81.196" port: 42799 } attrs { promote: false } }
I20260608 12:50:20.779026 27784 catalog_manager.cc:5209] ChangeConfig:REMOVE_PEER RPC for tablet 35aa8b711e694bf985890a222475f155 with cas_config_opid_index 3: ChangeConfig:REMOVE_PEER succeeded (attempt 1)
I20260608 12:50:20.781080 27974 tablet_service.cc:1917] Received RequestConsensusVote() RPC: tablet_id: "9f7ddb99577c4564ab3f0a05419ff7bd" candidate_uuid: "16d7377b8f9a44898321e1f60155e7dd" candidate_term: 3 candidate_status { last_received { term: 2 index: 4 } } ignore_live_leader: true dest_uuid: "88a2d8092ad14bcf82a5596d6312b113"
I20260608 12:50:20.781654 27974 raft_consensus.cc:3055] T 9f7ddb99577c4564ab3f0a05419ff7bd P 88a2d8092ad14bcf82a5596d6312b113 [term 2 LEADER]: Stepping down as leader of term 2
I20260608 12:50:20.781977 27974 raft_consensus.cc:740] T 9f7ddb99577c4564ab3f0a05419ff7bd P 88a2d8092ad14bcf82a5596d6312b113 [term 2 LEADER]: Becoming Follower/Learner. State: Replica: 88a2d8092ad14bcf82a5596d6312b113, State: Running, Role: LEADER
I20260608 12:50:20.782610 28046 raft_consensus.cc:1275] T 9f7ddb99577c4564ab3f0a05419ff7bd P 4b6bfd69da5347e0a8e3a0edcf673820 [term 2 FOLLOWER]: Refusing update from remote peer 88a2d8092ad14bcf82a5596d6312b113: Log matching property violated. Preceding OpId in replica: term: 1 index: 3. Preceding OpId from leader: term: 2 index: 4. (index mismatch)
I20260608 12:50:20.782779 27974 consensus_queue.cc:260] T 9f7ddb99577c4564ab3f0a05419ff7bd P 88a2d8092ad14bcf82a5596d6312b113 [NON_LEADER]: Queue going to NON_LEADER mode. State: All replicated index: 0, Majority replicated index: 3, Committed index: 3, Last appended: 2.4, Last appended by leader: 4, Current term: 2, Majority size: -1, State: 0, Mode: NON_LEADER, active raft config: opid_index: 3 OBSOLETE_local: false peers { permanent_uuid: "88a2d8092ad14bcf82a5596d6312b113" member_type: VOTER last_known_addr { host: "127.24.81.194" port: 36529 } attrs { replace: true } } peers { permanent_uuid: "16d7377b8f9a44898321e1f60155e7dd" member_type: VOTER last_known_addr { host: "127.24.81.193" port: 33861 } } peers { permanent_uuid: "4b6bfd69da5347e0a8e3a0edcf673820" member_type: VOTER last_known_addr { host: "127.24.81.195" port: 42421 } } peers { permanent_uuid: "2da11d9f35e443d6ba4c03a51782b32a" member_type: VOTER last_known_addr { host: "127.24.81.196" port: 42799 } attrs { promote: false } }
I20260608 12:50:20.783262 28047 tablet_service.cc:1917] Received RequestConsensusVote() RPC: tablet_id: "9f7ddb99577c4564ab3f0a05419ff7bd" candidate_uuid: "16d7377b8f9a44898321e1f60155e7dd" candidate_term: 3 candidate_status { last_received { term: 2 index: 4 } } ignore_live_leader: true dest_uuid: "4b6bfd69da5347e0a8e3a0edcf673820"
I20260608 12:50:20.783854 28047 raft_consensus.cc:3060] T 9f7ddb99577c4564ab3f0a05419ff7bd P 4b6bfd69da5347e0a8e3a0edcf673820 [term 2 FOLLOWER]: Advancing to term 3
I20260608 12:50:20.783890 27894 leader_election.cc:290] T 9f7ddb99577c4564ab3f0a05419ff7bd P 16d7377b8f9a44898321e1f60155e7dd [CANDIDATE]: Term 3 election: Requested vote from peers 88a2d8092ad14bcf82a5596d6312b113 (127.24.81.194:36529), 4b6bfd69da5347e0a8e3a0edcf673820 (127.24.81.195:42421), 2da11d9f35e443d6ba4c03a51782b32a (127.24.81.196:42799)
I20260608 12:50:20.784080 27974 raft_consensus.cc:3060] T 9f7ddb99577c4564ab3f0a05419ff7bd P 88a2d8092ad14bcf82a5596d6312b113 [term 2 FOLLOWER]: Advancing to term 3
I20260608 12:50:20.785140 28213 tablet_service.cc:1917] Received RequestConsensusVote() RPC: tablet_id: "9f7ddb99577c4564ab3f0a05419ff7bd" candidate_uuid: "16d7377b8f9a44898321e1f60155e7dd" candidate_term: 3 candidate_status { last_received { term: 2 index: 4 } } ignore_live_leader: true dest_uuid: "2da11d9f35e443d6ba4c03a51782b32a"
I20260608 12:50:20.785714 28213 raft_consensus.cc:3060] T 9f7ddb99577c4564ab3f0a05419ff7bd P 2da11d9f35e443d6ba4c03a51782b32a [term 2 FOLLOWER]: Advancing to term 3
I20260608 12:50:20.790060 27974 raft_consensus.cc:2468] T 9f7ddb99577c4564ab3f0a05419ff7bd P 88a2d8092ad14bcf82a5596d6312b113 [term 3 FOLLOWER]: Leader election vote request: Granting yes vote for candidate 16d7377b8f9a44898321e1f60155e7dd in term 3.
I20260608 12:50:20.793548 28213 raft_consensus.cc:2468] T 9f7ddb99577c4564ab3f0a05419ff7bd P 2da11d9f35e443d6ba4c03a51782b32a [term 3 FOLLOWER]: Leader election vote request: Granting yes vote for candidate 16d7377b8f9a44898321e1f60155e7dd in term 3.
I20260608 12:50:20.794591 28047 raft_consensus.cc:2468] T 9f7ddb99577c4564ab3f0a05419ff7bd P 4b6bfd69da5347e0a8e3a0edcf673820 [term 3 FOLLOWER]: Leader election vote request: Granting yes vote for candidate 16d7377b8f9a44898321e1f60155e7dd in term 3.
I20260608 12:50:20.794855 27863 leader_election.cc:304] T 9f7ddb99577c4564ab3f0a05419ff7bd P 16d7377b8f9a44898321e1f60155e7dd [CANDIDATE]: Term 3 election: Election decided. Result: candidate won. Election summary: received 3 responses out of 4 voters: 3 yes votes; 0 no votes. yes voters: 16d7377b8f9a44898321e1f60155e7dd, 2da11d9f35e443d6ba4c03a51782b32a, 88a2d8092ad14bcf82a5596d6312b113; no voters: 
I20260608 12:50:20.795814 28421 raft_consensus.cc:2804] T 9f7ddb99577c4564ab3f0a05419ff7bd P 16d7377b8f9a44898321e1f60155e7dd [term 3 FOLLOWER]: Leader election won for term 3
I20260608 12:50:20.796275 28421 raft_consensus.cc:697] T 9f7ddb99577c4564ab3f0a05419ff7bd P 16d7377b8f9a44898321e1f60155e7dd [term 3 LEADER]: Becoming Leader. State: Replica: 16d7377b8f9a44898321e1f60155e7dd, State: Running, Role: LEADER
I20260608 12:50:20.797145 28421 consensus_queue.cc:237] T 9f7ddb99577c4564ab3f0a05419ff7bd P 16d7377b8f9a44898321e1f60155e7dd [LEADER]: Queue going to LEADER mode. State: All replicated index: 0, Majority replicated index: 3, Committed index: 3, Last appended: 2.4, Last appended by leader: 4, Current term: 3, Majority size: 3, State: 0, Mode: LEADER, active raft config: opid_index: 3 OBSOLETE_local: false peers { permanent_uuid: "88a2d8092ad14bcf82a5596d6312b113" member_type: VOTER last_known_addr { host: "127.24.81.194" port: 36529 } attrs { replace: true } } peers { permanent_uuid: "16d7377b8f9a44898321e1f60155e7dd" member_type: VOTER last_known_addr { host: "127.24.81.193" port: 33861 } } peers { permanent_uuid: "4b6bfd69da5347e0a8e3a0edcf673820" member_type: VOTER last_known_addr { host: "127.24.81.195" port: 42421 } } peers { permanent_uuid: "2da11d9f35e443d6ba4c03a51782b32a" member_type: VOTER last_known_addr { host: "127.24.81.196" port: 42799 } attrs { promote: false } }
I20260608 12:50:20.803731 28443 tablet_replica.cc:333] T 35aa8b711e694bf985890a222475f155 P 16d7377b8f9a44898321e1f60155e7dd: stopping tablet replica
I20260608 12:50:20.804864 28443 raft_consensus.cc:2243] T 35aa8b711e694bf985890a222475f155 P 16d7377b8f9a44898321e1f60155e7dd [term 1 FOLLOWER]: Raft consensus shutting down.
I20260608 12:50:20.805737 28443 raft_consensus.cc:2272] T 35aa8b711e694bf985890a222475f155 P 16d7377b8f9a44898321e1f60155e7dd [term 1 FOLLOWER]: Raft consensus is shut down!
I20260608 12:50:20.807906 27794 catalog_manager.cc:5696] T 9f7ddb99577c4564ab3f0a05419ff7bd P 16d7377b8f9a44898321e1f60155e7dd reported cstate change: term changed from 2 to 3, leader changed from 88a2d8092ad14bcf82a5596d6312b113 (127.24.81.194) to 16d7377b8f9a44898321e1f60155e7dd (127.24.81.193). New cstate: current_term: 3 leader_uuid: "16d7377b8f9a44898321e1f60155e7dd" committed_config { opid_index: 3 OBSOLETE_local: false peers { permanent_uuid: "88a2d8092ad14bcf82a5596d6312b113" member_type: VOTER last_known_addr { host: "127.24.81.194" port: 36529 } attrs { replace: true } health_report { overall_health: UNKNOWN } } peers { permanent_uuid: "16d7377b8f9a44898321e1f60155e7dd" member_type: VOTER last_known_addr { host: "127.24.81.193" port: 33861 } health_report { overall_health: HEALTHY } } peers { permanent_uuid: "4b6bfd69da5347e0a8e3a0edcf673820" member_type: VOTER last_known_addr { host: "127.24.81.195" port: 42421 } health_report { overall_health: UNKNOWN } } peers { permanent_uuid: "2da11d9f35e443d6ba4c03a51782b32a" member_type: VOTER last_known_addr { host: "127.24.81.196" port: 42799 } attrs { promote: false } health_report { overall_health: UNKNOWN } } }
I20260608 12:50:20.809544 28443 ts_tablet_manager.cc:1916] T 35aa8b711e694bf985890a222475f155 P 16d7377b8f9a44898321e1f60155e7dd: Deleting tablet data with delete state TABLET_DATA_TOMBSTONED
I20260608 12:50:20.824352 28443 ts_tablet_manager.cc:1929] T 35aa8b711e694bf985890a222475f155 P 16d7377b8f9a44898321e1f60155e7dd: tablet deleted with delete type TABLET_DATA_TOMBSTONED: last-logged OpId 1.3
I20260608 12:50:20.824743 28443 log.cc:1199] T 35aa8b711e694bf985890a222475f155 P 16d7377b8f9a44898321e1f60155e7dd: Deleting WAL directory at /tmp/dist-test-task4y8XOc/test-tmp/auto_rebalancer-test.0.AutoRebalancerTest.RangeAwareRebalancesNewRangeReplicas.1780922932409228-24903-0/minicluster-data/ts-0-root/wals/35aa8b711e694bf985890a222475f155
I20260608 12:50:20.826293 27782 catalog_manager.cc:5027] TS 16d7377b8f9a44898321e1f60155e7dd (127.24.81.193:33861): tablet 35aa8b711e694bf985890a222475f155 (table range_aware_rebalance_new_range [id=e55a2bfdcfc54f5c80e697b60ed8de71]) successfully deleted
I20260608 12:50:20.874845 28046 raft_consensus.cc:1275] T 524a21690ec143868c80488d75790282 P 4b6bfd69da5347e0a8e3a0edcf673820 [term 2 FOLLOWER]: Refusing update from remote peer 88a2d8092ad14bcf82a5596d6312b113: Log matching property violated. Preceding OpId in replica: term: 1 index: 1. Preceding OpId from leader: term: 2 index: 2. (index mismatch)
I20260608 12:50:20.876348 28387 consensus_queue.cc:1048] T 524a21690ec143868c80488d75790282 P 88a2d8092ad14bcf82a5596d6312b113 [LEADER]: Connected to new peer: Peer: permanent_uuid: "4b6bfd69da5347e0a8e3a0edcf673820" member_type: VOTER last_known_addr { host: "127.24.81.195" port: 42421 }, Status: LMP_MISMATCH, Last received: 0.0, Next index: 2, Last known committed idx: 1, Time since last communication: 0.000s
I20260608 12:50:20.886265 27894 raft_consensus.cc:1275] T 524a21690ec143868c80488d75790282 P 16d7377b8f9a44898321e1f60155e7dd [term 2 FOLLOWER]: Refusing update from remote peer 88a2d8092ad14bcf82a5596d6312b113: Log matching property violated. Preceding OpId in replica: term: 1 index: 1. Preceding OpId from leader: term: 2 index: 2. (index mismatch)
I20260608 12:50:20.887890 28407 consensus_queue.cc:1048] T 524a21690ec143868c80488d75790282 P 88a2d8092ad14bcf82a5596d6312b113 [LEADER]: Connected to new peer: Peer: permanent_uuid: "16d7377b8f9a44898321e1f60155e7dd" member_type: VOTER last_known_addr { host: "127.24.81.193" port: 33861 }, Status: LMP_MISMATCH, Last received: 0.0, Next index: 2, Last known committed idx: 1, Time since last communication: 0.000s
I20260608 12:50:20.998111 28046 raft_consensus.cc:1275] T f15941b1b24f474f95d09def0c906b4d P 4b6bfd69da5347e0a8e3a0edcf673820 [term 2 FOLLOWER]: Refusing update from remote peer 16d7377b8f9a44898321e1f60155e7dd: Log matching property violated. Preceding OpId in replica: term: 1 index: 1. Preceding OpId from leader: term: 2 index: 2. (index mismatch)
I20260608 12:50:20.999639 28421 consensus_queue.cc:1048] T f15941b1b24f474f95d09def0c906b4d P 16d7377b8f9a44898321e1f60155e7dd [LEADER]: Connected to new peer: Peer: permanent_uuid: "4b6bfd69da5347e0a8e3a0edcf673820" member_type: VOTER last_known_addr { host: "127.24.81.195" port: 42421 }, Status: LMP_MISMATCH, Last received: 0.0, Next index: 2, Last known committed idx: 1, Time since last communication: 0.001s
I20260608 12:50:21.009286 27974 raft_consensus.cc:1275] T f15941b1b24f474f95d09def0c906b4d P 88a2d8092ad14bcf82a5596d6312b113 [term 2 FOLLOWER]: Refusing update from remote peer 16d7377b8f9a44898321e1f60155e7dd: Log matching property violated. Preceding OpId in replica: term: 1 index: 1. Preceding OpId from leader: term: 2 index: 2. (index mismatch)
I20260608 12:50:21.011518 28421 consensus_queue.cc:1048] T f15941b1b24f474f95d09def0c906b4d P 16d7377b8f9a44898321e1f60155e7dd [LEADER]: Connected to new peer: Peer: permanent_uuid: "88a2d8092ad14bcf82a5596d6312b113" member_type: VOTER last_known_addr { host: "127.24.81.194" port: 36529 }, Status: LMP_MISMATCH, Last received: 0.0, Next index: 2, Last known committed idx: 1, Time since last communication: 0.000s
I20260608 12:50:21.139115 28046 raft_consensus.cc:1275] T e624f67c2fd64890bf4a10931926714f P 4b6bfd69da5347e0a8e3a0edcf673820 [term 3 FOLLOWER]: Refusing update from remote peer 2da11d9f35e443d6ba4c03a51782b32a: Log matching property violated. Preceding OpId in replica: term: 2 index: 1. Preceding OpId from leader: term: 3 index: 2. (index mismatch)
I20260608 12:50:21.140806 28436 consensus_queue.cc:1048] T e624f67c2fd64890bf4a10931926714f P 2da11d9f35e443d6ba4c03a51782b32a [LEADER]: Connected to new peer: Peer: permanent_uuid: "4b6bfd69da5347e0a8e3a0edcf673820" member_type: VOTER last_known_addr { host: "127.24.81.195" port: 42421 }, Status: LMP_MISMATCH, Last received: 0.0, Next index: 2, Last known committed idx: 1, Time since last communication: 0.000s
I20260608 12:50:21.148237 27973 raft_consensus.cc:1275] T e624f67c2fd64890bf4a10931926714f P 88a2d8092ad14bcf82a5596d6312b113 [term 3 FOLLOWER]: Refusing update from remote peer 2da11d9f35e443d6ba4c03a51782b32a: Log matching property violated. Preceding OpId in replica: term: 2 index: 1. Preceding OpId from leader: term: 3 index: 2. (index mismatch)
I20260608 12:50:21.149927 28436 consensus_queue.cc:1048] T e624f67c2fd64890bf4a10931926714f P 2da11d9f35e443d6ba4c03a51782b32a [LEADER]: Connected to new peer: Peer: permanent_uuid: "88a2d8092ad14bcf82a5596d6312b113" member_type: VOTER last_known_addr { host: "127.24.81.194" port: 36529 }, Status: LMP_MISMATCH, Last received: 0.0, Next index: 2, Last known committed idx: 1, Time since last communication: 0.000s
I20260608 12:50:21.204353 28213 raft_consensus.cc:1275] T 9f7ddb99577c4564ab3f0a05419ff7bd P 2da11d9f35e443d6ba4c03a51782b32a [term 3 FOLLOWER]: Refusing update from remote peer 16d7377b8f9a44898321e1f60155e7dd: Log matching property violated. Preceding OpId in replica: term: 1 index: 3. Preceding OpId from leader: term: 3 index: 5. (index mismatch)
I20260608 12:50:21.206040 28448 consensus_queue.cc:1048] T 9f7ddb99577c4564ab3f0a05419ff7bd P 16d7377b8f9a44898321e1f60155e7dd [LEADER]: Connected to new peer: Peer: permanent_uuid: "2da11d9f35e443d6ba4c03a51782b32a" member_type: VOTER last_known_addr { host: "127.24.81.196" port: 42799 } attrs { promote: false }, Status: LMP_MISMATCH, Last received: 0.0, Next index: 5, Last known committed idx: 3, Time since last communication: 0.000s
I20260608 12:50:21.250552 28046 raft_consensus.cc:1275] T 9f7ddb99577c4564ab3f0a05419ff7bd P 4b6bfd69da5347e0a8e3a0edcf673820 [term 3 FOLLOWER]: Refusing update from remote peer 16d7377b8f9a44898321e1f60155e7dd: Log matching property violated. Preceding OpId in replica: term: 1 index: 3. Preceding OpId from leader: term: 3 index: 5. (index mismatch)
I20260608 12:50:21.251896 28448 consensus_queue.cc:1048] T 9f7ddb99577c4564ab3f0a05419ff7bd P 16d7377b8f9a44898321e1f60155e7dd [LEADER]: Connected to new peer: Peer: permanent_uuid: "4b6bfd69da5347e0a8e3a0edcf673820" member_type: VOTER last_known_addr { host: "127.24.81.195" port: 42421 }, Status: LMP_MISMATCH, Last received: 0.0, Next index: 5, Last known committed idx: 3, Time since last communication: 0.000s
I20260608 12:50:21.265929 27974 raft_consensus.cc:1275] T 9f7ddb99577c4564ab3f0a05419ff7bd P 88a2d8092ad14bcf82a5596d6312b113 [term 3 FOLLOWER]: Refusing update from remote peer 16d7377b8f9a44898321e1f60155e7dd: Log matching property violated. Preceding OpId in replica: term: 2 index: 4. Preceding OpId from leader: term: 3 index: 5. (index mismatch)
I20260608 12:50:21.268507 28448 consensus_queue.cc:1048] T 9f7ddb99577c4564ab3f0a05419ff7bd P 16d7377b8f9a44898321e1f60155e7dd [LEADER]: Connected to new peer: Peer: permanent_uuid: "88a2d8092ad14bcf82a5596d6312b113" member_type: VOTER last_known_addr { host: "127.24.81.194" port: 36529 } attrs { replace: true }, Status: LMP_MISMATCH, Last received: 0.0, Next index: 5, Last known committed idx: 3, Time since last communication: 0.000s
I20260608 12:50:21.524114 27894 consensus_queue.cc:237] T 9f7ddb99577c4564ab3f0a05419ff7bd P 16d7377b8f9a44898321e1f60155e7dd [LEADER]: Queue going to LEADER mode. State: All replicated index: 0, Majority replicated index: 5, Committed index: 5, Last appended: 3.5, Last appended by leader: 4, Current term: 3, Majority size: 2, State: 0, Mode: LEADER, active raft config: opid_index: 6 OBSOLETE_local: false peers { permanent_uuid: "16d7377b8f9a44898321e1f60155e7dd" member_type: VOTER last_known_addr { host: "127.24.81.193" port: 33861 } } peers { permanent_uuid: "4b6bfd69da5347e0a8e3a0edcf673820" member_type: VOTER last_known_addr { host: "127.24.81.195" port: 42421 } } peers { permanent_uuid: "2da11d9f35e443d6ba4c03a51782b32a" member_type: VOTER last_known_addr { host: "127.24.81.196" port: 42799 } attrs { promote: false } }
I20260608 12:50:21.532192 28213 raft_consensus.cc:1275] T 9f7ddb99577c4564ab3f0a05419ff7bd P 2da11d9f35e443d6ba4c03a51782b32a [term 3 FOLLOWER]: Refusing update from remote peer 16d7377b8f9a44898321e1f60155e7dd: Log matching property violated. Preceding OpId in replica: term: 3 index: 5. Preceding OpId from leader: term: 3 index: 6. (index mismatch)
I20260608 12:50:21.532249 28046 raft_consensus.cc:1275] T 9f7ddb99577c4564ab3f0a05419ff7bd P 4b6bfd69da5347e0a8e3a0edcf673820 [term 3 FOLLOWER]: Refusing update from remote peer 16d7377b8f9a44898321e1f60155e7dd: Log matching property violated. Preceding OpId in replica: term: 3 index: 5. Preceding OpId from leader: term: 3 index: 6. (index mismatch)
I20260608 12:50:21.533921 28448 consensus_queue.cc:1048] T 9f7ddb99577c4564ab3f0a05419ff7bd P 16d7377b8f9a44898321e1f60155e7dd [LEADER]: Connected to new peer: Peer: permanent_uuid: "4b6bfd69da5347e0a8e3a0edcf673820" member_type: VOTER last_known_addr { host: "127.24.81.195" port: 42421 }, Status: LMP_MISMATCH, Last received: 0.0, Next index: 6, Last known committed idx: 5, Time since last communication: 0.000s
I20260608 12:50:21.534758 28401 consensus_queue.cc:1048] T 9f7ddb99577c4564ab3f0a05419ff7bd P 16d7377b8f9a44898321e1f60155e7dd [LEADER]: Connected to new peer: Peer: permanent_uuid: "2da11d9f35e443d6ba4c03a51782b32a" member_type: VOTER last_known_addr { host: "127.24.81.196" port: 42799 } attrs { promote: false }, Status: LMP_MISMATCH, Last received: 0.0, Next index: 6, Last known committed idx: 5, Time since last communication: 0.000s
I20260608 12:50:21.542251 28448 raft_consensus.cc:2955] T 9f7ddb99577c4564ab3f0a05419ff7bd P 16d7377b8f9a44898321e1f60155e7dd [term 3 LEADER]: Committing config change with OpId 3.6: config changed from index 3 to 6, VOTER 88a2d8092ad14bcf82a5596d6312b113 (127.24.81.194) evicted. New config: { opid_index: 6 OBSOLETE_local: false peers { permanent_uuid: "16d7377b8f9a44898321e1f60155e7dd" member_type: VOTER last_known_addr { host: "127.24.81.193" port: 33861 } } peers { permanent_uuid: "4b6bfd69da5347e0a8e3a0edcf673820" member_type: VOTER last_known_addr { host: "127.24.81.195" port: 42421 } } peers { permanent_uuid: "2da11d9f35e443d6ba4c03a51782b32a" member_type: VOTER last_known_addr { host: "127.24.81.196" port: 42799 } attrs { promote: false } } }
I20260608 12:50:21.544659 28047 raft_consensus.cc:2955] T 9f7ddb99577c4564ab3f0a05419ff7bd P 4b6bfd69da5347e0a8e3a0edcf673820 [term 3 FOLLOWER]: Committing config change with OpId 3.6: config changed from index 3 to 6, VOTER 88a2d8092ad14bcf82a5596d6312b113 (127.24.81.194) evicted. New config: { opid_index: 6 OBSOLETE_local: false peers { permanent_uuid: "16d7377b8f9a44898321e1f60155e7dd" member_type: VOTER last_known_addr { host: "127.24.81.193" port: 33861 } } peers { permanent_uuid: "4b6bfd69da5347e0a8e3a0edcf673820" member_type: VOTER last_known_addr { host: "127.24.81.195" port: 42421 } } peers { permanent_uuid: "2da11d9f35e443d6ba4c03a51782b32a" member_type: VOTER last_known_addr { host: "127.24.81.196" port: 42799 } attrs { promote: false } } }
I20260608 12:50:21.544035 28213 raft_consensus.cc:2955] T 9f7ddb99577c4564ab3f0a05419ff7bd P 2da11d9f35e443d6ba4c03a51782b32a [term 3 FOLLOWER]: Committing config change with OpId 3.6: config changed from index 3 to 6, VOTER 88a2d8092ad14bcf82a5596d6312b113 (127.24.81.194) evicted. New config: { opid_index: 6 OBSOLETE_local: false peers { permanent_uuid: "16d7377b8f9a44898321e1f60155e7dd" member_type: VOTER last_known_addr { host: "127.24.81.193" port: 33861 } } peers { permanent_uuid: "4b6bfd69da5347e0a8e3a0edcf673820" member_type: VOTER last_known_addr { host: "127.24.81.195" port: 42421 } } peers { permanent_uuid: "2da11d9f35e443d6ba4c03a51782b32a" member_type: VOTER last_known_addr { host: "127.24.81.196" port: 42799 } attrs { promote: false } } }
I20260608 12:50:21.557377 27782 catalog_manager.cc:5209] ChangeConfig:REMOVE_PEER RPC for tablet 9f7ddb99577c4564ab3f0a05419ff7bd with cas_config_opid_index 3: ChangeConfig:REMOVE_PEER succeeded (attempt 7)
I20260608 12:50:21.560096 27794 catalog_manager.cc:5696] T 9f7ddb99577c4564ab3f0a05419ff7bd P 2da11d9f35e443d6ba4c03a51782b32a reported cstate change: config changed from index 3 to 6, VOTER 88a2d8092ad14bcf82a5596d6312b113 (127.24.81.194) evicted. New cstate: current_term: 3 leader_uuid: "16d7377b8f9a44898321e1f60155e7dd" committed_config { opid_index: 6 OBSOLETE_local: false peers { permanent_uuid: "16d7377b8f9a44898321e1f60155e7dd" member_type: VOTER last_known_addr { host: "127.24.81.193" port: 33861 } } peers { permanent_uuid: "4b6bfd69da5347e0a8e3a0edcf673820" member_type: VOTER last_known_addr { host: "127.24.81.195" port: 42421 } } peers { permanent_uuid: "2da11d9f35e443d6ba4c03a51782b32a" member_type: VOTER last_known_addr { host: "127.24.81.196" port: 42799 } attrs { promote: false } } }
I20260608 12:50:21.574173 27964 tablet_service.cc:1558] Processing DeleteTablet for tablet 9f7ddb99577c4564ab3f0a05419ff7bd with delete_type TABLET_DATA_TOMBSTONED (TS 88a2d8092ad14bcf82a5596d6312b113 not found in new config with opid_index 6) from {username='slave'} at 127.0.0.1:38750
I20260608 12:50:21.575923 28459 tablet_replica.cc:333] T 9f7ddb99577c4564ab3f0a05419ff7bd P 88a2d8092ad14bcf82a5596d6312b113: stopping tablet replica
I20260608 12:50:21.576884 28459 raft_consensus.cc:2243] T 9f7ddb99577c4564ab3f0a05419ff7bd P 88a2d8092ad14bcf82a5596d6312b113 [term 3 FOLLOWER]: Raft consensus shutting down.
I20260608 12:50:21.577847 28459 raft_consensus.cc:2272] T 9f7ddb99577c4564ab3f0a05419ff7bd P 88a2d8092ad14bcf82a5596d6312b113 [term 3 FOLLOWER]: Raft consensus is shut down!
I20260608 12:50:21.581084 28459 ts_tablet_manager.cc:1916] T 9f7ddb99577c4564ab3f0a05419ff7bd P 88a2d8092ad14bcf82a5596d6312b113: Deleting tablet data with delete state TABLET_DATA_TOMBSTONED
I20260608 12:50:21.592219 28459 ts_tablet_manager.cc:1929] T 9f7ddb99577c4564ab3f0a05419ff7bd P 88a2d8092ad14bcf82a5596d6312b113: tablet deleted with delete type TABLET_DATA_TOMBSTONED: last-logged OpId 3.5
I20260608 12:50:21.592599 28459 log.cc:1199] T 9f7ddb99577c4564ab3f0a05419ff7bd P 88a2d8092ad14bcf82a5596d6312b113: Deleting WAL directory at /tmp/dist-test-task4y8XOc/test-tmp/auto_rebalancer-test.0.AutoRebalancerTest.RangeAwareRebalancesNewRangeReplicas.1780922932409228-24903-0/minicluster-data/ts-1-root/wals/9f7ddb99577c4564ab3f0a05419ff7bd
I20260608 12:50:21.594102 27784 catalog_manager.cc:5027] TS 88a2d8092ad14bcf82a5596d6312b113 (127.24.81.194:36529): tablet 9f7ddb99577c4564ab3f0a05419ff7bd (table range_aware_rebalance_new_range [id=e55a2bfdcfc54f5c80e697b60ed8de71]) successfully deleted
I20260608 12:50:21.805038 27974 consensus_queue.cc:237] T f7815bec94904099ab13e62503a4dfae P 88a2d8092ad14bcf82a5596d6312b113 [LEADER]: Queue going to LEADER mode. State: All replicated index: 0, Majority replicated index: 2, Committed index: 2, Last appended: 3.2, Last appended by leader: 1, Current term: 3, Majority size: 2, State: 0, Mode: LEADER, active raft config: opid_index: 3 OBSOLETE_local: false peers { permanent_uuid: "88a2d8092ad14bcf82a5596d6312b113" member_type: VOTER last_known_addr { host: "127.24.81.194" port: 36529 } } peers { permanent_uuid: "16d7377b8f9a44898321e1f60155e7dd" member_type: VOTER last_known_addr { host: "127.24.81.193" port: 33861 } attrs { replace: true } } peers { permanent_uuid: "4b6bfd69da5347e0a8e3a0edcf673820" member_type: VOTER last_known_addr { host: "127.24.81.195" port: 42421 } } peers { permanent_uuid: "2da11d9f35e443d6ba4c03a51782b32a" member_type: NON_VOTER last_known_addr { host: "127.24.81.196" port: 42799 } attrs { promote: true } }
I20260608 12:50:21.812099 28047 raft_consensus.cc:1275] T f7815bec94904099ab13e62503a4dfae P 4b6bfd69da5347e0a8e3a0edcf673820 [term 3 FOLLOWER]: Refusing update from remote peer 88a2d8092ad14bcf82a5596d6312b113: Log matching property violated. Preceding OpId in replica: term: 3 index: 2. Preceding OpId from leader: term: 3 index: 3. (index mismatch)
W20260608 12:50:21.812561 27938 consensus_peers.cc:597] T f7815bec94904099ab13e62503a4dfae P 88a2d8092ad14bcf82a5596d6312b113 -> Peer 2da11d9f35e443d6ba4c03a51782b32a (127.24.81.196:42799): Couldn't send request to peer 2da11d9f35e443d6ba4c03a51782b32a. Error code: TABLET_NOT_FOUND (6). Status: Not found: Tablet not found: f7815bec94904099ab13e62503a4dfae. This is attempt 1: this message will repeat every 5th retry.
I20260608 12:50:21.813450 28455 consensus_queue.cc:1048] T f7815bec94904099ab13e62503a4dfae P 88a2d8092ad14bcf82a5596d6312b113 [LEADER]: Connected to new peer: Peer: permanent_uuid: "4b6bfd69da5347e0a8e3a0edcf673820" member_type: VOTER last_known_addr { host: "127.24.81.195" port: 42421 }, Status: LMP_MISMATCH, Last received: 0.0, Next index: 3, Last known committed idx: 2, Time since last communication: 0.000s
I20260608 12:50:21.813550 27894 raft_consensus.cc:1275] T f7815bec94904099ab13e62503a4dfae P 16d7377b8f9a44898321e1f60155e7dd [term 3 FOLLOWER]: Refusing update from remote peer 88a2d8092ad14bcf82a5596d6312b113: Log matching property violated. Preceding OpId in replica: term: 3 index: 2. Preceding OpId from leader: term: 3 index: 3. (index mismatch)
I20260608 12:50:21.815112 28407 consensus_queue.cc:1048] T f7815bec94904099ab13e62503a4dfae P 88a2d8092ad14bcf82a5596d6312b113 [LEADER]: Connected to new peer: Peer: permanent_uuid: "16d7377b8f9a44898321e1f60155e7dd" member_type: VOTER last_known_addr { host: "127.24.81.193" port: 33861 } attrs { replace: true }, Status: LMP_MISMATCH, Last received: 0.0, Next index: 3, Last known committed idx: 2, Time since last communication: 0.000s
I20260608 12:50:21.822074 28455 raft_consensus.cc:2955] T f7815bec94904099ab13e62503a4dfae P 88a2d8092ad14bcf82a5596d6312b113 [term 3 LEADER]: Committing config change with OpId 3.3: config changed from index -1 to 3, NON_VOTER 2da11d9f35e443d6ba4c03a51782b32a (127.24.81.196) added. New config: { opid_index: 3 OBSOLETE_local: false peers { permanent_uuid: "88a2d8092ad14bcf82a5596d6312b113" member_type: VOTER last_known_addr { host: "127.24.81.194" port: 36529 } } peers { permanent_uuid: "16d7377b8f9a44898321e1f60155e7dd" member_type: VOTER last_known_addr { host: "127.24.81.193" port: 33861 } attrs { replace: true } } peers { permanent_uuid: "4b6bfd69da5347e0a8e3a0edcf673820" member_type: VOTER last_known_addr { host: "127.24.81.195" port: 42421 } } peers { permanent_uuid: "2da11d9f35e443d6ba4c03a51782b32a" member_type: NON_VOTER last_known_addr { host: "127.24.81.196" port: 42799 } attrs { promote: true } } }
I20260608 12:50:21.824251 28047 raft_consensus.cc:2955] T f7815bec94904099ab13e62503a4dfae P 4b6bfd69da5347e0a8e3a0edcf673820 [term 3 FOLLOWER]: Committing config change with OpId 3.3: config changed from index -1 to 3, NON_VOTER 2da11d9f35e443d6ba4c03a51782b32a (127.24.81.196) added. New config: { opid_index: 3 OBSOLETE_local: false peers { permanent_uuid: "88a2d8092ad14bcf82a5596d6312b113" member_type: VOTER last_known_addr { host: "127.24.81.194" port: 36529 } } peers { permanent_uuid: "16d7377b8f9a44898321e1f60155e7dd" member_type: VOTER last_known_addr { host: "127.24.81.193" port: 33861 } attrs { replace: true } } peers { permanent_uuid: "4b6bfd69da5347e0a8e3a0edcf673820" member_type: VOTER last_known_addr { host: "127.24.81.195" port: 42421 } } peers { permanent_uuid: "2da11d9f35e443d6ba4c03a51782b32a" member_type: NON_VOTER last_known_addr { host: "127.24.81.196" port: 42799 } attrs { promote: true } } }
I20260608 12:50:21.828615 27894 raft_consensus.cc:2955] T f7815bec94904099ab13e62503a4dfae P 16d7377b8f9a44898321e1f60155e7dd [term 3 FOLLOWER]: Committing config change with OpId 3.3: config changed from index -1 to 3, NON_VOTER 2da11d9f35e443d6ba4c03a51782b32a (127.24.81.196) added. New config: { opid_index: 3 OBSOLETE_local: false peers { permanent_uuid: "88a2d8092ad14bcf82a5596d6312b113" member_type: VOTER last_known_addr { host: "127.24.81.194" port: 36529 } } peers { permanent_uuid: "16d7377b8f9a44898321e1f60155e7dd" member_type: VOTER last_known_addr { host: "127.24.81.193" port: 33861 } attrs { replace: true } } peers { permanent_uuid: "4b6bfd69da5347e0a8e3a0edcf673820" member_type: VOTER last_known_addr { host: "127.24.81.195" port: 42421 } } peers { permanent_uuid: "2da11d9f35e443d6ba4c03a51782b32a" member_type: NON_VOTER last_known_addr { host: "127.24.81.196" port: 42799 } attrs { promote: true } } }
