I20260608 12:48:51.407531 25947 consensus_queue.cc:260] T ece850e9188c461cb143f6ae655e738a P 24a76f16842b41bdb5a44f4c4b6cbf27 [NON_LEADER]: Queue going to NON_LEADER mode. State: All replicated index: 0, Majority replicated index: 0, Committed index: 0, Last appended: 0.0, Last appended by leader: 0, Current term: 0, Majority size: -1, State: 0, Mode: NON_LEADER, active raft config: opid_index: -1 OBSOLETE_local: false peers { permanent_uuid: "2e78f10fcb2a44b8884e8706bf890ac8" member_type: VOTER last_known_addr { host: "127.24.127.65" port: 35037 } } peers { permanent_uuid: "fe444575414448abb42916f030d9ccd5" member_type: VOTER last_known_addr { host: "127.24.127.66" port: 43585 } } peers { permanent_uuid: "24a76f16842b41bdb5a44f4c4b6cbf27" member_type: VOTER last_known_addr { host: "127.24.127.67" port: 40267 } }
I20260608 12:48:51.409802 25949 raft_consensus.cc:359] T 809df974ee74421f9757b169d3947d0f P fe444575414448abb42916f030d9ccd5 [term 0 FOLLOWER]: Replica starting. Triggering 0 pending ops. Active config: opid_index: -1 OBSOLETE_local: false peers { permanent_uuid: "2e78f10fcb2a44b8884e8706bf890ac8" member_type: VOTER last_known_addr { host: "127.24.127.65" port: 35037 } } peers { permanent_uuid: "fe444575414448abb42916f030d9ccd5" member_type: VOTER last_known_addr { host: "127.24.127.66" port: 43585 } } peers { permanent_uuid: "24a76f16842b41bdb5a44f4c4b6cbf27" member_type: VOTER last_known_addr { host: "127.24.127.67" port: 40267 } }
I20260608 12:48:51.410631 25949 raft_consensus.cc:385] T 809df974ee74421f9757b169d3947d0f P fe444575414448abb42916f030d9ccd5 [term 0 FOLLOWER]: Consensus starting up: Expiring failure detector timer to make a prompt election more likely
I20260608 12:48:51.410862 25947 ts_tablet_manager.cc:1434] T ece850e9188c461cb143f6ae655e738a P 24a76f16842b41bdb5a44f4c4b6cbf27: Time spent starting tablet: real 0.010s	user 0.007s	sys 0.000s
I20260608 12:48:51.412657 25947 tablet_bootstrap.cc:492] T e2eba294b4f24edea943d608a5d8e80a P 24a76f16842b41bdb5a44f4c4b6cbf27: Bootstrap starting.
I20260608 12:48:51.410943 25949 raft_consensus.cc:740] T 809df974ee74421f9757b169d3947d0f P fe444575414448abb42916f030d9ccd5 [term 0 FOLLOWER]: Becoming Follower/Learner. State: Replica: fe444575414448abb42916f030d9ccd5, State: Initialized, Role: FOLLOWER
I20260608 12:48:51.414495 25949 consensus_queue.cc:260] T 809df974ee74421f9757b169d3947d0f P fe444575414448abb42916f030d9ccd5 [NON_LEADER]: Queue going to NON_LEADER mode. State: All replicated index: 0, Majority replicated index: 0, Committed index: 0, Last appended: 0.0, Last appended by leader: 0, Current term: 0, Majority size: -1, State: 0, Mode: NON_LEADER, active raft config: opid_index: -1 OBSOLETE_local: false peers { permanent_uuid: "2e78f10fcb2a44b8884e8706bf890ac8" member_type: VOTER last_known_addr { host: "127.24.127.65" port: 35037 } } peers { permanent_uuid: "fe444575414448abb42916f030d9ccd5" member_type: VOTER last_known_addr { host: "127.24.127.66" port: 43585 } } peers { permanent_uuid: "24a76f16842b41bdb5a44f4c4b6cbf27" member_type: VOTER last_known_addr { host: "127.24.127.67" port: 40267 } }
I20260608 12:48:51.417064 25949 ts_tablet_manager.cc:1434] T 809df974ee74421f9757b169d3947d0f P fe444575414448abb42916f030d9ccd5: Time spent starting tablet: real 0.011s	user 0.008s	sys 0.000s
I20260608 12:48:51.418272 25949 tablet_bootstrap.cc:492] T 812dc0294ee942f685dde477a5c380e1 P fe444575414448abb42916f030d9ccd5: Bootstrap starting.
I20260608 12:48:51.419644 25947 tablet_bootstrap.cc:654] T e2eba294b4f24edea943d608a5d8e80a P 24a76f16842b41bdb5a44f4c4b6cbf27: Neither blocks nor log segments found. Creating new log.
I20260608 12:48:51.421358 25955 raft_consensus.cc:493] T 809df974ee74421f9757b169d3947d0f P fe444575414448abb42916f030d9ccd5 [term 0 FOLLOWER]: Starting pre-election (no leader contacted us within the election timeout)
I20260608 12:48:51.422976 25955 raft_consensus.cc:515] T 809df974ee74421f9757b169d3947d0f P fe444575414448abb42916f030d9ccd5 [term 0 FOLLOWER]: Starting pre-election with config: opid_index: -1 OBSOLETE_local: false peers { permanent_uuid: "2e78f10fcb2a44b8884e8706bf890ac8" member_type: VOTER last_known_addr { host: "127.24.127.65" port: 35037 } } peers { permanent_uuid: "fe444575414448abb42916f030d9ccd5" member_type: VOTER last_known_addr { host: "127.24.127.66" port: 43585 } } peers { permanent_uuid: "24a76f16842b41bdb5a44f4c4b6cbf27" member_type: VOTER last_known_addr { host: "127.24.127.67" port: 40267 } }
I20260608 12:48:51.428260 25949 tablet_bootstrap.cc:654] T 812dc0294ee942f685dde477a5c380e1 P fe444575414448abb42916f030d9ccd5: Neither blocks nor log segments found. Creating new log.
I20260608 12:48:51.434299 25955 leader_election.cc:290] T 809df974ee74421f9757b169d3947d0f P fe444575414448abb42916f030d9ccd5 [CANDIDATE]: Term 1 pre-election: Requested pre-vote from peers 2e78f10fcb2a44b8884e8706bf890ac8 (127.24.127.65:35037), 24a76f16842b41bdb5a44f4c4b6cbf27 (127.24.127.67:40267)
I20260608 12:48:51.438997 25950 tablet_bootstrap.cc:492] T 71c0a73ba7874ff5a1c2645f2d171b3b P 2e78f10fcb2a44b8884e8706bf890ac8: No bootstrap required, opened a new log
I20260608 12:48:51.439858 25950 ts_tablet_manager.cc:1403] T 71c0a73ba7874ff5a1c2645f2d171b3b P 2e78f10fcb2a44b8884e8706bf890ac8: Time spent bootstrapping tablet: real 0.089s	user 0.018s	sys 0.023s
I20260608 12:48:51.443114 25950 raft_consensus.cc:359] T 71c0a73ba7874ff5a1c2645f2d171b3b P 2e78f10fcb2a44b8884e8706bf890ac8 [term 0 FOLLOWER]: Replica starting. Triggering 0 pending ops. Active config: opid_index: -1 OBSOLETE_local: false peers { permanent_uuid: "2e78f10fcb2a44b8884e8706bf890ac8" member_type: VOTER last_known_addr { host: "127.24.127.65" port: 35037 } } peers { permanent_uuid: "fe444575414448abb42916f030d9ccd5" member_type: VOTER last_known_addr { host: "127.24.127.66" port: 43585 } } peers { permanent_uuid: "24a76f16842b41bdb5a44f4c4b6cbf27" member_type: VOTER last_known_addr { host: "127.24.127.67" port: 40267 } }
I20260608 12:48:51.443926 25950 raft_consensus.cc:385] T 71c0a73ba7874ff5a1c2645f2d171b3b P 2e78f10fcb2a44b8884e8706bf890ac8 [term 0 FOLLOWER]: Consensus starting up: Expiring failure detector timer to make a prompt election more likely
I20260608 12:48:51.444279 25950 raft_consensus.cc:740] T 71c0a73ba7874ff5a1c2645f2d171b3b P 2e78f10fcb2a44b8884e8706bf890ac8 [term 0 FOLLOWER]: Becoming Follower/Learner. State: Replica: 2e78f10fcb2a44b8884e8706bf890ac8, State: Initialized, Role: FOLLOWER
I20260608 12:48:51.449333 25950 consensus_queue.cc:260] T 71c0a73ba7874ff5a1c2645f2d171b3b P 2e78f10fcb2a44b8884e8706bf890ac8 [NON_LEADER]: Queue going to NON_LEADER mode. State: All replicated index: 0, Majority replicated index: 0, Committed index: 0, Last appended: 0.0, Last appended by leader: 0, Current term: 0, Majority size: -1, State: 0, Mode: NON_LEADER, active raft config: opid_index: -1 OBSOLETE_local: false peers { permanent_uuid: "2e78f10fcb2a44b8884e8706bf890ac8" member_type: VOTER last_known_addr { host: "127.24.127.65" port: 35037 } } peers { permanent_uuid: "fe444575414448abb42916f030d9ccd5" member_type: VOTER last_known_addr { host: "127.24.127.66" port: 43585 } } peers { permanent_uuid: "24a76f16842b41bdb5a44f4c4b6cbf27" member_type: VOTER last_known_addr { host: "127.24.127.67" port: 40267 } }
I20260608 12:48:51.450083 25947 tablet_bootstrap.cc:492] T e2eba294b4f24edea943d608a5d8e80a P 24a76f16842b41bdb5a44f4c4b6cbf27: No bootstrap required, opened a new log
I20260608 12:48:51.451898 25950 ts_tablet_manager.cc:1434] T 71c0a73ba7874ff5a1c2645f2d171b3b P 2e78f10fcb2a44b8884e8706bf890ac8: Time spent starting tablet: real 0.012s	user 0.007s	sys 0.001s
I20260608 12:48:51.452677 25947 ts_tablet_manager.cc:1403] T e2eba294b4f24edea943d608a5d8e80a P 24a76f16842b41bdb5a44f4c4b6cbf27: Time spent bootstrapping tablet: real 0.040s	user 0.022s	sys 0.012s
I20260608 12:48:51.452943 25950 tablet_bootstrap.cc:492] T e2eba294b4f24edea943d608a5d8e80a P 2e78f10fcb2a44b8884e8706bf890ac8: Bootstrap starting.
I20260608 12:48:51.454496 25963 raft_consensus.cc:493] T 812dc0294ee942f685dde477a5c380e1 P 24a76f16842b41bdb5a44f4c4b6cbf27 [term 0 FOLLOWER]: Starting pre-election (no leader contacted us within the election timeout)
I20260608 12:48:51.455036 25963 raft_consensus.cc:515] T 812dc0294ee942f685dde477a5c380e1 P 24a76f16842b41bdb5a44f4c4b6cbf27 [term 0 FOLLOWER]: Starting pre-election with config: opid_index: -1 OBSOLETE_local: false peers { permanent_uuid: "2e78f10fcb2a44b8884e8706bf890ac8" member_type: VOTER last_known_addr { host: "127.24.127.65" port: 35037 } } peers { permanent_uuid: "fe444575414448abb42916f030d9ccd5" member_type: VOTER last_known_addr { host: "127.24.127.66" port: 43585 } } peers { permanent_uuid: "24a76f16842b41bdb5a44f4c4b6cbf27" member_type: VOTER last_known_addr { host: "127.24.127.67" port: 40267 } }
I20260608 12:48:51.455981 25947 raft_consensus.cc:359] T e2eba294b4f24edea943d608a5d8e80a P 24a76f16842b41bdb5a44f4c4b6cbf27 [term 0 FOLLOWER]: Replica starting. Triggering 0 pending ops. Active config: opid_index: -1 OBSOLETE_local: false peers { permanent_uuid: "2e78f10fcb2a44b8884e8706bf890ac8" member_type: VOTER last_known_addr { host: "127.24.127.65" port: 35037 } } peers { permanent_uuid: "fe444575414448abb42916f030d9ccd5" member_type: VOTER last_known_addr { host: "127.24.127.66" port: 43585 } } peers { permanent_uuid: "24a76f16842b41bdb5a44f4c4b6cbf27" member_type: VOTER last_known_addr { host: "127.24.127.67" port: 40267 } }
I20260608 12:48:51.456748 25947 raft_consensus.cc:385] T e2eba294b4f24edea943d608a5d8e80a P 24a76f16842b41bdb5a44f4c4b6cbf27 [term 0 FOLLOWER]: Consensus starting up: Expiring failure detector timer to make a prompt election more likely
I20260608 12:48:51.457041 25947 raft_consensus.cc:740] T e2eba294b4f24edea943d608a5d8e80a P 24a76f16842b41bdb5a44f4c4b6cbf27 [term 0 FOLLOWER]: Becoming Follower/Learner. State: Replica: 24a76f16842b41bdb5a44f4c4b6cbf27, State: Initialized, Role: FOLLOWER
I20260608 12:48:51.457430 25963 leader_election.cc:290] T 812dc0294ee942f685dde477a5c380e1 P 24a76f16842b41bdb5a44f4c4b6cbf27 [CANDIDATE]: Term 1 pre-election: Requested pre-vote from peers 2e78f10fcb2a44b8884e8706bf890ac8 (127.24.127.65:35037), fe444575414448abb42916f030d9ccd5 (127.24.127.66:43585)
I20260608 12:48:51.457873 25947 consensus_queue.cc:260] T e2eba294b4f24edea943d608a5d8e80a P 24a76f16842b41bdb5a44f4c4b6cbf27 [NON_LEADER]: Queue going to NON_LEADER mode. State: All replicated index: 0, Majority replicated index: 0, Committed index: 0, Last appended: 0.0, Last appended by leader: 0, Current term: 0, Majority size: -1, State: 0, Mode: NON_LEADER, active raft config: opid_index: -1 OBSOLETE_local: false peers { permanent_uuid: "2e78f10fcb2a44b8884e8706bf890ac8" member_type: VOTER last_known_addr { host: "127.24.127.65" port: 35037 } } peers { permanent_uuid: "fe444575414448abb42916f030d9ccd5" member_type: VOTER last_known_addr { host: "127.24.127.66" port: 43585 } } peers { permanent_uuid: "24a76f16842b41bdb5a44f4c4b6cbf27" member_type: VOTER last_known_addr { host: "127.24.127.67" port: 40267 } }
I20260608 12:48:51.460266 25950 tablet_bootstrap.cc:654] T e2eba294b4f24edea943d608a5d8e80a P 2e78f10fcb2a44b8884e8706bf890ac8: Neither blocks nor log segments found. Creating new log.
I20260608 12:48:51.461644 25947 ts_tablet_manager.cc:1434] T e2eba294b4f24edea943d608a5d8e80a P 24a76f16842b41bdb5a44f4c4b6cbf27: Time spent starting tablet: real 0.009s	user 0.006s	sys 0.002s
I20260608 12:48:51.461853 25753 tablet_service.cc:1917] Received RequestConsensusVote() RPC: tablet_id: "812dc0294ee942f685dde477a5c380e1" candidate_uuid: "24a76f16842b41bdb5a44f4c4b6cbf27" candidate_term: 1 candidate_status { last_received { term: 0 index: 0 } } ignore_live_leader: false dest_uuid: "2e78f10fcb2a44b8884e8706bf890ac8" is_pre_election: true
I20260608 12:48:51.462468 25949 tablet_bootstrap.cc:492] T 812dc0294ee942f685dde477a5c380e1 P fe444575414448abb42916f030d9ccd5: No bootstrap required, opened a new log
I20260608 12:48:51.462687 25947 tablet_bootstrap.cc:492] T 07ba1b39e0204dcd881ef54190bdbeb4 P 24a76f16842b41bdb5a44f4c4b6cbf27: Bootstrap starting.
W20260608 12:48:51.465600 25866 leader_election.cc:343] T 812dc0294ee942f685dde477a5c380e1 P 24a76f16842b41bdb5a44f4c4b6cbf27 [CANDIDATE]: Term 1 pre-election: Tablet error from VoteRequest() call to peer 2e78f10fcb2a44b8884e8706bf890ac8 (127.24.127.65:35037): Illegal state: must be running to vote when last-logged opid is not known
I20260608 12:48:51.471153 25947 tablet_bootstrap.cc:654] T 07ba1b39e0204dcd881ef54190bdbeb4 P 24a76f16842b41bdb5a44f4c4b6cbf27: Neither blocks nor log segments found. Creating new log.
I20260608 12:48:51.463532 25949 ts_tablet_manager.cc:1403] T 812dc0294ee942f685dde477a5c380e1 P fe444575414448abb42916f030d9ccd5: Time spent bootstrapping tablet: real 0.046s	user 0.013s	sys 0.004s
I20260608 12:48:51.474417 25828 tablet_service.cc:1917] Received RequestConsensusVote() RPC: tablet_id: "812dc0294ee942f685dde477a5c380e1" candidate_uuid: "24a76f16842b41bdb5a44f4c4b6cbf27" candidate_term: 1 candidate_status { last_received { term: 0 index: 0 } } ignore_live_leader: false dest_uuid: "fe444575414448abb42916f030d9ccd5" is_pre_election: true
I20260608 12:48:51.474992 25902 tablet_service.cc:1917] Received RequestConsensusVote() RPC: tablet_id: "ece850e9188c461cb143f6ae655e738a" candidate_uuid: "fe444575414448abb42916f030d9ccd5" candidate_term: 1 candidate_status { last_received { term: 0 index: 0 } } ignore_live_leader: false dest_uuid: "24a76f16842b41bdb5a44f4c4b6cbf27" is_pre_election: true
I20260608 12:48:51.475234 25753 tablet_service.cc:1917] Received RequestConsensusVote() RPC: tablet_id: "ece850e9188c461cb143f6ae655e738a" candidate_uuid: "fe444575414448abb42916f030d9ccd5" candidate_term: 1 candidate_status { last_received { term: 0 index: 0 } } ignore_live_leader: false dest_uuid: "2e78f10fcb2a44b8884e8706bf890ac8" is_pre_election: true
I20260608 12:48:51.475709 25902 raft_consensus.cc:2468] T ece850e9188c461cb143f6ae655e738a P 24a76f16842b41bdb5a44f4c4b6cbf27 [term 0 FOLLOWER]: Leader pre-election vote request: Granting yes vote for candidate fe444575414448abb42916f030d9ccd5 in term 0.
I20260608 12:48:51.475666 25901 tablet_service.cc:1917] Received RequestConsensusVote() RPC: tablet_id: "809df974ee74421f9757b169d3947d0f" candidate_uuid: "fe444575414448abb42916f030d9ccd5" candidate_term: 1 candidate_status { last_received { term: 0 index: 0 } } ignore_live_leader: false dest_uuid: "24a76f16842b41bdb5a44f4c4b6cbf27" is_pre_election: true
I20260608 12:48:51.475972 25753 raft_consensus.cc:2468] T ece850e9188c461cb143f6ae655e738a P 2e78f10fcb2a44b8884e8706bf890ac8 [term 0 FOLLOWER]: Leader pre-election vote request: Granting yes vote for candidate fe444575414448abb42916f030d9ccd5 in term 0.
I20260608 12:48:51.476531 25901 raft_consensus.cc:2468] T 809df974ee74421f9757b169d3947d0f P 24a76f16842b41bdb5a44f4c4b6cbf27 [term 0 FOLLOWER]: Leader pre-election vote request: Granting yes vote for candidate fe444575414448abb42916f030d9ccd5 in term 0.
I20260608 12:48:51.477964 25753 tablet_service.cc:1917] Received RequestConsensusVote() RPC: tablet_id: "809df974ee74421f9757b169d3947d0f" candidate_uuid: "fe444575414448abb42916f030d9ccd5" candidate_term: 1 candidate_status { last_received { term: 0 index: 0 } } ignore_live_leader: false dest_uuid: "2e78f10fcb2a44b8884e8706bf890ac8" is_pre_election: true
I20260608 12:48:51.479451 25792 leader_election.cc:304] T ece850e9188c461cb143f6ae655e738a P fe444575414448abb42916f030d9ccd5 [CANDIDATE]: Term 1 pre-election: Election decided. Result: candidate won. Election summary: received 2 responses out of 3 voters: 2 yes votes; 0 no votes. yes voters: 24a76f16842b41bdb5a44f4c4b6cbf27, fe444575414448abb42916f030d9ccd5; no voters: 
I20260608 12:48:51.480331 25955 raft_consensus.cc:2804] T ece850e9188c461cb143f6ae655e738a P fe444575414448abb42916f030d9ccd5 [term 0 FOLLOWER]: Leader pre-election won for term 1
I20260608 12:48:51.480723 25955 raft_consensus.cc:493] T ece850e9188c461cb143f6ae655e738a P fe444575414448abb42916f030d9ccd5 [term 0 FOLLOWER]: Starting leader election (no leader contacted us within the election timeout)
I20260608 12:48:51.480798 25950 tablet_bootstrap.cc:492] T e2eba294b4f24edea943d608a5d8e80a P 2e78f10fcb2a44b8884e8706bf890ac8: No bootstrap required, opened a new log
W20260608 12:48:51.481024 25792 leader_election.cc:343] T 809df974ee74421f9757b169d3947d0f P fe444575414448abb42916f030d9ccd5 [CANDIDATE]: Term 1 pre-election: Tablet error from VoteRequest() call to peer 2e78f10fcb2a44b8884e8706bf890ac8 (127.24.127.65:35037): Illegal state: must be running to vote when last-logged opid is not known
I20260608 12:48:51.481163 25955 raft_consensus.cc:3060] T ece850e9188c461cb143f6ae655e738a P fe444575414448abb42916f030d9ccd5 [term 0 FOLLOWER]: Advancing to term 1
I20260608 12:48:51.481416 25950 ts_tablet_manager.cc:1403] T e2eba294b4f24edea943d608a5d8e80a P 2e78f10fcb2a44b8884e8706bf890ac8: Time spent bootstrapping tablet: real 0.029s	user 0.014s	sys 0.007s
I20260608 12:48:51.485255 25947 tablet_bootstrap.cc:492] T 07ba1b39e0204dcd881ef54190bdbeb4 P 24a76f16842b41bdb5a44f4c4b6cbf27: No bootstrap required, opened a new log
I20260608 12:48:51.484995 25950 raft_consensus.cc:359] T e2eba294b4f24edea943d608a5d8e80a P 2e78f10fcb2a44b8884e8706bf890ac8 [term 0 FOLLOWER]: Replica starting. Triggering 0 pending ops. Active config: opid_index: -1 OBSOLETE_local: false peers { permanent_uuid: "2e78f10fcb2a44b8884e8706bf890ac8" member_type: VOTER last_known_addr { host: "127.24.127.65" port: 35037 } } peers { permanent_uuid: "fe444575414448abb42916f030d9ccd5" member_type: VOTER last_known_addr { host: "127.24.127.66" port: 43585 } } peers { permanent_uuid: "24a76f16842b41bdb5a44f4c4b6cbf27" member_type: VOTER last_known_addr { host: "127.24.127.67" port: 40267 } }
I20260608 12:48:51.485805 25950 raft_consensus.cc:385] T e2eba294b4f24edea943d608a5d8e80a P 2e78f10fcb2a44b8884e8706bf890ac8 [term 0 FOLLOWER]: Consensus starting up: Expiring failure detector timer to make a prompt election more likely
I20260608 12:48:51.485903 25947 ts_tablet_manager.cc:1403] T 07ba1b39e0204dcd881ef54190bdbeb4 P 24a76f16842b41bdb5a44f4c4b6cbf27: Time spent bootstrapping tablet: real 0.023s	user 0.007s	sys 0.006s
I20260608 12:48:51.486207 25950 raft_consensus.cc:740] T e2eba294b4f24edea943d608a5d8e80a P 2e78f10fcb2a44b8884e8706bf890ac8 [term 0 FOLLOWER]: Becoming Follower/Learner. State: Replica: 2e78f10fcb2a44b8884e8706bf890ac8, State: Initialized, Role: FOLLOWER
I20260608 12:48:51.487229 25950 consensus_queue.cc:260] T e2eba294b4f24edea943d608a5d8e80a P 2e78f10fcb2a44b8884e8706bf890ac8 [NON_LEADER]: Queue going to NON_LEADER mode. State: All replicated index: 0, Majority replicated index: 0, Committed index: 0, Last appended: 0.0, Last appended by leader: 0, Current term: 0, Majority size: -1, State: 0, Mode: NON_LEADER, active raft config: opid_index: -1 OBSOLETE_local: false peers { permanent_uuid: "2e78f10fcb2a44b8884e8706bf890ac8" member_type: VOTER last_known_addr { host: "127.24.127.65" port: 35037 } } peers { permanent_uuid: "fe444575414448abb42916f030d9ccd5" member_type: VOTER last_known_addr { host: "127.24.127.66" port: 43585 } } peers { permanent_uuid: "24a76f16842b41bdb5a44f4c4b6cbf27" member_type: VOTER last_known_addr { host: "127.24.127.67" port: 40267 } }
I20260608 12:48:51.489104 25947 raft_consensus.cc:359] T 07ba1b39e0204dcd881ef54190bdbeb4 P 24a76f16842b41bdb5a44f4c4b6cbf27 [term 0 FOLLOWER]: Replica starting. Triggering 0 pending ops. Active config: opid_index: -1 OBSOLETE_local: false peers { permanent_uuid: "2e78f10fcb2a44b8884e8706bf890ac8" member_type: VOTER last_known_addr { host: "127.24.127.65" port: 35037 } } peers { permanent_uuid: "fe444575414448abb42916f030d9ccd5" member_type: VOTER last_known_addr { host: "127.24.127.66" port: 43585 } } peers { permanent_uuid: "24a76f16842b41bdb5a44f4c4b6cbf27" member_type: VOTER last_known_addr { host: "127.24.127.67" port: 40267 } }
I20260608 12:48:51.489977 25947 raft_consensus.cc:385] T 07ba1b39e0204dcd881ef54190bdbeb4 P 24a76f16842b41bdb5a44f4c4b6cbf27 [term 0 FOLLOWER]: Consensus starting up: Expiring failure detector timer to make a prompt election more likely
I20260608 12:48:51.490319 25947 raft_consensus.cc:740] T 07ba1b39e0204dcd881ef54190bdbeb4 P 24a76f16842b41bdb5a44f4c4b6cbf27 [term 0 FOLLOWER]: Becoming Follower/Learner. State: Replica: 24a76f16842b41bdb5a44f4c4b6cbf27, State: Initialized, Role: FOLLOWER
I20260608 12:48:51.490659 25950 ts_tablet_manager.cc:1434] T e2eba294b4f24edea943d608a5d8e80a P 2e78f10fcb2a44b8884e8706bf890ac8: Time spent starting tablet: real 0.009s	user 0.007s	sys 0.000s
I20260608 12:48:51.490737 25949 raft_consensus.cc:359] T 812dc0294ee942f685dde477a5c380e1 P fe444575414448abb42916f030d9ccd5 [term 0 FOLLOWER]: Replica starting. Triggering 0 pending ops. Active config: opid_index: -1 OBSOLETE_local: false peers { permanent_uuid: "2e78f10fcb2a44b8884e8706bf890ac8" member_type: VOTER last_known_addr { host: "127.24.127.65" port: 35037 } } peers { permanent_uuid: "fe444575414448abb42916f030d9ccd5" member_type: VOTER last_known_addr { host: "127.24.127.66" port: 43585 } } peers { permanent_uuid: "24a76f16842b41bdb5a44f4c4b6cbf27" member_type: VOTER last_known_addr { host: "127.24.127.67" port: 40267 } }
I20260608 12:48:51.491605 25949 raft_consensus.cc:385] T 812dc0294ee942f685dde477a5c380e1 P fe444575414448abb42916f030d9ccd5 [term 0 FOLLOWER]: Consensus starting up: Expiring failure detector timer to make a prompt election more likely
I20260608 12:48:51.491318 25947 consensus_queue.cc:260] T 07ba1b39e0204dcd881ef54190bdbeb4 P 24a76f16842b41bdb5a44f4c4b6cbf27 [NON_LEADER]: Queue going to NON_LEADER mode. State: All replicated index: 0, Majority replicated index: 0, Committed index: 0, Last appended: 0.0, Last appended by leader: 0, Current term: 0, Majority size: -1, State: 0, Mode: NON_LEADER, active raft config: opid_index: -1 OBSOLETE_local: false peers { permanent_uuid: "2e78f10fcb2a44b8884e8706bf890ac8" member_type: VOTER last_known_addr { host: "127.24.127.65" port: 35037 } } peers { permanent_uuid: "fe444575414448abb42916f030d9ccd5" member_type: VOTER last_known_addr { host: "127.24.127.66" port: 43585 } } peers { permanent_uuid: "24a76f16842b41bdb5a44f4c4b6cbf27" member_type: VOTER last_known_addr { host: "127.24.127.67" port: 40267 } }
I20260608 12:48:51.491886 25950 tablet_bootstrap.cc:492] T 812dc0294ee942f685dde477a5c380e1 P 2e78f10fcb2a44b8884e8706bf890ac8: Bootstrap starting.
I20260608 12:48:51.491954 25949 raft_consensus.cc:740] T 812dc0294ee942f685dde477a5c380e1 P fe444575414448abb42916f030d9ccd5 [term 0 FOLLOWER]: Becoming Follower/Learner. State: Replica: fe444575414448abb42916f030d9ccd5, State: Initialized, Role: FOLLOWER
I20260608 12:48:51.493793 25947 ts_tablet_manager.cc:1434] T 07ba1b39e0204dcd881ef54190bdbeb4 P 24a76f16842b41bdb5a44f4c4b6cbf27: Time spent starting tablet: real 0.007s	user 0.005s	sys 0.000s
I20260608 12:48:51.495911 25955 raft_consensus.cc:515] T ece850e9188c461cb143f6ae655e738a P fe444575414448abb42916f030d9ccd5 [term 1 FOLLOWER]: Starting leader election with config: opid_index: -1 OBSOLETE_local: false peers { permanent_uuid: "2e78f10fcb2a44b8884e8706bf890ac8" member_type: VOTER last_known_addr { host: "127.24.127.65" port: 35037 } } peers { permanent_uuid: "fe444575414448abb42916f030d9ccd5" member_type: VOTER last_known_addr { host: "127.24.127.66" port: 43585 } } peers { permanent_uuid: "24a76f16842b41bdb5a44f4c4b6cbf27" member_type: VOTER last_known_addr { host: "127.24.127.67" port: 40267 } }
I20260608 12:48:51.498196 25955 leader_election.cc:290] T ece850e9188c461cb143f6ae655e738a P fe444575414448abb42916f030d9ccd5 [CANDIDATE]: Term 1 election: Requested vote from peers 2e78f10fcb2a44b8884e8706bf890ac8 (127.24.127.65:35037), 24a76f16842b41bdb5a44f4c4b6cbf27 (127.24.127.67:40267)
W20260608 12:48:51.499186 25866 leader_election.cc:343] T 812dc0294ee942f685dde477a5c380e1 P 24a76f16842b41bdb5a44f4c4b6cbf27 [CANDIDATE]: Term 1 pre-election: Tablet error from VoteRequest() call to peer fe444575414448abb42916f030d9ccd5 (127.24.127.66:43585): Illegal state: must be running to vote when last-logged opid is not known
I20260608 12:48:51.500835 25866 leader_election.cc:304] T 812dc0294ee942f685dde477a5c380e1 P 24a76f16842b41bdb5a44f4c4b6cbf27 [CANDIDATE]: Term 1 pre-election: Election decided. Result: candidate lost. Election summary: received 3 responses out of 3 voters: 1 yes votes; 2 no votes. yes voters: 24a76f16842b41bdb5a44f4c4b6cbf27; no voters: 2e78f10fcb2a44b8884e8706bf890ac8, fe444575414448abb42916f030d9ccd5
I20260608 12:48:51.502084 25753 tablet_service.cc:1917] Received RequestConsensusVote() RPC: tablet_id: "ece850e9188c461cb143f6ae655e738a" candidate_uuid: "fe444575414448abb42916f030d9ccd5" candidate_term: 1 candidate_status { last_received { term: 0 index: 0 } } ignore_live_leader: false dest_uuid: "2e78f10fcb2a44b8884e8706bf890ac8"
I20260608 12:48:51.502466 25963 raft_consensus.cc:2749] T 812dc0294ee942f685dde477a5c380e1 P 24a76f16842b41bdb5a44f4c4b6cbf27 [term 0 FOLLOWER]: Leader pre-election lost for term 1. Reason: could not achieve majority
I20260608 12:48:51.502754 25753 raft_consensus.cc:3060] T ece850e9188c461cb143f6ae655e738a P 2e78f10fcb2a44b8884e8706bf890ac8 [term 0 FOLLOWER]: Advancing to term 1
I20260608 12:48:51.503492 25901 tablet_service.cc:1917] Received RequestConsensusVote() RPC: tablet_id: "ece850e9188c461cb143f6ae655e738a" candidate_uuid: "fe444575414448abb42916f030d9ccd5" candidate_term: 1 candidate_status { last_received { term: 0 index: 0 } } ignore_live_leader: false dest_uuid: "24a76f16842b41bdb5a44f4c4b6cbf27"
I20260608 12:48:51.503612 25949 consensus_queue.cc:260] T 812dc0294ee942f685dde477a5c380e1 P fe444575414448abb42916f030d9ccd5 [NON_LEADER]: Queue going to NON_LEADER mode. State: All replicated index: 0, Majority replicated index: 0, Committed index: 0, Last appended: 0.0, Last appended by leader: 0, Current term: 0, Majority size: -1, State: 0, Mode: NON_LEADER, active raft config: opid_index: -1 OBSOLETE_local: false peers { permanent_uuid: "2e78f10fcb2a44b8884e8706bf890ac8" member_type: VOTER last_known_addr { host: "127.24.127.65" port: 35037 } } peers { permanent_uuid: "fe444575414448abb42916f030d9ccd5" member_type: VOTER last_known_addr { host: "127.24.127.66" port: 43585 } } peers { permanent_uuid: "24a76f16842b41bdb5a44f4c4b6cbf27" member_type: VOTER last_known_addr { host: "127.24.127.67" port: 40267 } }
I20260608 12:48:51.504184 25901 raft_consensus.cc:3060] T ece850e9188c461cb143f6ae655e738a P 24a76f16842b41bdb5a44f4c4b6cbf27 [term 0 FOLLOWER]: Advancing to term 1
I20260608 12:48:51.510030 25753 raft_consensus.cc:2468] T ece850e9188c461cb143f6ae655e738a P 2e78f10fcb2a44b8884e8706bf890ac8 [term 1 FOLLOWER]: Leader election vote request: Granting yes vote for candidate fe444575414448abb42916f030d9ccd5 in term 1.
I20260608 12:48:51.511219 25950 tablet_bootstrap.cc:654] T 812dc0294ee942f685dde477a5c380e1 P 2e78f10fcb2a44b8884e8706bf890ac8: Neither blocks nor log segments found. Creating new log.
I20260608 12:48:51.511124 25955 raft_consensus.cc:493] T d090ec767fa341e7b15adf1cd451058c P fe444575414448abb42916f030d9ccd5 [term 0 FOLLOWER]: Starting pre-election (no leader contacted us within the election timeout)
I20260608 12:48:51.500070 25792 leader_election.cc:304] T 809df974ee74421f9757b169d3947d0f P fe444575414448abb42916f030d9ccd5 [CANDIDATE]: Term 1 pre-election: Election decided. Result: candidate won. Election summary: received 3 responses out of 3 voters: 2 yes votes; 1 no votes. yes voters: 24a76f16842b41bdb5a44f4c4b6cbf27, fe444575414448abb42916f030d9ccd5; no voters: 2e78f10fcb2a44b8884e8706bf890ac8
I20260608 12:48:51.513423 25901 raft_consensus.cc:2468] T ece850e9188c461cb143f6ae655e738a P 24a76f16842b41bdb5a44f4c4b6cbf27 [term 1 FOLLOWER]: Leader election vote request: Granting yes vote for candidate fe444575414448abb42916f030d9ccd5 in term 1.
I20260608 12:48:51.513410 25949 ts_tablet_manager.cc:1434] T 812dc0294ee942f685dde477a5c380e1 P fe444575414448abb42916f030d9ccd5: Time spent starting tablet: real 0.041s	user 0.007s	sys 0.000s
I20260608 12:48:51.515506 25949 tablet_bootstrap.cc:492] T 71c0a73ba7874ff5a1c2645f2d171b3b P fe444575414448abb42916f030d9ccd5: Bootstrap starting.
I20260608 12:48:51.515787 25792 leader_election.cc:304] T ece850e9188c461cb143f6ae655e738a P fe444575414448abb42916f030d9ccd5 [CANDIDATE]: Term 1 election: Election decided. Result: candidate won. Election summary: received 2 responses out of 3 voters: 2 yes votes; 0 no votes. yes voters: 2e78f10fcb2a44b8884e8706bf890ac8, fe444575414448abb42916f030d9ccd5; no voters: 
I20260608 12:48:51.517099 25955 raft_consensus.cc:515] T d090ec767fa341e7b15adf1cd451058c P fe444575414448abb42916f030d9ccd5 [term 0 FOLLOWER]: Starting pre-election with config: opid_index: -1 OBSOLETE_local: false peers { permanent_uuid: "2e78f10fcb2a44b8884e8706bf890ac8" member_type: VOTER last_known_addr { host: "127.24.127.65" port: 35037 } } peers { permanent_uuid: "fe444575414448abb42916f030d9ccd5" member_type: VOTER last_known_addr { host: "127.24.127.66" port: 43585 } } peers { permanent_uuid: "24a76f16842b41bdb5a44f4c4b6cbf27" member_type: VOTER last_known_addr { host: "127.24.127.67" port: 40267 } }
I20260608 12:48:51.518958 25987 raft_consensus.cc:2804] T 809df974ee74421f9757b169d3947d0f P fe444575414448abb42916f030d9ccd5 [term 0 FOLLOWER]: Leader pre-election won for term 1
I20260608 12:48:51.519349 25955 leader_election.cc:290] T d090ec767fa341e7b15adf1cd451058c P fe444575414448abb42916f030d9ccd5 [CANDIDATE]: Term 1 pre-election: Requested pre-vote from peers 2e78f10fcb2a44b8884e8706bf890ac8 (127.24.127.65:35037), 24a76f16842b41bdb5a44f4c4b6cbf27 (127.24.127.67:40267)
I20260608 12:48:51.519953 25955 raft_consensus.cc:2804] T ece850e9188c461cb143f6ae655e738a P fe444575414448abb42916f030d9ccd5 [term 1 FOLLOWER]: Leader election won for term 1
I20260608 12:48:51.519510 25987 raft_consensus.cc:493] T 809df974ee74421f9757b169d3947d0f P fe444575414448abb42916f030d9ccd5 [term 0 FOLLOWER]: Starting leader election (no leader contacted us within the election timeout)
I20260608 12:48:51.520437 25955 raft_consensus.cc:697] T ece850e9188c461cb143f6ae655e738a P fe444575414448abb42916f030d9ccd5 [term 1 LEADER]: Becoming Leader. State: Replica: fe444575414448abb42916f030d9ccd5, State: Running, Role: LEADER
I20260608 12:48:51.523177 25753 tablet_service.cc:1917] Received RequestConsensusVote() RPC: tablet_id: "d090ec767fa341e7b15adf1cd451058c" candidate_uuid: "fe444575414448abb42916f030d9ccd5" candidate_term: 1 candidate_status { last_received { term: 0 index: 0 } } ignore_live_leader: false dest_uuid: "2e78f10fcb2a44b8884e8706bf890ac8" is_pre_election: true
I20260608 12:48:51.527139 25987 raft_consensus.cc:3060] T 809df974ee74421f9757b169d3947d0f P fe444575414448abb42916f030d9ccd5 [term 0 FOLLOWER]: Advancing to term 1
I20260608 12:48:51.528272 25955 consensus_queue.cc:237] T ece850e9188c461cb143f6ae655e738a P fe444575414448abb42916f030d9ccd5 [LEADER]: Queue going to LEADER mode. State: All replicated index: 0, Majority replicated index: 0, Committed index: 0, Last appended: 0.0, Last appended by leader: 0, Current term: 1, Majority size: 2, State: 0, Mode: LEADER, active raft config: opid_index: -1 OBSOLETE_local: false peers { permanent_uuid: "2e78f10fcb2a44b8884e8706bf890ac8" member_type: VOTER last_known_addr { host: "127.24.127.65" port: 35037 } } peers { permanent_uuid: "fe444575414448abb42916f030d9ccd5" member_type: VOTER last_known_addr { host: "127.24.127.66" port: 43585 } } peers { permanent_uuid: "24a76f16842b41bdb5a44f4c4b6cbf27" member_type: VOTER last_known_addr { host: "127.24.127.67" port: 40267 } }
I20260608 12:48:51.525326 25901 tablet_service.cc:1917] Received RequestConsensusVote() RPC: tablet_id: "d090ec767fa341e7b15adf1cd451058c" candidate_uuid: "fe444575414448abb42916f030d9ccd5" candidate_term: 1 candidate_status { last_received { term: 0 index: 0 } } ignore_live_leader: false dest_uuid: "24a76f16842b41bdb5a44f4c4b6cbf27" is_pre_election: true
I20260608 12:48:51.527282 25753 raft_consensus.cc:2468] T d090ec767fa341e7b15adf1cd451058c P 2e78f10fcb2a44b8884e8706bf890ac8 [term 0 FOLLOWER]: Leader pre-election vote request: Granting yes vote for candidate fe444575414448abb42916f030d9ccd5 in term 0.
I20260608 12:48:51.531024 25792 leader_election.cc:304] T d090ec767fa341e7b15adf1cd451058c P fe444575414448abb42916f030d9ccd5 [CANDIDATE]: Term 1 pre-election: Election decided. Result: candidate won. Election summary: received 2 responses out of 3 voters: 2 yes votes; 0 no votes. yes voters: 2e78f10fcb2a44b8884e8706bf890ac8, fe444575414448abb42916f030d9ccd5; no voters: 
I20260608 12:48:51.532676 25985 raft_consensus.cc:2804] T d090ec767fa341e7b15adf1cd451058c P fe444575414448abb42916f030d9ccd5 [term 0 FOLLOWER]: Leader pre-election won for term 1
I20260608 12:48:51.533332 25985 raft_consensus.cc:493] T d090ec767fa341e7b15adf1cd451058c P fe444575414448abb42916f030d9ccd5 [term 0 FOLLOWER]: Starting leader election (no leader contacted us within the election timeout)
I20260608 12:48:51.533934 25985 raft_consensus.cc:3060] T d090ec767fa341e7b15adf1cd451058c P fe444575414448abb42916f030d9ccd5 [term 0 FOLLOWER]: Advancing to term 1
I20260608 12:48:51.535063 25901 raft_consensus.cc:2468] T d090ec767fa341e7b15adf1cd451058c P 24a76f16842b41bdb5a44f4c4b6cbf27 [term 0 FOLLOWER]: Leader pre-election vote request: Granting yes vote for candidate fe444575414448abb42916f030d9ccd5 in term 0.
I20260608 12:48:51.525054 25949 tablet_bootstrap.cc:654] T 71c0a73ba7874ff5a1c2645f2d171b3b P fe444575414448abb42916f030d9ccd5: Neither blocks nor log segments found. Creating new log.
I20260608 12:48:51.546216 25650 catalog_manager.cc:5696] T ece850e9188c461cb143f6ae655e738a P fe444575414448abb42916f030d9ccd5 reported cstate change: term changed from 0 to 1, leader changed from <none> to fe444575414448abb42916f030d9ccd5 (127.24.127.66). New cstate: current_term: 1 leader_uuid: "fe444575414448abb42916f030d9ccd5" committed_config { opid_index: -1 OBSOLETE_local: false peers { permanent_uuid: "2e78f10fcb2a44b8884e8706bf890ac8" member_type: VOTER last_known_addr { host: "127.24.127.65" port: 35037 } health_report { overall_health: UNKNOWN } } peers { permanent_uuid: "fe444575414448abb42916f030d9ccd5" member_type: VOTER last_known_addr { host: "127.24.127.66" port: 43585 } health_report { overall_health: HEALTHY } } peers { permanent_uuid: "24a76f16842b41bdb5a44f4c4b6cbf27" member_type: VOTER last_known_addr { host: "127.24.127.67" port: 40267 } health_report { overall_health: UNKNOWN } } }
I20260608 12:48:51.547966 25985 raft_consensus.cc:515] T d090ec767fa341e7b15adf1cd451058c P fe444575414448abb42916f030d9ccd5 [term 1 FOLLOWER]: Starting leader election with config: opid_index: -1 OBSOLETE_local: false peers { permanent_uuid: "2e78f10fcb2a44b8884e8706bf890ac8" member_type: VOTER last_known_addr { host: "127.24.127.65" port: 35037 } } peers { permanent_uuid: "fe444575414448abb42916f030d9ccd5" member_type: VOTER last_known_addr { host: "127.24.127.66" port: 43585 } } peers { permanent_uuid: "24a76f16842b41bdb5a44f4c4b6cbf27" member_type: VOTER last_known_addr { host: "127.24.127.67" port: 40267 } }
I20260608 12:48:51.550563 25985 leader_election.cc:290] T d090ec767fa341e7b15adf1cd451058c P fe444575414448abb42916f030d9ccd5 [CANDIDATE]: Term 1 election: Requested vote from peers 2e78f10fcb2a44b8884e8706bf890ac8 (127.24.127.65:35037), 24a76f16842b41bdb5a44f4c4b6cbf27 (127.24.127.67:40267)
I20260608 12:48:51.551584 25985 raft_consensus.cc:493] T 07ba1b39e0204dcd881ef54190bdbeb4 P fe444575414448abb42916f030d9ccd5 [term 0 FOLLOWER]: Starting pre-election (no leader contacted us within the election timeout)
I20260608 12:48:51.552489 25901 tablet_service.cc:1917] Received RequestConsensusVote() RPC: tablet_id: "d090ec767fa341e7b15adf1cd451058c" candidate_uuid: "fe444575414448abb42916f030d9ccd5" candidate_term: 1 candidate_status { last_received { term: 0 index: 0 } } ignore_live_leader: false dest_uuid: "24a76f16842b41bdb5a44f4c4b6cbf27"
I20260608 12:48:51.552271 25985 raft_consensus.cc:515] T 07ba1b39e0204dcd881ef54190bdbeb4 P fe444575414448abb42916f030d9ccd5 [term 0 FOLLOWER]: Starting pre-election with config: opid_index: -1 OBSOLETE_local: false peers { permanent_uuid: "2e78f10fcb2a44b8884e8706bf890ac8" member_type: VOTER last_known_addr { host: "127.24.127.65" port: 35037 } } peers { permanent_uuid: "fe444575414448abb42916f030d9ccd5" member_type: VOTER last_known_addr { host: "127.24.127.66" port: 43585 } } peers { permanent_uuid: "24a76f16842b41bdb5a44f4c4b6cbf27" member_type: VOTER last_known_addr { host: "127.24.127.67" port: 40267 } }
I20260608 12:48:51.553161 25901 raft_consensus.cc:3060] T d090ec767fa341e7b15adf1cd451058c P 24a76f16842b41bdb5a44f4c4b6cbf27 [term 0 FOLLOWER]: Advancing to term 1
I20260608 12:48:51.555537 25753 tablet_service.cc:1917] Received RequestConsensusVote() RPC: tablet_id: "d090ec767fa341e7b15adf1cd451058c" candidate_uuid: "fe444575414448abb42916f030d9ccd5" candidate_term: 1 candidate_status { last_received { term: 0 index: 0 } } ignore_live_leader: false dest_uuid: "2e78f10fcb2a44b8884e8706bf890ac8"
I20260608 12:48:51.556178 25753 raft_consensus.cc:3060] T d090ec767fa341e7b15adf1cd451058c P 2e78f10fcb2a44b8884e8706bf890ac8 [term 0 FOLLOWER]: Advancing to term 1
I20260608 12:48:51.556981 25950 tablet_bootstrap.cc:492] T 812dc0294ee942f685dde477a5c380e1 P 2e78f10fcb2a44b8884e8706bf890ac8: No bootstrap required, opened a new log
I20260608 12:48:51.556875 25752 tablet_service.cc:1917] Received RequestConsensusVote() RPC: tablet_id: "07ba1b39e0204dcd881ef54190bdbeb4" candidate_uuid: "fe444575414448abb42916f030d9ccd5" candidate_term: 1 candidate_status { last_received { term: 0 index: 0 } } ignore_live_leader: false dest_uuid: "2e78f10fcb2a44b8884e8706bf890ac8" is_pre_election: true
I20260608 12:48:51.557701 25950 ts_tablet_manager.cc:1403] T 812dc0294ee942f685dde477a5c380e1 P 2e78f10fcb2a44b8884e8706bf890ac8: Time spent bootstrapping tablet: real 0.066s	user 0.012s	sys 0.027s
W20260608 12:48:51.559407 25792 leader_election.cc:343] T 07ba1b39e0204dcd881ef54190bdbeb4 P fe444575414448abb42916f030d9ccd5 [CANDIDATE]: Term 1 pre-election: Tablet error from VoteRequest() call to peer 2e78f10fcb2a44b8884e8706bf890ac8 (127.24.127.65:35037): Illegal state: must be running to vote when last-logged opid is not known
I20260608 12:48:51.561223 25950 raft_consensus.cc:359] T 812dc0294ee942f685dde477a5c380e1 P 2e78f10fcb2a44b8884e8706bf890ac8 [term 0 FOLLOWER]: Replica starting. Triggering 0 pending ops. Active config: opid_index: -1 OBSOLETE_local: false peers { permanent_uuid: "2e78f10fcb2a44b8884e8706bf890ac8" member_type: VOTER last_known_addr { host: "127.24.127.65" port: 35037 } } peers { permanent_uuid: "fe444575414448abb42916f030d9ccd5" member_type: VOTER last_known_addr { host: "127.24.127.66" port: 43585 } } peers { permanent_uuid: "24a76f16842b41bdb5a44f4c4b6cbf27" member_type: VOTER last_known_addr { host: "127.24.127.67" port: 40267 } }
I20260608 12:48:51.561858 25985 leader_election.cc:290] T 07ba1b39e0204dcd881ef54190bdbeb4 P fe444575414448abb42916f030d9ccd5 [CANDIDATE]: Term 1 pre-election: Requested pre-vote from peers 2e78f10fcb2a44b8884e8706bf890ac8 (127.24.127.65:35037), 24a76f16842b41bdb5a44f4c4b6cbf27 (127.24.127.67:40267)
I20260608 12:48:51.562055 25950 raft_consensus.cc:385] T 812dc0294ee942f685dde477a5c380e1 P 2e78f10fcb2a44b8884e8706bf890ac8 [term 0 FOLLOWER]: Consensus starting up: Expiring failure detector timer to make a prompt election more likely
I20260608 12:48:51.562753 25950 raft_consensus.cc:740] T 812dc0294ee942f685dde477a5c380e1 P 2e78f10fcb2a44b8884e8706bf890ac8 [term 0 FOLLOWER]: Becoming Follower/Learner. State: Replica: 2e78f10fcb2a44b8884e8706bf890ac8, State: Initialized, Role: FOLLOWER
I20260608 12:48:51.562808 25902 tablet_service.cc:1917] Received RequestConsensusVote() RPC: tablet_id: "07ba1b39e0204dcd881ef54190bdbeb4" candidate_uuid: "fe444575414448abb42916f030d9ccd5" candidate_term: 1 candidate_status { last_received { term: 0 index: 0 } } ignore_live_leader: false dest_uuid: "24a76f16842b41bdb5a44f4c4b6cbf27" is_pre_election: true
I20260608 12:48:51.563756 25902 raft_consensus.cc:2468] T 07ba1b39e0204dcd881ef54190bdbeb4 P 24a76f16842b41bdb5a44f4c4b6cbf27 [term 0 FOLLOWER]: Leader pre-election vote request: Granting yes vote for candidate fe444575414448abb42916f030d9ccd5 in term 0.
I20260608 12:48:51.563901 25950 consensus_queue.cc:260] T 812dc0294ee942f685dde477a5c380e1 P 2e78f10fcb2a44b8884e8706bf890ac8 [NON_LEADER]: Queue going to NON_LEADER mode. State: All replicated index: 0, Majority replicated index: 0, Committed index: 0, Last appended: 0.0, Last appended by leader: 0, Current term: 0, Majority size: -1, State: 0, Mode: NON_LEADER, active raft config: opid_index: -1 OBSOLETE_local: false peers { permanent_uuid: "2e78f10fcb2a44b8884e8706bf890ac8" member_type: VOTER last_known_addr { host: "127.24.127.65" port: 35037 } } peers { permanent_uuid: "fe444575414448abb42916f030d9ccd5" member_type: VOTER last_known_addr { host: "127.24.127.66" port: 43585 } } peers { permanent_uuid: "24a76f16842b41bdb5a44f4c4b6cbf27" member_type: VOTER last_known_addr { host: "127.24.127.67" port: 40267 } }
I20260608 12:48:51.565521 25949 tablet_bootstrap.cc:492] T 71c0a73ba7874ff5a1c2645f2d171b3b P fe444575414448abb42916f030d9ccd5: No bootstrap required, opened a new log
I20260608 12:48:51.566030 25949 ts_tablet_manager.cc:1403] T 71c0a73ba7874ff5a1c2645f2d171b3b P fe444575414448abb42916f030d9ccd5: Time spent bootstrapping tablet: real 0.051s	user 0.011s	sys 0.019s
I20260608 12:48:51.566500 25950 ts_tablet_manager.cc:1434] T 812dc0294ee942f685dde477a5c380e1 P 2e78f10fcb2a44b8884e8706bf890ac8: Time spent starting tablet: real 0.008s	user 0.008s	sys 0.000s
I20260608 12:48:51.567597 25950 tablet_bootstrap.cc:492] T 809df974ee74421f9757b169d3947d0f P 2e78f10fcb2a44b8884e8706bf890ac8: Bootstrap starting.
I20260608 12:48:51.569514 25949 raft_consensus.cc:359] T 71c0a73ba7874ff5a1c2645f2d171b3b P fe444575414448abb42916f030d9ccd5 [term 0 FOLLOWER]: Replica starting. Triggering 0 pending ops. Active config: opid_index: -1 OBSOLETE_local: false peers { permanent_uuid: "2e78f10fcb2a44b8884e8706bf890ac8" member_type: VOTER last_known_addr { host: "127.24.127.65" port: 35037 } } peers { permanent_uuid: "fe444575414448abb42916f030d9ccd5" member_type: VOTER last_known_addr { host: "127.24.127.66" port: 43585 } } peers { permanent_uuid: "24a76f16842b41bdb5a44f4c4b6cbf27" member_type: VOTER last_known_addr { host: "127.24.127.67" port: 40267 } }
I20260608 12:48:51.570295 25949 raft_consensus.cc:385] T 71c0a73ba7874ff5a1c2645f2d171b3b P fe444575414448abb42916f030d9ccd5 [term 0 FOLLOWER]: Consensus starting up: Expiring failure detector timer to make a prompt election more likely
I20260608 12:48:51.570638 25949 raft_consensus.cc:740] T 71c0a73ba7874ff5a1c2645f2d171b3b P fe444575414448abb42916f030d9ccd5 [term 0 FOLLOWER]: Becoming Follower/Learner. State: Replica: fe444575414448abb42916f030d9ccd5, State: Initialized, Role: FOLLOWER
I20260608 12:48:51.570984 25792 leader_election.cc:304] T 07ba1b39e0204dcd881ef54190bdbeb4 P fe444575414448abb42916f030d9ccd5 [CANDIDATE]: Term 1 pre-election: Election decided. Result: candidate won. Election summary: received 3 responses out of 3 voters: 2 yes votes; 1 no votes. yes voters: 24a76f16842b41bdb5a44f4c4b6cbf27, fe444575414448abb42916f030d9ccd5; no voters: 2e78f10fcb2a44b8884e8706bf890ac8
I20260608 12:48:51.571503 25949 consensus_queue.cc:260] T 71c0a73ba7874ff5a1c2645f2d171b3b P fe444575414448abb42916f030d9ccd5 [NON_LEADER]: Queue going to NON_LEADER mode. State: All replicated index: 0, Majority replicated index: 0, Committed index: 0, Last appended: 0.0, Last appended by leader: 0, Current term: 0, Majority size: -1, State: 0, Mode: NON_LEADER, active raft config: opid_index: -1 OBSOLETE_local: false peers { permanent_uuid: "2e78f10fcb2a44b8884e8706bf890ac8" member_type: VOTER last_known_addr { host: "127.24.127.65" port: 35037 } } peers { permanent_uuid: "fe444575414448abb42916f030d9ccd5" member_type: VOTER last_known_addr { host: "127.24.127.66" port: 43585 } } peers { permanent_uuid: "24a76f16842b41bdb5a44f4c4b6cbf27" member_type: VOTER last_known_addr { host: "127.24.127.67" port: 40267 } }
I20260608 12:48:51.572279 25985 raft_consensus.cc:2804] T 07ba1b39e0204dcd881ef54190bdbeb4 P fe444575414448abb42916f030d9ccd5 [term 0 FOLLOWER]: Leader pre-election won for term 1
I20260608 12:48:51.572680 25985 raft_consensus.cc:493] T 07ba1b39e0204dcd881ef54190bdbeb4 P fe444575414448abb42916f030d9ccd5 [term 0 FOLLOWER]: Starting leader election (no leader contacted us within the election timeout)
I20260608 12:48:51.573030 25985 raft_consensus.cc:3060] T 07ba1b39e0204dcd881ef54190bdbeb4 P fe444575414448abb42916f030d9ccd5 [term 0 FOLLOWER]: Advancing to term 1
I20260608 12:48:51.573994 25949 ts_tablet_manager.cc:1434] T 71c0a73ba7874ff5a1c2645f2d171b3b P fe444575414448abb42916f030d9ccd5: Time spent starting tablet: real 0.008s	user 0.004s	sys 0.004s
I20260608 12:48:51.575385 25950 tablet_bootstrap.cc:654] T 809df974ee74421f9757b169d3947d0f P 2e78f10fcb2a44b8884e8706bf890ac8: Neither blocks nor log segments found. Creating new log.
I20260608 12:48:51.577574 25753 raft_consensus.cc:2468] T d090ec767fa341e7b15adf1cd451058c P 2e78f10fcb2a44b8884e8706bf890ac8 [term 1 FOLLOWER]: Leader election vote request: Granting yes vote for candidate fe444575414448abb42916f030d9ccd5 in term 1.
I20260608 12:48:51.580350 25901 raft_consensus.cc:2468] T d090ec767fa341e7b15adf1cd451058c P 24a76f16842b41bdb5a44f4c4b6cbf27 [term 1 FOLLOWER]: Leader election vote request: Granting yes vote for candidate fe444575414448abb42916f030d9ccd5 in term 1.
I20260608 12:48:51.587812 25950 tablet_bootstrap.cc:492] T 809df974ee74421f9757b169d3947d0f P 2e78f10fcb2a44b8884e8706bf890ac8: No bootstrap required, opened a new log
I20260608 12:48:51.588403 25950 ts_tablet_manager.cc:1403] T 809df974ee74421f9757b169d3947d0f P 2e78f10fcb2a44b8884e8706bf890ac8: Time spent bootstrapping tablet: real 0.021s	user 0.015s	sys 0.003s
I20260608 12:48:51.588795 25792 leader_election.cc:304] T d090ec767fa341e7b15adf1cd451058c P fe444575414448abb42916f030d9ccd5 [CANDIDATE]: Term 1 election: Election decided. Result: candidate won. Election summary: received 2 responses out of 3 voters: 2 yes votes; 0 no votes. yes voters: 24a76f16842b41bdb5a44f4c4b6cbf27, fe444575414448abb42916f030d9ccd5; no voters: 
I20260608 12:48:51.589497 25955 raft_consensus.cc:2804] T d090ec767fa341e7b15adf1cd451058c P fe444575414448abb42916f030d9ccd5 [term 1 FOLLOWER]: Leader election won for term 1
I20260608 12:48:51.581881 25985 raft_consensus.cc:515] T 07ba1b39e0204dcd881ef54190bdbeb4 P fe444575414448abb42916f030d9ccd5 [term 1 FOLLOWER]: Starting leader election with config: opid_index: -1 OBSOLETE_local: false peers { permanent_uuid: "2e78f10fcb2a44b8884e8706bf890ac8" member_type: VOTER last_known_addr { host: "127.24.127.65" port: 35037 } } peers { permanent_uuid: "fe444575414448abb42916f030d9ccd5" member_type: VOTER last_known_addr { host: "127.24.127.66" port: 43585 } } peers { permanent_uuid: "24a76f16842b41bdb5a44f4c4b6cbf27" member_type: VOTER last_known_addr { host: "127.24.127.67" port: 40267 } }
I20260608 12:48:51.591379 25950 raft_consensus.cc:359] T 809df974ee74421f9757b169d3947d0f P 2e78f10fcb2a44b8884e8706bf890ac8 [term 0 FOLLOWER]: Replica starting. Triggering 0 pending ops. Active config: opid_index: -1 OBSOLETE_local: false peers { permanent_uuid: "2e78f10fcb2a44b8884e8706bf890ac8" member_type: VOTER last_known_addr { host: "127.24.127.65" port: 35037 } } peers { permanent_uuid: "fe444575414448abb42916f030d9ccd5" member_type: VOTER last_known_addr { host: "127.24.127.66" port: 43585 } } peers { permanent_uuid: "24a76f16842b41bdb5a44f4c4b6cbf27" member_type: VOTER last_known_addr { host: "127.24.127.67" port: 40267 } }
I20260608 12:48:51.592000 25950 raft_consensus.cc:385] T 809df974ee74421f9757b169d3947d0f P 2e78f10fcb2a44b8884e8706bf890ac8 [term 0 FOLLOWER]: Consensus starting up: Expiring failure detector timer to make a prompt election more likely
I20260608 12:48:51.592262 25950 raft_consensus.cc:740] T 809df974ee74421f9757b169d3947d0f P 2e78f10fcb2a44b8884e8706bf890ac8 [term 0 FOLLOWER]: Becoming Follower/Learner. State: Replica: 2e78f10fcb2a44b8884e8706bf890ac8, State: Initialized, Role: FOLLOWER
I20260608 12:48:51.592962 25950 consensus_queue.cc:260] T 809df974ee74421f9757b169d3947d0f P 2e78f10fcb2a44b8884e8706bf890ac8 [NON_LEADER]: Queue going to NON_LEADER mode. State: All replicated index: 0, Majority replicated index: 0, Committed index: 0, Last appended: 0.0, Last appended by leader: 0, Current term: 0, Majority size: -1, State: 0, Mode: NON_LEADER, active raft config: opid_index: -1 OBSOLETE_local: false peers { permanent_uuid: "2e78f10fcb2a44b8884e8706bf890ac8" member_type: VOTER last_known_addr { host: "127.24.127.65" port: 35037 } } peers { permanent_uuid: "fe444575414448abb42916f030d9ccd5" member_type: VOTER last_known_addr { host: "127.24.127.66" port: 43585 } } peers { permanent_uuid: "24a76f16842b41bdb5a44f4c4b6cbf27" member_type: VOTER last_known_addr { host: "127.24.127.67" port: 40267 } }
