I20260608 12:50:03.254997 28305 tablet_service.cc:1511] Processing CreateTablet for tablet b67922465e214f28942123c95325c2bb (DEFAULT_TABLE table=range_aware_rebalance_new_range [id=c53666f28a6a43a2aa0d0e6277b8973d]), partition=HASH (key) PARTITION 5, RANGE (key) PARTITION 0 <= VALUES < 10
I20260608 12:50:03.256573 28305 data_dirs.cc:400] Could only allocate 1 dirs of requested 3 for tablet b67922465e214f28942123c95325c2bb. 1 dirs total, 0 dirs full, 0 dirs failed
I20260608 12:50:03.261685 28230 tablet_service.cc:1511] Processing CreateTablet for tablet b67922465e214f28942123c95325c2bb (DEFAULT_TABLE table=range_aware_rebalance_new_range [id=c53666f28a6a43a2aa0d0e6277b8973d]), partition=HASH (key) PARTITION 5, RANGE (key) PARTITION 0 <= VALUES < 10
I20260608 12:50:03.262691 28364 tablet_bootstrap.cc:492] T d62a237afe1a45e99bb182e62664eebd P e684062a75cc4f0598d87fb89e239d80: Bootstrap starting.
I20260608 12:50:03.263386 28230 data_dirs.cc:400] Could only allocate 1 dirs of requested 3 for tablet b67922465e214f28942123c95325c2bb. 1 dirs total, 0 dirs full, 0 dirs failed
I20260608 12:50:03.266837 28308 tablet_service.cc:1511] Processing CreateTablet for tablet 87a5974983cf490dbab5e83676efde81 (DEFAULT_TABLE table=range_aware_rebalance_new_range [id=c53666f28a6a43a2aa0d0e6277b8973d]), partition=HASH (key) PARTITION 6, RANGE (key) PARTITION 0 <= VALUES < 10
I20260608 12:50:03.268352 28308 data_dirs.cc:400] Could only allocate 1 dirs of requested 3 for tablet 87a5974983cf490dbab5e83676efde81. 1 dirs total, 0 dirs full, 0 dirs failed
I20260608 12:50:03.269191 28364 tablet_bootstrap.cc:654] T d62a237afe1a45e99bb182e62664eebd P e684062a75cc4f0598d87fb89e239d80: Neither blocks nor log segments found. Creating new log.
I20260608 12:50:03.273681 28229 tablet_service.cc:1511] Processing CreateTablet for tablet 87a5974983cf490dbab5e83676efde81 (DEFAULT_TABLE table=range_aware_rebalance_new_range [id=c53666f28a6a43a2aa0d0e6277b8973d]), partition=HASH (key) PARTITION 6, RANGE (key) PARTITION 0 <= VALUES < 10
I20260608 12:50:03.277256 28229 data_dirs.cc:400] Could only allocate 1 dirs of requested 3 for tablet 87a5974983cf490dbab5e83676efde81. 1 dirs total, 0 dirs full, 0 dirs failed
I20260608 12:50:03.276923 28307 tablet_service.cc:1511] Processing CreateTablet for tablet 69aeaf073afd449c8ecf51a35f80f771 (DEFAULT_TABLE table=range_aware_rebalance_new_range [id=c53666f28a6a43a2aa0d0e6277b8973d]), partition=HASH (key) PARTITION 4, RANGE (key) PARTITION 0 <= VALUES < 10
I20260608 12:50:03.278445 28307 data_dirs.cc:400] Could only allocate 1 dirs of requested 3 for tablet 69aeaf073afd449c8ecf51a35f80f771. 1 dirs total, 0 dirs full, 0 dirs failed
I20260608 12:50:03.274216 28157 tablet_service.cc:1511] Processing CreateTablet for tablet 87a5974983cf490dbab5e83676efde81 (DEFAULT_TABLE table=range_aware_rebalance_new_range [id=c53666f28a6a43a2aa0d0e6277b8973d]), partition=HASH (key) PARTITION 6, RANGE (key) PARTITION 0 <= VALUES < 10
I20260608 12:50:03.279489 28157 data_dirs.cc:400] Could only allocate 1 dirs of requested 3 for tablet 87a5974983cf490dbab5e83676efde81. 1 dirs total, 0 dirs full, 0 dirs failed
I20260608 12:50:03.297983 28234 tablet_service.cc:1511] Processing CreateTablet for tablet 541abd1d734e468e90e408d5d4689db0 (DEFAULT_TABLE table=range_aware_rebalance_new_range [id=c53666f28a6a43a2aa0d0e6277b8973d]), partition=HASH (key) PARTITION 7, RANGE (key) PARTITION 0 <= VALUES < 10
I20260608 12:50:03.299537 28234 data_dirs.cc:400] Could only allocate 1 dirs of requested 3 for tablet 541abd1d734e468e90e408d5d4689db0. 1 dirs total, 0 dirs full, 0 dirs failed
I20260608 12:50:03.302635 28158 tablet_service.cc:1511] Processing CreateTablet for tablet 541abd1d734e468e90e408d5d4689db0 (DEFAULT_TABLE table=range_aware_rebalance_new_range [id=c53666f28a6a43a2aa0d0e6277b8973d]), partition=HASH (key) PARTITION 7, RANGE (key) PARTITION 0 <= VALUES < 10
I20260608 12:50:03.304133 28158 data_dirs.cc:400] Could only allocate 1 dirs of requested 3 for tablet 541abd1d734e468e90e408d5d4689db0. 1 dirs total, 0 dirs full, 0 dirs failed
I20260608 12:50:03.310809 28309 tablet_service.cc:1511] Processing CreateTablet for tablet 541abd1d734e468e90e408d5d4689db0 (DEFAULT_TABLE table=range_aware_rebalance_new_range [id=c53666f28a6a43a2aa0d0e6277b8973d]), partition=HASH (key) PARTITION 7, RANGE (key) PARTITION 0 <= VALUES < 10
I20260608 12:50:03.312330 28309 data_dirs.cc:400] Could only allocate 1 dirs of requested 3 for tablet 541abd1d734e468e90e408d5d4689db0. 1 dirs total, 0 dirs full, 0 dirs failed
I20260608 12:50:03.321079 28365 tablet_bootstrap.cc:492] T 69aeaf073afd449c8ecf51a35f80f771 P e48f743853604ce2ac3581c2f9442cde: Bootstrap starting.
I20260608 12:50:03.344967 28367 tablet_bootstrap.cc:492] T c969480ea7a5462db1a2b4484d5c0ee6 P 3a5f6c17bbd444b4b6504dd0ed42e21d: Bootstrap starting.
I20260608 12:50:03.351828 28195 heartbeater.cc:499] Master 127.24.150.190:41539 was elected leader, sending a full tablet report...
I20260608 12:50:03.354996 28367 tablet_bootstrap.cc:654] T c969480ea7a5462db1a2b4484d5c0ee6 P 3a5f6c17bbd444b4b6504dd0ed42e21d: Neither blocks nor log segments found. Creating new log.
I20260608 12:50:03.361756 28365 tablet_bootstrap.cc:654] T 69aeaf073afd449c8ecf51a35f80f771 P e48f743853604ce2ac3581c2f9442cde: Neither blocks nor log segments found. Creating new log.
I20260608 12:50:03.392009 28367 tablet_bootstrap.cc:492] T c969480ea7a5462db1a2b4484d5c0ee6 P 3a5f6c17bbd444b4b6504dd0ed42e21d: No bootstrap required, opened a new log
I20260608 12:50:03.392449 28367 ts_tablet_manager.cc:1403] T c969480ea7a5462db1a2b4484d5c0ee6 P 3a5f6c17bbd444b4b6504dd0ed42e21d: Time spent bootstrapping tablet: real 0.048s	user 0.006s	sys 0.009s
I20260608 12:50:03.390658 28365 tablet_bootstrap.cc:492] T 69aeaf073afd449c8ecf51a35f80f771 P e48f743853604ce2ac3581c2f9442cde: No bootstrap required, opened a new log
I20260608 12:50:03.433988 28365 ts_tablet_manager.cc:1403] T 69aeaf073afd449c8ecf51a35f80f771 P e48f743853604ce2ac3581c2f9442cde: Time spent bootstrapping tablet: real 0.113s	user 0.007s	sys 0.009s
I20260608 12:50:03.434531 28364 tablet_bootstrap.cc:492] T d62a237afe1a45e99bb182e62664eebd P e684062a75cc4f0598d87fb89e239d80: No bootstrap required, opened a new log
I20260608 12:50:03.435839 28364 ts_tablet_manager.cc:1403] T d62a237afe1a45e99bb182e62664eebd P e684062a75cc4f0598d87fb89e239d80: Time spent bootstrapping tablet: real 0.173s	user 0.023s	sys 0.034s
I20260608 12:50:03.440352 28365 raft_consensus.cc:359] T 69aeaf073afd449c8ecf51a35f80f771 P e48f743853604ce2ac3581c2f9442cde [term 0 FOLLOWER]: Replica starting. Triggering 0 pending ops. Active config: opid_index: -1 OBSOLETE_local: false peers { permanent_uuid: "e48f743853604ce2ac3581c2f9442cde" member_type: VOTER last_known_addr { host: "127.24.150.129" port: 46641 } } peers { permanent_uuid: "3a5f6c17bbd444b4b6504dd0ed42e21d" member_type: VOTER last_known_addr { host: "127.24.150.130" port: 33701 } } peers { permanent_uuid: "e684062a75cc4f0598d87fb89e239d80" member_type: VOTER last_known_addr { host: "127.24.150.131" port: 46485 } }
I20260608 12:50:03.439515 28367 raft_consensus.cc:359] T c969480ea7a5462db1a2b4484d5c0ee6 P 3a5f6c17bbd444b4b6504dd0ed42e21d [term 0 FOLLOWER]: Replica starting. Triggering 0 pending ops. Active config: opid_index: -1 OBSOLETE_local: false peers { permanent_uuid: "e48f743853604ce2ac3581c2f9442cde" member_type: VOTER last_known_addr { host: "127.24.150.129" port: 46641 } } peers { permanent_uuid: "e684062a75cc4f0598d87fb89e239d80" member_type: VOTER last_known_addr { host: "127.24.150.131" port: 46485 } } peers { permanent_uuid: "3a5f6c17bbd444b4b6504dd0ed42e21d" member_type: VOTER last_known_addr { host: "127.24.150.130" port: 33701 } }
I20260608 12:50:03.441844 28365 raft_consensus.cc:385] T 69aeaf073afd449c8ecf51a35f80f771 P e48f743853604ce2ac3581c2f9442cde [term 0 FOLLOWER]: Consensus starting up: Expiring failure detector timer to make a prompt election more likely
I20260608 12:50:03.442040 28367 raft_consensus.cc:385] T c969480ea7a5462db1a2b4484d5c0ee6 P 3a5f6c17bbd444b4b6504dd0ed42e21d [term 0 FOLLOWER]: Consensus starting up: Expiring failure detector timer to make a prompt election more likely
I20260608 12:50:03.441771 28364 raft_consensus.cc:359] T d62a237afe1a45e99bb182e62664eebd P e684062a75cc4f0598d87fb89e239d80 [term 0 FOLLOWER]: Replica starting. Triggering 0 pending ops. Active config: opid_index: -1 OBSOLETE_local: false peers { permanent_uuid: "e48f743853604ce2ac3581c2f9442cde" member_type: VOTER last_known_addr { host: "127.24.150.129" port: 46641 } } peers { permanent_uuid: "3a5f6c17bbd444b4b6504dd0ed42e21d" member_type: VOTER last_known_addr { host: "127.24.150.130" port: 33701 } } peers { permanent_uuid: "e684062a75cc4f0598d87fb89e239d80" member_type: VOTER last_known_addr { host: "127.24.150.131" port: 46485 } }
I20260608 12:50:03.442787 28365 raft_consensus.cc:740] T 69aeaf073afd449c8ecf51a35f80f771 P e48f743853604ce2ac3581c2f9442cde [term 0 FOLLOWER]: Becoming Follower/Learner. State: Replica: e48f743853604ce2ac3581c2f9442cde, State: Initialized, Role: FOLLOWER
I20260608 12:50:03.443318 28364 raft_consensus.cc:385] T d62a237afe1a45e99bb182e62664eebd P e684062a75cc4f0598d87fb89e239d80 [term 0 FOLLOWER]: Consensus starting up: Expiring failure detector timer to make a prompt election more likely
I20260608 12:50:03.442943 28367 raft_consensus.cc:740] T c969480ea7a5462db1a2b4484d5c0ee6 P 3a5f6c17bbd444b4b6504dd0ed42e21d [term 0 FOLLOWER]: Becoming Follower/Learner. State: Replica: 3a5f6c17bbd444b4b6504dd0ed42e21d, State: Initialized, Role: FOLLOWER
I20260608 12:50:03.443907 28364 raft_consensus.cc:740] T d62a237afe1a45e99bb182e62664eebd P e684062a75cc4f0598d87fb89e239d80 [term 0 FOLLOWER]: Becoming Follower/Learner. State: Replica: e684062a75cc4f0598d87fb89e239d80, State: Initialized, Role: FOLLOWER
I20260608 12:50:03.444397 28365 consensus_queue.cc:260] T 69aeaf073afd449c8ecf51a35f80f771 P e48f743853604ce2ac3581c2f9442cde [NON_LEADER]: Queue going to NON_LEADER mode. State: All replicated index: 0, Majority replicated index: 0, Committed index: 0, Last appended: 0.0, Last appended by leader: 0, Current term: 0, Majority size: -1, State: 0, Mode: NON_LEADER, active raft config: opid_index: -1 OBSOLETE_local: false peers { permanent_uuid: "e48f743853604ce2ac3581c2f9442cde" member_type: VOTER last_known_addr { host: "127.24.150.129" port: 46641 } } peers { permanent_uuid: "3a5f6c17bbd444b4b6504dd0ed42e21d" member_type: VOTER last_known_addr { host: "127.24.150.130" port: 33701 } } peers { permanent_uuid: "e684062a75cc4f0598d87fb89e239d80" member_type: VOTER last_known_addr { host: "127.24.150.131" port: 46485 } }
I20260608 12:50:03.444995 28367 consensus_queue.cc:260] T c969480ea7a5462db1a2b4484d5c0ee6 P 3a5f6c17bbd444b4b6504dd0ed42e21d [NON_LEADER]: Queue going to NON_LEADER mode. State: All replicated index: 0, Majority replicated index: 0, Committed index: 0, Last appended: 0.0, Last appended by leader: 0, Current term: 0, Majority size: -1, State: 0, Mode: NON_LEADER, active raft config: opid_index: -1 OBSOLETE_local: false peers { permanent_uuid: "e48f743853604ce2ac3581c2f9442cde" member_type: VOTER last_known_addr { host: "127.24.150.129" port: 46641 } } peers { permanent_uuid: "e684062a75cc4f0598d87fb89e239d80" member_type: VOTER last_known_addr { host: "127.24.150.131" port: 46485 } } peers { permanent_uuid: "3a5f6c17bbd444b4b6504dd0ed42e21d" member_type: VOTER last_known_addr { host: "127.24.150.130" port: 33701 } }
I20260608 12:50:03.445220 28364 consensus_queue.cc:260] T d62a237afe1a45e99bb182e62664eebd P e684062a75cc4f0598d87fb89e239d80 [NON_LEADER]: Queue going to NON_LEADER mode. State: All replicated index: 0, Majority replicated index: 0, Committed index: 0, Last appended: 0.0, Last appended by leader: 0, Current term: 0, Majority size: -1, State: 0, Mode: NON_LEADER, active raft config: opid_index: -1 OBSOLETE_local: false peers { permanent_uuid: "e48f743853604ce2ac3581c2f9442cde" member_type: VOTER last_known_addr { host: "127.24.150.129" port: 46641 } } peers { permanent_uuid: "3a5f6c17bbd444b4b6504dd0ed42e21d" member_type: VOTER last_known_addr { host: "127.24.150.130" port: 33701 } } peers { permanent_uuid: "e684062a75cc4f0598d87fb89e239d80" member_type: VOTER last_known_addr { host: "127.24.150.131" port: 46485 } }
I20260608 12:50:03.449705 28344 heartbeater.cc:499] Master 127.24.150.190:41539 was elected leader, sending a full tablet report...
I20260608 12:50:03.450380 28364 ts_tablet_manager.cc:1434] T d62a237afe1a45e99bb182e62664eebd P e684062a75cc4f0598d87fb89e239d80: Time spent starting tablet: real 0.014s	user 0.012s	sys 0.000s
I20260608 12:50:03.451267 28367 ts_tablet_manager.cc:1434] T c969480ea7a5462db1a2b4484d5c0ee6 P 3a5f6c17bbd444b4b6504dd0ed42e21d: Time spent starting tablet: real 0.059s	user 0.007s	sys 0.009s
I20260608 12:50:03.452550 28364 tablet_bootstrap.cc:492] T 3496103b84c94595975fc35b134b54cf P e684062a75cc4f0598d87fb89e239d80: Bootstrap starting.
I20260608 12:50:03.452836 28270 heartbeater.cc:499] Master 127.24.150.190:41539 was elected leader, sending a full tablet report...
I20260608 12:50:03.456547 28365 ts_tablet_manager.cc:1434] T 69aeaf073afd449c8ecf51a35f80f771 P e48f743853604ce2ac3581c2f9442cde: Time spent starting tablet: real 0.022s	user 0.007s	sys 0.013s
I20260608 12:50:03.460258 28365 tablet_bootstrap.cc:492] T e53bfa61c5b744e48d58ab110c4bee23 P e48f743853604ce2ac3581c2f9442cde: Bootstrap starting.
I20260608 12:50:03.466493 28367 tablet_bootstrap.cc:492] T d62a237afe1a45e99bb182e62664eebd P 3a5f6c17bbd444b4b6504dd0ed42e21d: Bootstrap starting.
I20260608 12:50:03.467137 28364 tablet_bootstrap.cc:654] T 3496103b84c94595975fc35b134b54cf P e684062a75cc4f0598d87fb89e239d80: Neither blocks nor log segments found. Creating new log.
I20260608 12:50:03.469942 28365 tablet_bootstrap.cc:654] T e53bfa61c5b744e48d58ab110c4bee23 P e48f743853604ce2ac3581c2f9442cde: Neither blocks nor log segments found. Creating new log.
I20260608 12:50:03.482115 28367 tablet_bootstrap.cc:654] T d62a237afe1a45e99bb182e62664eebd P 3a5f6c17bbd444b4b6504dd0ed42e21d: Neither blocks nor log segments found. Creating new log.
I20260608 12:50:03.492475 28364 tablet_bootstrap.cc:492] T 3496103b84c94595975fc35b134b54cf P e684062a75cc4f0598d87fb89e239d80: No bootstrap required, opened a new log
I20260608 12:50:03.493115 28364 ts_tablet_manager.cc:1403] T 3496103b84c94595975fc35b134b54cf P e684062a75cc4f0598d87fb89e239d80: Time spent bootstrapping tablet: real 0.041s	user 0.019s	sys 0.012s
I20260608 12:50:03.495900 28365 tablet_bootstrap.cc:492] T e53bfa61c5b744e48d58ab110c4bee23 P e48f743853604ce2ac3581c2f9442cde: No bootstrap required, opened a new log
I20260608 12:50:03.497170 28365 ts_tablet_manager.cc:1403] T e53bfa61c5b744e48d58ab110c4bee23 P e48f743853604ce2ac3581c2f9442cde: Time spent bootstrapping tablet: real 0.037s	user 0.010s	sys 0.020s
I20260608 12:50:03.501741 28365 raft_consensus.cc:359] T e53bfa61c5b744e48d58ab110c4bee23 P e48f743853604ce2ac3581c2f9442cde [term 0 FOLLOWER]: Replica starting. Triggering 0 pending ops. Active config: opid_index: -1 OBSOLETE_local: false peers { permanent_uuid: "e48f743853604ce2ac3581c2f9442cde" member_type: VOTER last_known_addr { host: "127.24.150.129" port: 46641 } } peers { permanent_uuid: "3a5f6c17bbd444b4b6504dd0ed42e21d" member_type: VOTER last_known_addr { host: "127.24.150.130" port: 33701 } } peers { permanent_uuid: "e684062a75cc4f0598d87fb89e239d80" member_type: VOTER last_known_addr { host: "127.24.150.131" port: 46485 } }
I20260608 12:50:03.502681 28365 raft_consensus.cc:385] T e53bfa61c5b744e48d58ab110c4bee23 P e48f743853604ce2ac3581c2f9442cde [term 0 FOLLOWER]: Consensus starting up: Expiring failure detector timer to make a prompt election more likely
I20260608 12:50:03.503046 28365 raft_consensus.cc:740] T e53bfa61c5b744e48d58ab110c4bee23 P e48f743853604ce2ac3581c2f9442cde [term 0 FOLLOWER]: Becoming Follower/Learner. State: Replica: e48f743853604ce2ac3581c2f9442cde, State: Initialized, Role: FOLLOWER
I20260608 12:50:03.504058 28365 consensus_queue.cc:260] T e53bfa61c5b744e48d58ab110c4bee23 P e48f743853604ce2ac3581c2f9442cde [NON_LEADER]: Queue going to NON_LEADER mode. State: All replicated index: 0, Majority replicated index: 0, Committed index: 0, Last appended: 0.0, Last appended by leader: 0, Current term: 0, Majority size: -1, State: 0, Mode: NON_LEADER, active raft config: opid_index: -1 OBSOLETE_local: false peers { permanent_uuid: "e48f743853604ce2ac3581c2f9442cde" member_type: VOTER last_known_addr { host: "127.24.150.129" port: 46641 } } peers { permanent_uuid: "3a5f6c17bbd444b4b6504dd0ed42e21d" member_type: VOTER last_known_addr { host: "127.24.150.130" port: 33701 } } peers { permanent_uuid: "e684062a75cc4f0598d87fb89e239d80" member_type: VOTER last_known_addr { host: "127.24.150.131" port: 46485 } }
I20260608 12:50:03.508101 28364 raft_consensus.cc:359] T 3496103b84c94595975fc35b134b54cf P e684062a75cc4f0598d87fb89e239d80 [term 0 FOLLOWER]: Replica starting. Triggering 0 pending ops. Active config: opid_index: -1 OBSOLETE_local: false peers { permanent_uuid: "3a5f6c17bbd444b4b6504dd0ed42e21d" member_type: VOTER last_known_addr { host: "127.24.150.130" port: 33701 } } peers { permanent_uuid: "e48f743853604ce2ac3581c2f9442cde" member_type: VOTER last_known_addr { host: "127.24.150.129" port: 46641 } } peers { permanent_uuid: "e684062a75cc4f0598d87fb89e239d80" member_type: VOTER last_known_addr { host: "127.24.150.131" port: 46485 } }
I20260608 12:50:03.509025 28364 raft_consensus.cc:385] T 3496103b84c94595975fc35b134b54cf P e684062a75cc4f0598d87fb89e239d80 [term 0 FOLLOWER]: Consensus starting up: Expiring failure detector timer to make a prompt election more likely
I20260608 12:50:03.509402 28364 raft_consensus.cc:740] T 3496103b84c94595975fc35b134b54cf P e684062a75cc4f0598d87fb89e239d80 [term 0 FOLLOWER]: Becoming Follower/Learner. State: Replica: e684062a75cc4f0598d87fb89e239d80, State: Initialized, Role: FOLLOWER
I20260608 12:50:03.510319 28364 consensus_queue.cc:260] T 3496103b84c94595975fc35b134b54cf P e684062a75cc4f0598d87fb89e239d80 [NON_LEADER]: Queue going to NON_LEADER mode. State: All replicated index: 0, Majority replicated index: 0, Committed index: 0, Last appended: 0.0, Last appended by leader: 0, Current term: 0, Majority size: -1, State: 0, Mode: NON_LEADER, active raft config: opid_index: -1 OBSOLETE_local: false peers { permanent_uuid: "3a5f6c17bbd444b4b6504dd0ed42e21d" member_type: VOTER last_known_addr { host: "127.24.150.130" port: 33701 } } peers { permanent_uuid: "e48f743853604ce2ac3581c2f9442cde" member_type: VOTER last_known_addr { host: "127.24.150.129" port: 46641 } } peers { permanent_uuid: "e684062a75cc4f0598d87fb89e239d80" member_type: VOTER last_known_addr { host: "127.24.150.131" port: 46485 } }
I20260608 12:50:03.512629 28364 ts_tablet_manager.cc:1434] T 3496103b84c94595975fc35b134b54cf P e684062a75cc4f0598d87fb89e239d80: Time spent starting tablet: real 0.019s	user 0.006s	sys 0.003s
I20260608 12:50:03.512931 28367 tablet_bootstrap.cc:492] T d62a237afe1a45e99bb182e62664eebd P 3a5f6c17bbd444b4b6504dd0ed42e21d: No bootstrap required, opened a new log
I20260608 12:50:03.513571 28367 ts_tablet_manager.cc:1403] T d62a237afe1a45e99bb182e62664eebd P 3a5f6c17bbd444b4b6504dd0ed42e21d: Time spent bootstrapping tablet: real 0.047s	user 0.019s	sys 0.016s
I20260608 12:50:03.513731 28364 tablet_bootstrap.cc:492] T e53bfa61c5b744e48d58ab110c4bee23 P e684062a75cc4f0598d87fb89e239d80: Bootstrap starting.
I20260608 12:50:03.517109 28367 raft_consensus.cc:359] T d62a237afe1a45e99bb182e62664eebd P 3a5f6c17bbd444b4b6504dd0ed42e21d [term 0 FOLLOWER]: Replica starting. Triggering 0 pending ops. Active config: opid_index: -1 OBSOLETE_local: false peers { permanent_uuid: "e48f743853604ce2ac3581c2f9442cde" member_type: VOTER last_known_addr { host: "127.24.150.129" port: 46641 } } peers { permanent_uuid: "3a5f6c17bbd444b4b6504dd0ed42e21d" member_type: VOTER last_known_addr { host: "127.24.150.130" port: 33701 } } peers { permanent_uuid: "e684062a75cc4f0598d87fb89e239d80" member_type: VOTER last_known_addr { host: "127.24.150.131" port: 46485 } }
I20260608 12:50:03.518014 28367 raft_consensus.cc:385] T d62a237afe1a45e99bb182e62664eebd P 3a5f6c17bbd444b4b6504dd0ed42e21d [term 0 FOLLOWER]: Consensus starting up: Expiring failure detector timer to make a prompt election more likely
I20260608 12:50:03.518361 28367 raft_consensus.cc:740] T d62a237afe1a45e99bb182e62664eebd P 3a5f6c17bbd444b4b6504dd0ed42e21d [term 0 FOLLOWER]: Becoming Follower/Learner. State: Replica: 3a5f6c17bbd444b4b6504dd0ed42e21d, State: Initialized, Role: FOLLOWER
I20260608 12:50:03.519567 28365 ts_tablet_manager.cc:1434] T e53bfa61c5b744e48d58ab110c4bee23 P e48f743853604ce2ac3581c2f9442cde: Time spent starting tablet: real 0.021s	user 0.002s	sys 0.005s
I20260608 12:50:03.519233 28367 consensus_queue.cc:260] T d62a237afe1a45e99bb182e62664eebd P 3a5f6c17bbd444b4b6504dd0ed42e21d [NON_LEADER]: Queue going to NON_LEADER mode. State: All replicated index: 0, Majority replicated index: 0, Committed index: 0, Last appended: 0.0, Last appended by leader: 0, Current term: 0, Majority size: -1, State: 0, Mode: NON_LEADER, active raft config: opid_index: -1 OBSOLETE_local: false peers { permanent_uuid: "e48f743853604ce2ac3581c2f9442cde" member_type: VOTER last_known_addr { host: "127.24.150.129" port: 46641 } } peers { permanent_uuid: "3a5f6c17bbd444b4b6504dd0ed42e21d" member_type: VOTER last_known_addr { host: "127.24.150.130" port: 33701 } } peers { permanent_uuid: "e684062a75cc4f0598d87fb89e239d80" member_type: VOTER last_known_addr { host: "127.24.150.131" port: 46485 } }
I20260608 12:50:03.520987 28365 tablet_bootstrap.cc:492] T 3496103b84c94595975fc35b134b54cf P e48f743853604ce2ac3581c2f9442cde: Bootstrap starting.
I20260608 12:50:03.522356 28367 ts_tablet_manager.cc:1434] T d62a237afe1a45e99bb182e62664eebd P 3a5f6c17bbd444b4b6504dd0ed42e21d: Time spent starting tablet: real 0.008s	user 0.005s	sys 0.002s
I20260608 12:50:03.523694 28367 tablet_bootstrap.cc:492] T e53bfa61c5b744e48d58ab110c4bee23 P 3a5f6c17bbd444b4b6504dd0ed42e21d: Bootstrap starting.
I20260608 12:50:03.529110 28365 tablet_bootstrap.cc:654] T 3496103b84c94595975fc35b134b54cf P e48f743853604ce2ac3581c2f9442cde: Neither blocks nor log segments found. Creating new log.
I20260608 12:50:03.531086 28367 tablet_bootstrap.cc:654] T e53bfa61c5b744e48d58ab110c4bee23 P 3a5f6c17bbd444b4b6504dd0ed42e21d: Neither blocks nor log segments found. Creating new log.
I20260608 12:50:03.538432 28364 tablet_bootstrap.cc:654] T e53bfa61c5b744e48d58ab110c4bee23 P e684062a75cc4f0598d87fb89e239d80: Neither blocks nor log segments found. Creating new log.
I20260608 12:50:03.546478 28364 tablet_bootstrap.cc:492] T e53bfa61c5b744e48d58ab110c4bee23 P e684062a75cc4f0598d87fb89e239d80: No bootstrap required, opened a new log
I20260608 12:50:03.546851 28367 tablet_bootstrap.cc:492] T e53bfa61c5b744e48d58ab110c4bee23 P 3a5f6c17bbd444b4b6504dd0ed42e21d: No bootstrap required, opened a new log
I20260608 12:50:03.546957 28364 ts_tablet_manager.cc:1403] T e53bfa61c5b744e48d58ab110c4bee23 P e684062a75cc4f0598d87fb89e239d80: Time spent bootstrapping tablet: real 0.033s	user 0.009s	sys 0.004s
I20260608 12:50:03.547622 28367 ts_tablet_manager.cc:1403] T e53bfa61c5b744e48d58ab110c4bee23 P 3a5f6c17bbd444b4b6504dd0ed42e21d: Time spent bootstrapping tablet: real 0.024s	user 0.005s	sys 0.013s
I20260608 12:50:03.548103 28365 tablet_bootstrap.cc:492] T 3496103b84c94595975fc35b134b54cf P e48f743853604ce2ac3581c2f9442cde: No bootstrap required, opened a new log
I20260608 12:50:03.548691 28365 ts_tablet_manager.cc:1403] T 3496103b84c94595975fc35b134b54cf P e48f743853604ce2ac3581c2f9442cde: Time spent bootstrapping tablet: real 0.028s	user 0.013s	sys 0.000s
I20260608 12:50:03.550107 28364 raft_consensus.cc:359] T e53bfa61c5b744e48d58ab110c4bee23 P e684062a75cc4f0598d87fb89e239d80 [term 0 FOLLOWER]: Replica starting. Triggering 0 pending ops. Active config: opid_index: -1 OBSOLETE_local: false peers { permanent_uuid: "e48f743853604ce2ac3581c2f9442cde" member_type: VOTER last_known_addr { host: "127.24.150.129" port: 46641 } } peers { permanent_uuid: "3a5f6c17bbd444b4b6504dd0ed42e21d" member_type: VOTER last_known_addr { host: "127.24.150.130" port: 33701 } } peers { permanent_uuid: "e684062a75cc4f0598d87fb89e239d80" member_type: VOTER last_known_addr { host: "127.24.150.131" port: 46485 } }
I20260608 12:50:03.550809 28364 raft_consensus.cc:385] T e53bfa61c5b744e48d58ab110c4bee23 P e684062a75cc4f0598d87fb89e239d80 [term 0 FOLLOWER]: Consensus starting up: Expiring failure detector timer to make a prompt election more likely
I20260608 12:50:03.551074 28364 raft_consensus.cc:740] T e53bfa61c5b744e48d58ab110c4bee23 P e684062a75cc4f0598d87fb89e239d80 [term 0 FOLLOWER]: Becoming Follower/Learner. State: Replica: e684062a75cc4f0598d87fb89e239d80, State: Initialized, Role: FOLLOWER
I20260608 12:50:03.551244 28367 raft_consensus.cc:359] T e53bfa61c5b744e48d58ab110c4bee23 P 3a5f6c17bbd444b4b6504dd0ed42e21d [term 0 FOLLOWER]: Replica starting. Triggering 0 pending ops. Active config: opid_index: -1 OBSOLETE_local: false peers { permanent_uuid: "e48f743853604ce2ac3581c2f9442cde" member_type: VOTER last_known_addr { host: "127.24.150.129" port: 46641 } } peers { permanent_uuid: "3a5f6c17bbd444b4b6504dd0ed42e21d" member_type: VOTER last_known_addr { host: "127.24.150.130" port: 33701 } } peers { permanent_uuid: "e684062a75cc4f0598d87fb89e239d80" member_type: VOTER last_known_addr { host: "127.24.150.131" port: 46485 } }
I20260608 12:50:03.551852 28364 consensus_queue.cc:260] T e53bfa61c5b744e48d58ab110c4bee23 P e684062a75cc4f0598d87fb89e239d80 [NON_LEADER]: Queue going to NON_LEADER mode. State: All replicated index: 0, Majority replicated index: 0, Committed index: 0, Last appended: 0.0, Last appended by leader: 0, Current term: 0, Majority size: -1, State: 0, Mode: NON_LEADER, active raft config: opid_index: -1 OBSOLETE_local: false peers { permanent_uuid: "e48f743853604ce2ac3581c2f9442cde" member_type: VOTER last_known_addr { host: "127.24.150.129" port: 46641 } } peers { permanent_uuid: "3a5f6c17bbd444b4b6504dd0ed42e21d" member_type: VOTER last_known_addr { host: "127.24.150.130" port: 33701 } } peers { permanent_uuid: "e684062a75cc4f0598d87fb89e239d80" member_type: VOTER last_known_addr { host: "127.24.150.131" port: 46485 } }
I20260608 12:50:03.552186 28367 raft_consensus.cc:385] T e53bfa61c5b744e48d58ab110c4bee23 P 3a5f6c17bbd444b4b6504dd0ed42e21d [term 0 FOLLOWER]: Consensus starting up: Expiring failure detector timer to make a prompt election more likely
I20260608 12:50:03.552627 28367 raft_consensus.cc:740] T e53bfa61c5b744e48d58ab110c4bee23 P 3a5f6c17bbd444b4b6504dd0ed42e21d [term 0 FOLLOWER]: Becoming Follower/Learner. State: Replica: 3a5f6c17bbd444b4b6504dd0ed42e21d, State: Initialized, Role: FOLLOWER
I20260608 12:50:03.554077 28364 ts_tablet_manager.cc:1434] T e53bfa61c5b744e48d58ab110c4bee23 P e684062a75cc4f0598d87fb89e239d80: Time spent starting tablet: real 0.007s	user 0.004s	sys 0.003s
I20260608 12:50:03.553848 28367 consensus_queue.cc:260] T e53bfa61c5b744e48d58ab110c4bee23 P 3a5f6c17bbd444b4b6504dd0ed42e21d [NON_LEADER]: Queue going to NON_LEADER mode. State: All replicated index: 0, Majority replicated index: 0, Committed index: 0, Last appended: 0.0, Last appended by leader: 0, Current term: 0, Majority size: -1, State: 0, Mode: NON_LEADER, active raft config: opid_index: -1 OBSOLETE_local: false peers { permanent_uuid: "e48f743853604ce2ac3581c2f9442cde" member_type: VOTER last_known_addr { host: "127.24.150.129" port: 46641 } } peers { permanent_uuid: "3a5f6c17bbd444b4b6504dd0ed42e21d" member_type: VOTER last_known_addr { host: "127.24.150.130" port: 33701 } } peers { permanent_uuid: "e684062a75cc4f0598d87fb89e239d80" member_type: VOTER last_known_addr { host: "127.24.150.131" port: 46485 } }
I20260608 12:50:03.554527 28371 raft_consensus.cc:493] T 69aeaf073afd449c8ecf51a35f80f771 P e48f743853604ce2ac3581c2f9442cde [term 0 FOLLOWER]: Starting pre-election (no leader contacted us within the election timeout)
I20260608 12:50:03.554358 28365 raft_consensus.cc:359] T 3496103b84c94595975fc35b134b54cf P e48f743853604ce2ac3581c2f9442cde [term 0 FOLLOWER]: Replica starting. Triggering 0 pending ops. Active config: opid_index: -1 OBSOLETE_local: false peers { permanent_uuid: "3a5f6c17bbd444b4b6504dd0ed42e21d" member_type: VOTER last_known_addr { host: "127.24.150.130" port: 33701 } } peers { permanent_uuid: "e48f743853604ce2ac3581c2f9442cde" member_type: VOTER last_known_addr { host: "127.24.150.129" port: 46641 } } peers { permanent_uuid: "e684062a75cc4f0598d87fb89e239d80" member_type: VOTER last_known_addr { host: "127.24.150.131" port: 46485 } }
I20260608 12:50:03.555234 28365 raft_consensus.cc:385] T 3496103b84c94595975fc35b134b54cf P e48f743853604ce2ac3581c2f9442cde [term 0 FOLLOWER]: Consensus starting up: Expiring failure detector timer to make a prompt election more likely
I20260608 12:50:03.555282 28371 raft_consensus.cc:515] T 69aeaf073afd449c8ecf51a35f80f771 P e48f743853604ce2ac3581c2f9442cde [term 0 FOLLOWER]: Starting pre-election with config: opid_index: -1 OBSOLETE_local: false peers { permanent_uuid: "e48f743853604ce2ac3581c2f9442cde" member_type: VOTER last_known_addr { host: "127.24.150.129" port: 46641 } } peers { permanent_uuid: "3a5f6c17bbd444b4b6504dd0ed42e21d" member_type: VOTER last_known_addr { host: "127.24.150.130" port: 33701 } } peers { permanent_uuid: "e684062a75cc4f0598d87fb89e239d80" member_type: VOTER last_known_addr { host: "127.24.150.131" port: 46485 } }
I20260608 12:50:03.555773 28365 raft_consensus.cc:740] T 3496103b84c94595975fc35b134b54cf P e48f743853604ce2ac3581c2f9442cde [term 0 FOLLOWER]: Becoming Follower/Learner. State: Replica: e48f743853604ce2ac3581c2f9442cde, State: Initialized, Role: FOLLOWER
I20260608 12:50:03.557183 28367 ts_tablet_manager.cc:1434] T e53bfa61c5b744e48d58ab110c4bee23 P 3a5f6c17bbd444b4b6504dd0ed42e21d: Time spent starting tablet: real 0.009s	user 0.010s	sys 0.000s
I20260608 12:50:03.557283 28365 consensus_queue.cc:260] T 3496103b84c94595975fc35b134b54cf P e48f743853604ce2ac3581c2f9442cde [NON_LEADER]: Queue going to NON_LEADER mode. State: All replicated index: 0, Majority replicated index: 0, Committed index: 0, Last appended: 0.0, Last appended by leader: 0, Current term: 0, Majority size: -1, State: 0, Mode: NON_LEADER, active raft config: opid_index: -1 OBSOLETE_local: false peers { permanent_uuid: "3a5f6c17bbd444b4b6504dd0ed42e21d" member_type: VOTER last_known_addr { host: "127.24.150.130" port: 33701 } } peers { permanent_uuid: "e48f743853604ce2ac3581c2f9442cde" member_type: VOTER last_known_addr { host: "127.24.150.129" port: 46641 } } peers { permanent_uuid: "e684062a75cc4f0598d87fb89e239d80" member_type: VOTER last_known_addr { host: "127.24.150.131" port: 46485 } }
I20260608 12:50:03.559238 28367 tablet_bootstrap.cc:492] T 69aeaf073afd449c8ecf51a35f80f771 P 3a5f6c17bbd444b4b6504dd0ed42e21d: Bootstrap starting.
I20260608 12:50:03.561705 28372 raft_consensus.cc:493] T d62a237afe1a45e99bb182e62664eebd P e684062a75cc4f0598d87fb89e239d80 [term 0 FOLLOWER]: Starting pre-election (no leader contacted us within the election timeout)
I20260608 12:50:03.562351 28372 raft_consensus.cc:515] T d62a237afe1a45e99bb182e62664eebd P e684062a75cc4f0598d87fb89e239d80 [term 0 FOLLOWER]: Starting pre-election with config: opid_index: -1 OBSOLETE_local: false peers { permanent_uuid: "e48f743853604ce2ac3581c2f9442cde" member_type: VOTER last_known_addr { host: "127.24.150.129" port: 46641 } } peers { permanent_uuid: "3a5f6c17bbd444b4b6504dd0ed42e21d" member_type: VOTER last_known_addr { host: "127.24.150.130" port: 33701 } } peers { permanent_uuid: "e684062a75cc4f0598d87fb89e239d80" member_type: VOTER last_known_addr { host: "127.24.150.131" port: 46485 } }
I20260608 12:50:03.570228 28367 tablet_bootstrap.cc:654] T 69aeaf073afd449c8ecf51a35f80f771 P 3a5f6c17bbd444b4b6504dd0ed42e21d: Neither blocks nor log segments found. Creating new log.
I20260608 12:50:03.570261 28371 leader_election.cc:290] T 69aeaf073afd449c8ecf51a35f80f771 P e48f743853604ce2ac3581c2f9442cde [CANDIDATE]: Term 1 pre-election: Requested pre-vote from peers 3a5f6c17bbd444b4b6504dd0ed42e21d (127.24.150.130:33701), e684062a75cc4f0598d87fb89e239d80 (127.24.150.131:46485)
I20260608 12:50:03.573066 28372 leader_election.cc:290] T d62a237afe1a45e99bb182e62664eebd P e684062a75cc4f0598d87fb89e239d80 [CANDIDATE]: Term 1 pre-election: Requested pre-vote from peers e48f743853604ce2ac3581c2f9442cde (127.24.150.129:46641), 3a5f6c17bbd444b4b6504dd0ed42e21d (127.24.150.130:33701)
I20260608 12:50:03.577378 28364 tablet_bootstrap.cc:492] T c969480ea7a5462db1a2b4484d5c0ee6 P e684062a75cc4f0598d87fb89e239d80: Bootstrap starting.
I20260608 12:50:03.589193 28365 ts_tablet_manager.cc:1434] T 3496103b84c94595975fc35b134b54cf P e48f743853604ce2ac3581c2f9442cde: Time spent starting tablet: real 0.040s	user 0.011s	sys 0.003s
I20260608 12:50:03.591459 28365 tablet_bootstrap.cc:492] T c969480ea7a5462db1a2b4484d5c0ee6 P e48f743853604ce2ac3581c2f9442cde: Bootstrap starting.
I20260608 12:50:03.601668 28365 tablet_bootstrap.cc:654] T c969480ea7a5462db1a2b4484d5c0ee6 P e48f743853604ce2ac3581c2f9442cde: Neither blocks nor log segments found. Creating new log.
I20260608 12:50:03.613297 28245 tablet_service.cc:1917] Received RequestConsensusVote() RPC: tablet_id: "69aeaf073afd449c8ecf51a35f80f771" candidate_uuid: "e48f743853604ce2ac3581c2f9442cde" candidate_term: 1 candidate_status { last_received { term: 0 index: 0 } } ignore_live_leader: false dest_uuid: "3a5f6c17bbd444b4b6504dd0ed42e21d" is_pre_election: true
I20260608 12:50:03.614547 28364 tablet_bootstrap.cc:654] T c969480ea7a5462db1a2b4484d5c0ee6 P e684062a75cc4f0598d87fb89e239d80: Neither blocks nor log segments found. Creating new log.
W20260608 12:50:03.615703 28134 leader_election.cc:343] T 69aeaf073afd449c8ecf51a35f80f771 P e48f743853604ce2ac3581c2f9442cde [CANDIDATE]: Term 1 pre-election: Tablet error from VoteRequest() call to peer 3a5f6c17bbd444b4b6504dd0ed42e21d (127.24.150.130:33701): Illegal state: must be running to vote when last-logged opid is not known
I20260608 12:50:03.616868 28382 raft_consensus.cc:493] T 3496103b84c94595975fc35b134b54cf P e48f743853604ce2ac3581c2f9442cde [term 0 FOLLOWER]: Starting pre-election (no leader contacted us within the election timeout)
I20260608 12:50:03.617621 28382 raft_consensus.cc:515] T 3496103b84c94595975fc35b134b54cf P e48f743853604ce2ac3581c2f9442cde [term 0 FOLLOWER]: Starting pre-election with config: opid_index: -1 OBSOLETE_local: false peers { permanent_uuid: "3a5f6c17bbd444b4b6504dd0ed42e21d" member_type: VOTER last_known_addr { host: "127.24.150.130" port: 33701 } } peers { permanent_uuid: "e48f743853604ce2ac3581c2f9442cde" member_type: VOTER last_known_addr { host: "127.24.150.129" port: 46641 } } peers { permanent_uuid: "e684062a75cc4f0598d87fb89e239d80" member_type: VOTER last_known_addr { host: "127.24.150.131" port: 46485 } }
I20260608 12:50:03.622357 28319 tablet_service.cc:1917] Received RequestConsensusVote() RPC: tablet_id: "69aeaf073afd449c8ecf51a35f80f771" candidate_uuid: "e48f743853604ce2ac3581c2f9442cde" candidate_term: 1 candidate_status { last_received { term: 0 index: 0 } } ignore_live_leader: false dest_uuid: "e684062a75cc4f0598d87fb89e239d80" is_pre_election: true
I20260608 12:50:03.622956 28245 tablet_service.cc:1917] Received RequestConsensusVote() RPC: tablet_id: "3496103b84c94595975fc35b134b54cf" candidate_uuid: "e48f743853604ce2ac3581c2f9442cde" candidate_term: 1 candidate_status { last_received { term: 0 index: 0 } } ignore_live_leader: false dest_uuid: "3a5f6c17bbd444b4b6504dd0ed42e21d" is_pre_election: true
W20260608 12:50:03.625087 28133 leader_election.cc:343] T 69aeaf073afd449c8ecf51a35f80f771 P e48f743853604ce2ac3581c2f9442cde [CANDIDATE]: Term 1 pre-election: Tablet error from VoteRequest() call to peer e684062a75cc4f0598d87fb89e239d80 (127.24.150.131:46485): Illegal state: must be running to vote when last-logged opid is not known
W20260608 12:50:03.625496 28134 leader_election.cc:343] T 3496103b84c94595975fc35b134b54cf P e48f743853604ce2ac3581c2f9442cde [CANDIDATE]: Term 1 pre-election: Tablet error from VoteRequest() call to peer 3a5f6c17bbd444b4b6504dd0ed42e21d (127.24.150.130:33701): Illegal state: must be running to vote when last-logged opid is not known
I20260608 12:50:03.625626 28133 leader_election.cc:304] T 69aeaf073afd449c8ecf51a35f80f771 P e48f743853604ce2ac3581c2f9442cde [CANDIDATE]: Term 1 pre-election: Election decided. Result: candidate lost. Election summary: received 3 responses out of 3 voters: 1 yes votes; 2 no votes. yes voters: e48f743853604ce2ac3581c2f9442cde; no voters: 3a5f6c17bbd444b4b6504dd0ed42e21d, e684062a75cc4f0598d87fb89e239d80
I20260608 12:50:03.627283 28371 raft_consensus.cc:2749] T 69aeaf073afd449c8ecf51a35f80f771 P e48f743853604ce2ac3581c2f9442cde [term 0 FOLLOWER]: Leader pre-election lost for term 1. Reason: could not achieve majority
I20260608 12:50:03.627586 28382 leader_election.cc:290] T 3496103b84c94595975fc35b134b54cf P e48f743853604ce2ac3581c2f9442cde [CANDIDATE]: Term 1 pre-election: Requested pre-vote from peers 3a5f6c17bbd444b4b6504dd0ed42e21d (127.24.150.130:33701), e684062a75cc4f0598d87fb89e239d80 (127.24.150.131:46485)
I20260608 12:50:03.630227 28319 tablet_service.cc:1917] Received RequestConsensusVote() RPC: tablet_id: "3496103b84c94595975fc35b134b54cf" candidate_uuid: "e48f743853604ce2ac3581c2f9442cde" candidate_term: 1 candidate_status { last_received { term: 0 index: 0 } } ignore_live_leader: false dest_uuid: "e684062a75cc4f0598d87fb89e239d80" is_pre_election: true
I20260608 12:50:03.630952 28319 raft_consensus.cc:2468] T 3496103b84c94595975fc35b134b54cf P e684062a75cc4f0598d87fb89e239d80 [term 0 FOLLOWER]: Leader pre-election vote request: Granting yes vote for candidate e48f743853604ce2ac3581c2f9442cde in term 0.
I20260608 12:50:03.632280 28133 leader_election.cc:304] T 3496103b84c94595975fc35b134b54cf P e48f743853604ce2ac3581c2f9442cde [CANDIDATE]: Term 1 pre-election: Election decided. Result: candidate won. Election summary: received 3 responses out of 3 voters: 2 yes votes; 1 no votes. yes voters: e48f743853604ce2ac3581c2f9442cde, e684062a75cc4f0598d87fb89e239d80; no voters: 3a5f6c17bbd444b4b6504dd0ed42e21d
I20260608 12:50:03.633241 28382 raft_consensus.cc:2804] T 3496103b84c94595975fc35b134b54cf P e48f743853604ce2ac3581c2f9442cde [term 0 FOLLOWER]: Leader pre-election won for term 1
I20260608 12:50:03.633747 28382 raft_consensus.cc:493] T 3496103b84c94595975fc35b134b54cf P e48f743853604ce2ac3581c2f9442cde [term 0 FOLLOWER]: Starting leader election (no leader contacted us within the election timeout)
I20260608 12:50:03.634235 28382 raft_consensus.cc:3060] T 3496103b84c94595975fc35b134b54cf P e48f743853604ce2ac3581c2f9442cde [term 0 FOLLOWER]: Advancing to term 1
I20260608 12:50:03.639029 28245 tablet_service.cc:1917] Received RequestConsensusVote() RPC: tablet_id: "d62a237afe1a45e99bb182e62664eebd" candidate_uuid: "e684062a75cc4f0598d87fb89e239d80" candidate_term: 1 candidate_status { last_received { term: 0 index: 0 } } ignore_live_leader: false dest_uuid: "3a5f6c17bbd444b4b6504dd0ed42e21d" is_pre_election: true
I20260608 12:50:03.639472 28170 tablet_service.cc:1917] Received RequestConsensusVote() RPC: tablet_id: "d62a237afe1a45e99bb182e62664eebd" candidate_uuid: "e684062a75cc4f0598d87fb89e239d80" candidate_term: 1 candidate_status { last_received { term: 0 index: 0 } } ignore_live_leader: false dest_uuid: "e48f743853604ce2ac3581c2f9442cde" is_pre_election: true
I20260608 12:50:03.639891 28245 raft_consensus.cc:2468] T d62a237afe1a45e99bb182e62664eebd P 3a5f6c17bbd444b4b6504dd0ed42e21d [term 0 FOLLOWER]: Leader pre-election vote request: Granting yes vote for candidate e684062a75cc4f0598d87fb89e239d80 in term 0.
I20260608 12:50:03.641189 28367 tablet_bootstrap.cc:492] T 69aeaf073afd449c8ecf51a35f80f771 P 3a5f6c17bbd444b4b6504dd0ed42e21d: No bootstrap required, opened a new log
I20260608 12:50:03.641193 28364 tablet_bootstrap.cc:492] T c969480ea7a5462db1a2b4484d5c0ee6 P e684062a75cc4f0598d87fb89e239d80: No bootstrap required, opened a new log
W20260608 12:50:03.641218 28283 leader_election.cc:343] T d62a237afe1a45e99bb182e62664eebd P e684062a75cc4f0598d87fb89e239d80 [CANDIDATE]: Term 1 pre-election: Tablet error from VoteRequest() call to peer e48f743853604ce2ac3581c2f9442cde (127.24.150.129:46641): Illegal state: must be running to vote when last-logged opid is not known
I20260608 12:50:03.642086 28367 ts_tablet_manager.cc:1403] T 69aeaf073afd449c8ecf51a35f80f771 P 3a5f6c17bbd444b4b6504dd0ed42e21d: Time spent bootstrapping tablet: real 0.083s	user 0.037s	sys 0.040s
I20260608 12:50:03.642181 28364 ts_tablet_manager.cc:1403] T c969480ea7a5462db1a2b4484d5c0ee6 P e684062a75cc4f0598d87fb89e239d80: Time spent bootstrapping tablet: real 0.081s	user 0.011s	sys 0.003s
I20260608 12:50:03.642614 28283 leader_election.cc:304] T d62a237afe1a45e99bb182e62664eebd P e684062a75cc4f0598d87fb89e239d80 [CANDIDATE]: Term 1 pre-election: Election decided. Result: candidate won. Election summary: received 3 responses out of 3 voters: 2 yes votes; 1 no votes. yes voters: 3a5f6c17bbd444b4b6504dd0ed42e21d, e684062a75cc4f0598d87fb89e239d80; no voters: e48f743853604ce2ac3581c2f9442cde
I20260608 12:50:03.643595 28372 raft_consensus.cc:2804] T d62a237afe1a45e99bb182e62664eebd P e684062a75cc4f0598d87fb89e239d80 [term 0 FOLLOWER]: Leader pre-election won for term 1
I20260608 12:50:03.643994 28372 raft_consensus.cc:493] T d62a237afe1a45e99bb182e62664eebd P e684062a75cc4f0598d87fb89e239d80 [term 0 FOLLOWER]: Starting leader election (no leader contacted us within the election timeout)
I20260608 12:50:03.644332 28372 raft_consensus.cc:3060] T d62a237afe1a45e99bb182e62664eebd P e684062a75cc4f0598d87fb89e239d80 [term 0 FOLLOWER]: Advancing to term 1
I20260608 12:50:03.645758 28367 raft_consensus.cc:359] T 69aeaf073afd449c8ecf51a35f80f771 P 3a5f6c17bbd444b4b6504dd0ed42e21d [term 0 FOLLOWER]: Replica starting. Triggering 0 pending ops. Active config: opid_index: -1 OBSOLETE_local: false peers { permanent_uuid: "e48f743853604ce2ac3581c2f9442cde" member_type: VOTER last_known_addr { host: "127.24.150.129" port: 46641 } } peers { permanent_uuid: "3a5f6c17bbd444b4b6504dd0ed42e21d" member_type: VOTER last_known_addr { host: "127.24.150.130" port: 33701 } } peers { permanent_uuid: "e684062a75cc4f0598d87fb89e239d80" member_type: VOTER last_known_addr { host: "127.24.150.131" port: 46485 } }
I20260608 12:50:03.646544 28367 raft_consensus.cc:385] T 69aeaf073afd449c8ecf51a35f80f771 P 3a5f6c17bbd444b4b6504dd0ed42e21d [term 0 FOLLOWER]: Consensus starting up: Expiring failure detector timer to make a prompt election more likely
I20260608 12:50:03.646160 28364 raft_consensus.cc:359] T c969480ea7a5462db1a2b4484d5c0ee6 P e684062a75cc4f0598d87fb89e239d80 [term 0 FOLLOWER]: Replica starting. Triggering 0 pending ops. Active config: opid_index: -1 OBSOLETE_local: false peers { permanent_uuid: "e48f743853604ce2ac3581c2f9442cde" member_type: VOTER last_known_addr { host: "127.24.150.129" port: 46641 } } peers { permanent_uuid: "e684062a75cc4f0598d87fb89e239d80" member_type: VOTER last_known_addr { host: "127.24.150.131" port: 46485 } } peers { permanent_uuid: "3a5f6c17bbd444b4b6504dd0ed42e21d" member_type: VOTER last_known_addr { host: "127.24.150.130" port: 33701 } }
I20260608 12:50:03.646850 28367 raft_consensus.cc:740] T 69aeaf073afd449c8ecf51a35f80f771 P 3a5f6c17bbd444b4b6504dd0ed42e21d [term 0 FOLLOWER]: Becoming Follower/Learner. State: Replica: 3a5f6c17bbd444b4b6504dd0ed42e21d, State: Initialized, Role: FOLLOWER
I20260608 12:50:03.646960 28364 raft_consensus.cc:385] T c969480ea7a5462db1a2b4484d5c0ee6 P e684062a75cc4f0598d87fb89e239d80 [term 0 FOLLOWER]: Consensus starting up: Expiring failure detector timer to make a prompt election more likely
I20260608 12:50:03.647373 28364 raft_consensus.cc:740] T c969480ea7a5462db1a2b4484d5c0ee6 P e684062a75cc4f0598d87fb89e239d80 [term 0 FOLLOWER]: Becoming Follower/Learner. State: Replica: e684062a75cc4f0598d87fb89e239d80, State: Initialized, Role: FOLLOWER
I20260608 12:50:03.647442 28382 raft_consensus.cc:515] T 3496103b84c94595975fc35b134b54cf P e48f743853604ce2ac3581c2f9442cde [term 1 FOLLOWER]: Starting leader election with config: opid_index: -1 OBSOLETE_local: false peers { permanent_uuid: "3a5f6c17bbd444b4b6504dd0ed42e21d" member_type: VOTER last_known_addr { host: "127.24.150.130" port: 33701 } } peers { permanent_uuid: "e48f743853604ce2ac3581c2f9442cde" member_type: VOTER last_known_addr { host: "127.24.150.129" port: 46641 } } peers { permanent_uuid: "e684062a75cc4f0598d87fb89e239d80" member_type: VOTER last_known_addr { host: "127.24.150.131" port: 46485 } }
I20260608 12:50:03.647935 28367 consensus_queue.cc:260] T 69aeaf073afd449c8ecf51a35f80f771 P 3a5f6c17bbd444b4b6504dd0ed42e21d [NON_LEADER]: Queue going to NON_LEADER mode. State: All replicated index: 0, Majority replicated index: 0, Committed index: 0, Last appended: 0.0, Last appended by leader: 0, Current term: 0, Majority size: -1, State: 0, Mode: NON_LEADER, active raft config: opid_index: -1 OBSOLETE_local: false peers { permanent_uuid: "e48f743853604ce2ac3581c2f9442cde" member_type: VOTER last_known_addr { host: "127.24.150.129" port: 46641 } } peers { permanent_uuid: "3a5f6c17bbd444b4b6504dd0ed42e21d" member_type: VOTER last_known_addr { host: "127.24.150.130" port: 33701 } } peers { permanent_uuid: "e684062a75cc4f0598d87fb89e239d80" member_type: VOTER last_known_addr { host: "127.24.150.131" port: 46485 } }
I20260608 12:50:03.648293 28364 consensus_queue.cc:260] T c969480ea7a5462db1a2b4484d5c0ee6 P e684062a75cc4f0598d87fb89e239d80 [NON_LEADER]: Queue going to NON_LEADER mode. State: All replicated index: 0, Majority replicated index: 0, Committed index: 0, Last appended: 0.0, Last appended by leader: 0, Current term: 0, Majority size: -1, State: 0, Mode: NON_LEADER, active raft config: opid_index: -1 OBSOLETE_local: false peers { permanent_uuid: "e48f743853604ce2ac3581c2f9442cde" member_type: VOTER last_known_addr { host: "127.24.150.129" port: 46641 } } peers { permanent_uuid: "e684062a75cc4f0598d87fb89e239d80" member_type: VOTER last_known_addr { host: "127.24.150.131" port: 46485 } } peers { permanent_uuid: "3a5f6c17bbd444b4b6504dd0ed42e21d" member_type: VOTER last_known_addr { host: "127.24.150.130" port: 33701 } }
I20260608 12:50:03.650843 28245 tablet_service.cc:1917] Received RequestConsensusVote() RPC: tablet_id: "3496103b84c94595975fc35b134b54cf" candidate_uuid: "e48f743853604ce2ac3581c2f9442cde" candidate_term: 1 candidate_status { last_received { term: 0 index: 0 } } ignore_live_leader: false dest_uuid: "3a5f6c17bbd444b4b6504dd0ed42e21d"
I20260608 12:50:03.653858 28367 ts_tablet_manager.cc:1434] T 69aeaf073afd449c8ecf51a35f80f771 P 3a5f6c17bbd444b4b6504dd0ed42e21d: Time spent starting tablet: real 0.011s	user 0.007s	sys 0.001s
I20260608 12:50:03.655169 28367 tablet_bootstrap.cc:492] T 541abd1d734e468e90e408d5d4689db0 P 3a5f6c17bbd444b4b6504dd0ed42e21d: Bootstrap starting.
W20260608 12:50:03.662175 28134 leader_election.cc:343] T 3496103b84c94595975fc35b134b54cf P e48f743853604ce2ac3581c2f9442cde [CANDIDATE]: Term 1 election: Tablet error from VoteRequest() call to peer 3a5f6c17bbd444b4b6504dd0ed42e21d (127.24.150.130:33701): Illegal state: must be running to vote when last-logged opid is not known
I20260608 12:50:03.662930 28367 tablet_bootstrap.cc:654] T 541abd1d734e468e90e408d5d4689db0 P 3a5f6c17bbd444b4b6504dd0ed42e21d: Neither blocks nor log segments found. Creating new log.
I20260608 12:50:03.663897 28365 tablet_bootstrap.cc:492] T c969480ea7a5462db1a2b4484d5c0ee6 P e48f743853604ce2ac3581c2f9442cde: No bootstrap required, opened a new log
I20260608 12:50:03.664572 28365 ts_tablet_manager.cc:1403] T c969480ea7a5462db1a2b4484d5c0ee6 P e48f743853604ce2ac3581c2f9442cde: Time spent bootstrapping tablet: real 0.074s	user 0.016s	sys 0.007s
I20260608 12:50:03.668826 28365 raft_consensus.cc:359] T c969480ea7a5462db1a2b4484d5c0ee6 P e48f743853604ce2ac3581c2f9442cde [term 0 FOLLOWER]: Replica starting. Triggering 0 pending ops. Active config: opid_index: -1 OBSOLETE_local: false peers { permanent_uuid: "e48f743853604ce2ac3581c2f9442cde" member_type: VOTER last_known_addr { host: "127.24.150.129" port: 46641 } } peers { permanent_uuid: "e684062a75cc4f0598d87fb89e239d80" member_type: VOTER last_known_addr { host: "127.24.150.131" port: 46485 } } peers { permanent_uuid: "3a5f6c17bbd444b4b6504dd0ed42e21d" member_type: VOTER last_known_addr { host: "127.24.150.130" port: 33701 } }
I20260608 12:50:03.669868 28365 raft_consensus.cc:385] T c969480ea7a5462db1a2b4484d5c0ee6 P e48f743853604ce2ac3581c2f9442cde [term 0 FOLLOWER]: Consensus starting up: Expiring failure detector timer to make a prompt election more likely
I20260608 12:50:03.670264 28365 raft_consensus.cc:740] T c969480ea7a5462db1a2b4484d5c0ee6 P e48f743853604ce2ac3581c2f9442cde [term 0 FOLLOWER]: Becoming Follower/Learner. State: Replica: e48f743853604ce2ac3581c2f9442cde, State: Initialized, Role: FOLLOWER
I20260608 12:50:03.670781 28372 raft_consensus.cc:515] T d62a237afe1a45e99bb182e62664eebd P e684062a75cc4f0598d87fb89e239d80 [term 1 FOLLOWER]: Starting leader election with config: opid_index: -1 OBSOLETE_local: false peers { permanent_uuid: "e48f743853604ce2ac3581c2f9442cde" member_type: VOTER last_known_addr { host: "127.24.150.129" port: 46641 } } peers { permanent_uuid: "3a5f6c17bbd444b4b6504dd0ed42e21d" member_type: VOTER last_known_addr { host: "127.24.150.130" port: 33701 } } peers { permanent_uuid: "e684062a75cc4f0598d87fb89e239d80" member_type: VOTER last_known_addr { host: "127.24.150.131" port: 46485 } }
