I20260608 12:50:03.910779  7948 tablet_copy_client.cc:323] T f1629fed33e24a81873a825134a8dab1 P adbe2f779d9b482b8f4bc95b29057b79: tablet copy: Beginning tablet copy session from remote peer at address 127.4.105.194:44083
I20260608 12:50:03.912954  7588 tablet_copy_service.cc:140] P d78dcec40ae34266b26ad08008b6b247: Received BeginTabletCopySession request for tablet f1629fed33e24a81873a825134a8dab1 from peer adbe2f779d9b482b8f4bc95b29057b79 ({username='slave'} at 127.0.0.1:37636)
I20260608 12:50:03.913564  7588 tablet_copy_service.cc:161] P d78dcec40ae34266b26ad08008b6b247: Beginning new tablet copy session on tablet f1629fed33e24a81873a825134a8dab1 from peer adbe2f779d9b482b8f4bc95b29057b79 at {username='slave'} at 127.0.0.1:37636: session id = adbe2f779d9b482b8f4bc95b29057b79-f1629fed33e24a81873a825134a8dab1
I20260608 12:50:03.921304  7588 tablet_copy_source_session.cc:215] T f1629fed33e24a81873a825134a8dab1 P d78dcec40ae34266b26ad08008b6b247: Tablet Copy: opened 0 blocks and 1 log segments
I20260608 12:50:03.924388  7948 data_dirs.cc:400] Could only allocate 1 dirs of requested 3 for tablet f1629fed33e24a81873a825134a8dab1. 1 dirs total, 0 dirs full, 0 dirs failed
I20260608 12:50:03.934763  7948 tablet_copy_client.cc:806] T f1629fed33e24a81873a825134a8dab1 P adbe2f779d9b482b8f4bc95b29057b79: tablet copy: Starting download of 0 data blocks...
I20260608 12:50:03.935297  7948 tablet_copy_client.cc:670] T f1629fed33e24a81873a825134a8dab1 P adbe2f779d9b482b8f4bc95b29057b79: tablet copy: Starting download of 1 WAL segments...
I20260608 12:50:03.939141  7948 tablet_copy_client.cc:538] T f1629fed33e24a81873a825134a8dab1 P adbe2f779d9b482b8f4bc95b29057b79: tablet copy: Tablet Copy complete. Replacing tablet superblock.
I20260608 12:50:03.946307  7948 tablet_bootstrap.cc:492] T f1629fed33e24a81873a825134a8dab1 P adbe2f779d9b482b8f4bc95b29057b79: Bootstrap starting.
I20260608 12:50:03.966291  7948 tablet_bootstrap.cc:492] T f1629fed33e24a81873a825134a8dab1 P adbe2f779d9b482b8f4bc95b29057b79: Bootstrap replayed 1/1 log segments. Stats: ops{read=2 overwritten=0 applied=2 ignored=0} inserts{seen=0 ignored=0} mutations{seen=0 ignored=0} orphaned_commits=0. Pending: 0 replicates
I20260608 12:50:03.967343  7948 tablet_bootstrap.cc:492] T f1629fed33e24a81873a825134a8dab1 P adbe2f779d9b482b8f4bc95b29057b79: Bootstrap complete.
I20260608 12:50:03.968052  7948 ts_tablet_manager.cc:1403] T f1629fed33e24a81873a825134a8dab1 P adbe2f779d9b482b8f4bc95b29057b79: Time spent bootstrapping tablet: real 0.022s	user 0.014s	sys 0.008s
I20260608 12:50:03.971236  7948 raft_consensus.cc:359] T f1629fed33e24a81873a825134a8dab1 P adbe2f779d9b482b8f4bc95b29057b79 [term 1 LEARNER]: Replica starting. Triggering 0 pending ops. Active config: opid_index: 2 OBSOLETE_local: false peers { permanent_uuid: "63db8419c5ed41d984aad62d86874ba7" member_type: VOTER last_known_addr { host: "127.4.105.193" port: 34417 } attrs { replace: true } } peers { permanent_uuid: "d78dcec40ae34266b26ad08008b6b247" member_type: VOTER last_known_addr { host: "127.4.105.194" port: 44083 } } peers { permanent_uuid: "1e38e578cd474783a754b737a5e63f39" member_type: VOTER last_known_addr { host: "127.4.105.195" port: 41107 } } peers { permanent_uuid: "adbe2f779d9b482b8f4bc95b29057b79" member_type: NON_VOTER last_known_addr { host: "127.4.105.196" port: 35523 } attrs { promote: true } }
I20260608 12:50:03.972085  7948 raft_consensus.cc:740] T f1629fed33e24a81873a825134a8dab1 P adbe2f779d9b482b8f4bc95b29057b79 [term 1 LEARNER]: Becoming Follower/Learner. State: Replica: adbe2f779d9b482b8f4bc95b29057b79, State: Initialized, Role: LEARNER
I20260608 12:50:03.972746  7948 consensus_queue.cc:260] T f1629fed33e24a81873a825134a8dab1 P adbe2f779d9b482b8f4bc95b29057b79 [NON_LEADER]: Queue going to NON_LEADER mode. State: All replicated index: 0, Majority replicated index: 0, Committed index: 2, Last appended: 1.2, Last appended by leader: 2, Current term: 0, Majority size: -1, State: 0, Mode: NON_LEADER, active raft config: opid_index: 2 OBSOLETE_local: false peers { permanent_uuid: "63db8419c5ed41d984aad62d86874ba7" member_type: VOTER last_known_addr { host: "127.4.105.193" port: 34417 } attrs { replace: true } } peers { permanent_uuid: "d78dcec40ae34266b26ad08008b6b247" member_type: VOTER last_known_addr { host: "127.4.105.194" port: 44083 } } peers { permanent_uuid: "1e38e578cd474783a754b737a5e63f39" member_type: VOTER last_known_addr { host: "127.4.105.195" port: 41107 } } peers { permanent_uuid: "adbe2f779d9b482b8f4bc95b29057b79" member_type: NON_VOTER last_known_addr { host: "127.4.105.196" port: 35523 } attrs { promote: true } }
I20260608 12:50:03.975226  7948 ts_tablet_manager.cc:1434] T f1629fed33e24a81873a825134a8dab1 P adbe2f779d9b482b8f4bc95b29057b79: Time spent starting tablet: real 0.007s	user 0.006s	sys 0.000s
I20260608 12:50:03.977306  7588 tablet_copy_service.cc:342] P d78dcec40ae34266b26ad08008b6b247: Request end of tablet copy session adbe2f779d9b482b8f4bc95b29057b79-f1629fed33e24a81873a825134a8dab1 received from {username='slave'} at 127.0.0.1:37636
I20260608 12:50:03.977800  7588 tablet_copy_service.cc:434] P d78dcec40ae34266b26ad08008b6b247: ending tablet copy session adbe2f779d9b482b8f4bc95b29057b79-f1629fed33e24a81873a825134a8dab1 on tablet f1629fed33e24a81873a825134a8dab1 with peer adbe2f779d9b482b8f4bc95b29057b79
I20260608 12:50:04.023052  7948 ts_tablet_manager.cc:933] T a0217242180447d9800d00b10a85e4de P adbe2f779d9b482b8f4bc95b29057b79: Initiating tablet copy from peer d78dcec40ae34266b26ad08008b6b247 (127.4.105.194:44083)
I20260608 12:50:04.024817  7948 tablet_copy_client.cc:323] T a0217242180447d9800d00b10a85e4de P adbe2f779d9b482b8f4bc95b29057b79: tablet copy: Beginning tablet copy session from remote peer at address 127.4.105.194:44083
I20260608 12:50:04.026468  7588 tablet_copy_service.cc:140] P d78dcec40ae34266b26ad08008b6b247: Received BeginTabletCopySession request for tablet a0217242180447d9800d00b10a85e4de from peer adbe2f779d9b482b8f4bc95b29057b79 ({username='slave'} at 127.0.0.1:37636)
I20260608 12:50:04.026908  7588 tablet_copy_service.cc:161] P d78dcec40ae34266b26ad08008b6b247: Beginning new tablet copy session on tablet a0217242180447d9800d00b10a85e4de from peer adbe2f779d9b482b8f4bc95b29057b79 at {username='slave'} at 127.0.0.1:37636: session id = adbe2f779d9b482b8f4bc95b29057b79-a0217242180447d9800d00b10a85e4de
I20260608 12:50:04.032637  7952 ts_tablet_manager.cc:933] T 76b654edca8543a19eb5fe89f65fb90d P adbe2f779d9b482b8f4bc95b29057b79: Initiating tablet copy from peer 1e38e578cd474783a754b737a5e63f39 (127.4.105.195:41107)
I20260608 12:50:04.032905  7588 tablet_copy_source_session.cc:215] T a0217242180447d9800d00b10a85e4de P d78dcec40ae34266b26ad08008b6b247: Tablet Copy: opened 0 blocks and 1 log segments
I20260608 12:50:04.035099  7952 tablet_copy_client.cc:323] T 76b654edca8543a19eb5fe89f65fb90d P adbe2f779d9b482b8f4bc95b29057b79: tablet copy: Beginning tablet copy session from remote peer at address 127.4.105.195:41107
I20260608 12:50:04.035987  7948 data_dirs.cc:400] Could only allocate 1 dirs of requested 3 for tablet a0217242180447d9800d00b10a85e4de. 1 dirs total, 0 dirs full, 0 dirs failed
I20260608 12:50:04.037348  7662 tablet_copy_service.cc:140] P 1e38e578cd474783a754b737a5e63f39: Received BeginTabletCopySession request for tablet 76b654edca8543a19eb5fe89f65fb90d from peer adbe2f779d9b482b8f4bc95b29057b79 ({username='slave'} at 127.0.0.1:54802)
I20260608 12:50:04.037988  7662 tablet_copy_service.cc:161] P 1e38e578cd474783a754b737a5e63f39: Beginning new tablet copy session on tablet 76b654edca8543a19eb5fe89f65fb90d from peer adbe2f779d9b482b8f4bc95b29057b79 at {username='slave'} at 127.0.0.1:54802: session id = adbe2f779d9b482b8f4bc95b29057b79-76b654edca8543a19eb5fe89f65fb90d
I20260608 12:50:04.047122  7662 tablet_copy_source_session.cc:215] T 76b654edca8543a19eb5fe89f65fb90d P 1e38e578cd474783a754b737a5e63f39: Tablet Copy: opened 0 blocks and 1 log segments
I20260608 12:50:04.049966  7948 tablet_copy_client.cc:806] T a0217242180447d9800d00b10a85e4de P adbe2f779d9b482b8f4bc95b29057b79: tablet copy: Starting download of 0 data blocks...
I20260608 12:50:04.050424  7952 data_dirs.cc:400] Could only allocate 1 dirs of requested 3 for tablet 76b654edca8543a19eb5fe89f65fb90d. 1 dirs total, 0 dirs full, 0 dirs failed
I20260608 12:50:04.050532  7948 tablet_copy_client.cc:670] T a0217242180447d9800d00b10a85e4de P adbe2f779d9b482b8f4bc95b29057b79: tablet copy: Starting download of 1 WAL segments...
I20260608 12:50:04.054611  7948 tablet_copy_client.cc:538] T a0217242180447d9800d00b10a85e4de P adbe2f779d9b482b8f4bc95b29057b79: tablet copy: Tablet Copy complete. Replacing tablet superblock.
I20260608 12:50:04.063102  7948 tablet_bootstrap.cc:492] T a0217242180447d9800d00b10a85e4de P adbe2f779d9b482b8f4bc95b29057b79: Bootstrap starting.
I20260608 12:50:04.064754  7952 tablet_copy_client.cc:806] T 76b654edca8543a19eb5fe89f65fb90d P adbe2f779d9b482b8f4bc95b29057b79: tablet copy: Starting download of 0 data blocks...
I20260608 12:50:04.065352  7952 tablet_copy_client.cc:670] T 76b654edca8543a19eb5fe89f65fb90d P adbe2f779d9b482b8f4bc95b29057b79: tablet copy: Starting download of 1 WAL segments...
I20260608 12:50:04.073535  7952 tablet_copy_client.cc:538] T 76b654edca8543a19eb5fe89f65fb90d P adbe2f779d9b482b8f4bc95b29057b79: tablet copy: Tablet Copy complete. Replacing tablet superblock.
I20260608 12:50:04.082654  7952 tablet_bootstrap.cc:492] T 76b654edca8543a19eb5fe89f65fb90d P adbe2f779d9b482b8f4bc95b29057b79: Bootstrap starting.
I20260608 12:50:04.099507  7948 tablet_bootstrap.cc:492] T a0217242180447d9800d00b10a85e4de P adbe2f779d9b482b8f4bc95b29057b79: Bootstrap replayed 1/1 log segments. Stats: ops{read=2 overwritten=0 applied=2 ignored=0} inserts{seen=0 ignored=0} mutations{seen=0 ignored=0} orphaned_commits=0. Pending: 0 replicates
I20260608 12:50:04.100267  7948 tablet_bootstrap.cc:492] T a0217242180447d9800d00b10a85e4de P adbe2f779d9b482b8f4bc95b29057b79: Bootstrap complete.
I20260608 12:50:04.100819  7948 ts_tablet_manager.cc:1403] T a0217242180447d9800d00b10a85e4de P adbe2f779d9b482b8f4bc95b29057b79: Time spent bootstrapping tablet: real 0.038s	user 0.012s	sys 0.012s
I20260608 12:50:04.103828  7948 raft_consensus.cc:359] T a0217242180447d9800d00b10a85e4de P adbe2f779d9b482b8f4bc95b29057b79 [term 1 LEARNER]: Replica starting. Triggering 0 pending ops. Active config: opid_index: 2 OBSOLETE_local: false peers { permanent_uuid: "63db8419c5ed41d984aad62d86874ba7" member_type: VOTER last_known_addr { host: "127.4.105.193" port: 34417 } } peers { permanent_uuid: "1e38e578cd474783a754b737a5e63f39" member_type: VOTER last_known_addr { host: "127.4.105.195" port: 41107 } attrs { replace: true } } peers { permanent_uuid: "d78dcec40ae34266b26ad08008b6b247" member_type: VOTER last_known_addr { host: "127.4.105.194" port: 44083 } } peers { permanent_uuid: "adbe2f779d9b482b8f4bc95b29057b79" member_type: NON_VOTER last_known_addr { host: "127.4.105.196" port: 35523 } attrs { promote: true } }
I20260608 12:50:04.104781  7948 raft_consensus.cc:740] T a0217242180447d9800d00b10a85e4de P adbe2f779d9b482b8f4bc95b29057b79 [term 1 LEARNER]: Becoming Follower/Learner. State: Replica: adbe2f779d9b482b8f4bc95b29057b79, State: Initialized, Role: LEARNER
I20260608 12:50:04.105501  7948 consensus_queue.cc:260] T a0217242180447d9800d00b10a85e4de P adbe2f779d9b482b8f4bc95b29057b79 [NON_LEADER]: Queue going to NON_LEADER mode. State: All replicated index: 0, Majority replicated index: 0, Committed index: 2, Last appended: 1.2, Last appended by leader: 2, Current term: 0, Majority size: -1, State: 0, Mode: NON_LEADER, active raft config: opid_index: 2 OBSOLETE_local: false peers { permanent_uuid: "63db8419c5ed41d984aad62d86874ba7" member_type: VOTER last_known_addr { host: "127.4.105.193" port: 34417 } } peers { permanent_uuid: "1e38e578cd474783a754b737a5e63f39" member_type: VOTER last_known_addr { host: "127.4.105.195" port: 41107 } attrs { replace: true } } peers { permanent_uuid: "d78dcec40ae34266b26ad08008b6b247" member_type: VOTER last_known_addr { host: "127.4.105.194" port: 44083 } } peers { permanent_uuid: "adbe2f779d9b482b8f4bc95b29057b79" member_type: NON_VOTER last_known_addr { host: "127.4.105.196" port: 35523 } attrs { promote: true } }
I20260608 12:50:04.107923  7948 ts_tablet_manager.cc:1434] T a0217242180447d9800d00b10a85e4de P adbe2f779d9b482b8f4bc95b29057b79: Time spent starting tablet: real 0.007s	user 0.004s	sys 0.000s
I20260608 12:50:04.110425  7588 tablet_copy_service.cc:342] P d78dcec40ae34266b26ad08008b6b247: Request end of tablet copy session adbe2f779d9b482b8f4bc95b29057b79-a0217242180447d9800d00b10a85e4de received from {username='slave'} at 127.0.0.1:37636
I20260608 12:50:04.110855  7588 tablet_copy_service.cc:434] P d78dcec40ae34266b26ad08008b6b247: ending tablet copy session adbe2f779d9b482b8f4bc95b29057b79-a0217242180447d9800d00b10a85e4de on tablet a0217242180447d9800d00b10a85e4de with peer adbe2f779d9b482b8f4bc95b29057b79
I20260608 12:50:04.111021  7952 tablet_bootstrap.cc:492] T 76b654edca8543a19eb5fe89f65fb90d P adbe2f779d9b482b8f4bc95b29057b79: Bootstrap replayed 1/1 log segments. Stats: ops{read=2 overwritten=0 applied=2 ignored=0} inserts{seen=0 ignored=0} mutations{seen=0 ignored=0} orphaned_commits=0. Pending: 0 replicates
I20260608 12:50:04.112023  7952 tablet_bootstrap.cc:492] T 76b654edca8543a19eb5fe89f65fb90d P adbe2f779d9b482b8f4bc95b29057b79: Bootstrap complete.
I20260608 12:50:04.112773  7952 ts_tablet_manager.cc:1403] T 76b654edca8543a19eb5fe89f65fb90d P adbe2f779d9b482b8f4bc95b29057b79: Time spent bootstrapping tablet: real 0.031s	user 0.011s	sys 0.013s
I20260608 12:50:04.113709  7956 ts_tablet_manager.cc:933] T 7aae544fd25d40e7bee1c8205a77d48c P adbe2f779d9b482b8f4bc95b29057b79: Initiating tablet copy from peer 63db8419c5ed41d984aad62d86874ba7 (127.4.105.193:34417)
I20260608 12:50:04.116583  7952 raft_consensus.cc:359] T 76b654edca8543a19eb5fe89f65fb90d P adbe2f779d9b482b8f4bc95b29057b79 [term 1 LEARNER]: Replica starting. Triggering 0 pending ops. Active config: opid_index: 2 OBSOLETE_local: false peers { permanent_uuid: "63db8419c5ed41d984aad62d86874ba7" member_type: VOTER last_known_addr { host: "127.4.105.193" port: 34417 } attrs { replace: true } } peers { permanent_uuid: "d78dcec40ae34266b26ad08008b6b247" member_type: VOTER last_known_addr { host: "127.4.105.194" port: 44083 } } peers { permanent_uuid: "1e38e578cd474783a754b737a5e63f39" member_type: VOTER last_known_addr { host: "127.4.105.195" port: 41107 } } peers { permanent_uuid: "adbe2f779d9b482b8f4bc95b29057b79" member_type: NON_VOTER last_known_addr { host: "127.4.105.196" port: 35523 } attrs { promote: true } }
I20260608 12:50:04.117511  7952 raft_consensus.cc:740] T 76b654edca8543a19eb5fe89f65fb90d P adbe2f779d9b482b8f4bc95b29057b79 [term 1 LEARNER]: Becoming Follower/Learner. State: Replica: adbe2f779d9b482b8f4bc95b29057b79, State: Initialized, Role: LEARNER
I20260608 12:50:04.118255  7952 consensus_queue.cc:260] T 76b654edca8543a19eb5fe89f65fb90d P adbe2f779d9b482b8f4bc95b29057b79 [NON_LEADER]: Queue going to NON_LEADER mode. State: All replicated index: 0, Majority replicated index: 0, Committed index: 2, Last appended: 1.2, Last appended by leader: 2, Current term: 0, Majority size: -1, State: 0, Mode: NON_LEADER, active raft config: opid_index: 2 OBSOLETE_local: false peers { permanent_uuid: "63db8419c5ed41d984aad62d86874ba7" member_type: VOTER last_known_addr { host: "127.4.105.193" port: 34417 } attrs { replace: true } } peers { permanent_uuid: "d78dcec40ae34266b26ad08008b6b247" member_type: VOTER last_known_addr { host: "127.4.105.194" port: 44083 } } peers { permanent_uuid: "1e38e578cd474783a754b737a5e63f39" member_type: VOTER last_known_addr { host: "127.4.105.195" port: 41107 } } peers { permanent_uuid: "adbe2f779d9b482b8f4bc95b29057b79" member_type: NON_VOTER last_known_addr { host: "127.4.105.196" port: 35523 } attrs { promote: true } }
I20260608 12:50:04.121001  7952 ts_tablet_manager.cc:1434] T 76b654edca8543a19eb5fe89f65fb90d P adbe2f779d9b482b8f4bc95b29057b79: Time spent starting tablet: real 0.008s	user 0.007s	sys 0.000s
I20260608 12:50:04.123283  7662 tablet_copy_service.cc:342] P 1e38e578cd474783a754b737a5e63f39: Request end of tablet copy session adbe2f779d9b482b8f4bc95b29057b79-76b654edca8543a19eb5fe89f65fb90d received from {username='slave'} at 127.0.0.1:54802
I20260608 12:50:04.123684  7662 tablet_copy_service.cc:434] P 1e38e578cd474783a754b737a5e63f39: ending tablet copy session adbe2f779d9b482b8f4bc95b29057b79-76b654edca8543a19eb5fe89f65fb90d on tablet 76b654edca8543a19eb5fe89f65fb90d with peer adbe2f779d9b482b8f4bc95b29057b79
I20260608 12:50:04.135178  7956 tablet_copy_client.cc:323] T 7aae544fd25d40e7bee1c8205a77d48c P adbe2f779d9b482b8f4bc95b29057b79: tablet copy: Beginning tablet copy session from remote peer at address 127.4.105.193:34417
I20260608 12:50:04.137444  7513 tablet_copy_service.cc:140] P 63db8419c5ed41d984aad62d86874ba7: Received BeginTabletCopySession request for tablet 7aae544fd25d40e7bee1c8205a77d48c from peer adbe2f779d9b482b8f4bc95b29057b79 ({username='slave'} at 127.0.0.1:39062)
I20260608 12:50:04.138046  7513 tablet_copy_service.cc:161] P 63db8419c5ed41d984aad62d86874ba7: Beginning new tablet copy session on tablet 7aae544fd25d40e7bee1c8205a77d48c from peer adbe2f779d9b482b8f4bc95b29057b79 at {username='slave'} at 127.0.0.1:39062: session id = adbe2f779d9b482b8f4bc95b29057b79-7aae544fd25d40e7bee1c8205a77d48c
I20260608 12:50:04.145545  7513 tablet_copy_source_session.cc:215] T 7aae544fd25d40e7bee1c8205a77d48c P 63db8419c5ed41d984aad62d86874ba7: Tablet Copy: opened 0 blocks and 1 log segments
I20260608 12:50:04.148604  7956 data_dirs.cc:400] Could only allocate 1 dirs of requested 3 for tablet 7aae544fd25d40e7bee1c8205a77d48c. 1 dirs total, 0 dirs full, 0 dirs failed
I20260608 12:50:04.163548  7956 tablet_copy_client.cc:806] T 7aae544fd25d40e7bee1c8205a77d48c P adbe2f779d9b482b8f4bc95b29057b79: tablet copy: Starting download of 0 data blocks...
I20260608 12:50:04.164098  7956 tablet_copy_client.cc:670] T 7aae544fd25d40e7bee1c8205a77d48c P adbe2f779d9b482b8f4bc95b29057b79: tablet copy: Starting download of 1 WAL segments...
I20260608 12:50:04.167820  7956 tablet_copy_client.cc:538] T 7aae544fd25d40e7bee1c8205a77d48c P adbe2f779d9b482b8f4bc95b29057b79: tablet copy: Tablet Copy complete. Replacing tablet superblock.
I20260608 12:50:04.176214  7956 tablet_bootstrap.cc:492] T 7aae544fd25d40e7bee1c8205a77d48c P adbe2f779d9b482b8f4bc95b29057b79: Bootstrap starting.
I20260608 12:50:04.196583  7956 tablet_bootstrap.cc:492] T 7aae544fd25d40e7bee1c8205a77d48c P adbe2f779d9b482b8f4bc95b29057b79: Bootstrap replayed 1/1 log segments. Stats: ops{read=2 overwritten=0 applied=2 ignored=0} inserts{seen=0 ignored=0} mutations{seen=0 ignored=0} orphaned_commits=0. Pending: 0 replicates
I20260608 12:50:04.197518  7956 tablet_bootstrap.cc:492] T 7aae544fd25d40e7bee1c8205a77d48c P adbe2f779d9b482b8f4bc95b29057b79: Bootstrap complete.
I20260608 12:50:04.198186  7956 ts_tablet_manager.cc:1403] T 7aae544fd25d40e7bee1c8205a77d48c P adbe2f779d9b482b8f4bc95b29057b79: Time spent bootstrapping tablet: real 0.022s	user 0.012s	sys 0.012s
I20260608 12:50:04.201344  7956 raft_consensus.cc:359] T 7aae544fd25d40e7bee1c8205a77d48c P adbe2f779d9b482b8f4bc95b29057b79 [term 1 LEARNER]: Replica starting. Triggering 0 pending ops. Active config: opid_index: 2 OBSOLETE_local: false peers { permanent_uuid: "d78dcec40ae34266b26ad08008b6b247" member_type: VOTER last_known_addr { host: "127.4.105.194" port: 44083 } attrs { replace: true } } peers { permanent_uuid: "63db8419c5ed41d984aad62d86874ba7" member_type: VOTER last_known_addr { host: "127.4.105.193" port: 34417 } } peers { permanent_uuid: "1e38e578cd474783a754b737a5e63f39" member_type: VOTER last_known_addr { host: "127.4.105.195" port: 41107 } } peers { permanent_uuid: "adbe2f779d9b482b8f4bc95b29057b79" member_type: NON_VOTER last_known_addr { host: "127.4.105.196" port: 35523 } attrs { promote: true } }
I20260608 12:50:04.202170  7956 raft_consensus.cc:740] T 7aae544fd25d40e7bee1c8205a77d48c P adbe2f779d9b482b8f4bc95b29057b79 [term 1 LEARNER]: Becoming Follower/Learner. State: Replica: adbe2f779d9b482b8f4bc95b29057b79, State: Initialized, Role: LEARNER
I20260608 12:50:04.202833  7956 consensus_queue.cc:260] T 7aae544fd25d40e7bee1c8205a77d48c P adbe2f779d9b482b8f4bc95b29057b79 [NON_LEADER]: Queue going to NON_LEADER mode. State: All replicated index: 0, Majority replicated index: 0, Committed index: 2, Last appended: 1.2, Last appended by leader: 2, Current term: 0, Majority size: -1, State: 0, Mode: NON_LEADER, active raft config: opid_index: 2 OBSOLETE_local: false peers { permanent_uuid: "d78dcec40ae34266b26ad08008b6b247" member_type: VOTER last_known_addr { host: "127.4.105.194" port: 44083 } attrs { replace: true } } peers { permanent_uuid: "63db8419c5ed41d984aad62d86874ba7" member_type: VOTER last_known_addr { host: "127.4.105.193" port: 34417 } } peers { permanent_uuid: "1e38e578cd474783a754b737a5e63f39" member_type: VOTER last_known_addr { host: "127.4.105.195" port: 41107 } } peers { permanent_uuid: "adbe2f779d9b482b8f4bc95b29057b79" member_type: NON_VOTER last_known_addr { host: "127.4.105.196" port: 35523 } attrs { promote: true } }
I20260608 12:50:04.205443  7956 ts_tablet_manager.cc:1434] T 7aae544fd25d40e7bee1c8205a77d48c P adbe2f779d9b482b8f4bc95b29057b79: Time spent starting tablet: real 0.007s	user 0.003s	sys 0.005s
I20260608 12:50:04.207224  7513 tablet_copy_service.cc:342] P 63db8419c5ed41d984aad62d86874ba7: Request end of tablet copy session adbe2f779d9b482b8f4bc95b29057b79-7aae544fd25d40e7bee1c8205a77d48c received from {username='slave'} at 127.0.0.1:39062
I20260608 12:50:04.207662  7513 tablet_copy_service.cc:434] P 63db8419c5ed41d984aad62d86874ba7: ending tablet copy session adbe2f779d9b482b8f4bc95b29057b79-7aae544fd25d40e7bee1c8205a77d48c on tablet 7aae544fd25d40e7bee1c8205a77d48c with peer adbe2f779d9b482b8f4bc95b29057b79
I20260608 12:50:04.314502  7801 raft_consensus.cc:1217] T f1629fed33e24a81873a825134a8dab1 P adbe2f779d9b482b8f4bc95b29057b79 [term 1 LEARNER]: Deduplicated request from leader. Original: 1.1->[1.2-1.2]   Dedup: 1.2->[]
I20260608 12:50:04.496141  7801 raft_consensus.cc:1217] T a0217242180447d9800d00b10a85e4de P adbe2f779d9b482b8f4bc95b29057b79 [term 1 LEARNER]: Deduplicated request from leader. Original: 1.1->[1.2-1.2]   Dedup: 1.2->[]
I20260608 12:50:04.507531  7801 raft_consensus.cc:1217] T 76b654edca8543a19eb5fe89f65fb90d P adbe2f779d9b482b8f4bc95b29057b79 [term 1 LEARNER]: Deduplicated request from leader. Original: 1.1->[1.2-1.2]   Dedup: 1.2->[]
I20260608 12:50:04.598531  7801 raft_consensus.cc:1217] T 7aae544fd25d40e7bee1c8205a77d48c P adbe2f779d9b482b8f4bc95b29057b79 [term 1 LEARNER]: Deduplicated request from leader. Original: 1.1->[1.2-1.2]   Dedup: 1.2->[]
I20260608 12:50:04.807871  7839 raft_consensus.cc:1064] T f1629fed33e24a81873a825134a8dab1 P d78dcec40ae34266b26ad08008b6b247: attempting to promote NON_VOTER adbe2f779d9b482b8f4bc95b29057b79 to VOTER
I20260608 12:50:04.810516  7839 consensus_queue.cc:237] T f1629fed33e24a81873a825134a8dab1 P d78dcec40ae34266b26ad08008b6b247 [LEADER]: Queue going to LEADER mode. State: All replicated index: 0, Majority replicated index: 2, Committed index: 2, Last appended: 1.2, Last appended by leader: 0, Current term: 1, Majority size: 3, State: 0, Mode: LEADER, active raft config: opid_index: 3 OBSOLETE_local: false peers { permanent_uuid: "63db8419c5ed41d984aad62d86874ba7" member_type: VOTER last_known_addr { host: "127.4.105.193" port: 34417 } attrs { replace: true } } peers { permanent_uuid: "d78dcec40ae34266b26ad08008b6b247" member_type: VOTER last_known_addr { host: "127.4.105.194" port: 44083 } } peers { permanent_uuid: "1e38e578cd474783a754b737a5e63f39" member_type: VOTER last_known_addr { host: "127.4.105.195" port: 41107 } } peers { permanent_uuid: "adbe2f779d9b482b8f4bc95b29057b79" member_type: VOTER last_known_addr { host: "127.4.105.196" port: 35523 } attrs { promote: false } }
I20260608 12:50:04.817456  7801 raft_consensus.cc:1275] T f1629fed33e24a81873a825134a8dab1 P adbe2f779d9b482b8f4bc95b29057b79 [term 1 LEARNER]: Refusing update from remote peer d78dcec40ae34266b26ad08008b6b247: Log matching property violated. Preceding OpId in replica: term: 1 index: 2. Preceding OpId from leader: term: 1 index: 3. (index mismatch)
I20260608 12:50:04.817991  7649 raft_consensus.cc:1275] T f1629fed33e24a81873a825134a8dab1 P 1e38e578cd474783a754b737a5e63f39 [term 1 FOLLOWER]: Refusing update from remote peer d78dcec40ae34266b26ad08008b6b247: Log matching property violated. Preceding OpId in replica: term: 1 index: 2. Preceding OpId from leader: term: 1 index: 3. (index mismatch)
I20260608 12:50:04.819121  7839 consensus_queue.cc:1048] T f1629fed33e24a81873a825134a8dab1 P d78dcec40ae34266b26ad08008b6b247 [LEADER]: Connected to new peer: Peer: permanent_uuid: "adbe2f779d9b482b8f4bc95b29057b79" member_type: VOTER last_known_addr { host: "127.4.105.196" port: 35523 } attrs { promote: false }, Status: LMP_MISMATCH, Last received: 0.0, Next index: 3, Last known committed idx: 2, Time since last communication: 0.000s
I20260608 12:50:04.819262  7503 raft_consensus.cc:1275] T f1629fed33e24a81873a825134a8dab1 P 63db8419c5ed41d984aad62d86874ba7 [term 1 FOLLOWER]: Refusing update from remote peer d78dcec40ae34266b26ad08008b6b247: Log matching property violated. Preceding OpId in replica: term: 1 index: 2. Preceding OpId from leader: term: 1 index: 3. (index mismatch)
I20260608 12:50:04.820171  7924 consensus_queue.cc:1048] T f1629fed33e24a81873a825134a8dab1 P d78dcec40ae34266b26ad08008b6b247 [LEADER]: Connected to new peer: Peer: permanent_uuid: "1e38e578cd474783a754b737a5e63f39" member_type: VOTER last_known_addr { host: "127.4.105.195" port: 41107 }, Status: LMP_MISMATCH, Last received: 0.0, Next index: 3, Last known committed idx: 2, Time since last communication: 0.000s
I20260608 12:50:04.820996  7737 consensus_queue.cc:1048] T f1629fed33e24a81873a825134a8dab1 P d78dcec40ae34266b26ad08008b6b247 [LEADER]: Connected to new peer: Peer: permanent_uuid: "63db8419c5ed41d984aad62d86874ba7" member_type: VOTER last_known_addr { host: "127.4.105.193" port: 34417 } attrs { replace: true }, Status: LMP_MISMATCH, Last received: 0.0, Next index: 3, Last known committed idx: 2, Time since last communication: 0.000s
I20260608 12:50:04.840039  7924 raft_consensus.cc:2955] T f1629fed33e24a81873a825134a8dab1 P d78dcec40ae34266b26ad08008b6b247 [term 1 LEADER]: Committing config change with OpId 1.3: config changed from index 2 to 3, adbe2f779d9b482b8f4bc95b29057b79 (127.4.105.196) changed from NON_VOTER to VOTER. New config: { opid_index: 3 OBSOLETE_local: false peers { permanent_uuid: "63db8419c5ed41d984aad62d86874ba7" member_type: VOTER last_known_addr { host: "127.4.105.193" port: 34417 } attrs { replace: true } } peers { permanent_uuid: "d78dcec40ae34266b26ad08008b6b247" member_type: VOTER last_known_addr { host: "127.4.105.194" port: 44083 } } peers { permanent_uuid: "1e38e578cd474783a754b737a5e63f39" member_type: VOTER last_known_addr { host: "127.4.105.195" port: 41107 } } peers { permanent_uuid: "adbe2f779d9b482b8f4bc95b29057b79" member_type: VOTER last_known_addr { host: "127.4.105.196" port: 35523 } attrs { promote: false } } }
I20260608 12:50:04.842723  7801 raft_consensus.cc:2955] T f1629fed33e24a81873a825134a8dab1 P adbe2f779d9b482b8f4bc95b29057b79 [term 1 FOLLOWER]: Committing config change with OpId 1.3: config changed from index 2 to 3, adbe2f779d9b482b8f4bc95b29057b79 (127.4.105.196) changed from NON_VOTER to VOTER. New config: { opid_index: 3 OBSOLETE_local: false peers { permanent_uuid: "63db8419c5ed41d984aad62d86874ba7" member_type: VOTER last_known_addr { host: "127.4.105.193" port: 34417 } attrs { replace: true } } peers { permanent_uuid: "d78dcec40ae34266b26ad08008b6b247" member_type: VOTER last_known_addr { host: "127.4.105.194" port: 44083 } } peers { permanent_uuid: "1e38e578cd474783a754b737a5e63f39" member_type: VOTER last_known_addr { host: "127.4.105.195" port: 41107 } } peers { permanent_uuid: "adbe2f779d9b482b8f4bc95b29057b79" member_type: VOTER last_known_addr { host: "127.4.105.196" port: 35523 } attrs { promote: false } } }
I20260608 12:50:04.844753  7503 raft_consensus.cc:2955] T f1629fed33e24a81873a825134a8dab1 P 63db8419c5ed41d984aad62d86874ba7 [term 1 FOLLOWER]: Committing config change with OpId 1.3: config changed from index 2 to 3, adbe2f779d9b482b8f4bc95b29057b79 (127.4.105.196) changed from NON_VOTER to VOTER. New config: { opid_index: 3 OBSOLETE_local: false peers { permanent_uuid: "63db8419c5ed41d984aad62d86874ba7" member_type: VOTER last_known_addr { host: "127.4.105.193" port: 34417 } attrs { replace: true } } peers { permanent_uuid: "d78dcec40ae34266b26ad08008b6b247" member_type: VOTER last_known_addr { host: "127.4.105.194" port: 44083 } } peers { permanent_uuid: "1e38e578cd474783a754b737a5e63f39" member_type: VOTER last_known_addr { host: "127.4.105.195" port: 41107 } } peers { permanent_uuid: "adbe2f779d9b482b8f4bc95b29057b79" member_type: VOTER last_known_addr { host: "127.4.105.196" port: 35523 } attrs { promote: false } } }
I20260608 12:50:04.856341  7400 catalog_manager.cc:5696] T f1629fed33e24a81873a825134a8dab1 P adbe2f779d9b482b8f4bc95b29057b79 reported cstate change: config changed from index 2 to 3, adbe2f779d9b482b8f4bc95b29057b79 (127.4.105.196) changed from NON_VOTER to VOTER. New cstate: current_term: 1 leader_uuid: "d78dcec40ae34266b26ad08008b6b247" committed_config { opid_index: 3 OBSOLETE_local: false peers { permanent_uuid: "63db8419c5ed41d984aad62d86874ba7" member_type: VOTER last_known_addr { host: "127.4.105.193" port: 34417 } attrs { replace: true } } peers { permanent_uuid: "d78dcec40ae34266b26ad08008b6b247" member_type: VOTER last_known_addr { host: "127.4.105.194" port: 44083 } } peers { permanent_uuid: "1e38e578cd474783a754b737a5e63f39" member_type: VOTER last_known_addr { host: "127.4.105.195" port: 41107 } } peers { permanent_uuid: "adbe2f779d9b482b8f4bc95b29057b79" member_type: VOTER last_known_addr { host: "127.4.105.196" port: 35523 } attrs { promote: false } } }
I20260608 12:50:04.860764  7649 raft_consensus.cc:2955] T f1629fed33e24a81873a825134a8dab1 P 1e38e578cd474783a754b737a5e63f39 [term 1 FOLLOWER]: Committing config change with OpId 1.3: config changed from index 2 to 3, adbe2f779d9b482b8f4bc95b29057b79 (127.4.105.196) changed from NON_VOTER to VOTER. New config: { opid_index: 3 OBSOLETE_local: false peers { permanent_uuid: "63db8419c5ed41d984aad62d86874ba7" member_type: VOTER last_known_addr { host: "127.4.105.193" port: 34417 } attrs { replace: true } } peers { permanent_uuid: "d78dcec40ae34266b26ad08008b6b247" member_type: VOTER last_known_addr { host: "127.4.105.194" port: 44083 } } peers { permanent_uuid: "1e38e578cd474783a754b737a5e63f39" member_type: VOTER last_known_addr { host: "127.4.105.195" port: 41107 } } peers { permanent_uuid: "adbe2f779d9b482b8f4bc95b29057b79" member_type: VOTER last_known_addr { host: "127.4.105.196" port: 35523 } attrs { promote: false } } }
I20260608 12:50:04.901046  7573 consensus_queue.cc:237] T f1629fed33e24a81873a825134a8dab1 P d78dcec40ae34266b26ad08008b6b247 [LEADER]: Queue going to LEADER mode. State: All replicated index: 0, Majority replicated index: 3, Committed index: 3, Last appended: 1.3, Last appended by leader: 0, Current term: 1, Majority size: 2, State: 0, Mode: LEADER, active raft config: opid_index: 4 OBSOLETE_local: false peers { permanent_uuid: "d78dcec40ae34266b26ad08008b6b247" member_type: VOTER last_known_addr { host: "127.4.105.194" port: 44083 } } peers { permanent_uuid: "1e38e578cd474783a754b737a5e63f39" member_type: VOTER last_known_addr { host: "127.4.105.195" port: 41107 } } peers { permanent_uuid: "adbe2f779d9b482b8f4bc95b29057b79" member_type: VOTER last_known_addr { host: "127.4.105.196" port: 35523 } attrs { promote: false } }
I20260608 12:50:04.910416  7649 raft_consensus.cc:1275] T f1629fed33e24a81873a825134a8dab1 P 1e38e578cd474783a754b737a5e63f39 [term 1 FOLLOWER]: Refusing update from remote peer d78dcec40ae34266b26ad08008b6b247: Log matching property violated. Preceding OpId in replica: term: 1 index: 3. Preceding OpId from leader: term: 1 index: 4. (index mismatch)
I20260608 12:50:04.910416  7801 raft_consensus.cc:1275] T f1629fed33e24a81873a825134a8dab1 P adbe2f779d9b482b8f4bc95b29057b79 [term 1 FOLLOWER]: Refusing update from remote peer d78dcec40ae34266b26ad08008b6b247: Log matching property violated. Preceding OpId in replica: term: 1 index: 3. Preceding OpId from leader: term: 1 index: 4. (index mismatch)
I20260608 12:50:04.911849  7839 consensus_queue.cc:1048] T f1629fed33e24a81873a825134a8dab1 P d78dcec40ae34266b26ad08008b6b247 [LEADER]: Connected to new peer: Peer: permanent_uuid: "1e38e578cd474783a754b737a5e63f39" member_type: VOTER last_known_addr { host: "127.4.105.195" port: 41107 }, Status: LMP_MISMATCH, Last received: 0.0, Next index: 4, Last known committed idx: 3, Time since last communication: 0.000s
I20260608 12:50:04.913805  7839 consensus_queue.cc:1048] T f1629fed33e24a81873a825134a8dab1 P d78dcec40ae34266b26ad08008b6b247 [LEADER]: Connected to new peer: Peer: permanent_uuid: "adbe2f779d9b482b8f4bc95b29057b79" member_type: VOTER last_known_addr { host: "127.4.105.196" port: 35523 } attrs { promote: false }, Status: LMP_MISMATCH, Last received: 0.0, Next index: 4, Last known committed idx: 3, Time since last communication: 0.000s
I20260608 12:50:04.919529  7924 raft_consensus.cc:2955] T f1629fed33e24a81873a825134a8dab1 P d78dcec40ae34266b26ad08008b6b247 [term 1 LEADER]: Committing config change with OpId 1.4: config changed from index 3 to 4, VOTER 63db8419c5ed41d984aad62d86874ba7 (127.4.105.193) evicted. New config: { opid_index: 4 OBSOLETE_local: false peers { permanent_uuid: "d78dcec40ae34266b26ad08008b6b247" member_type: VOTER last_known_addr { host: "127.4.105.194" port: 44083 } } peers { permanent_uuid: "1e38e578cd474783a754b737a5e63f39" member_type: VOTER last_known_addr { host: "127.4.105.195" port: 41107 } } peers { permanent_uuid: "adbe2f779d9b482b8f4bc95b29057b79" member_type: VOTER last_known_addr { host: "127.4.105.196" port: 35523 } attrs { promote: false } } }
I20260608 12:50:04.921510  7650 raft_consensus.cc:2955] T f1629fed33e24a81873a825134a8dab1 P 1e38e578cd474783a754b737a5e63f39 [term 1 FOLLOWER]: Committing config change with OpId 1.4: config changed from index 3 to 4, VOTER 63db8419c5ed41d984aad62d86874ba7 (127.4.105.193) evicted. New config: { opid_index: 4 OBSOLETE_local: false peers { permanent_uuid: "d78dcec40ae34266b26ad08008b6b247" member_type: VOTER last_known_addr { host: "127.4.105.194" port: 44083 } } peers { permanent_uuid: "1e38e578cd474783a754b737a5e63f39" member_type: VOTER last_known_addr { host: "127.4.105.195" port: 41107 } } peers { permanent_uuid: "adbe2f779d9b482b8f4bc95b29057b79" member_type: VOTER last_known_addr { host: "127.4.105.196" port: 35523 } attrs { promote: false } } }
I20260608 12:50:04.923307  7801 raft_consensus.cc:2955] T f1629fed33e24a81873a825134a8dab1 P adbe2f779d9b482b8f4bc95b29057b79 [term 1 FOLLOWER]: Committing config change with OpId 1.4: config changed from index 3 to 4, VOTER 63db8419c5ed41d984aad62d86874ba7 (127.4.105.193) evicted. New config: { opid_index: 4 OBSOLETE_local: false peers { permanent_uuid: "d78dcec40ae34266b26ad08008b6b247" member_type: VOTER last_known_addr { host: "127.4.105.194" port: 44083 } } peers { permanent_uuid: "1e38e578cd474783a754b737a5e63f39" member_type: VOTER last_known_addr { host: "127.4.105.195" port: 41107 } } peers { permanent_uuid: "adbe2f779d9b482b8f4bc95b29057b79" member_type: VOTER last_known_addr { host: "127.4.105.196" port: 35523 } attrs { promote: false } } }
I20260608 12:50:04.928804  7388 catalog_manager.cc:5209] ChangeConfig:REMOVE_PEER RPC for tablet f1629fed33e24a81873a825134a8dab1 with cas_config_opid_index 3: ChangeConfig:REMOVE_PEER succeeded (attempt 1)
I20260608 12:50:04.937026  7399 catalog_manager.cc:5696] T f1629fed33e24a81873a825134a8dab1 P adbe2f779d9b482b8f4bc95b29057b79 reported cstate change: config changed from index 3 to 4, VOTER 63db8419c5ed41d984aad62d86874ba7 (127.4.105.193) evicted. New cstate: current_term: 1 leader_uuid: "d78dcec40ae34266b26ad08008b6b247" committed_config { opid_index: 4 OBSOLETE_local: false peers { permanent_uuid: "d78dcec40ae34266b26ad08008b6b247" member_type: VOTER last_known_addr { host: "127.4.105.194" port: 44083 } } peers { permanent_uuid: "1e38e578cd474783a754b737a5e63f39" member_type: VOTER last_known_addr { host: "127.4.105.195" port: 41107 } } peers { permanent_uuid: "adbe2f779d9b482b8f4bc95b29057b79" member_type: VOTER last_known_addr { host: "127.4.105.196" port: 35523 } attrs { promote: false } } }
I20260608 12:50:04.948632  7493 tablet_service.cc:1558] Processing DeleteTablet for tablet f1629fed33e24a81873a825134a8dab1 with delete_type TABLET_DATA_TOMBSTONED (TS 63db8419c5ed41d984aad62d86874ba7 not found in new config with opid_index 4) from {username='slave'} at 127.0.0.1:33596
I20260608 12:50:04.950574  7967 tablet_replica.cc:333] T f1629fed33e24a81873a825134a8dab1 P 63db8419c5ed41d984aad62d86874ba7: stopping tablet replica
I20260608 12:50:04.951624  7967 raft_consensus.cc:2243] T f1629fed33e24a81873a825134a8dab1 P 63db8419c5ed41d984aad62d86874ba7 [term 1 FOLLOWER]: Raft consensus shutting down.
I20260608 12:50:04.952407  7967 raft_consensus.cc:2272] T f1629fed33e24a81873a825134a8dab1 P 63db8419c5ed41d984aad62d86874ba7 [term 1 FOLLOWER]: Raft consensus is shut down!
I20260608 12:50:04.955387  7967 ts_tablet_manager.cc:1916] T f1629fed33e24a81873a825134a8dab1 P 63db8419c5ed41d984aad62d86874ba7: Deleting tablet data with delete state TABLET_DATA_TOMBSTONED
I20260608 12:50:04.969085  7967 ts_tablet_manager.cc:1929] T f1629fed33e24a81873a825134a8dab1 P 63db8419c5ed41d984aad62d86874ba7: tablet deleted with delete type TABLET_DATA_TOMBSTONED: last-logged OpId 1.3
I20260608 12:50:04.969424  7967 log.cc:1199] T f1629fed33e24a81873a825134a8dab1 P 63db8419c5ed41d984aad62d86874ba7: Deleting WAL directory at /tmp/dist-test-taskMmOIzQ/test-tmp/auto_rebalancer-test.0.AutoRebalancerTest.RangeAwareRebalancesNewRangeReplicas.1780922919294643-4519-0/minicluster-data/ts-0-root/wals/f1629fed33e24a81873a825134a8dab1
I20260608 12:50:04.970801  7387 catalog_manager.cc:5027] TS 63db8419c5ed41d984aad62d86874ba7 (127.4.105.193:34417): tablet f1629fed33e24a81873a825134a8dab1 (table range_aware_rebalance_new_range [id=521d86f4f2f747dfa49b30155e93da56]) successfully deleted
I20260608 12:50:05.001319  7839 raft_consensus.cc:1064] T a0217242180447d9800d00b10a85e4de P d78dcec40ae34266b26ad08008b6b247: attempting to promote NON_VOTER adbe2f779d9b482b8f4bc95b29057b79 to VOTER
I20260608 12:50:05.003300  7839 consensus_queue.cc:237] T a0217242180447d9800d00b10a85e4de P d78dcec40ae34266b26ad08008b6b247 [LEADER]: Queue going to LEADER mode. State: All replicated index: 0, Majority replicated index: 2, Committed index: 2, Last appended: 1.2, Last appended by leader: 0, Current term: 1, Majority size: 3, State: 0, Mode: LEADER, active raft config: opid_index: 3 OBSOLETE_local: false peers { permanent_uuid: "63db8419c5ed41d984aad62d86874ba7" member_type: VOTER last_known_addr { host: "127.4.105.193" port: 34417 } } peers { permanent_uuid: "1e38e578cd474783a754b737a5e63f39" member_type: VOTER last_known_addr { host: "127.4.105.195" port: 41107 } attrs { replace: true } } peers { permanent_uuid: "d78dcec40ae34266b26ad08008b6b247" member_type: VOTER last_known_addr { host: "127.4.105.194" port: 44083 } } peers { permanent_uuid: "adbe2f779d9b482b8f4bc95b29057b79" member_type: VOTER last_known_addr { host: "127.4.105.196" port: 35523 } attrs { promote: false } }
I20260608 12:50:05.015718  7801 raft_consensus.cc:1275] T a0217242180447d9800d00b10a85e4de P adbe2f779d9b482b8f4bc95b29057b79 [term 1 LEARNER]: Refusing update from remote peer d78dcec40ae34266b26ad08008b6b247: Log matching property violated. Preceding OpId in replica: term: 1 index: 2. Preceding OpId from leader: term: 1 index: 3. (index mismatch)
I20260608 12:50:05.015769  7650 raft_consensus.cc:1275] T a0217242180447d9800d00b10a85e4de P 1e38e578cd474783a754b737a5e63f39 [term 1 FOLLOWER]: Refusing update from remote peer d78dcec40ae34266b26ad08008b6b247: Log matching property violated. Preceding OpId in replica: term: 1 index: 2. Preceding OpId from leader: term: 1 index: 3. (index mismatch)
I20260608 12:50:05.017314  7503 raft_consensus.cc:1275] T a0217242180447d9800d00b10a85e4de P 63db8419c5ed41d984aad62d86874ba7 [term 1 FOLLOWER]: Refusing update from remote peer d78dcec40ae34266b26ad08008b6b247: Log matching property violated. Preceding OpId in replica: term: 1 index: 2. Preceding OpId from leader: term: 1 index: 3. (index mismatch)
I20260608 12:50:05.017362  7839 consensus_queue.cc:1048] T a0217242180447d9800d00b10a85e4de P d78dcec40ae34266b26ad08008b6b247 [LEADER]: Connected to new peer: Peer: permanent_uuid: "adbe2f779d9b482b8f4bc95b29057b79" member_type: VOTER last_known_addr { host: "127.4.105.196" port: 35523 } attrs { promote: false }, Status: LMP_MISMATCH, Last received: 0.0, Next index: 3, Last known committed idx: 2, Time since last communication: 0.001s
I20260608 12:50:05.019135  7924 consensus_queue.cc:1048] T a0217242180447d9800d00b10a85e4de P d78dcec40ae34266b26ad08008b6b247 [LEADER]: Connected to new peer: Peer: permanent_uuid: "63db8419c5ed41d984aad62d86874ba7" member_type: VOTER last_known_addr { host: "127.4.105.193" port: 34417 }, Status: LMP_MISMATCH, Last received: 0.0, Next index: 3, Last known committed idx: 2, Time since last communication: 0.000s
I20260608 12:50:05.019933  7839 consensus_queue.cc:1048] T a0217242180447d9800d00b10a85e4de P d78dcec40ae34266b26ad08008b6b247 [LEADER]: Connected to new peer: Peer: permanent_uuid: "1e38e578cd474783a754b737a5e63f39" member_type: VOTER last_known_addr { host: "127.4.105.195" port: 41107 } attrs { replace: true }, Status: LMP_MISMATCH, Last received: 0.0, Next index: 3, Last known committed idx: 2, Time since last communication: 0.000s
I20260608 12:50:05.031215  7737 raft_consensus.cc:2955] T a0217242180447d9800d00b10a85e4de P d78dcec40ae34266b26ad08008b6b247 [term 1 LEADER]: Committing config change with OpId 1.3: config changed from index 2 to 3, adbe2f779d9b482b8f4bc95b29057b79 (127.4.105.196) changed from NON_VOTER to VOTER. New config: { opid_index: 3 OBSOLETE_local: false peers { permanent_uuid: "63db8419c5ed41d984aad62d86874ba7" member_type: VOTER last_known_addr { host: "127.4.105.193" port: 34417 } } peers { permanent_uuid: "1e38e578cd474783a754b737a5e63f39" member_type: VOTER last_known_addr { host: "127.4.105.195" port: 41107 } attrs { replace: true } } peers { permanent_uuid: "d78dcec40ae34266b26ad08008b6b247" member_type: VOTER last_known_addr { host: "127.4.105.194" port: 44083 } } peers { permanent_uuid: "adbe2f779d9b482b8f4bc95b29057b79" member_type: VOTER last_known_addr { host: "127.4.105.196" port: 35523 } attrs { promote: false } } }
I20260608 12:50:05.033372  7650 raft_consensus.cc:2955] T a0217242180447d9800d00b10a85e4de P 1e38e578cd474783a754b737a5e63f39 [term 1 FOLLOWER]: Committing config change with OpId 1.3: config changed from index 2 to 3, adbe2f779d9b482b8f4bc95b29057b79 (127.4.105.196) changed from NON_VOTER to VOTER. New config: { opid_index: 3 OBSOLETE_local: false peers { permanent_uuid: "63db8419c5ed41d984aad62d86874ba7" member_type: VOTER last_known_addr { host: "127.4.105.193" port: 34417 } } peers { permanent_uuid: "1e38e578cd474783a754b737a5e63f39" member_type: VOTER last_known_addr { host: "127.4.105.195" port: 41107 } attrs { replace: true } } peers { permanent_uuid: "d78dcec40ae34266b26ad08008b6b247" member_type: VOTER last_known_addr { host: "127.4.105.194" port: 44083 } } peers { permanent_uuid: "adbe2f779d9b482b8f4bc95b29057b79" member_type: VOTER last_known_addr { host: "127.4.105.196" port: 35523 } attrs { promote: false } } }
I20260608 12:50:05.037364  7503 raft_consensus.cc:2955] T a0217242180447d9800d00b10a85e4de P 63db8419c5ed41d984aad62d86874ba7 [term 1 FOLLOWER]: Committing config change with OpId 1.3: config changed from index 2 to 3, adbe2f779d9b482b8f4bc95b29057b79 (127.4.105.196) changed from NON_VOTER to VOTER. New config: { opid_index: 3 OBSOLETE_local: false peers { permanent_uuid: "63db8419c5ed41d984aad62d86874ba7" member_type: VOTER last_known_addr { host: "127.4.105.193" port: 34417 } } peers { permanent_uuid: "1e38e578cd474783a754b737a5e63f39" member_type: VOTER last_known_addr { host: "127.4.105.195" port: 41107 } attrs { replace: true } } peers { permanent_uuid: "d78dcec40ae34266b26ad08008b6b247" member_type: VOTER last_known_addr { host: "127.4.105.194" port: 44083 } } peers { permanent_uuid: "adbe2f779d9b482b8f4bc95b29057b79" member_type: VOTER last_known_addr { host: "127.4.105.196" port: 35523 } attrs { promote: false } } }
I20260608 12:50:05.043820  7801 raft_consensus.cc:2955] T a0217242180447d9800d00b10a85e4de P adbe2f779d9b482b8f4bc95b29057b79 [term 1 FOLLOWER]: Committing config change with OpId 1.3: config changed from index 2 to 3, adbe2f779d9b482b8f4bc95b29057b79 (127.4.105.196) changed from NON_VOTER to VOTER. New config: { opid_index: 3 OBSOLETE_local: false peers { permanent_uuid: "63db8419c5ed41d984aad62d86874ba7" member_type: VOTER last_known_addr { host: "127.4.105.193" port: 34417 } } peers { permanent_uuid: "1e38e578cd474783a754b737a5e63f39" member_type: VOTER last_known_addr { host: "127.4.105.195" port: 41107 } attrs { replace: true } } peers { permanent_uuid: "d78dcec40ae34266b26ad08008b6b247" member_type: VOTER last_known_addr { host: "127.4.105.194" port: 44083 } } peers { permanent_uuid: "adbe2f779d9b482b8f4bc95b29057b79" member_type: VOTER last_known_addr { host: "127.4.105.196" port: 35523 } attrs { promote: false } } }
I20260608 12:50:05.048537  7401 catalog_manager.cc:5696] T a0217242180447d9800d00b10a85e4de P d78dcec40ae34266b26ad08008b6b247 reported cstate change: config changed from index 2 to 3, adbe2f779d9b482b8f4bc95b29057b79 (127.4.105.196) changed from NON_VOTER to VOTER. New cstate: current_term: 1 leader_uuid: "d78dcec40ae34266b26ad08008b6b247" committed_config { opid_index: 3 OBSOLETE_local: false peers { permanent_uuid: "63db8419c5ed41d984aad62d86874ba7" member_type: VOTER last_known_addr { host: "127.4.105.193" port: 34417 } health_report { overall_health: HEALTHY } } peers { permanent_uuid: "1e38e578cd474783a754b737a5e63f39" member_type: VOTER last_known_addr { host: "127.4.105.195" port: 41107 } attrs { replace: true } health_report { overall_health: HEALTHY } } peers { permanent_uuid: "d78dcec40ae34266b26ad08008b6b247" member_type: VOTER last_known_addr { host: "127.4.105.194" port: 44083 } health_report { overall_health: HEALTHY } } peers { permanent_uuid: "adbe2f779d9b482b8f4bc95b29057b79" member_type: VOTER last_known_addr { host: "127.4.105.196" port: 35523 } attrs { promote: false } health_report { overall_health: HEALTHY } } }
I20260608 12:50:05.067701  7573 consensus_queue.cc:237] T a0217242180447d9800d00b10a85e4de P d78dcec40ae34266b26ad08008b6b247 [LEADER]: Queue going to LEADER mode. State: All replicated index: 0, Majority replicated index: 3, Committed index: 3, Last appended: 1.3, Last appended by leader: 0, Current term: 1, Majority size: 2, State: 0, Mode: LEADER, active raft config: opid_index: 4 OBSOLETE_local: false peers { permanent_uuid: "63db8419c5ed41d984aad62d86874ba7" member_type: VOTER last_known_addr { host: "127.4.105.193" port: 34417 } } peers { permanent_uuid: "d78dcec40ae34266b26ad08008b6b247" member_type: VOTER last_known_addr { host: "127.4.105.194" port: 44083 } } peers { permanent_uuid: "adbe2f779d9b482b8f4bc95b29057b79" member_type: VOTER last_known_addr { host: "127.4.105.196" port: 35523 } attrs { promote: false } }
I20260608 12:50:05.075850  7503 raft_consensus.cc:1275] T a0217242180447d9800d00b10a85e4de P 63db8419c5ed41d984aad62d86874ba7 [term 1 FOLLOWER]: Refusing update from remote peer d78dcec40ae34266b26ad08008b6b247: Log matching property violated. Preceding OpId in replica: term: 1 index: 3. Preceding OpId from leader: term: 1 index: 4. (index mismatch)
I20260608 12:50:05.076402  7801 raft_consensus.cc:1275] T a0217242180447d9800d00b10a85e4de P adbe2f779d9b482b8f4bc95b29057b79 [term 1 FOLLOWER]: Refusing update from remote peer d78dcec40ae34266b26ad08008b6b247: Log matching property violated. Preceding OpId in replica: term: 1 index: 3. Preceding OpId from leader: term: 1 index: 4. (index mismatch)
I20260608 12:50:05.080845  7859 raft_consensus.cc:1064] T 76b654edca8543a19eb5fe89f65fb90d P 1e38e578cd474783a754b737a5e63f39: attempting to promote NON_VOTER adbe2f779d9b482b8f4bc95b29057b79 to VOTER
I20260608 12:50:05.077896  7924 consensus_queue.cc:1048] T a0217242180447d9800d00b10a85e4de P d78dcec40ae34266b26ad08008b6b247 [LEADER]: Connected to new peer: Peer: permanent_uuid: "63db8419c5ed41d984aad62d86874ba7" member_type: VOTER last_known_addr { host: "127.4.105.193" port: 34417 }, Status: LMP_MISMATCH, Last received: 0.0, Next index: 4, Last known committed idx: 3, Time since last communication: 0.005s
I20260608 12:50:05.083145  7737 consensus_queue.cc:1048] T a0217242180447d9800d00b10a85e4de P d78dcec40ae34266b26ad08008b6b247 [LEADER]: Connected to new peer: Peer: permanent_uuid: "adbe2f779d9b482b8f4bc95b29057b79" member_type: VOTER last_known_addr { host: "127.4.105.196" port: 35523 } attrs { promote: false }, Status: LMP_MISMATCH, Last received: 0.0, Next index: 4, Last known committed idx: 3, Time since last communication: 0.000s
