I20260608 12:50:05.085675  7859 consensus_queue.cc:237] T 76b654edca8543a19eb5fe89f65fb90d P 1e38e578cd474783a754b737a5e63f39 [LEADER]: Queue going to LEADER mode. State: All replicated index: 0, Majority replicated index: 2, Committed index: 2, Last appended: 1.2, Last appended by leader: 0, Current term: 1, Majority size: 3, State: 0, Mode: LEADER, active raft config: opid_index: 3 OBSOLETE_local: false peers { permanent_uuid: "63db8419c5ed41d984aad62d86874ba7" member_type: VOTER last_known_addr { host: "127.4.105.193" port: 34417 } attrs { replace: true } } peers { permanent_uuid: "d78dcec40ae34266b26ad08008b6b247" member_type: VOTER last_known_addr { host: "127.4.105.194" port: 44083 } } peers { permanent_uuid: "1e38e578cd474783a754b737a5e63f39" member_type: VOTER last_known_addr { host: "127.4.105.195" port: 41107 } } peers { permanent_uuid: "adbe2f779d9b482b8f4bc95b29057b79" member_type: VOTER last_known_addr { host: "127.4.105.196" port: 35523 } attrs { promote: false } }
I20260608 12:50:05.090237  7737 raft_consensus.cc:2955] T a0217242180447d9800d00b10a85e4de P d78dcec40ae34266b26ad08008b6b247 [term 1 LEADER]: Committing config change with OpId 1.4: config changed from index 3 to 4, VOTER 1e38e578cd474783a754b737a5e63f39 (127.4.105.195) evicted. New config: { opid_index: 4 OBSOLETE_local: false peers { permanent_uuid: "63db8419c5ed41d984aad62d86874ba7" member_type: VOTER last_known_addr { host: "127.4.105.193" port: 34417 } } peers { permanent_uuid: "d78dcec40ae34266b26ad08008b6b247" member_type: VOTER last_known_addr { host: "127.4.105.194" port: 44083 } } peers { permanent_uuid: "adbe2f779d9b482b8f4bc95b29057b79" member_type: VOTER last_known_addr { host: "127.4.105.196" port: 35523 } attrs { promote: false } } }
I20260608 12:50:05.092203  7503 raft_consensus.cc:2955] T a0217242180447d9800d00b10a85e4de P 63db8419c5ed41d984aad62d86874ba7 [term 1 FOLLOWER]: Committing config change with OpId 1.4: config changed from index 3 to 4, VOTER 1e38e578cd474783a754b737a5e63f39 (127.4.105.195) evicted. New config: { opid_index: 4 OBSOLETE_local: false peers { permanent_uuid: "63db8419c5ed41d984aad62d86874ba7" member_type: VOTER last_known_addr { host: "127.4.105.193" port: 34417 } } peers { permanent_uuid: "d78dcec40ae34266b26ad08008b6b247" member_type: VOTER last_known_addr { host: "127.4.105.194" port: 44083 } } peers { permanent_uuid: "adbe2f779d9b482b8f4bc95b29057b79" member_type: VOTER last_known_addr { host: "127.4.105.196" port: 35523 } attrs { promote: false } } }
I20260608 12:50:05.100785  7801 raft_consensus.cc:2955] T a0217242180447d9800d00b10a85e4de P adbe2f779d9b482b8f4bc95b29057b79 [term 1 FOLLOWER]: Committing config change with OpId 1.4: config changed from index 3 to 4, VOTER 1e38e578cd474783a754b737a5e63f39 (127.4.105.195) evicted. New config: { opid_index: 4 OBSOLETE_local: false peers { permanent_uuid: "63db8419c5ed41d984aad62d86874ba7" member_type: VOTER last_known_addr { host: "127.4.105.193" port: 34417 } } peers { permanent_uuid: "d78dcec40ae34266b26ad08008b6b247" member_type: VOTER last_known_addr { host: "127.4.105.194" port: 44083 } } peers { permanent_uuid: "adbe2f779d9b482b8f4bc95b29057b79" member_type: VOTER last_known_addr { host: "127.4.105.196" port: 35523 } attrs { promote: false } } }
I20260608 12:50:05.112619  7388 catalog_manager.cc:5209] ChangeConfig:REMOVE_PEER RPC for tablet a0217242180447d9800d00b10a85e4de with cas_config_opid_index 3: ChangeConfig:REMOVE_PEER succeeded (attempt 1)
I20260608 12:50:05.112244  7401 catalog_manager.cc:5696] T a0217242180447d9800d00b10a85e4de P 63db8419c5ed41d984aad62d86874ba7 reported cstate change: config changed from index 3 to 4, VOTER 1e38e578cd474783a754b737a5e63f39 (127.4.105.195) evicted. New cstate: current_term: 1 leader_uuid: "d78dcec40ae34266b26ad08008b6b247" committed_config { opid_index: 4 OBSOLETE_local: false peers { permanent_uuid: "63db8419c5ed41d984aad62d86874ba7" member_type: VOTER last_known_addr { host: "127.4.105.193" port: 34417 } } peers { permanent_uuid: "d78dcec40ae34266b26ad08008b6b247" member_type: VOTER last_known_addr { host: "127.4.105.194" port: 44083 } } peers { permanent_uuid: "adbe2f779d9b482b8f4bc95b29057b79" member_type: VOTER last_known_addr { host: "127.4.105.196" port: 35523 } attrs { promote: false } } }
I20260608 12:50:05.122737  7798 raft_consensus.cc:1275] T 76b654edca8543a19eb5fe89f65fb90d P adbe2f779d9b482b8f4bc95b29057b79 [term 1 LEARNER]: Refusing update from remote peer 1e38e578cd474783a754b737a5e63f39: Log matching property violated. Preceding OpId in replica: term: 1 index: 2. Preceding OpId from leader: term: 1 index: 3. (index mismatch)
I20260608 12:50:05.125412  7503 raft_consensus.cc:1275] T 76b654edca8543a19eb5fe89f65fb90d P 63db8419c5ed41d984aad62d86874ba7 [term 1 FOLLOWER]: Refusing update from remote peer 1e38e578cd474783a754b737a5e63f39: Log matching property violated. Preceding OpId in replica: term: 1 index: 2. Preceding OpId from leader: term: 1 index: 3. (index mismatch)
I20260608 12:50:05.127276  7903 consensus_queue.cc:1048] T 76b654edca8543a19eb5fe89f65fb90d P 1e38e578cd474783a754b737a5e63f39 [LEADER]: Connected to new peer: Peer: permanent_uuid: "adbe2f779d9b482b8f4bc95b29057b79" member_type: VOTER last_known_addr { host: "127.4.105.196" port: 35523 } attrs { promote: false }, Status: LMP_MISMATCH, Last received: 0.0, Next index: 3, Last known committed idx: 2, Time since last communication: 0.000s
I20260608 12:50:05.128258  7973 consensus_queue.cc:1048] T 76b654edca8543a19eb5fe89f65fb90d P 1e38e578cd474783a754b737a5e63f39 [LEADER]: Connected to new peer: Peer: permanent_uuid: "63db8419c5ed41d984aad62d86874ba7" member_type: VOTER last_known_addr { host: "127.4.105.193" port: 34417 } attrs { replace: true }, Status: LMP_MISMATCH, Last received: 0.0, Next index: 3, Last known committed idx: 2, Time since last communication: 0.000s
I20260608 12:50:05.130761  7573 raft_consensus.cc:1275] T 76b654edca8543a19eb5fe89f65fb90d P d78dcec40ae34266b26ad08008b6b247 [term 1 FOLLOWER]: Refusing update from remote peer 1e38e578cd474783a754b737a5e63f39: Log matching property violated. Preceding OpId in replica: term: 1 index: 2. Preceding OpId from leader: term: 1 index: 3. (index mismatch)
I20260608 12:50:05.133075  7973 consensus_queue.cc:1048] T 76b654edca8543a19eb5fe89f65fb90d P 1e38e578cd474783a754b737a5e63f39 [LEADER]: Connected to new peer: Peer: permanent_uuid: "d78dcec40ae34266b26ad08008b6b247" member_type: VOTER last_known_addr { host: "127.4.105.194" port: 44083 }, Status: LMP_MISMATCH, Last received: 0.0, Next index: 3, Last known committed idx: 2, Time since last communication: 0.000s
I20260608 12:50:05.141335  7636 tablet_service.cc:1558] Processing DeleteTablet for tablet a0217242180447d9800d00b10a85e4de with delete_type TABLET_DATA_TOMBSTONED (TS 1e38e578cd474783a754b737a5e63f39 not found in new config with opid_index 4) from {username='slave'} at 127.0.0.1:46754
I20260608 12:50:05.158145  7903 raft_consensus.cc:2955] T 76b654edca8543a19eb5fe89f65fb90d P 1e38e578cd474783a754b737a5e63f39 [term 1 LEADER]: Committing config change with OpId 1.3: config changed from index 2 to 3, adbe2f779d9b482b8f4bc95b29057b79 (127.4.105.196) changed from NON_VOTER to VOTER. New config: { opid_index: 3 OBSOLETE_local: false peers { permanent_uuid: "63db8419c5ed41d984aad62d86874ba7" member_type: VOTER last_known_addr { host: "127.4.105.193" port: 34417 } attrs { replace: true } } peers { permanent_uuid: "d78dcec40ae34266b26ad08008b6b247" member_type: VOTER last_known_addr { host: "127.4.105.194" port: 44083 } } peers { permanent_uuid: "1e38e578cd474783a754b737a5e63f39" member_type: VOTER last_known_addr { host: "127.4.105.195" port: 41107 } } peers { permanent_uuid: "adbe2f779d9b482b8f4bc95b29057b79" member_type: VOTER last_known_addr { host: "127.4.105.196" port: 35523 } attrs { promote: false } } }
I20260608 12:50:05.163399  7501 raft_consensus.cc:2955] T 76b654edca8543a19eb5fe89f65fb90d P 63db8419c5ed41d984aad62d86874ba7 [term 1 FOLLOWER]: Committing config change with OpId 1.3: config changed from index 2 to 3, adbe2f779d9b482b8f4bc95b29057b79 (127.4.105.196) changed from NON_VOTER to VOTER. New config: { opid_index: 3 OBSOLETE_local: false peers { permanent_uuid: "63db8419c5ed41d984aad62d86874ba7" member_type: VOTER last_known_addr { host: "127.4.105.193" port: 34417 } attrs { replace: true } } peers { permanent_uuid: "d78dcec40ae34266b26ad08008b6b247" member_type: VOTER last_known_addr { host: "127.4.105.194" port: 44083 } } peers { permanent_uuid: "1e38e578cd474783a754b737a5e63f39" member_type: VOTER last_known_addr { host: "127.4.105.195" port: 41107 } } peers { permanent_uuid: "adbe2f779d9b482b8f4bc95b29057b79" member_type: VOTER last_known_addr { host: "127.4.105.196" port: 35523 } attrs { promote: false } } }
I20260608 12:50:05.169924  7706 raft_consensus.cc:1064] T 7aae544fd25d40e7bee1c8205a77d48c P 63db8419c5ed41d984aad62d86874ba7: attempting to promote NON_VOTER adbe2f779d9b482b8f4bc95b29057b79 to VOTER
I20260608 12:50:05.170495  7573 raft_consensus.cc:2955] T 76b654edca8543a19eb5fe89f65fb90d P d78dcec40ae34266b26ad08008b6b247 [term 1 FOLLOWER]: Committing config change with OpId 1.3: config changed from index 2 to 3, adbe2f779d9b482b8f4bc95b29057b79 (127.4.105.196) changed from NON_VOTER to VOTER. New config: { opid_index: 3 OBSOLETE_local: false peers { permanent_uuid: "63db8419c5ed41d984aad62d86874ba7" member_type: VOTER last_known_addr { host: "127.4.105.193" port: 34417 } attrs { replace: true } } peers { permanent_uuid: "d78dcec40ae34266b26ad08008b6b247" member_type: VOTER last_known_addr { host: "127.4.105.194" port: 44083 } } peers { permanent_uuid: "1e38e578cd474783a754b737a5e63f39" member_type: VOTER last_known_addr { host: "127.4.105.195" port: 41107 } } peers { permanent_uuid: "adbe2f779d9b482b8f4bc95b29057b79" member_type: VOTER last_known_addr { host: "127.4.105.196" port: 35523 } attrs { promote: false } } }
I20260608 12:50:05.172497  7706 consensus_queue.cc:237] T 7aae544fd25d40e7bee1c8205a77d48c P 63db8419c5ed41d984aad62d86874ba7 [LEADER]: Queue going to LEADER mode. State: All replicated index: 0, Majority replicated index: 2, Committed index: 2, Last appended: 1.2, Last appended by leader: 0, Current term: 1, Majority size: 3, State: 0, Mode: LEADER, active raft config: opid_index: 3 OBSOLETE_local: false peers { permanent_uuid: "d78dcec40ae34266b26ad08008b6b247" member_type: VOTER last_known_addr { host: "127.4.105.194" port: 44083 } attrs { replace: true } } peers { permanent_uuid: "63db8419c5ed41d984aad62d86874ba7" member_type: VOTER last_known_addr { host: "127.4.105.193" port: 34417 } } peers { permanent_uuid: "1e38e578cd474783a754b737a5e63f39" member_type: VOTER last_known_addr { host: "127.4.105.195" port: 41107 } } peers { permanent_uuid: "adbe2f779d9b482b8f4bc95b29057b79" member_type: VOTER last_known_addr { host: "127.4.105.196" port: 35523 } attrs { promote: false } }
I20260608 12:50:05.188320  7399 catalog_manager.cc:5696] T 76b654edca8543a19eb5fe89f65fb90d P d78dcec40ae34266b26ad08008b6b247 reported cstate change: config changed from index 2 to 3, adbe2f779d9b482b8f4bc95b29057b79 (127.4.105.196) changed from NON_VOTER to VOTER. New cstate: current_term: 1 leader_uuid: "1e38e578cd474783a754b737a5e63f39" committed_config { opid_index: 3 OBSOLETE_local: false peers { permanent_uuid: "63db8419c5ed41d984aad62d86874ba7" member_type: VOTER last_known_addr { host: "127.4.105.193" port: 34417 } attrs { replace: true } } peers { permanent_uuid: "d78dcec40ae34266b26ad08008b6b247" member_type: VOTER last_known_addr { host: "127.4.105.194" port: 44083 } } peers { permanent_uuid: "1e38e578cd474783a754b737a5e63f39" member_type: VOTER last_known_addr { host: "127.4.105.195" port: 41107 } } peers { permanent_uuid: "adbe2f779d9b482b8f4bc95b29057b79" member_type: VOTER last_known_addr { host: "127.4.105.196" port: 35523 } attrs { promote: false } } }
I20260608 12:50:05.198207  7801 raft_consensus.cc:1275] T 7aae544fd25d40e7bee1c8205a77d48c P adbe2f779d9b482b8f4bc95b29057b79 [term 1 LEARNER]: Refusing update from remote peer 63db8419c5ed41d984aad62d86874ba7: Log matching property violated. Preceding OpId in replica: term: 1 index: 2. Preceding OpId from leader: term: 1 index: 3. (index mismatch)
I20260608 12:50:05.199960  7706 consensus_queue.cc:1048] T 7aae544fd25d40e7bee1c8205a77d48c P 63db8419c5ed41d984aad62d86874ba7 [LEADER]: Connected to new peer: Peer: permanent_uuid: "adbe2f779d9b482b8f4bc95b29057b79" member_type: VOTER last_known_addr { host: "127.4.105.196" port: 35523 } attrs { promote: false }, Status: LMP_MISMATCH, Last received: 0.0, Next index: 3, Last known committed idx: 2, Time since last communication: 0.001s
I20260608 12:50:05.200630  7650 raft_consensus.cc:1275] T 7aae544fd25d40e7bee1c8205a77d48c P 1e38e578cd474783a754b737a5e63f39 [term 1 FOLLOWER]: Refusing update from remote peer 63db8419c5ed41d984aad62d86874ba7: Log matching property violated. Preceding OpId in replica: term: 1 index: 2. Preceding OpId from leader: term: 1 index: 3. (index mismatch)
I20260608 12:50:05.201498  7801 raft_consensus.cc:2955] T 76b654edca8543a19eb5fe89f65fb90d P adbe2f779d9b482b8f4bc95b29057b79 [term 1 FOLLOWER]: Committing config change with OpId 1.3: config changed from index 2 to 3, adbe2f779d9b482b8f4bc95b29057b79 (127.4.105.196) changed from NON_VOTER to VOTER. New config: { opid_index: 3 OBSOLETE_local: false peers { permanent_uuid: "63db8419c5ed41d984aad62d86874ba7" member_type: VOTER last_known_addr { host: "127.4.105.193" port: 34417 } attrs { replace: true } } peers { permanent_uuid: "d78dcec40ae34266b26ad08008b6b247" member_type: VOTER last_known_addr { host: "127.4.105.194" port: 44083 } } peers { permanent_uuid: "1e38e578cd474783a754b737a5e63f39" member_type: VOTER last_known_addr { host: "127.4.105.195" port: 41107 } } peers { permanent_uuid: "adbe2f779d9b482b8f4bc95b29057b79" member_type: VOTER last_known_addr { host: "127.4.105.196" port: 35523 } attrs { promote: false } } }
I20260608 12:50:05.206934  7573 raft_consensus.cc:1275] T 7aae544fd25d40e7bee1c8205a77d48c P d78dcec40ae34266b26ad08008b6b247 [term 1 FOLLOWER]: Refusing update from remote peer 63db8419c5ed41d984aad62d86874ba7: Log matching property violated. Preceding OpId in replica: term: 1 index: 2. Preceding OpId from leader: term: 1 index: 3. (index mismatch)
I20260608 12:50:05.209311  7706 consensus_queue.cc:1048] T 7aae544fd25d40e7bee1c8205a77d48c P 63db8419c5ed41d984aad62d86874ba7 [LEADER]: Connected to new peer: Peer: permanent_uuid: "1e38e578cd474783a754b737a5e63f39" member_type: VOTER last_known_addr { host: "127.4.105.195" port: 41107 }, Status: LMP_MISMATCH, Last received: 0.0, Next index: 3, Last known committed idx: 2, Time since last communication: 0.000s
I20260608 12:50:05.211418  7844 consensus_queue.cc:1048] T 7aae544fd25d40e7bee1c8205a77d48c P 63db8419c5ed41d984aad62d86874ba7 [LEADER]: Connected to new peer: Peer: permanent_uuid: "d78dcec40ae34266b26ad08008b6b247" member_type: VOTER last_known_addr { host: "127.4.105.194" port: 44083 } attrs { replace: true }, Status: LMP_MISMATCH, Last received: 0.0, Next index: 3, Last known committed idx: 2, Time since last communication: 0.000s
I20260608 12:50:05.222265  7977 tablet_replica.cc:333] T a0217242180447d9800d00b10a85e4de P 1e38e578cd474783a754b737a5e63f39: stopping tablet replica
I20260608 12:50:05.223533  7977 raft_consensus.cc:2243] T a0217242180447d9800d00b10a85e4de P 1e38e578cd474783a754b737a5e63f39 [term 1 FOLLOWER]: Raft consensus shutting down.
I20260608 12:50:05.224362  7977 raft_consensus.cc:2272] T a0217242180447d9800d00b10a85e4de P 1e38e578cd474783a754b737a5e63f39 [term 1 FOLLOWER]: Raft consensus is shut down!
I20260608 12:50:05.235630  7977 ts_tablet_manager.cc:1916] T a0217242180447d9800d00b10a85e4de P 1e38e578cd474783a754b737a5e63f39: Deleting tablet data with delete state TABLET_DATA_TOMBSTONED
I20260608 12:50:05.235793  7649 consensus_queue.cc:237] T 76b654edca8543a19eb5fe89f65fb90d P 1e38e578cd474783a754b737a5e63f39 [LEADER]: Queue going to LEADER mode. State: All replicated index: 0, Majority replicated index: 3, Committed index: 3, Last appended: 1.3, Last appended by leader: 0, Current term: 1, Majority size: 2, State: 0, Mode: LEADER, active raft config: opid_index: 4 OBSOLETE_local: false peers { permanent_uuid: "d78dcec40ae34266b26ad08008b6b247" member_type: VOTER last_known_addr { host: "127.4.105.194" port: 44083 } } peers { permanent_uuid: "1e38e578cd474783a754b737a5e63f39" member_type: VOTER last_known_addr { host: "127.4.105.195" port: 41107 } } peers { permanent_uuid: "adbe2f779d9b482b8f4bc95b29057b79" member_type: VOTER last_known_addr { host: "127.4.105.196" port: 35523 } attrs { promote: false } }
I20260608 12:50:05.239358  7844 raft_consensus.cc:2955] T 7aae544fd25d40e7bee1c8205a77d48c P 63db8419c5ed41d984aad62d86874ba7 [term 1 LEADER]: Committing config change with OpId 1.3: config changed from index 2 to 3, adbe2f779d9b482b8f4bc95b29057b79 (127.4.105.196) changed from NON_VOTER to VOTER. New config: { opid_index: 3 OBSOLETE_local: false peers { permanent_uuid: "d78dcec40ae34266b26ad08008b6b247" member_type: VOTER last_known_addr { host: "127.4.105.194" port: 44083 } attrs { replace: true } } peers { permanent_uuid: "63db8419c5ed41d984aad62d86874ba7" member_type: VOTER last_known_addr { host: "127.4.105.193" port: 34417 } } peers { permanent_uuid: "1e38e578cd474783a754b737a5e63f39" member_type: VOTER last_known_addr { host: "127.4.105.195" port: 41107 } } peers { permanent_uuid: "adbe2f779d9b482b8f4bc95b29057b79" member_type: VOTER last_known_addr { host: "127.4.105.196" port: 35523 } attrs { promote: false } } }
I20260608 12:50:05.251154  7801 raft_consensus.cc:2955] T 7aae544fd25d40e7bee1c8205a77d48c P adbe2f779d9b482b8f4bc95b29057b79 [term 1 FOLLOWER]: Committing config change with OpId 1.3: config changed from index 2 to 3, adbe2f779d9b482b8f4bc95b29057b79 (127.4.105.196) changed from NON_VOTER to VOTER. New config: { opid_index: 3 OBSOLETE_local: false peers { permanent_uuid: "d78dcec40ae34266b26ad08008b6b247" member_type: VOTER last_known_addr { host: "127.4.105.194" port: 44083 } attrs { replace: true } } peers { permanent_uuid: "63db8419c5ed41d984aad62d86874ba7" member_type: VOTER last_known_addr { host: "127.4.105.193" port: 34417 } } peers { permanent_uuid: "1e38e578cd474783a754b737a5e63f39" member_type: VOTER last_known_addr { host: "127.4.105.195" port: 41107 } } peers { permanent_uuid: "adbe2f779d9b482b8f4bc95b29057b79" member_type: VOTER last_known_addr { host: "127.4.105.196" port: 35523 } attrs { promote: false } } }
I20260608 12:50:05.251185  7798 raft_consensus.cc:1275] T 76b654edca8543a19eb5fe89f65fb90d P adbe2f779d9b482b8f4bc95b29057b79 [term 1 FOLLOWER]: Refusing update from remote peer 1e38e578cd474783a754b737a5e63f39: Log matching property violated. Preceding OpId in replica: term: 1 index: 3. Preceding OpId from leader: term: 1 index: 4. (index mismatch)
I20260608 12:50:05.257247  7903 consensus_queue.cc:1048] T 76b654edca8543a19eb5fe89f65fb90d P 1e38e578cd474783a754b737a5e63f39 [LEADER]: Connected to new peer: Peer: permanent_uuid: "adbe2f779d9b482b8f4bc95b29057b79" member_type: VOTER last_known_addr { host: "127.4.105.196" port: 35523 } attrs { promote: false }, Status: LMP_MISMATCH, Last received: 0.0, Next index: 4, Last known committed idx: 3, Time since last communication: 0.000s
I20260608 12:50:05.260390  7573 raft_consensus.cc:1275] T 76b654edca8543a19eb5fe89f65fb90d P d78dcec40ae34266b26ad08008b6b247 [term 1 FOLLOWER]: Refusing update from remote peer 1e38e578cd474783a754b737a5e63f39: Log matching property violated. Preceding OpId in replica: term: 1 index: 3. Preceding OpId from leader: term: 1 index: 4. (index mismatch)
I20260608 12:50:05.270413  7903 consensus_queue.cc:1048] T 76b654edca8543a19eb5fe89f65fb90d P 1e38e578cd474783a754b737a5e63f39 [LEADER]: Connected to new peer: Peer: permanent_uuid: "d78dcec40ae34266b26ad08008b6b247" member_type: VOTER last_known_addr { host: "127.4.105.194" port: 44083 }, Status: LMP_MISMATCH, Last received: 0.0, Next index: 4, Last known committed idx: 3, Time since last communication: 0.001s
I20260608 12:50:05.270363  7401 catalog_manager.cc:5696] T 7aae544fd25d40e7bee1c8205a77d48c P adbe2f779d9b482b8f4bc95b29057b79 reported cstate change: config changed from index 2 to 3, adbe2f779d9b482b8f4bc95b29057b79 (127.4.105.196) changed from NON_VOTER to VOTER. New cstate: current_term: 1 leader_uuid: "63db8419c5ed41d984aad62d86874ba7" committed_config { opid_index: 3 OBSOLETE_local: false peers { permanent_uuid: "d78dcec40ae34266b26ad08008b6b247" member_type: VOTER last_known_addr { host: "127.4.105.194" port: 44083 } attrs { replace: true } } peers { permanent_uuid: "63db8419c5ed41d984aad62d86874ba7" member_type: VOTER last_known_addr { host: "127.4.105.193" port: 34417 } } peers { permanent_uuid: "1e38e578cd474783a754b737a5e63f39" member_type: VOTER last_known_addr { host: "127.4.105.195" port: 41107 } } peers { permanent_uuid: "adbe2f779d9b482b8f4bc95b29057b79" member_type: VOTER last_known_addr { host: "127.4.105.196" port: 35523 } attrs { promote: false } } }
I20260608 12:50:05.273196  7903 raft_consensus.cc:2955] T 76b654edca8543a19eb5fe89f65fb90d P 1e38e578cd474783a754b737a5e63f39 [term 1 LEADER]: Committing config change with OpId 1.4: config changed from index 3 to 4, VOTER 63db8419c5ed41d984aad62d86874ba7 (127.4.105.193) evicted. New config: { opid_index: 4 OBSOLETE_local: false peers { permanent_uuid: "d78dcec40ae34266b26ad08008b6b247" member_type: VOTER last_known_addr { host: "127.4.105.194" port: 44083 } } peers { permanent_uuid: "1e38e578cd474783a754b737a5e63f39" member_type: VOTER last_known_addr { host: "127.4.105.195" port: 41107 } } peers { permanent_uuid: "adbe2f779d9b482b8f4bc95b29057b79" member_type: VOTER last_known_addr { host: "127.4.105.196" port: 35523 } attrs { promote: false } } }
I20260608 12:50:05.281901  7573 raft_consensus.cc:2955] T 7aae544fd25d40e7bee1c8205a77d48c P d78dcec40ae34266b26ad08008b6b247 [term 1 FOLLOWER]: Committing config change with OpId 1.3: config changed from index 2 to 3, adbe2f779d9b482b8f4bc95b29057b79 (127.4.105.196) changed from NON_VOTER to VOTER. New config: { opid_index: 3 OBSOLETE_local: false peers { permanent_uuid: "d78dcec40ae34266b26ad08008b6b247" member_type: VOTER last_known_addr { host: "127.4.105.194" port: 44083 } attrs { replace: true } } peers { permanent_uuid: "63db8419c5ed41d984aad62d86874ba7" member_type: VOTER last_known_addr { host: "127.4.105.193" port: 34417 } } peers { permanent_uuid: "1e38e578cd474783a754b737a5e63f39" member_type: VOTER last_known_addr { host: "127.4.105.195" port: 41107 } } peers { permanent_uuid: "adbe2f779d9b482b8f4bc95b29057b79" member_type: VOTER last_known_addr { host: "127.4.105.196" port: 35523 } attrs { promote: false } } }
I20260608 12:50:05.285844  7577 raft_consensus.cc:2955] T 76b654edca8543a19eb5fe89f65fb90d P d78dcec40ae34266b26ad08008b6b247 [term 1 FOLLOWER]: Committing config change with OpId 1.4: config changed from index 3 to 4, VOTER 63db8419c5ed41d984aad62d86874ba7 (127.4.105.193) evicted. New config: { opid_index: 4 OBSOLETE_local: false peers { permanent_uuid: "d78dcec40ae34266b26ad08008b6b247" member_type: VOTER last_known_addr { host: "127.4.105.194" port: 44083 } } peers { permanent_uuid: "1e38e578cd474783a754b737a5e63f39" member_type: VOTER last_known_addr { host: "127.4.105.195" port: 41107 } } peers { permanent_uuid: "adbe2f779d9b482b8f4bc95b29057b79" member_type: VOTER last_known_addr { host: "127.4.105.196" port: 35523 } attrs { promote: false } } }
I20260608 12:50:05.279881  7798 raft_consensus.cc:2955] T 76b654edca8543a19eb5fe89f65fb90d P adbe2f779d9b482b8f4bc95b29057b79 [term 1 FOLLOWER]: Committing config change with OpId 1.4: config changed from index 3 to 4, VOTER 63db8419c5ed41d984aad62d86874ba7 (127.4.105.193) evicted. New config: { opid_index: 4 OBSOLETE_local: false peers { permanent_uuid: "d78dcec40ae34266b26ad08008b6b247" member_type: VOTER last_known_addr { host: "127.4.105.194" port: 44083 } } peers { permanent_uuid: "1e38e578cd474783a754b737a5e63f39" member_type: VOTER last_known_addr { host: "127.4.105.195" port: 41107 } } peers { permanent_uuid: "adbe2f779d9b482b8f4bc95b29057b79" member_type: VOTER last_known_addr { host: "127.4.105.196" port: 35523 } attrs { promote: false } } }
I20260608 12:50:05.290376  7650 raft_consensus.cc:2955] T 7aae544fd25d40e7bee1c8205a77d48c P 1e38e578cd474783a754b737a5e63f39 [term 1 FOLLOWER]: Committing config change with OpId 1.3: config changed from index 2 to 3, adbe2f779d9b482b8f4bc95b29057b79 (127.4.105.196) changed from NON_VOTER to VOTER. New config: { opid_index: 3 OBSOLETE_local: false peers { permanent_uuid: "d78dcec40ae34266b26ad08008b6b247" member_type: VOTER last_known_addr { host: "127.4.105.194" port: 44083 } attrs { replace: true } } peers { permanent_uuid: "63db8419c5ed41d984aad62d86874ba7" member_type: VOTER last_known_addr { host: "127.4.105.193" port: 34417 } } peers { permanent_uuid: "1e38e578cd474783a754b737a5e63f39" member_type: VOTER last_known_addr { host: "127.4.105.195" port: 41107 } } peers { permanent_uuid: "adbe2f779d9b482b8f4bc95b29057b79" member_type: VOTER last_known_addr { host: "127.4.105.196" port: 35523 } attrs { promote: false } } }
I20260608 12:50:05.301934  7977 ts_tablet_manager.cc:1929] T a0217242180447d9800d00b10a85e4de P 1e38e578cd474783a754b737a5e63f39: tablet deleted with delete type TABLET_DATA_TOMBSTONED: last-logged OpId 1.3
I20260608 12:50:05.302412  7977 log.cc:1199] T a0217242180447d9800d00b10a85e4de P 1e38e578cd474783a754b737a5e63f39: Deleting WAL directory at /tmp/dist-test-taskMmOIzQ/test-tmp/auto_rebalancer-test.0.AutoRebalancerTest.RangeAwareRebalancesNewRangeReplicas.1780922919294643-4519-0/minicluster-data/ts-2-root/wals/a0217242180447d9800d00b10a85e4de
I20260608 12:50:05.304167  7385 catalog_manager.cc:5027] TS 1e38e578cd474783a754b737a5e63f39 (127.4.105.195:41107): tablet a0217242180447d9800d00b10a85e4de (table range_aware_rebalance_new_range [id=521d86f4f2f747dfa49b30155e93da56]) successfully deleted
I20260608 12:50:05.309640  7454 auto_leader_rebalancer.cc:140] leader rebalance for table range_aware_rebalance_new_range
I20260608 12:50:05.318150  7501 consensus_queue.cc:237] T 7aae544fd25d40e7bee1c8205a77d48c P 63db8419c5ed41d984aad62d86874ba7 [LEADER]: Queue going to LEADER mode. State: All replicated index: 0, Majority replicated index: 3, Committed index: 3, Last appended: 1.3, Last appended by leader: 0, Current term: 1, Majority size: 2, State: 0, Mode: LEADER, active raft config: opid_index: 4 OBSOLETE_local: false peers { permanent_uuid: "63db8419c5ed41d984aad62d86874ba7" member_type: VOTER last_known_addr { host: "127.4.105.193" port: 34417 } } peers { permanent_uuid: "1e38e578cd474783a754b737a5e63f39" member_type: VOTER last_known_addr { host: "127.4.105.195" port: 41107 } } peers { permanent_uuid: "adbe2f779d9b482b8f4bc95b29057b79" member_type: VOTER last_known_addr { host: "127.4.105.196" port: 35523 } attrs { promote: false } }
I20260608 12:50:05.322178  7401 catalog_manager.cc:5696] T 76b654edca8543a19eb5fe89f65fb90d P adbe2f779d9b482b8f4bc95b29057b79 reported cstate change: config changed from index 3 to 4, VOTER 63db8419c5ed41d984aad62d86874ba7 (127.4.105.193) evicted. New cstate: current_term: 1 leader_uuid: "1e38e578cd474783a754b737a5e63f39" committed_config { opid_index: 4 OBSOLETE_local: false peers { permanent_uuid: "d78dcec40ae34266b26ad08008b6b247" member_type: VOTER last_known_addr { host: "127.4.105.194" port: 44083 } } peers { permanent_uuid: "1e38e578cd474783a754b737a5e63f39" member_type: VOTER last_known_addr { host: "127.4.105.195" port: 41107 } } peers { permanent_uuid: "adbe2f779d9b482b8f4bc95b29057b79" member_type: VOTER last_known_addr { host: "127.4.105.196" port: 35523 } attrs { promote: false } } }
I20260608 12:50:05.325141  7798 raft_consensus.cc:1275] T 7aae544fd25d40e7bee1c8205a77d48c P adbe2f779d9b482b8f4bc95b29057b79 [term 1 FOLLOWER]: Refusing update from remote peer 63db8419c5ed41d984aad62d86874ba7: Log matching property violated. Preceding OpId in replica: term: 1 index: 3. Preceding OpId from leader: term: 1 index: 4. (index mismatch)
I20260608 12:50:05.327041  7982 consensus_queue.cc:1048] T 7aae544fd25d40e7bee1c8205a77d48c P 63db8419c5ed41d984aad62d86874ba7 [LEADER]: Connected to new peer: Peer: permanent_uuid: "adbe2f779d9b482b8f4bc95b29057b79" member_type: VOTER last_known_addr { host: "127.4.105.196" port: 35523 } attrs { promote: false }, Status: LMP_MISMATCH, Last received: 0.0, Next index: 4, Last known committed idx: 3, Time since last communication: 0.000s
I20260608 12:50:05.334477  7844 raft_consensus.cc:2955] T 7aae544fd25d40e7bee1c8205a77d48c P 63db8419c5ed41d984aad62d86874ba7 [term 1 LEADER]: Committing config change with OpId 1.4: config changed from index 3 to 4, VOTER d78dcec40ae34266b26ad08008b6b247 (127.4.105.194) evicted. New config: { opid_index: 4 OBSOLETE_local: false peers { permanent_uuid: "63db8419c5ed41d984aad62d86874ba7" member_type: VOTER last_known_addr { host: "127.4.105.193" port: 34417 } } peers { permanent_uuid: "1e38e578cd474783a754b737a5e63f39" member_type: VOTER last_known_addr { host: "127.4.105.195" port: 41107 } } peers { permanent_uuid: "adbe2f779d9b482b8f4bc95b29057b79" member_type: VOTER last_known_addr { host: "127.4.105.196" port: 35523 } attrs { promote: false } } }
I20260608 12:50:05.339592  7493 tablet_service.cc:1558] Processing DeleteTablet for tablet 76b654edca8543a19eb5fe89f65fb90d with delete_type TABLET_DATA_TOMBSTONED (TS 63db8419c5ed41d984aad62d86874ba7 not found in new config with opid_index 4) from {username='slave'} at 127.0.0.1:33596
I20260608 12:50:05.340633  7967 tablet_replica.cc:333] T 76b654edca8543a19eb5fe89f65fb90d P 63db8419c5ed41d984aad62d86874ba7: stopping tablet replica
I20260608 12:50:05.341843  7385 catalog_manager.cc:5209] ChangeConfig:REMOVE_PEER RPC for tablet 76b654edca8543a19eb5fe89f65fb90d with cas_config_opid_index 3: ChangeConfig:REMOVE_PEER succeeded (attempt 1)
I20260608 12:50:05.342447  7967 raft_consensus.cc:2243] T 76b654edca8543a19eb5fe89f65fb90d P 63db8419c5ed41d984aad62d86874ba7 [term 1 FOLLOWER]: Raft consensus shutting down.
I20260608 12:50:05.343142  7967 raft_consensus.cc:2272] T 76b654edca8543a19eb5fe89f65fb90d P 63db8419c5ed41d984aad62d86874ba7 [term 1 FOLLOWER]: Raft consensus is shut down!
I20260608 12:50:05.341786  7650 raft_consensus.cc:1275] T 7aae544fd25d40e7bee1c8205a77d48c P 1e38e578cd474783a754b737a5e63f39 [term 1 FOLLOWER]: Refusing update from remote peer 63db8419c5ed41d984aad62d86874ba7: Log matching property violated. Preceding OpId in replica: term: 1 index: 3. Preceding OpId from leader: term: 1 index: 4. (index mismatch)
I20260608 12:50:05.346769  7967 ts_tablet_manager.cc:1916] T 76b654edca8543a19eb5fe89f65fb90d P 63db8419c5ed41d984aad62d86874ba7: Deleting tablet data with delete state TABLET_DATA_TOMBSTONED
I20260608 12:50:05.346432  7801 raft_consensus.cc:2955] T 7aae544fd25d40e7bee1c8205a77d48c P adbe2f779d9b482b8f4bc95b29057b79 [term 1 FOLLOWER]: Committing config change with OpId 1.4: config changed from index 3 to 4, VOTER d78dcec40ae34266b26ad08008b6b247 (127.4.105.194) evicted. New config: { opid_index: 4 OBSOLETE_local: false peers { permanent_uuid: "63db8419c5ed41d984aad62d86874ba7" member_type: VOTER last_known_addr { host: "127.4.105.193" port: 34417 } } peers { permanent_uuid: "1e38e578cd474783a754b737a5e63f39" member_type: VOTER last_known_addr { host: "127.4.105.195" port: 41107 } } peers { permanent_uuid: "adbe2f779d9b482b8f4bc95b29057b79" member_type: VOTER last_known_addr { host: "127.4.105.196" port: 35523 } attrs { promote: false } } }
I20260608 12:50:05.349233  7983 consensus_queue.cc:1048] T 7aae544fd25d40e7bee1c8205a77d48c P 63db8419c5ed41d984aad62d86874ba7 [LEADER]: Connected to new peer: Peer: permanent_uuid: "1e38e578cd474783a754b737a5e63f39" member_type: VOTER last_known_addr { host: "127.4.105.195" port: 41107 }, Status: LMP_MISMATCH, Last received: 0.0, Next index: 4, Last known committed idx: 3, Time since last communication: 0.001s
I20260608 12:50:05.354292  7650 raft_consensus.cc:2955] T 7aae544fd25d40e7bee1c8205a77d48c P 1e38e578cd474783a754b737a5e63f39 [term 1 FOLLOWER]: Committing config change with OpId 1.4: config changed from index 3 to 4, VOTER d78dcec40ae34266b26ad08008b6b247 (127.4.105.194) evicted. New config: { opid_index: 4 OBSOLETE_local: false peers { permanent_uuid: "63db8419c5ed41d984aad62d86874ba7" member_type: VOTER last_known_addr { host: "127.4.105.193" port: 34417 } } peers { permanent_uuid: "1e38e578cd474783a754b737a5e63f39" member_type: VOTER last_known_addr { host: "127.4.105.195" port: 41107 } } peers { permanent_uuid: "adbe2f779d9b482b8f4bc95b29057b79" member_type: VOTER last_known_addr { host: "127.4.105.196" port: 35523 } attrs { promote: false } } }
I20260608 12:50:05.358017  7387 catalog_manager.cc:5209] ChangeConfig:REMOVE_PEER RPC for tablet 7aae544fd25d40e7bee1c8205a77d48c with cas_config_opid_index 3: ChangeConfig:REMOVE_PEER succeeded (attempt 1)
I20260608 12:50:05.364519  7399 catalog_manager.cc:5696] T 7aae544fd25d40e7bee1c8205a77d48c P 63db8419c5ed41d984aad62d86874ba7 reported cstate change: config changed from index 3 to 4, VOTER d78dcec40ae34266b26ad08008b6b247 (127.4.105.194) evicted. New cstate: current_term: 1 leader_uuid: "63db8419c5ed41d984aad62d86874ba7" committed_config { opid_index: 4 OBSOLETE_local: false peers { permanent_uuid: "63db8419c5ed41d984aad62d86874ba7" member_type: VOTER last_known_addr { host: "127.4.105.193" port: 34417 } health_report { overall_health: HEALTHY } } peers { permanent_uuid: "1e38e578cd474783a754b737a5e63f39" member_type: VOTER last_known_addr { host: "127.4.105.195" port: 41107 } health_report { overall_health: UNKNOWN } } peers { permanent_uuid: "adbe2f779d9b482b8f4bc95b29057b79" member_type: VOTER last_known_addr { host: "127.4.105.196" port: 35523 } attrs { promote: false } health_report { overall_health: HEALTHY } } }
I20260608 12:50:05.382839  7567 tablet_service.cc:1558] Processing DeleteTablet for tablet 7aae544fd25d40e7bee1c8205a77d48c with delete_type TABLET_DATA_TOMBSTONED (TS d78dcec40ae34266b26ad08008b6b247 not found in new config with opid_index 4) from {username='slave'} at 127.0.0.1:58476
I20260608 12:50:05.386574  7986 tablet_replica.cc:333] T 7aae544fd25d40e7bee1c8205a77d48c P d78dcec40ae34266b26ad08008b6b247: stopping tablet replica
I20260608 12:50:05.387233  7967 ts_tablet_manager.cc:1929] T 76b654edca8543a19eb5fe89f65fb90d P 63db8419c5ed41d984aad62d86874ba7: tablet deleted with delete type TABLET_DATA_TOMBSTONED: last-logged OpId 1.3
I20260608 12:50:05.387701  7967 log.cc:1199] T 76b654edca8543a19eb5fe89f65fb90d P 63db8419c5ed41d984aad62d86874ba7: Deleting WAL directory at /tmp/dist-test-taskMmOIzQ/test-tmp/auto_rebalancer-test.0.AutoRebalancerTest.RangeAwareRebalancesNewRangeReplicas.1780922919294643-4519-0/minicluster-data/ts-0-root/wals/76b654edca8543a19eb5fe89f65fb90d
I20260608 12:50:05.388305  7986 raft_consensus.cc:2243] T 7aae544fd25d40e7bee1c8205a77d48c P d78dcec40ae34266b26ad08008b6b247 [term 1 FOLLOWER]: Raft consensus shutting down.
I20260608 12:50:05.389084  7986 raft_consensus.cc:2272] T 7aae544fd25d40e7bee1c8205a77d48c P d78dcec40ae34266b26ad08008b6b247 [term 1 FOLLOWER]: Raft consensus is shut down!
I20260608 12:50:05.389393  7387 catalog_manager.cc:5027] TS 63db8419c5ed41d984aad62d86874ba7 (127.4.105.193:34417): tablet 76b654edca8543a19eb5fe89f65fb90d (table range_aware_rebalance_new_range [id=521d86f4f2f747dfa49b30155e93da56]) successfully deleted
I20260608 12:50:05.392696  7986 ts_tablet_manager.cc:1916] T 7aae544fd25d40e7bee1c8205a77d48c P d78dcec40ae34266b26ad08008b6b247: Deleting tablet data with delete state TABLET_DATA_TOMBSTONED
I20260608 12:50:05.404134  7986 ts_tablet_manager.cc:1929] T 7aae544fd25d40e7bee1c8205a77d48c P d78dcec40ae34266b26ad08008b6b247: tablet deleted with delete type TABLET_DATA_TOMBSTONED: last-logged OpId 1.3
I20260608 12:50:05.404585  7986 log.cc:1199] T 7aae544fd25d40e7bee1c8205a77d48c P d78dcec40ae34266b26ad08008b6b247: Deleting WAL directory at /tmp/dist-test-taskMmOIzQ/test-tmp/auto_rebalancer-test.0.AutoRebalancerTest.RangeAwareRebalancesNewRangeReplicas.1780922919294643-4519-0/minicluster-data/ts-1-root/wals/7aae544fd25d40e7bee1c8205a77d48c
I20260608 12:50:05.405313  7650 tablet_service.cc:2072] Received LeaderStepDown RPC: tablet_id: "16601be1b27442d4bb39ef125f06ab86"
dest_uuid: "1e38e578cd474783a754b737a5e63f39"
mode: GRACEFUL
new_leader_uuid: "adbe2f779d9b482b8f4bc95b29057b79"
 from {username='slave'} at 127.0.0.1:54818
I20260608 12:50:05.405980  7650 raft_consensus.cc:606] T 16601be1b27442d4bb39ef125f06ab86 P 1e38e578cd474783a754b737a5e63f39 [term 1 LEADER]: Received request to transfer leadership to TS adbe2f779d9b482b8f4bc95b29057b79
I20260608 12:50:05.406323  7388 catalog_manager.cc:5027] TS d78dcec40ae34266b26ad08008b6b247 (127.4.105.194:44083): tablet 7aae544fd25d40e7bee1c8205a77d48c (table range_aware_rebalance_new_range [id=521d86f4f2f747dfa49b30155e93da56]) successfully deleted
I20260608 12:50:05.408742  7650 tablet_service.cc:2072] Received LeaderStepDown RPC: tablet_id: "1c5add1c8b164f36a5f07dc71d70466e"
dest_uuid: "1e38e578cd474783a754b737a5e63f39"
mode: GRACEFUL
new_leader_uuid: "adbe2f779d9b482b8f4bc95b29057b79"
 from {username='slave'} at 127.0.0.1:54818
I20260608 12:50:05.409312  7650 raft_consensus.cc:606] T 1c5add1c8b164f36a5f07dc71d70466e P 1e38e578cd474783a754b737a5e63f39 [term 1 LEADER]: Received request to transfer leadership to TS adbe2f779d9b482b8f4bc95b29057b79
I20260608 12:50:05.420140  7577 tablet_service.cc:2072] Received LeaderStepDown RPC: tablet_id: "54a4961d074e49408bdb64f57e3f47d5"
dest_uuid: "d78dcec40ae34266b26ad08008b6b247"
mode: GRACEFUL
new_leader_uuid: "adbe2f779d9b482b8f4bc95b29057b79"
 from {username='slave'} at 127.0.0.1:37650
I20260608 12:50:05.420737  7577 raft_consensus.cc:606] T 54a4961d074e49408bdb64f57e3f47d5 P d78dcec40ae34266b26ad08008b6b247 [term 1 LEADER]: Received request to transfer leadership to TS adbe2f779d9b482b8f4bc95b29057b79
I20260608 12:50:05.423439  7650 tablet_service.cc:2072] Received LeaderStepDown RPC: tablet_id: "76b654edca8543a19eb5fe89f65fb90d"
dest_uuid: "1e38e578cd474783a754b737a5e63f39"
mode: GRACEFUL
new_leader_uuid: "adbe2f779d9b482b8f4bc95b29057b79"
 from {username='slave'} at 127.0.0.1:54818
I20260608 12:50:05.423873  7650 raft_consensus.cc:606] T 76b654edca8543a19eb5fe89f65fb90d P 1e38e578cd474783a754b737a5e63f39 [term 1 LEADER]: Received request to transfer leadership to TS adbe2f779d9b482b8f4bc95b29057b79
I20260608 12:50:05.424934  7454 auto_leader_rebalancer.cc:388] table: range_aware_rebalance_new_range, leader rebalance finish, leader transfer count: 4
I20260608 12:50:05.425617  7454 auto_leader_rebalancer.cc:451] All tables' leader rebalancing finished this round
I20260608 12:50:05.502130  7859 raft_consensus.cc:993] T 16601be1b27442d4bb39ef125f06ab86 P 1e38e578cd474783a754b737a5e63f39: : Instructing follower adbe2f779d9b482b8f4bc95b29057b79 to start an election
I20260608 12:50:05.502739  7903 raft_consensus.cc:1081] T 16601be1b27442d4bb39ef125f06ab86 P 1e38e578cd474783a754b737a5e63f39 [term 1 LEADER]: Signalling peer adbe2f779d9b482b8f4bc95b29057b79 to start an election
I20260608 12:50:05.504276  7801 tablet_service.cc:2044] Received Run Leader Election RPC: tablet_id: "16601be1b27442d4bb39ef125f06ab86"
dest_uuid: "adbe2f779d9b482b8f4bc95b29057b79"
 from {username='slave'} at 127.0.0.1:45060
I20260608 12:50:05.504704  7801 raft_consensus.cc:493] T 16601be1b27442d4bb39ef125f06ab86 P adbe2f779d9b482b8f4bc95b29057b79 [term 1 FOLLOWER]: Starting forced leader election (received explicit request)
I20260608 12:50:05.505100  7801 raft_consensus.cc:3060] T 16601be1b27442d4bb39ef125f06ab86 P adbe2f779d9b482b8f4bc95b29057b79 [term 1 FOLLOWER]: Advancing to term 2
I20260608 12:50:05.508949  7801 raft_consensus.cc:515] T 16601be1b27442d4bb39ef125f06ab86 P adbe2f779d9b482b8f4bc95b29057b79 [term 2 FOLLOWER]: Starting forced leader election with config: opid_index: -1 OBSOLETE_local: false peers { permanent_uuid: "adbe2f779d9b482b8f4bc95b29057b79" member_type: VOTER last_known_addr { host: "127.4.105.196" port: 35523 } } peers { permanent_uuid: "1e38e578cd474783a754b737a5e63f39" member_type: VOTER last_known_addr { host: "127.4.105.195" port: 41107 } } peers { permanent_uuid: "d78dcec40ae34266b26ad08008b6b247" member_type: VOTER last_known_addr { host: "127.4.105.194" port: 44083 } }
I20260608 12:50:05.510864  7801 leader_election.cc:290] T 16601be1b27442d4bb39ef125f06ab86 P adbe2f779d9b482b8f4bc95b29057b79 [CANDIDATE]: Term 2 election: Requested vote from peers 1e38e578cd474783a754b737a5e63f39 (127.4.105.195:41107), d78dcec40ae34266b26ad08008b6b247 (127.4.105.194:44083)
I20260608 12:50:05.511492  7577 tablet_service.cc:1917] Received RequestConsensusVote() RPC: tablet_id: "16601be1b27442d4bb39ef125f06ab86" candidate_uuid: "adbe2f779d9b482b8f4bc95b29057b79" candidate_term: 2 candidate_status { last_received { term: 1 index: 1 } } ignore_live_leader: true dest_uuid: "d78dcec40ae34266b26ad08008b6b247"
I20260608 12:50:05.512050  7577 raft_consensus.cc:3060] T 16601be1b27442d4bb39ef125f06ab86 P d78dcec40ae34266b26ad08008b6b247 [term 1 FOLLOWER]: Advancing to term 2
I20260608 12:50:05.511399  7650 tablet_service.cc:1917] Received RequestConsensusVote() RPC: tablet_id: "16601be1b27442d4bb39ef125f06ab86" candidate_uuid: "adbe2f779d9b482b8f4bc95b29057b79" candidate_term: 2 candidate_status { last_received { term: 1 index: 1 } } ignore_live_leader: true dest_uuid: "1e38e578cd474783a754b737a5e63f39"
I20260608 12:50:05.512715  7650 raft_consensus.cc:3055] T 16601be1b27442d4bb39ef125f06ab86 P 1e38e578cd474783a754b737a5e63f39 [term 1 LEADER]: Stepping down as leader of term 1
I20260608 12:50:05.513005  7650 raft_consensus.cc:740] T 16601be1b27442d4bb39ef125f06ab86 P 1e38e578cd474783a754b737a5e63f39 [term 1 LEADER]: Becoming Follower/Learner. State: Replica: 1e38e578cd474783a754b737a5e63f39, State: Running, Role: LEADER
I20260608 12:50:05.513867  7650 consensus_queue.cc:260] T 16601be1b27442d4bb39ef125f06ab86 P 1e38e578cd474783a754b737a5e63f39 [NON_LEADER]: Queue going to NON_LEADER mode. State: All replicated index: 0, Majority replicated index: 1, Committed index: 1, Last appended: 1.1, Last appended by leader: 1, Current term: 1, Majority size: -1, State: 0, Mode: NON_LEADER, active raft config: opid_index: -1 OBSOLETE_local: false peers { permanent_uuid: "adbe2f779d9b482b8f4bc95b29057b79" member_type: VOTER last_known_addr { host: "127.4.105.196" port: 35523 } } peers { permanent_uuid: "1e38e578cd474783a754b737a5e63f39" member_type: VOTER last_known_addr { host: "127.4.105.195" port: 41107 } } peers { permanent_uuid: "d78dcec40ae34266b26ad08008b6b247" member_type: VOTER last_known_addr { host: "127.4.105.194" port: 44083 } }
I20260608 12:50:05.514892  7650 raft_consensus.cc:3060] T 16601be1b27442d4bb39ef125f06ab86 P 1e38e578cd474783a754b737a5e63f39 [term 1 FOLLOWER]: Advancing to term 2
I20260608 12:50:05.517117  7577 raft_consensus.cc:2468] T 16601be1b27442d4bb39ef125f06ab86 P d78dcec40ae34266b26ad08008b6b247 [term 2 FOLLOWER]: Leader election vote request: Granting yes vote for candidate adbe2f779d9b482b8f4bc95b29057b79 in term 2.
I20260608 12:50:05.518249  7767 leader_election.cc:304] T 16601be1b27442d4bb39ef125f06ab86 P adbe2f779d9b482b8f4bc95b29057b79 [CANDIDATE]: Term 2 election: Election decided. Result: candidate won. Election summary: received 2 responses out of 3 voters: 2 yes votes; 0 no votes. yes voters: adbe2f779d9b482b8f4bc95b29057b79, d78dcec40ae34266b26ad08008b6b247; no voters: 
I20260608 12:50:05.518978  7882 raft_consensus.cc:2804] T 16601be1b27442d4bb39ef125f06ab86 P adbe2f779d9b482b8f4bc95b29057b79 [term 2 FOLLOWER]: Leader election won for term 2
I20260608 12:50:05.519316  7650 raft_consensus.cc:2468] T 16601be1b27442d4bb39ef125f06ab86 P 1e38e578cd474783a754b737a5e63f39 [term 2 FOLLOWER]: Leader election vote request: Granting yes vote for candidate adbe2f779d9b482b8f4bc95b29057b79 in term 2.
I20260608 12:50:05.520136  7882 raft_consensus.cc:697] T 16601be1b27442d4bb39ef125f06ab86 P adbe2f779d9b482b8f4bc95b29057b79 [term 2 LEADER]: Becoming Leader. State: Replica: adbe2f779d9b482b8f4bc95b29057b79, State: Running, Role: LEADER
I20260608 12:50:05.521121  7882 consensus_queue.cc:237] T 16601be1b27442d4bb39ef125f06ab86 P adbe2f779d9b482b8f4bc95b29057b79 [LEADER]: Queue going to LEADER mode. State: All replicated index: 0, Majority replicated index: 1, Committed index: 1, Last appended: 1.1, Last appended by leader: 1, Current term: 2, Majority size: 2, State: 0, Mode: LEADER, active raft config: opid_index: -1 OBSOLETE_local: false peers { permanent_uuid: "adbe2f779d9b482b8f4bc95b29057b79" member_type: VOTER last_known_addr { host: "127.4.105.196" port: 35523 } } peers { permanent_uuid: "1e38e578cd474783a754b737a5e63f39" member_type: VOTER last_known_addr { host: "127.4.105.195" port: 41107 } } peers { permanent_uuid: "d78dcec40ae34266b26ad08008b6b247" member_type: VOTER last_known_addr { host: "127.4.105.194" port: 44083 } }
I20260608 12:50:05.528872  7399 catalog_manager.cc:5696] T 16601be1b27442d4bb39ef125f06ab86 P adbe2f779d9b482b8f4bc95b29057b79 reported cstate change: term changed from 1 to 2, leader changed from 1e38e578cd474783a754b737a5e63f39 (127.4.105.195) to adbe2f779d9b482b8f4bc95b29057b79 (127.4.105.196). New cstate: current_term: 2 leader_uuid: "adbe2f779d9b482b8f4bc95b29057b79" committed_config { opid_index: -1 OBSOLETE_local: false peers { permanent_uuid: "adbe2f779d9b482b8f4bc95b29057b79" member_type: VOTER last_known_addr { host: "127.4.105.196" port: 35523 } health_report { overall_health: HEALTHY } } peers { permanent_uuid: "1e38e578cd474783a754b737a5e63f39" member_type: VOTER last_known_addr { host: "127.4.105.195" port: 41107 } health_report { overall_health: UNKNOWN } } peers { permanent_uuid: "d78dcec40ae34266b26ad08008b6b247" member_type: VOTER last_known_addr { host: "127.4.105.194" port: 44083 } health_report { overall_health: UNKNOWN } } }
I20260608 12:50:05.591638  7973 raft_consensus.cc:993] T 1c5add1c8b164f36a5f07dc71d70466e P 1e38e578cd474783a754b737a5e63f39: : Instructing follower adbe2f779d9b482b8f4bc95b29057b79 to start an election
I20260608 12:50:05.592185  7859 raft_consensus.cc:1081] T 1c5add1c8b164f36a5f07dc71d70466e P 1e38e578cd474783a754b737a5e63f39 [term 1 LEADER]: Signalling peer adbe2f779d9b482b8f4bc95b29057b79 to start an election
I20260608 12:50:05.593717  7801 tablet_service.cc:2044] Received Run Leader Election RPC: tablet_id: "1c5add1c8b164f36a5f07dc71d70466e"
dest_uuid: "adbe2f779d9b482b8f4bc95b29057b79"
 from {username='slave'} at 127.0.0.1:45060
I20260608 12:50:05.594259  7801 raft_consensus.cc:493] T 1c5add1c8b164f36a5f07dc71d70466e P adbe2f779d9b482b8f4bc95b29057b79 [term 1 FOLLOWER]: Starting forced leader election (received explicit request)
I20260608 12:50:05.594548  7801 raft_consensus.cc:3060] T 1c5add1c8b164f36a5f07dc71d70466e P adbe2f779d9b482b8f4bc95b29057b79 [term 1 FOLLOWER]: Advancing to term 2
I20260608 12:50:05.598785  7801 raft_consensus.cc:515] T 1c5add1c8b164f36a5f07dc71d70466e P adbe2f779d9b482b8f4bc95b29057b79 [term 2 FOLLOWER]: Starting forced leader election with config: opid_index: -1 OBSOLETE_local: false peers { permanent_uuid: "1e38e578cd474783a754b737a5e63f39" member_type: VOTER last_known_addr { host: "127.4.105.195" port: 41107 } } peers { permanent_uuid: "63db8419c5ed41d984aad62d86874ba7" member_type: VOTER last_known_addr { host: "127.4.105.193" port: 34417 } } peers { permanent_uuid: "adbe2f779d9b482b8f4bc95b29057b79" member_type: VOTER last_known_addr { host: "127.4.105.196" port: 35523 } }
I20260608 12:50:05.600531  7801 leader_election.cc:290] T 1c5add1c8b164f36a5f07dc71d70466e P adbe2f779d9b482b8f4bc95b29057b79 [CANDIDATE]: Term 2 election: Requested vote from peers 1e38e578cd474783a754b737a5e63f39 (127.4.105.195:41107), 63db8419c5ed41d984aad62d86874ba7 (127.4.105.193:34417)
I20260608 12:50:05.601644  7650 tablet_service.cc:1917] Received RequestConsensusVote() RPC: tablet_id: "1c5add1c8b164f36a5f07dc71d70466e" candidate_uuid: "adbe2f779d9b482b8f4bc95b29057b79" candidate_term: 2 candidate_status { last_received { term: 1 index: 1 } } ignore_live_leader: true dest_uuid: "1e38e578cd474783a754b737a5e63f39"
I20260608 12:50:05.601708  7501 tablet_service.cc:1917] Received RequestConsensusVote() RPC: tablet_id: "1c5add1c8b164f36a5f07dc71d70466e" candidate_uuid: "adbe2f779d9b482b8f4bc95b29057b79" candidate_term: 2 candidate_status { last_received { term: 1 index: 1 } } ignore_live_leader: true dest_uuid: "63db8419c5ed41d984aad62d86874ba7"
I20260608 12:50:05.602264  7650 raft_consensus.cc:3055] T 1c5add1c8b164f36a5f07dc71d70466e P 1e38e578cd474783a754b737a5e63f39 [term 1 LEADER]: Stepping down as leader of term 1
I20260608 12:50:05.602432  7501 raft_consensus.cc:3060] T 1c5add1c8b164f36a5f07dc71d70466e P 63db8419c5ed41d984aad62d86874ba7 [term 1 FOLLOWER]: Advancing to term 2
I20260608 12:50:05.602594  7650 raft_consensus.cc:740] T 1c5add1c8b164f36a5f07dc71d70466e P 1e38e578cd474783a754b737a5e63f39 [term 1 LEADER]: Becoming Follower/Learner. State: Replica: 1e38e578cd474783a754b737a5e63f39, State: Running, Role: LEADER
