I20260608 12:50:26.791149 25090 raft_consensus.cc:2243] T 00000000000000000000000000000000 P 8f7ac4f762ba45a58d7cdaf09eb562e7 [term 1 LEADER]: Raft consensus shutting down.
I20260608 12:50:26.791953 25090 raft_consensus.cc:2272] T 00000000000000000000000000000000 P 8f7ac4f762ba45a58d7cdaf09eb562e7 [term 1 FOLLOWER]: Raft consensus is shut down!
I20260608 12:50:26.792362 25090 tablet_replica.cc:333] T 00000000000000000000000000000000 P 8f7ac4f762ba45a58d7cdaf09eb562e7: stopping tablet replica
I20260608 12:50:26.813179 25090 master.cc:584] Master@127.24.128.190:44825 shutdown complete.
[       OK ] AutoRebalancerTest.NoReplicaMovesIfCannotFixPlacementPolicy (14552 ms)
[ RUN      ] AutoRebalancerTest.TestMaxMovesPerServer
I20260608 12:50:26.850512 25090 internal_mini_cluster.cc:156] Creating distributed mini masters. Addrs: 127.24.128.190:43417
I20260608 12:50:26.851766 25090 file_cache.cc:492] Constructed file cache file cache with capacity 419430
W20260608 12:50:26.858297 29445 instance_detector.cc:116] could not retrieve AWS instance metadata: Network error: curl error: HTTP response code said error: The requested URL returned error: 404
W20260608 12:50:26.858525 29446 instance_detector.cc:116] could not retrieve Azure instance metadata: Network error: curl error: HTTP response code said error: The requested URL returned error: 404
W20260608 12:50:26.858880 29448 instance_detector.cc:116] could not retrieve OpenStack instance metadata: Network error: curl error: HTTP response code said error: The requested URL returned error: 404
I20260608 12:50:26.859762 25090 server_base.cc:1061] running on GCE node
I20260608 12:50:26.860643 25090 hybrid_clock.cc:584] initializing the hybrid clock with 'system_unsync' time source
W20260608 12:50:26.860831 25090 system_unsync_time.cc:38] NTP support is disabled. Clock error bounds will not be accurate. This configuration is not suitable for distributed clusters.
I20260608 12:50:26.861024 25090 hybrid_clock.cc:648] HybridClock initialized: now 1780923026861001 us; error 0 us; skew 500 ppm
I20260608 12:50:26.861665 25090 server_base.cc:861] Flag tcmalloc_max_total_thread_cache_bytes is not working since tcmalloc is not enabled.
I20260608 12:50:26.864460 25090 webserver.cc:533] Webserver started at http://127.24.128.190:33685/ using document root <none> and password file <none>
I20260608 12:50:26.865020 25090 fs_manager.cc:362] Metadata directory not provided
I20260608 12:50:26.865224 25090 fs_manager.cc:368] Using write-ahead log directory (fs_wal_dir) as metadata directory
I20260608 12:50:26.865527 25090 server_base.cc:909] This appears to be a new deployment of Kudu; creating new FS layout
I20260608 12:50:26.866824 25090 fs_manager.cc:1068] Generated new instance metadata in path /tmp/dist-test-taskOq0SbJ/test-tmp/auto_rebalancer-test.0.AutoRebalancerTest.TestMaxMovesPerServer.1780922911115896-25090-0/minicluster-data/master-0-root/instance:
uuid: "05bd2623262a4bf29ac55e4127287222"
format_stamp: "Formatted at 2026-06-08 12:50:26 on dist-test-slave-d6ht"
I20260608 12:50:26.871869 25090 fs_manager.cc:696] Time spent creating directory manager: real 0.004s	user 0.004s	sys 0.001s
I20260608 12:50:26.876720 29453 log_block_manager.cc:4031] Time spent loading block containers with low live blocks: real 0.000s	user 0.000s	sys 0.000s
I20260608 12:50:26.877565 25090 fs_manager.cc:730] Time spent opening block manager: real 0.003s	user 0.002s	sys 0.000s
I20260608 12:50:26.877928 25090 fs_manager.cc:647] Opened local filesystem: /tmp/dist-test-taskOq0SbJ/test-tmp/auto_rebalancer-test.0.AutoRebalancerTest.TestMaxMovesPerServer.1780922911115896-25090-0/minicluster-data/master-0-root
uuid: "05bd2623262a4bf29ac55e4127287222"
format_stamp: "Formatted at 2026-06-08 12:50:26 on dist-test-slave-d6ht"
I20260608 12:50:26.878255 25090 fs_report.cc:389] FS layout report
--------------------
wal directory: /tmp/dist-test-taskOq0SbJ/test-tmp/auto_rebalancer-test.0.AutoRebalancerTest.TestMaxMovesPerServer.1780922911115896-25090-0/minicluster-data/master-0-root
metadata directory: /tmp/dist-test-taskOq0SbJ/test-tmp/auto_rebalancer-test.0.AutoRebalancerTest.TestMaxMovesPerServer.1780922911115896-25090-0/minicluster-data/master-0-root
1 data directories: /tmp/dist-test-taskOq0SbJ/test-tmp/auto_rebalancer-test.0.AutoRebalancerTest.TestMaxMovesPerServer.1780922911115896-25090-0/minicluster-data/master-0-root/data
Total live blocks: 0
Total live bytes: 0
Total live bytes (after alignment): 0
Total number of LBM containers: 0 (0 full)
Did not check for missing blocks
Did not check for orphaned blocks
Total full LBM containers with extra space: 0 (0 repaired)
Total full LBM container extra space in bytes: 0 (0 repaired)
Total incomplete LBM containers: 0 (0 repaired)
Total LBM partial records: 0 (0 repaired)
Total corrupted LBM metadata records in RocksDB: 0 (0 repaired)
I20260608 12:50:26.894922 25090 rpc_server.cc:225] running with OpenSSL 1.1.1  11 Sep 2018
I20260608 12:50:26.896252 25090 kserver.cc:163] Server-wide thread pool size limit: 3276
I20260608 12:50:26.938529 25090 rpc_server.cc:307] RPC server started. Bound to: 127.24.128.190:43417
I20260608 12:50:26.938647 29504 acceptor_pool.cc:272] collecting diagnostics on the listening RPC socket 127.24.128.190:43417 every 8 connection(s)
I20260608 12:50:26.943109 29505 data_dirs.cc:400] Could only allocate 1 dirs of requested 3 for tablet 00000000000000000000000000000000. 1 dirs total, 0 dirs full, 0 dirs failed
I20260608 12:50:26.955581 29505 tablet_bootstrap.cc:492] T 00000000000000000000000000000000 P 05bd2623262a4bf29ac55e4127287222: Bootstrap starting.
I20260608 12:50:26.960937 29505 tablet_bootstrap.cc:654] T 00000000000000000000000000000000 P 05bd2623262a4bf29ac55e4127287222: Neither blocks nor log segments found. Creating new log.
I20260608 12:50:26.966048 29505 tablet_bootstrap.cc:492] T 00000000000000000000000000000000 P 05bd2623262a4bf29ac55e4127287222: No bootstrap required, opened a new log
I20260608 12:50:26.970001 29505 raft_consensus.cc:359] T 00000000000000000000000000000000 P 05bd2623262a4bf29ac55e4127287222 [term 0 FOLLOWER]: Replica starting. Triggering 0 pending ops. Active config: opid_index: -1 OBSOLETE_local: true peers { permanent_uuid: "05bd2623262a4bf29ac55e4127287222" member_type: VOTER }
I20260608 12:50:26.970568 29505 raft_consensus.cc:385] T 00000000000000000000000000000000 P 05bd2623262a4bf29ac55e4127287222 [term 0 FOLLOWER]: Consensus starting up: Expiring failure detector timer to make a prompt election more likely
I20260608 12:50:26.970925 29505 raft_consensus.cc:740] T 00000000000000000000000000000000 P 05bd2623262a4bf29ac55e4127287222 [term 0 FOLLOWER]: Becoming Follower/Learner. State: Replica: 05bd2623262a4bf29ac55e4127287222, State: Initialized, Role: FOLLOWER
I20260608 12:50:26.971644 29505 consensus_queue.cc:260] T 00000000000000000000000000000000 P 05bd2623262a4bf29ac55e4127287222 [NON_LEADER]: Queue going to NON_LEADER mode. State: All replicated index: 0, Majority replicated index: 0, Committed index: 0, Last appended: 0.0, Last appended by leader: 0, Current term: 0, Majority size: -1, State: 0, Mode: NON_LEADER, active raft config: opid_index: -1 OBSOLETE_local: true peers { permanent_uuid: "05bd2623262a4bf29ac55e4127287222" member_type: VOTER }
I20260608 12:50:26.972186 29505 raft_consensus.cc:399] T 00000000000000000000000000000000 P 05bd2623262a4bf29ac55e4127287222 [term 0 FOLLOWER]: Only one voter in the Raft config. Triggering election immediately
I20260608 12:50:26.972409 29505 raft_consensus.cc:493] T 00000000000000000000000000000000 P 05bd2623262a4bf29ac55e4127287222 [term 0 FOLLOWER]: Starting leader election (initial election of a single-replica configuration)
I20260608 12:50:26.972704 29505 raft_consensus.cc:3060] T 00000000000000000000000000000000 P 05bd2623262a4bf29ac55e4127287222 [term 0 FOLLOWER]: Advancing to term 1
I20260608 12:50:26.977775 29505 raft_consensus.cc:515] T 00000000000000000000000000000000 P 05bd2623262a4bf29ac55e4127287222 [term 1 FOLLOWER]: Starting leader election with config: opid_index: -1 OBSOLETE_local: true peers { permanent_uuid: "05bd2623262a4bf29ac55e4127287222" member_type: VOTER }
I20260608 12:50:26.978667 29505 leader_election.cc:304] T 00000000000000000000000000000000 P 05bd2623262a4bf29ac55e4127287222 [CANDIDATE]: Term 1 election: Election decided. Result: candidate won. Election summary: received 1 responses out of 1 voters: 1 yes votes; 0 no votes. yes voters: 05bd2623262a4bf29ac55e4127287222; no voters: 
I20260608 12:50:26.980666 29505 leader_election.cc:290] T 00000000000000000000000000000000 P 05bd2623262a4bf29ac55e4127287222 [CANDIDATE]: Term 1 election: Requested vote from peers 
I20260608 12:50:26.981105 29508 raft_consensus.cc:2804] T 00000000000000000000000000000000 P 05bd2623262a4bf29ac55e4127287222 [term 1 FOLLOWER]: Leader election won for term 1
I20260608 12:50:26.982676 29508 raft_consensus.cc:697] T 00000000000000000000000000000000 P 05bd2623262a4bf29ac55e4127287222 [term 1 LEADER]: Becoming Leader. State: Replica: 05bd2623262a4bf29ac55e4127287222, State: Running, Role: LEADER
I20260608 12:50:26.983546 29508 consensus_queue.cc:237] T 00000000000000000000000000000000 P 05bd2623262a4bf29ac55e4127287222 [LEADER]: Queue going to LEADER mode. State: All replicated index: 0, Majority replicated index: 0, Committed index: 0, Last appended: 0.0, Last appended by leader: 0, Current term: 1, Majority size: 1, State: 0, Mode: LEADER, active raft config: opid_index: -1 OBSOLETE_local: true peers { permanent_uuid: "05bd2623262a4bf29ac55e4127287222" member_type: VOTER }
I20260608 12:50:26.984786 29505 sys_catalog.cc:565] T 00000000000000000000000000000000 P 05bd2623262a4bf29ac55e4127287222 [sys.catalog]: configured and running, proceeding with master startup.
I20260608 12:50:26.987046 29509 sys_catalog.cc:455] T 00000000000000000000000000000000 P 05bd2623262a4bf29ac55e4127287222 [sys.catalog]: SysCatalogTable state changed. Reason: RaftConsensus started. Latest consensus state: current_term: 1 leader_uuid: "05bd2623262a4bf29ac55e4127287222" committed_config { opid_index: -1 OBSOLETE_local: true peers { permanent_uuid: "05bd2623262a4bf29ac55e4127287222" member_type: VOTER } }
I20260608 12:50:26.987078 29510 sys_catalog.cc:455] T 00000000000000000000000000000000 P 05bd2623262a4bf29ac55e4127287222 [sys.catalog]: SysCatalogTable state changed. Reason: New leader 05bd2623262a4bf29ac55e4127287222. Latest consensus state: current_term: 1 leader_uuid: "05bd2623262a4bf29ac55e4127287222" committed_config { opid_index: -1 OBSOLETE_local: true peers { permanent_uuid: "05bd2623262a4bf29ac55e4127287222" member_type: VOTER } }
I20260608 12:50:26.988014 29510 sys_catalog.cc:458] T 00000000000000000000000000000000 P 05bd2623262a4bf29ac55e4127287222 [sys.catalog]: This master's current role is: LEADER
I20260608 12:50:26.989291 29509 sys_catalog.cc:458] T 00000000000000000000000000000000 P 05bd2623262a4bf29ac55e4127287222 [sys.catalog]: This master's current role is: LEADER
I20260608 12:50:26.992866 29514 catalog_manager.cc:1510] Loading table and tablet metadata into memory...
I20260608 12:50:27.001012 29514 catalog_manager.cc:1519] Initializing Kudu cluster ID...
I20260608 12:50:27.005435 25090 internal_mini_cluster.cc:184] Waiting to initialize catalog manager on master 0
I20260608 12:50:27.013303 29514 catalog_manager.cc:1382] Generated new cluster ID: beb1aefbea424261868393325613f7c7
I20260608 12:50:27.013644 29514 catalog_manager.cc:1530] Initializing Kudu internal certificate authority...
I20260608 12:50:27.033862 29514 catalog_manager.cc:1405] Generated new certificate authority record
I20260608 12:50:27.035331 29514 catalog_manager.cc:1539] Loading token signing keys...
I20260608 12:50:27.051903 29514 catalog_manager.cc:6069] T 00000000000000000000000000000000 P 05bd2623262a4bf29ac55e4127287222: Generated new TSK 0
I20260608 12:50:27.052615 29514 catalog_manager.cc:1549] Initializing in-progress tserver states...
I20260608 12:50:27.072772 25090 file_cache.cc:492] Constructed file cache file cache with capacity 419430
W20260608 12:50:27.080312 29526 instance_detector.cc:116] could not retrieve AWS instance metadata: Network error: curl error: HTTP response code said error: The requested URL returned error: 404
W20260608 12:50:27.081642 29527 instance_detector.cc:116] could not retrieve Azure instance metadata: Network error: curl error: HTTP response code said error: The requested URL returned error: 404
W20260608 12:50:27.083372 29529 instance_detector.cc:116] could not retrieve OpenStack instance metadata: Network error: curl error: HTTP response code said error: The requested URL returned error: 404
I20260608 12:50:27.083738 25090 server_base.cc:1061] running on GCE node
I20260608 12:50:27.084679 25090 hybrid_clock.cc:584] initializing the hybrid clock with 'system_unsync' time source
W20260608 12:50:27.084941 25090 system_unsync_time.cc:38] NTP support is disabled. Clock error bounds will not be accurate. This configuration is not suitable for distributed clusters.
I20260608 12:50:27.085139 25090 hybrid_clock.cc:648] HybridClock initialized: now 1780923027085115 us; error 0 us; skew 500 ppm
I20260608 12:50:27.085762 25090 server_base.cc:861] Flag tcmalloc_max_total_thread_cache_bytes is not working since tcmalloc is not enabled.
I20260608 12:50:27.088502 25090 webserver.cc:533] Webserver started at http://127.24.128.129:35877/ using document root <none> and password file <none>
I20260608 12:50:27.089107 25090 fs_manager.cc:362] Metadata directory not provided
I20260608 12:50:27.089331 25090 fs_manager.cc:368] Using write-ahead log directory (fs_wal_dir) as metadata directory
I20260608 12:50:27.089625 25090 server_base.cc:909] This appears to be a new deployment of Kudu; creating new FS layout
I20260608 12:50:27.090845 25090 fs_manager.cc:1068] Generated new instance metadata in path /tmp/dist-test-taskOq0SbJ/test-tmp/auto_rebalancer-test.0.AutoRebalancerTest.TestMaxMovesPerServer.1780922911115896-25090-0/minicluster-data/ts-0-root/instance:
uuid: "a460dddf024a447999ae34794a0dcf10"
format_stamp: "Formatted at 2026-06-08 12:50:27 on dist-test-slave-d6ht"
I20260608 12:50:27.096407 25090 fs_manager.cc:696] Time spent creating directory manager: real 0.005s	user 0.005s	sys 0.000s
I20260608 12:50:27.100409 29534 log_block_manager.cc:4031] Time spent loading block containers with low live blocks: real 0.000s	user 0.000s	sys 0.000s
I20260608 12:50:27.101336 25090 fs_manager.cc:730] Time spent opening block manager: real 0.003s	user 0.002s	sys 0.000s
I20260608 12:50:27.101701 25090 fs_manager.cc:647] Opened local filesystem: /tmp/dist-test-taskOq0SbJ/test-tmp/auto_rebalancer-test.0.AutoRebalancerTest.TestMaxMovesPerServer.1780922911115896-25090-0/minicluster-data/ts-0-root
uuid: "a460dddf024a447999ae34794a0dcf10"
format_stamp: "Formatted at 2026-06-08 12:50:27 on dist-test-slave-d6ht"
I20260608 12:50:27.102138 25090 fs_report.cc:389] FS layout report
--------------------
wal directory: /tmp/dist-test-taskOq0SbJ/test-tmp/auto_rebalancer-test.0.AutoRebalancerTest.TestMaxMovesPerServer.1780922911115896-25090-0/minicluster-data/ts-0-root
metadata directory: /tmp/dist-test-taskOq0SbJ/test-tmp/auto_rebalancer-test.0.AutoRebalancerTest.TestMaxMovesPerServer.1780922911115896-25090-0/minicluster-data/ts-0-root
1 data directories: /tmp/dist-test-taskOq0SbJ/test-tmp/auto_rebalancer-test.0.AutoRebalancerTest.TestMaxMovesPerServer.1780922911115896-25090-0/minicluster-data/ts-0-root/data
Total live blocks: 0
Total live bytes: 0
Total live bytes (after alignment): 0
Total number of LBM containers: 0 (0 full)
Did not check for missing blocks
Did not check for orphaned blocks
Total full LBM containers with extra space: 0 (0 repaired)
Total full LBM container extra space in bytes: 0 (0 repaired)
Total incomplete LBM containers: 0 (0 repaired)
Total LBM partial records: 0 (0 repaired)
Total corrupted LBM metadata records in RocksDB: 0 (0 repaired)
I20260608 12:50:27.116194 25090 rpc_server.cc:225] running with OpenSSL 1.1.1  11 Sep 2018
I20260608 12:50:27.117575 25090 kserver.cc:163] Server-wide thread pool size limit: 3276
I20260608 12:50:27.119262 25090 txn_system_client.cc:432] TxnSystemClient initialization is disabled...
I20260608 12:50:27.121953 25090 ts_tablet_manager.cc:585] Loaded tablet metadata (0 total tablets, 0 live tablets)
I20260608 12:50:27.122211 25090 ts_tablet_manager.cc:531] Time spent load tablet metadata: real 0.000s	user 0.000s	sys 0.000s
I20260608 12:50:27.122470 25090 ts_tablet_manager.cc:616] Registered 0 tablets
I20260608 12:50:27.122673 25090 ts_tablet_manager.cc:595] Time spent register tablets: real 0.000s	user 0.000s	sys 0.000s
I20260608 12:50:27.166893 25090 rpc_server.cc:307] RPC server started. Bound to: 127.24.128.129:35163
I20260608 12:50:27.167025 29596 acceptor_pool.cc:272] collecting diagnostics on the listening RPC socket 127.24.128.129:35163 every 8 connection(s)
I20260608 12:50:27.172837 25090 file_cache.cc:492] Constructed file cache file cache with capacity 419430
W20260608 12:50:27.181885 29601 instance_detector.cc:116] could not retrieve AWS instance metadata: Network error: curl error: HTTP response code said error: The requested URL returned error: 404
W20260608 12:50:27.184041 29602 instance_detector.cc:116] could not retrieve Azure instance metadata: Network error: curl error: HTTP response code said error: The requested URL returned error: 404
I20260608 12:50:27.189716 25090 server_base.cc:1061] running on GCE node
W20260608 12:50:27.189999 29605 instance_detector.cc:116] could not retrieve OpenStack instance metadata: Network error: curl error: HTTP response code said error: The requested URL returned error: 404
I20260608 12:50:27.192282 25090 hybrid_clock.cc:584] initializing the hybrid clock with 'system_unsync' time source
W20260608 12:50:27.192550 25090 system_unsync_time.cc:38] NTP support is disabled. Clock error bounds will not be accurate. This configuration is not suitable for distributed clusters.
I20260608 12:50:27.192767 25090 hybrid_clock.cc:648] HybridClock initialized: now 1780923027192746 us; error 0 us; skew 500 ppm
I20260608 12:50:27.192844 29597 heartbeater.cc:344] Connected to a master server at 127.24.128.190:43417
I20260608 12:50:27.193346 29597 heartbeater.cc:461] Registering TS with master...
I20260608 12:50:27.193518 25090 server_base.cc:861] Flag tcmalloc_max_total_thread_cache_bytes is not working since tcmalloc is not enabled.
I20260608 12:50:27.194375 29597 heartbeater.cc:507] Master 127.24.128.190:43417 requested a full tablet report, sending...
I20260608 12:50:27.196951 29470 ts_manager.cc:194] Registered new tserver with Master: a460dddf024a447999ae34794a0dcf10 (127.24.128.129:35163)
I20260608 12:50:27.197003 25090 webserver.cc:533] Webserver started at http://127.24.128.130:41147/ using document root <none> and password file <none>
I20260608 12:50:27.198068 25090 fs_manager.cc:362] Metadata directory not provided
I20260608 12:50:27.198338 25090 fs_manager.cc:368] Using write-ahead log directory (fs_wal_dir) as metadata directory
I20260608 12:50:27.198657 25090 server_base.cc:909] This appears to be a new deployment of Kudu; creating new FS layout
I20260608 12:50:27.199537 29470 master_service.cc:502] Signed X509 certificate for tserver {username='slave'} at 127.0.0.1:41422
I20260608 12:50:27.200009 25090 fs_manager.cc:1068] Generated new instance metadata in path /tmp/dist-test-taskOq0SbJ/test-tmp/auto_rebalancer-test.0.AutoRebalancerTest.TestMaxMovesPerServer.1780922911115896-25090-0/minicluster-data/ts-1-root/instance:
uuid: "7c06859a29b945e1ae4587f44176543a"
format_stamp: "Formatted at 2026-06-08 12:50:27 on dist-test-slave-d6ht"
I20260608 12:50:27.205335 25090 fs_manager.cc:696] Time spent creating directory manager: real 0.005s	user 0.006s	sys 0.000s
I20260608 12:50:27.209041 29609 log_block_manager.cc:4031] Time spent loading block containers with low live blocks: real 0.000s	user 0.000s	sys 0.000s
I20260608 12:50:27.210057 25090 fs_manager.cc:730] Time spent opening block manager: real 0.003s	user 0.000s	sys 0.003s
I20260608 12:50:27.210417 25090 fs_manager.cc:647] Opened local filesystem: /tmp/dist-test-taskOq0SbJ/test-tmp/auto_rebalancer-test.0.AutoRebalancerTest.TestMaxMovesPerServer.1780922911115896-25090-0/minicluster-data/ts-1-root
uuid: "7c06859a29b945e1ae4587f44176543a"
format_stamp: "Formatted at 2026-06-08 12:50:27 on dist-test-slave-d6ht"
I20260608 12:50:27.210709 25090 fs_report.cc:389] FS layout report
--------------------
wal directory: /tmp/dist-test-taskOq0SbJ/test-tmp/auto_rebalancer-test.0.AutoRebalancerTest.TestMaxMovesPerServer.1780922911115896-25090-0/minicluster-data/ts-1-root
metadata directory: /tmp/dist-test-taskOq0SbJ/test-tmp/auto_rebalancer-test.0.AutoRebalancerTest.TestMaxMovesPerServer.1780922911115896-25090-0/minicluster-data/ts-1-root
1 data directories: /tmp/dist-test-taskOq0SbJ/test-tmp/auto_rebalancer-test.0.AutoRebalancerTest.TestMaxMovesPerServer.1780922911115896-25090-0/minicluster-data/ts-1-root/data
Total live blocks: 0
Total live bytes: 0
Total live bytes (after alignment): 0
Total number of LBM containers: 0 (0 full)
Did not check for missing blocks
Did not check for orphaned blocks
Total full LBM containers with extra space: 0 (0 repaired)
Total full LBM container extra space in bytes: 0 (0 repaired)
Total incomplete LBM containers: 0 (0 repaired)
Total LBM partial records: 0 (0 repaired)
Total corrupted LBM metadata records in RocksDB: 0 (0 repaired)
I20260608 12:50:27.224493 25090 rpc_server.cc:225] running with OpenSSL 1.1.1  11 Sep 2018
I20260608 12:50:27.225890 25090 kserver.cc:163] Server-wide thread pool size limit: 3276
I20260608 12:50:27.227500 25090 txn_system_client.cc:432] TxnSystemClient initialization is disabled...
I20260608 12:50:27.230167 25090 ts_tablet_manager.cc:585] Loaded tablet metadata (0 total tablets, 0 live tablets)
I20260608 12:50:27.230456 25090 ts_tablet_manager.cc:531] Time spent load tablet metadata: real 0.000s	user 0.000s	sys 0.000s
I20260608 12:50:27.230736 25090 ts_tablet_manager.cc:616] Registered 0 tablets
I20260608 12:50:27.230935 25090 ts_tablet_manager.cc:595] Time spent register tablets: real 0.000s	user 0.000s	sys 0.000s
I20260608 12:50:27.274185 25090 rpc_server.cc:307] RPC server started. Bound to: 127.24.128.130:39405
I20260608 12:50:27.274315 29671 acceptor_pool.cc:272] collecting diagnostics on the listening RPC socket 127.24.128.130:39405 every 8 connection(s)
I20260608 12:50:27.279809 25090 file_cache.cc:492] Constructed file cache file cache with capacity 419430
W20260608 12:50:27.288208 29675 instance_detector.cc:116] could not retrieve AWS instance metadata: Network error: curl error: HTTP response code said error: The requested URL returned error: 404
W20260608 12:50:27.290016 29676 instance_detector.cc:116] could not retrieve Azure instance metadata: Network error: curl error: HTTP response code said error: The requested URL returned error: 404
W20260608 12:50:27.291652 29678 instance_detector.cc:116] could not retrieve OpenStack instance metadata: Network error: curl error: HTTP response code said error: The requested URL returned error: 404
I20260608 12:50:27.293433 25090 server_base.cc:1061] running on GCE node
I20260608 12:50:27.294363 29672 heartbeater.cc:344] Connected to a master server at 127.24.128.190:43417
I20260608 12:50:27.294656 25090 hybrid_clock.cc:584] initializing the hybrid clock with 'system_unsync' time source
I20260608 12:50:27.294799 29672 heartbeater.cc:461] Registering TS with master...
W20260608 12:50:27.294967 25090 system_unsync_time.cc:38] NTP support is disabled. Clock error bounds will not be accurate. This configuration is not suitable for distributed clusters.
I20260608 12:50:27.295347 25090 hybrid_clock.cc:648] HybridClock initialized: now 1780923027295325 us; error 0 us; skew 500 ppm
I20260608 12:50:27.295929 29672 heartbeater.cc:507] Master 127.24.128.190:43417 requested a full tablet report, sending...
I20260608 12:50:27.296068 25090 server_base.cc:861] Flag tcmalloc_max_total_thread_cache_bytes is not working since tcmalloc is not enabled.
I20260608 12:50:27.298547 29470 ts_manager.cc:194] Registered new tserver with Master: 7c06859a29b945e1ae4587f44176543a (127.24.128.130:39405)
I20260608 12:50:27.299273 25090 webserver.cc:533] Webserver started at http://127.24.128.131:34719/ using document root <none> and password file <none>
I20260608 12:50:27.299885 25090 fs_manager.cc:362] Metadata directory not provided
I20260608 12:50:27.300118 25090 fs_manager.cc:368] Using write-ahead log directory (fs_wal_dir) as metadata directory
I20260608 12:50:27.300185 29470 master_service.cc:502] Signed X509 certificate for tserver {username='slave'} at 127.0.0.1:41438
I20260608 12:50:27.300429 25090 server_base.cc:909] This appears to be a new deployment of Kudu; creating new FS layout
I20260608 12:50:27.301964 25090 fs_manager.cc:1068] Generated new instance metadata in path /tmp/dist-test-taskOq0SbJ/test-tmp/auto_rebalancer-test.0.AutoRebalancerTest.TestMaxMovesPerServer.1780922911115896-25090-0/minicluster-data/ts-2-root/instance:
uuid: "fcb2efa097a3412c9ba61f43e9386d9d"
format_stamp: "Formatted at 2026-06-08 12:50:27 on dist-test-slave-d6ht"
I20260608 12:50:27.306836 25090 fs_manager.cc:696] Time spent creating directory manager: real 0.004s	user 0.001s	sys 0.003s
I20260608 12:50:27.310604 29683 log_block_manager.cc:4031] Time spent loading block containers with low live blocks: real 0.000s	user 0.000s	sys 0.000s
I20260608 12:50:27.311362 25090 fs_manager.cc:730] Time spent opening block manager: real 0.002s	user 0.002s	sys 0.002s
I20260608 12:50:27.311688 25090 fs_manager.cc:647] Opened local filesystem: /tmp/dist-test-taskOq0SbJ/test-tmp/auto_rebalancer-test.0.AutoRebalancerTest.TestMaxMovesPerServer.1780922911115896-25090-0/minicluster-data/ts-2-root
uuid: "fcb2efa097a3412c9ba61f43e9386d9d"
format_stamp: "Formatted at 2026-06-08 12:50:27 on dist-test-slave-d6ht"
I20260608 12:50:27.312022 25090 fs_report.cc:389] FS layout report
--------------------
wal directory: /tmp/dist-test-taskOq0SbJ/test-tmp/auto_rebalancer-test.0.AutoRebalancerTest.TestMaxMovesPerServer.1780922911115896-25090-0/minicluster-data/ts-2-root
metadata directory: /tmp/dist-test-taskOq0SbJ/test-tmp/auto_rebalancer-test.0.AutoRebalancerTest.TestMaxMovesPerServer.1780922911115896-25090-0/minicluster-data/ts-2-root
1 data directories: /tmp/dist-test-taskOq0SbJ/test-tmp/auto_rebalancer-test.0.AutoRebalancerTest.TestMaxMovesPerServer.1780922911115896-25090-0/minicluster-data/ts-2-root/data
Total live blocks: 0
Total live bytes: 0
Total live bytes (after alignment): 0
Total number of LBM containers: 0 (0 full)
Did not check for missing blocks
Did not check for orphaned blocks
Total full LBM containers with extra space: 0 (0 repaired)
Total full LBM container extra space in bytes: 0 (0 repaired)
Total incomplete LBM containers: 0 (0 repaired)
Total LBM partial records: 0 (0 repaired)
Total corrupted LBM metadata records in RocksDB: 0 (0 repaired)
I20260608 12:50:27.322616 25090 rpc_server.cc:225] running with OpenSSL 1.1.1  11 Sep 2018
I20260608 12:50:27.323873 25090 kserver.cc:163] Server-wide thread pool size limit: 3276
I20260608 12:50:27.325394 25090 txn_system_client.cc:432] TxnSystemClient initialization is disabled...
I20260608 12:50:27.327909 25090 ts_tablet_manager.cc:585] Loaded tablet metadata (0 total tablets, 0 live tablets)
I20260608 12:50:27.328173 25090 ts_tablet_manager.cc:531] Time spent load tablet metadata: real 0.000s	user 0.000s	sys 0.000s
I20260608 12:50:27.328445 25090 ts_tablet_manager.cc:616] Registered 0 tablets
I20260608 12:50:27.328637 25090 ts_tablet_manager.cc:595] Time spent register tablets: real 0.000s	user 0.000s	sys 0.000s
I20260608 12:50:27.371248 25090 rpc_server.cc:307] RPC server started. Bound to: 127.24.128.131:36341
I20260608 12:50:27.371400 29745 acceptor_pool.cc:272] collecting diagnostics on the listening RPC socket 127.24.128.131:36341 every 8 connection(s)
I20260608 12:50:27.386412 29746 heartbeater.cc:344] Connected to a master server at 127.24.128.190:43417
I20260608 12:50:27.386945 29746 heartbeater.cc:461] Registering TS with master...
I20260608 12:50:27.387750 29746 heartbeater.cc:507] Master 127.24.128.190:43417 requested a full tablet report, sending...
I20260608 12:50:27.389922 29470 ts_manager.cc:194] Registered new tserver with Master: fcb2efa097a3412c9ba61f43e9386d9d (127.24.128.131:36341)
I20260608 12:50:27.390691 25090 internal_mini_cluster.cc:371] 3 TS(s) registered with all masters after 0.015840011s
I20260608 12:50:27.391390 29470 master_service.cc:502] Signed X509 certificate for tserver {username='slave'} at 127.0.0.1:41454
I20260608 12:50:28.203106 29597 heartbeater.cc:499] Master 127.24.128.190:43417 was elected leader, sending a full tablet report...
I20260608 12:50:28.303171 29672 heartbeater.cc:499] Master 127.24.128.190:43417 was elected leader, sending a full tablet report...
I20260608 12:50:28.394600 29746 heartbeater.cc:499] Master 127.24.128.190:43417 was elected leader, sending a full tablet report...
I20260608 12:50:28.450372 29470 catalog_manager.cc:2282] Servicing CreateTable request from {username='slave'} at 127.0.0.1:41458:
name: "test-workload"
schema {
  columns {
    name: "key"
    type: INT32
    is_key: true
    is_nullable: false
    encoding: AUTO_ENCODING
    compression: DEFAULT_COMPRESSION
    cfile_block_size: 0
    immutable: false
  }
  columns {
    name: "int_val"
    type: INT32
    is_key: false
    is_nullable: false
    encoding: AUTO_ENCODING
    compression: DEFAULT_COMPRESSION
    cfile_block_size: 0
    immutable: false
  }
  columns {
    name: "string_val"
    type: STRING
    is_key: false
    is_nullable: true
    encoding: AUTO_ENCODING
    compression: DEFAULT_COMPRESSION
    cfile_block_size: 0
    immutable: false
  }
}
num_replicas: 3
split_rows_range_bounds {
  rows: "\004\001\000\252\252\252\n\004\001\000TUU\025\004\001\000\376\377\377\037\004\001\000\250\252\252*\004\001\000RUU5\004\001\000\374\377\377?\004\001\000\246\252\252J\004\001\000PUUU\004\001\000\372\377\377_\004\001\000\244\252\252j\004\001\000NUUu""\004\001\000\252\252\252\n\004\001\000TUU\025\004\001\000\376\377\377\037\004\001\000\250\252\252*\004\001\000RUU5\004\001\000\374\377\377?\004\001\000\246\252\252J\004\001\000PUUU\004\001\000\372\377\377_\004\001\000\244\252\252j\004\001\000NUUu"
  indirect_data: """"
}
partition_schema {
  range_schema {
    columns {
      name: "key"
    }
  }
}
W20260608 12:50:28.453635 29470 catalog_manager.cc:7076] The number of live tablet servers is not enough to re-replicate a tablet replica of the newly created table test-workload in case of a server failure: 4 tablet servers would be needed, 3 are available. Consider bringing up more tablet servers.
I20260608 12:50:28.555462 29562 tablet_service.cc:1511] Processing CreateTablet for tablet 47201e36b3f044bcb1daaac13994e29a (DEFAULT_TABLE table=test-workload [id=8e1c5933110d4ca284b8833ea666fba8]), partition=RANGE (key) PARTITION VALUES < 178956970
I20260608 12:50:28.557147 29562 data_dirs.cc:400] Could only allocate 1 dirs of requested 3 for tablet 47201e36b3f044bcb1daaac13994e29a. 1 dirs total, 0 dirs full, 0 dirs failed
I20260608 12:50:28.556710 29560 tablet_service.cc:1511] Processing CreateTablet for tablet 60ffc73f7620476a9b43d3c250ccbe16 (DEFAULT_TABLE table=test-workload [id=8e1c5933110d4ca284b8833ea666fba8]), partition=RANGE (key) PARTITION 357913940 <= VALUES < 536870910
I20260608 12:50:28.558416 29560 data_dirs.cc:400] Could only allocate 1 dirs of requested 3 for tablet 60ffc73f7620476a9b43d3c250ccbe16. 1 dirs total, 0 dirs full, 0 dirs failed
I20260608 12:50:28.559219 29561 tablet_service.cc:1511] Processing CreateTablet for tablet 1d959039871345e680697e19bb9d4e1e (DEFAULT_TABLE table=test-workload [id=8e1c5933110d4ca284b8833ea666fba8]), partition=RANGE (key) PARTITION 178956970 <= VALUES < 357913940
I20260608 12:50:28.560832 29561 data_dirs.cc:400] Could only allocate 1 dirs of requested 3 for tablet 1d959039871345e680697e19bb9d4e1e. 1 dirs total, 0 dirs full, 0 dirs failed
I20260608 12:50:28.566629 29637 tablet_service.cc:1511] Processing CreateTablet for tablet 47201e36b3f044bcb1daaac13994e29a (DEFAULT_TABLE table=test-workload [id=8e1c5933110d4ca284b8833ea666fba8]), partition=RANGE (key) PARTITION VALUES < 178956970
I20260608 12:50:28.568249 29637 data_dirs.cc:400] Could only allocate 1 dirs of requested 3 for tablet 47201e36b3f044bcb1daaac13994e29a. 1 dirs total, 0 dirs full, 0 dirs failed
I20260608 12:50:28.571234 29636 tablet_service.cc:1511] Processing CreateTablet for tablet 1d959039871345e680697e19bb9d4e1e (DEFAULT_TABLE table=test-workload [id=8e1c5933110d4ca284b8833ea666fba8]), partition=RANGE (key) PARTITION 178956970 <= VALUES < 357913940
I20260608 12:50:28.571979 29559 tablet_service.cc:1511] Processing CreateTablet for tablet 4941b7598c744ba193756ee865b606d7 (DEFAULT_TABLE table=test-workload [id=8e1c5933110d4ca284b8833ea666fba8]), partition=RANGE (key) PARTITION 536870910 <= VALUES < 715827880
I20260608 12:50:28.572881 29636 data_dirs.cc:400] Could only allocate 1 dirs of requested 3 for tablet 1d959039871345e680697e19bb9d4e1e. 1 dirs total, 0 dirs full, 0 dirs failed
I20260608 12:50:28.573462 29559 data_dirs.cc:400] Could only allocate 1 dirs of requested 3 for tablet 4941b7598c744ba193756ee865b606d7. 1 dirs total, 0 dirs full, 0 dirs failed
I20260608 12:50:28.575323 29635 tablet_service.cc:1511] Processing CreateTablet for tablet 60ffc73f7620476a9b43d3c250ccbe16 (DEFAULT_TABLE table=test-workload [id=8e1c5933110d4ca284b8833ea666fba8]), partition=RANGE (key) PARTITION 357913940 <= VALUES < 536870910
I20260608 12:50:28.577129 29635 data_dirs.cc:400] Could only allocate 1 dirs of requested 3 for tablet 60ffc73f7620476a9b43d3c250ccbe16. 1 dirs total, 0 dirs full, 0 dirs failed
I20260608 12:50:28.577404 29633 tablet_service.cc:1511] Processing CreateTablet for tablet c73e4c906b1e4a8482efdd6705b4079a (DEFAULT_TABLE table=test-workload [id=8e1c5933110d4ca284b8833ea666fba8]), partition=RANGE (key) PARTITION 715827880 <= VALUES < 894784850
I20260608 12:50:28.575344 29634 tablet_service.cc:1511] Processing CreateTablet for tablet 4941b7598c744ba193756ee865b606d7 (DEFAULT_TABLE table=test-workload [id=8e1c5933110d4ca284b8833ea666fba8]), partition=RANGE (key) PARTITION 536870910 <= VALUES < 715827880
I20260608 12:50:28.578979 29633 data_dirs.cc:400] Could only allocate 1 dirs of requested 3 for tablet c73e4c906b1e4a8482efdd6705b4079a. 1 dirs total, 0 dirs full, 0 dirs failed
I20260608 12:50:28.582245 29634 data_dirs.cc:400] Could only allocate 1 dirs of requested 3 for tablet 4941b7598c744ba193756ee865b606d7. 1 dirs total, 0 dirs full, 0 dirs failed
I20260608 12:50:28.582101 29558 tablet_service.cc:1511] Processing CreateTablet for tablet c73e4c906b1e4a8482efdd6705b4079a (DEFAULT_TABLE table=test-workload [id=8e1c5933110d4ca284b8833ea666fba8]), partition=RANGE (key) PARTITION 715827880 <= VALUES < 894784850
I20260608 12:50:28.583760 29558 data_dirs.cc:400] Could only allocate 1 dirs of requested 3 for tablet c73e4c906b1e4a8482efdd6705b4079a. 1 dirs total, 0 dirs full, 0 dirs failed
I20260608 12:50:28.585691 29557 tablet_service.cc:1511] Processing CreateTablet for tablet 531ad26f87f3403caeb13d41bf55d862 (DEFAULT_TABLE table=test-workload [id=8e1c5933110d4ca284b8833ea666fba8]), partition=RANGE (key) PARTITION 894784850 <= VALUES < 1073741820
I20260608 12:50:28.587309 29556 tablet_service.cc:1511] Processing CreateTablet for tablet eb560c619748493f8f2e43ea363359c6 (DEFAULT_TABLE table=test-workload [id=8e1c5933110d4ca284b8833ea666fba8]), partition=RANGE (key) PARTITION 1073741820 <= VALUES < 1252698790
I20260608 12:50:28.588970 29556 data_dirs.cc:400] Could only allocate 1 dirs of requested 3 for tablet eb560c619748493f8f2e43ea363359c6. 1 dirs total, 0 dirs full, 0 dirs failed
I20260608 12:50:28.591392 29555 tablet_service.cc:1511] Processing CreateTablet for tablet 63831291daeb443b8676433de1c0ef1c (DEFAULT_TABLE table=test-workload [id=8e1c5933110d4ca284b8833ea666fba8]), partition=RANGE (key) PARTITION 1252698790 <= VALUES < 1431655760
I20260608 12:50:28.592728 29557 data_dirs.cc:400] Could only allocate 1 dirs of requested 3 for tablet 531ad26f87f3403caeb13d41bf55d862. 1 dirs total, 0 dirs full, 0 dirs failed
I20260608 12:50:28.594302 29554 tablet_service.cc:1511] Processing CreateTablet for tablet 3caddf40838948d2b3d58535dd085889 (DEFAULT_TABLE table=test-workload [id=8e1c5933110d4ca284b8833ea666fba8]), partition=RANGE (key) PARTITION 1431655760 <= VALUES < 1610612730
I20260608 12:50:28.595948 29632 tablet_service.cc:1511] Processing CreateTablet for tablet 531ad26f87f3403caeb13d41bf55d862 (DEFAULT_TABLE table=test-workload [id=8e1c5933110d4ca284b8833ea666fba8]), partition=RANGE (key) PARTITION 894784850 <= VALUES < 1073741820
I20260608 12:50:28.595899 29554 data_dirs.cc:400] Could only allocate 1 dirs of requested 3 for tablet 3caddf40838948d2b3d58535dd085889. 1 dirs total, 0 dirs full, 0 dirs failed
I20260608 12:50:28.598165 29555 data_dirs.cc:400] Could only allocate 1 dirs of requested 3 for tablet 63831291daeb443b8676433de1c0ef1c. 1 dirs total, 0 dirs full, 0 dirs failed
I20260608 12:50:28.598863 29630 tablet_service.cc:1511] Processing CreateTablet for tablet 63831291daeb443b8676433de1c0ef1c (DEFAULT_TABLE table=test-workload [id=8e1c5933110d4ca284b8833ea666fba8]), partition=RANGE (key) PARTITION 1252698790 <= VALUES < 1431655760
I20260608 12:50:28.599550 29553 tablet_service.cc:1511] Processing CreateTablet for tablet ff97cf3a1d004d18b7d7deca6b9c65a2 (DEFAULT_TABLE table=test-workload [id=8e1c5933110d4ca284b8833ea666fba8]), partition=RANGE (key) PARTITION 1610612730 <= VALUES < 1789569700
I20260608 12:50:28.600499 29630 data_dirs.cc:400] Could only allocate 1 dirs of requested 3 for tablet 63831291daeb443b8676433de1c0ef1c. 1 dirs total, 0 dirs full, 0 dirs failed
I20260608 12:50:28.601045 29553 data_dirs.cc:400] Could only allocate 1 dirs of requested 3 for tablet ff97cf3a1d004d18b7d7deca6b9c65a2. 1 dirs total, 0 dirs full, 0 dirs failed
I20260608 12:50:28.602821 29629 tablet_service.cc:1511] Processing CreateTablet for tablet 3caddf40838948d2b3d58535dd085889 (DEFAULT_TABLE table=test-workload [id=8e1c5933110d4ca284b8833ea666fba8]), partition=RANGE (key) PARTITION 1431655760 <= VALUES < 1610612730
I20260608 12:50:28.604315 29629 data_dirs.cc:400] Could only allocate 1 dirs of requested 3 for tablet 3caddf40838948d2b3d58535dd085889. 1 dirs total, 0 dirs full, 0 dirs failed
I20260608 12:50:28.607438 29628 tablet_service.cc:1511] Processing CreateTablet for tablet ff97cf3a1d004d18b7d7deca6b9c65a2 (DEFAULT_TABLE table=test-workload [id=8e1c5933110d4ca284b8833ea666fba8]), partition=RANGE (key) PARTITION 1610612730 <= VALUES < 1789569700
I20260608 12:50:28.609303 29628 data_dirs.cc:400] Could only allocate 1 dirs of requested 3 for tablet ff97cf3a1d004d18b7d7deca6b9c65a2. 1 dirs total, 0 dirs full, 0 dirs failed
I20260608 12:50:28.611800 29631 tablet_service.cc:1511] Processing CreateTablet for tablet eb560c619748493f8f2e43ea363359c6 (DEFAULT_TABLE table=test-workload [id=8e1c5933110d4ca284b8833ea666fba8]), partition=RANGE (key) PARTITION 1073741820 <= VALUES < 1252698790
I20260608 12:50:28.613518 29631 data_dirs.cc:400] Could only allocate 1 dirs of requested 3 for tablet eb560c619748493f8f2e43ea363359c6. 1 dirs total, 0 dirs full, 0 dirs failed
I20260608 12:50:28.618237 29632 data_dirs.cc:400] Could only allocate 1 dirs of requested 3 for tablet 531ad26f87f3403caeb13d41bf55d862. 1 dirs total, 0 dirs full, 0 dirs failed
I20260608 12:50:28.632862 29711 tablet_service.cc:1511] Processing CreateTablet for tablet 47201e36b3f044bcb1daaac13994e29a (DEFAULT_TABLE table=test-workload [id=8e1c5933110d4ca284b8833ea666fba8]), partition=RANGE (key) PARTITION VALUES < 178956970
I20260608 12:50:28.635396 29710 tablet_service.cc:1511] Processing CreateTablet for tablet 1d959039871345e680697e19bb9d4e1e (DEFAULT_TABLE table=test-workload [id=8e1c5933110d4ca284b8833ea666fba8]), partition=RANGE (key) PARTITION 178956970 <= VALUES < 357913940
I20260608 12:50:28.638091 29709 tablet_service.cc:1511] Processing CreateTablet for tablet 60ffc73f7620476a9b43d3c250ccbe16 (DEFAULT_TABLE table=test-workload [id=8e1c5933110d4ca284b8833ea666fba8]), partition=RANGE (key) PARTITION 357913940 <= VALUES < 536870910
I20260608 12:50:28.643764 29707 tablet_service.cc:1511] Processing CreateTablet for tablet c73e4c906b1e4a8482efdd6705b4079a (DEFAULT_TABLE table=test-workload [id=8e1c5933110d4ca284b8833ea666fba8]), partition=RANGE (key) PARTITION 715827880 <= VALUES < 894784850
I20260608 12:50:28.647023 29706 tablet_service.cc:1511] Processing CreateTablet for tablet 531ad26f87f3403caeb13d41bf55d862 (DEFAULT_TABLE table=test-workload [id=8e1c5933110d4ca284b8833ea666fba8]), partition=RANGE (key) PARTITION 894784850 <= VALUES < 1073741820
I20260608 12:50:28.649901 29705 tablet_service.cc:1511] Processing CreateTablet for tablet eb560c619748493f8f2e43ea363359c6 (DEFAULT_TABLE table=test-workload [id=8e1c5933110d4ca284b8833ea666fba8]), partition=RANGE (key) PARTITION 1073741820 <= VALUES < 1252698790
I20260608 12:50:28.653276 29704 tablet_service.cc:1511] Processing CreateTablet for tablet 63831291daeb443b8676433de1c0ef1c (DEFAULT_TABLE table=test-workload [id=8e1c5933110d4ca284b8833ea666fba8]), partition=RANGE (key) PARTITION 1252698790 <= VALUES < 1431655760
I20260608 12:50:28.656651 29703 tablet_service.cc:1511] Processing CreateTablet for tablet 3caddf40838948d2b3d58535dd085889 (DEFAULT_TABLE table=test-workload [id=8e1c5933110d4ca284b8833ea666fba8]), partition=RANGE (key) PARTITION 1431655760 <= VALUES < 1610612730
I20260608 12:50:28.659181 29711 data_dirs.cc:400] Could only allocate 1 dirs of requested 3 for tablet 47201e36b3f044bcb1daaac13994e29a. 1 dirs total, 0 dirs full, 0 dirs failed
I20260608 12:50:28.641381 29708 tablet_service.cc:1511] Processing CreateTablet for tablet 4941b7598c744ba193756ee865b606d7 (DEFAULT_TABLE table=test-workload [id=8e1c5933110d4ca284b8833ea666fba8]), partition=RANGE (key) PARTITION 536870910 <= VALUES < 715827880
I20260608 12:50:28.662014 29708 data_dirs.cc:400] Could only allocate 1 dirs of requested 3 for tablet 4941b7598c744ba193756ee865b606d7. 1 dirs total, 0 dirs full, 0 dirs failed
I20260608 12:50:28.695679 29704 data_dirs.cc:400] Could only allocate 1 dirs of requested 3 for tablet 63831291daeb443b8676433de1c0ef1c. 1 dirs total, 0 dirs full, 0 dirs failed
I20260608 12:50:28.697602 29706 data_dirs.cc:400] Could only allocate 1 dirs of requested 3 for tablet 531ad26f87f3403caeb13d41bf55d862. 1 dirs total, 0 dirs full, 0 dirs failed
I20260608 12:50:28.698504 29705 data_dirs.cc:400] Could only allocate 1 dirs of requested 3 for tablet eb560c619748493f8f2e43ea363359c6. 1 dirs total, 0 dirs full, 0 dirs failed
I20260608 12:50:28.699185 29709 data_dirs.cc:400] Could only allocate 1 dirs of requested 3 for tablet 60ffc73f7620476a9b43d3c250ccbe16. 1 dirs total, 0 dirs full, 0 dirs failed
I20260608 12:50:28.700825 29707 data_dirs.cc:400] Could only allocate 1 dirs of requested 3 for tablet c73e4c906b1e4a8482efdd6705b4079a. 1 dirs total, 0 dirs full, 0 dirs failed
I20260608 12:50:28.702466 29710 data_dirs.cc:400] Could only allocate 1 dirs of requested 3 for tablet 1d959039871345e680697e19bb9d4e1e. 1 dirs total, 0 dirs full, 0 dirs failed
I20260608 12:50:28.704028 29703 data_dirs.cc:400] Could only allocate 1 dirs of requested 3 for tablet 3caddf40838948d2b3d58535dd085889. 1 dirs total, 0 dirs full, 0 dirs failed
I20260608 12:50:28.767323 29561 tablet_service.cc:1511] Processing CreateTablet for tablet 2f0e6c6275f54bbfb5f8939afc83408a (DEFAULT_TABLE table=test-workload [id=8e1c5933110d4ca284b8833ea666fba8]), partition=RANGE (key) PARTITION 1789569700 <= VALUES < 1968526670
I20260608 12:50:28.769461 29561 data_dirs.cc:400] Could only allocate 1 dirs of requested 3 for tablet 2f0e6c6275f54bbfb5f8939afc83408a. 1 dirs total, 0 dirs full, 0 dirs failed
I20260608 12:50:28.779245 29766 tablet_bootstrap.cc:492] T 60ffc73f7620476a9b43d3c250ccbe16 P a460dddf024a447999ae34794a0dcf10: Bootstrap starting.
I20260608 12:50:28.772037 29559 tablet_service.cc:1511] Processing CreateTablet for tablet 0aa2c48a42e842699e9b3df488b89c37 (DEFAULT_TABLE table=test-workload [id=8e1c5933110d4ca284b8833ea666fba8]), partition=RANGE (key) PARTITION 1968526670 <= VALUES
I20260608 12:50:28.781010 29559 data_dirs.cc:400] Could only allocate 1 dirs of requested 3 for tablet 0aa2c48a42e842699e9b3df488b89c37. 1 dirs total, 0 dirs full, 0 dirs failed
I20260608 12:50:28.807401 29702 tablet_service.cc:1511] Processing CreateTablet for tablet ff97cf3a1d004d18b7d7deca6b9c65a2 (DEFAULT_TABLE table=test-workload [id=8e1c5933110d4ca284b8833ea666fba8]), partition=RANGE (key) PARTITION 1610612730 <= VALUES < 1789569700
I20260608 12:50:28.809021 29702 data_dirs.cc:400] Could only allocate 1 dirs of requested 3 for tablet ff97cf3a1d004d18b7d7deca6b9c65a2. 1 dirs total, 0 dirs full, 0 dirs failed
I20260608 12:50:28.827064 29628 tablet_service.cc:1511] Processing CreateTablet for tablet 2f0e6c6275f54bbfb5f8939afc83408a (DEFAULT_TABLE table=test-workload [id=8e1c5933110d4ca284b8833ea666fba8]), partition=RANGE (key) PARTITION 1789569700 <= VALUES < 1968526670
I20260608 12:50:28.828639 29628 data_dirs.cc:400] Could only allocate 1 dirs of requested 3 for tablet 2f0e6c6275f54bbfb5f8939afc83408a. 1 dirs total, 0 dirs full, 0 dirs failed
I20260608 12:50:28.847929 29766 tablet_bootstrap.cc:654] T 60ffc73f7620476a9b43d3c250ccbe16 P a460dddf024a447999ae34794a0dcf10: Neither blocks nor log segments found. Creating new log.
I20260608 12:50:28.854110 29629 tablet_service.cc:1511] Processing CreateTablet for tablet 0aa2c48a42e842699e9b3df488b89c37 (DEFAULT_TABLE table=test-workload [id=8e1c5933110d4ca284b8833ea666fba8]), partition=RANGE (key) PARTITION 1968526670 <= VALUES
I20260608 12:50:28.884444 29629 data_dirs.cc:400] Could only allocate 1 dirs of requested 3 for tablet 0aa2c48a42e842699e9b3df488b89c37. 1 dirs total, 0 dirs full, 0 dirs failed
I20260608 12:50:28.860777 29710 tablet_service.cc:1511] Processing CreateTablet for tablet 2f0e6c6275f54bbfb5f8939afc83408a (DEFAULT_TABLE table=test-workload [id=8e1c5933110d4ca284b8833ea666fba8]), partition=RANGE (key) PARTITION 1789569700 <= VALUES < 1968526670
I20260608 12:50:28.864378 29708 tablet_service.cc:1511] Processing CreateTablet for tablet 0aa2c48a42e842699e9b3df488b89c37 (DEFAULT_TABLE table=test-workload [id=8e1c5933110d4ca284b8833ea666fba8]), partition=RANGE (key) PARTITION 1968526670 <= VALUES
I20260608 12:50:28.871338 29767 tablet_bootstrap.cc:492] T 47201e36b3f044bcb1daaac13994e29a P 7c06859a29b945e1ae4587f44176543a: Bootstrap starting.
I20260608 12:50:28.875345 29768 tablet_bootstrap.cc:492] T 63831291daeb443b8676433de1c0ef1c P fcb2efa097a3412c9ba61f43e9386d9d: Bootstrap starting.
I20260608 12:50:28.892560 29710 data_dirs.cc:400] Could only allocate 1 dirs of requested 3 for tablet 2f0e6c6275f54bbfb5f8939afc83408a. 1 dirs total, 0 dirs full, 0 dirs failed
I20260608 12:50:28.898488 29708 data_dirs.cc:400] Could only allocate 1 dirs of requested 3 for tablet 0aa2c48a42e842699e9b3df488b89c37. 1 dirs total, 0 dirs full, 0 dirs failed
I20260608 12:50:28.907864 29768 tablet_bootstrap.cc:654] T 63831291daeb443b8676433de1c0ef1c P fcb2efa097a3412c9ba61f43e9386d9d: Neither blocks nor log segments found. Creating new log.
I20260608 12:50:28.910199 29767 tablet_bootstrap.cc:654] T 47201e36b3f044bcb1daaac13994e29a P 7c06859a29b945e1ae4587f44176543a: Neither blocks nor log segments found. Creating new log.
I20260608 12:50:28.928858 29767 tablet_bootstrap.cc:492] T 47201e36b3f044bcb1daaac13994e29a P 7c06859a29b945e1ae4587f44176543a: No bootstrap required, opened a new log
I20260608 12:50:28.929562 29767 ts_tablet_manager.cc:1403] T 47201e36b3f044bcb1daaac13994e29a P 7c06859a29b945e1ae4587f44176543a: Time spent bootstrapping tablet: real 0.059s	user 0.018s	sys 0.008s
I20260608 12:50:28.930603 29768 tablet_bootstrap.cc:492] T 63831291daeb443b8676433de1c0ef1c P fcb2efa097a3412c9ba61f43e9386d9d: No bootstrap required, opened a new log
I20260608 12:50:28.931097 29766 tablet_bootstrap.cc:492] T 60ffc73f7620476a9b43d3c250ccbe16 P a460dddf024a447999ae34794a0dcf10: No bootstrap required, opened a new log
I20260608 12:50:28.931191 29768 ts_tablet_manager.cc:1403] T 63831291daeb443b8676433de1c0ef1c P fcb2efa097a3412c9ba61f43e9386d9d: Time spent bootstrapping tablet: real 0.056s	user 0.015s	sys 0.014s
I20260608 12:50:28.931605 29766 ts_tablet_manager.cc:1403] T 60ffc73f7620476a9b43d3c250ccbe16 P a460dddf024a447999ae34794a0dcf10: Time spent bootstrapping tablet: real 0.153s	user 0.003s	sys 0.017s
I20260608 12:50:28.933199 29767 raft_consensus.cc:359] T 47201e36b3f044bcb1daaac13994e29a P 7c06859a29b945e1ae4587f44176543a [term 0 FOLLOWER]: Replica starting. Triggering 0 pending ops. Active config: opid_index: -1 OBSOLETE_local: false peers { permanent_uuid: "a460dddf024a447999ae34794a0dcf10" member_type: VOTER last_known_addr { host: "127.24.128.129" port: 35163 } } peers { permanent_uuid: "7c06859a29b945e1ae4587f44176543a" member_type: VOTER last_known_addr { host: "127.24.128.130" port: 39405 } } peers { permanent_uuid: "fcb2efa097a3412c9ba61f43e9386d9d" member_type: VOTER last_known_addr { host: "127.24.128.131" port: 36341 } }
I20260608 12:50:28.934139 29767 raft_consensus.cc:385] T 47201e36b3f044bcb1daaac13994e29a P 7c06859a29b945e1ae4587f44176543a [term 0 FOLLOWER]: Consensus starting up: Expiring failure detector timer to make a prompt election more likely
