I20260608 12:50:33.480518 29195 data_dirs.cc:400] Could only allocate 1 dirs of requested 3 for tablet 379190ebcac2425689ad5a6b76c6043d. 1 dirs total, 0 dirs full, 0 dirs failed
I20260608 12:50:33.493332 29270 tablet_service.cc:1511] Processing CreateTablet for tablet 379190ebcac2425689ad5a6b76c6043d (DEFAULT_TABLE table=test-workload [id=3c3b1331e9904b7482f3cadec9bb93a4]), partition=RANGE (key) PARTITION 1789569700 <= VALUES < 1968526670
I20260608 12:50:33.494009 29358 tablet_service.cc:1917] Received RequestConsensusVote() RPC: tablet_id: "8351e8a89ab2457ea581b91f43420bde" candidate_uuid: "ccba6dda34804523939c6efc657ae7d4" candidate_term: 1 candidate_status { last_received { term: 0 index: 0 } } ignore_live_leader: false dest_uuid: "df62f8c198f241dfaa50b696dd6b56a4" is_pre_election: true
I20260608 12:50:33.494582 29270 data_dirs.cc:400] Could only allocate 1 dirs of requested 3 for tablet 379190ebcac2425689ad5a6b76c6043d. 1 dirs total, 0 dirs full, 0 dirs failed
W20260608 12:50:33.495688 29173 leader_election.cc:343] T 8351e8a89ab2457ea581b91f43420bde P ccba6dda34804523939c6efc657ae7d4 [CANDIDATE]: Term 1 pre-election: Tablet error from VoteRequest() call to peer df62f8c198f241dfaa50b696dd6b56a4 (127.24.40.195:46747): Illegal state: must be running to vote when last-logged opid is not known
I20260608 12:50:33.501454 29284 tablet_service.cc:1917] Received RequestConsensusVote() RPC: tablet_id: "8351e8a89ab2457ea581b91f43420bde" candidate_uuid: "ccba6dda34804523939c6efc657ae7d4" candidate_term: 1 candidate_status { last_received { term: 0 index: 0 } } ignore_live_leader: false dest_uuid: "83fea33ef82c42c7865ed0784ac0a2fa" is_pre_election: true
I20260608 12:50:33.502223 29404 tablet_bootstrap.cc:492] T 2538489d74ac4e6fbb4340262006335c P df62f8c198f241dfaa50b696dd6b56a4: No bootstrap required, opened a new log
I20260608 12:50:33.502655 29404 ts_tablet_manager.cc:1403] T 2538489d74ac4e6fbb4340262006335c P df62f8c198f241dfaa50b696dd6b56a4: Time spent bootstrapping tablet: real 0.059s	user 0.011s	sys 0.008s
W20260608 12:50:33.502926 29172 leader_election.cc:343] T 8351e8a89ab2457ea581b91f43420bde P ccba6dda34804523939c6efc657ae7d4 [CANDIDATE]: Term 1 pre-election: Tablet error from VoteRequest() call to peer 83fea33ef82c42c7865ed0784ac0a2fa (127.24.40.194:44257): Illegal state: must be running to vote when last-logged opid is not known
I20260608 12:50:33.503338 29172 leader_election.cc:304] T 8351e8a89ab2457ea581b91f43420bde P ccba6dda34804523939c6efc657ae7d4 [CANDIDATE]: Term 1 pre-election: Election decided. Result: candidate lost. Election summary: received 3 responses out of 3 voters: 1 yes votes; 2 no votes. yes voters: ccba6dda34804523939c6efc657ae7d4; no voters: 83fea33ef82c42c7865ed0784ac0a2fa, df62f8c198f241dfaa50b696dd6b56a4
I20260608 12:50:33.504140 29410 raft_consensus.cc:2749] T 8351e8a89ab2457ea581b91f43420bde P ccba6dda34804523939c6efc657ae7d4 [term 0 FOLLOWER]: Leader pre-election lost for term 1. Reason: could not achieve majority
I20260608 12:50:33.505220 29346 tablet_service.cc:1511] Processing CreateTablet for tablet 379190ebcac2425689ad5a6b76c6043d (DEFAULT_TABLE table=test-workload [id=3c3b1331e9904b7482f3cadec9bb93a4]), partition=RANGE (key) PARTITION 1789569700 <= VALUES < 1968526670
I20260608 12:50:33.506413 29346 data_dirs.cc:400] Could only allocate 1 dirs of requested 3 for tablet 379190ebcac2425689ad5a6b76c6043d. 1 dirs total, 0 dirs full, 0 dirs failed
I20260608 12:50:33.510277 29404 raft_consensus.cc:359] T 2538489d74ac4e6fbb4340262006335c P df62f8c198f241dfaa50b696dd6b56a4 [term 0 FOLLOWER]: Replica starting. Triggering 0 pending ops. Active config: opid_index: -1 OBSOLETE_local: false peers { permanent_uuid: "ccba6dda34804523939c6efc657ae7d4" member_type: VOTER last_known_addr { host: "127.24.40.193" port: 43891 } } peers { permanent_uuid: "83fea33ef82c42c7865ed0784ac0a2fa" member_type: VOTER last_known_addr { host: "127.24.40.194" port: 44257 } } peers { permanent_uuid: "df62f8c198f241dfaa50b696dd6b56a4" member_type: VOTER last_known_addr { host: "127.24.40.195" port: 46747 } }
I20260608 12:50:33.511248 29404 raft_consensus.cc:385] T 2538489d74ac4e6fbb4340262006335c P df62f8c198f241dfaa50b696dd6b56a4 [term 0 FOLLOWER]: Consensus starting up: Expiring failure detector timer to make a prompt election more likely
I20260608 12:50:33.511631 29404 raft_consensus.cc:740] T 2538489d74ac4e6fbb4340262006335c P df62f8c198f241dfaa50b696dd6b56a4 [term 0 FOLLOWER]: Becoming Follower/Learner. State: Replica: df62f8c198f241dfaa50b696dd6b56a4, State: Initialized, Role: FOLLOWER
I20260608 12:50:33.517015 29404 consensus_queue.cc:260] T 2538489d74ac4e6fbb4340262006335c P df62f8c198f241dfaa50b696dd6b56a4 [NON_LEADER]: Queue going to NON_LEADER mode. State: All replicated index: 0, Majority replicated index: 0, Committed index: 0, Last appended: 0.0, Last appended by leader: 0, Current term: 0, Majority size: -1, State: 0, Mode: NON_LEADER, active raft config: opid_index: -1 OBSOLETE_local: false peers { permanent_uuid: "ccba6dda34804523939c6efc657ae7d4" member_type: VOTER last_known_addr { host: "127.24.40.193" port: 43891 } } peers { permanent_uuid: "83fea33ef82c42c7865ed0784ac0a2fa" member_type: VOTER last_known_addr { host: "127.24.40.194" port: 44257 } } peers { permanent_uuid: "df62f8c198f241dfaa50b696dd6b56a4" member_type: VOTER last_known_addr { host: "127.24.40.195" port: 46747 } }
I20260608 12:50:33.517369 29196 tablet_service.cc:1511] Processing CreateTablet for tablet 3d4f33271c024d6db9d38044143b59a1 (DEFAULT_TABLE table=test-workload [id=3c3b1331e9904b7482f3cadec9bb93a4]), partition=RANGE (key) PARTITION 1968526670 <= VALUES
I20260608 12:50:33.518632 29196 data_dirs.cc:400] Could only allocate 1 dirs of requested 3 for tablet 3d4f33271c024d6db9d38044143b59a1. 1 dirs total, 0 dirs full, 0 dirs failed
I20260608 12:50:33.528131 29344 tablet_service.cc:1511] Processing CreateTablet for tablet 3d4f33271c024d6db9d38044143b59a1 (DEFAULT_TABLE table=test-workload [id=3c3b1331e9904b7482f3cadec9bb93a4]), partition=RANGE (key) PARTITION 1968526670 <= VALUES
I20260608 12:50:33.529382 29344 data_dirs.cc:400] Could only allocate 1 dirs of requested 3 for tablet 3d4f33271c024d6db9d38044143b59a1. 1 dirs total, 0 dirs full, 0 dirs failed
I20260608 12:50:33.529325 29271 tablet_service.cc:1511] Processing CreateTablet for tablet 3d4f33271c024d6db9d38044143b59a1 (DEFAULT_TABLE table=test-workload [id=3c3b1331e9904b7482f3cadec9bb93a4]), partition=RANGE (key) PARTITION 1968526670 <= VALUES
I20260608 12:50:33.531014 29271 data_dirs.cc:400] Could only allocate 1 dirs of requested 3 for tablet 3d4f33271c024d6db9d38044143b59a1. 1 dirs total, 0 dirs full, 0 dirs failed
I20260608 12:50:33.545081 29403 tablet_bootstrap.cc:492] T 2538489d74ac4e6fbb4340262006335c P 83fea33ef82c42c7865ed0784ac0a2fa: No bootstrap required, opened a new log
I20260608 12:50:33.545351 29404 ts_tablet_manager.cc:1434] T 2538489d74ac4e6fbb4340262006335c P df62f8c198f241dfaa50b696dd6b56a4: Time spent starting tablet: real 0.042s	user 0.006s	sys 0.002s
I20260608 12:50:33.545639 29403 ts_tablet_manager.cc:1403] T 2538489d74ac4e6fbb4340262006335c P 83fea33ef82c42c7865ed0784ac0a2fa: Time spent bootstrapping tablet: real 0.109s	user 0.012s	sys 0.015s
I20260608 12:50:33.546423 29404 tablet_bootstrap.cc:492] T e99045edcf6a4e048a1d16465301e033 P df62f8c198f241dfaa50b696dd6b56a4: Bootstrap starting.
I20260608 12:50:33.548822 29403 raft_consensus.cc:359] T 2538489d74ac4e6fbb4340262006335c P 83fea33ef82c42c7865ed0784ac0a2fa [term 0 FOLLOWER]: Replica starting. Triggering 0 pending ops. Active config: opid_index: -1 OBSOLETE_local: false peers { permanent_uuid: "ccba6dda34804523939c6efc657ae7d4" member_type: VOTER last_known_addr { host: "127.24.40.193" port: 43891 } } peers { permanent_uuid: "83fea33ef82c42c7865ed0784ac0a2fa" member_type: VOTER last_known_addr { host: "127.24.40.194" port: 44257 } } peers { permanent_uuid: "df62f8c198f241dfaa50b696dd6b56a4" member_type: VOTER last_known_addr { host: "127.24.40.195" port: 46747 } }
I20260608 12:50:33.549530 29403 raft_consensus.cc:385] T 2538489d74ac4e6fbb4340262006335c P 83fea33ef82c42c7865ed0784ac0a2fa [term 0 FOLLOWER]: Consensus starting up: Expiring failure detector timer to make a prompt election more likely
I20260608 12:50:33.549881 29403 raft_consensus.cc:740] T 2538489d74ac4e6fbb4340262006335c P 83fea33ef82c42c7865ed0784ac0a2fa [term 0 FOLLOWER]: Becoming Follower/Learner. State: Replica: 83fea33ef82c42c7865ed0784ac0a2fa, State: Initialized, Role: FOLLOWER
I20260608 12:50:33.550225 29406 tablet_bootstrap.cc:492] T 2538489d74ac4e6fbb4340262006335c P ccba6dda34804523939c6efc657ae7d4: No bootstrap required, opened a new log
I20260608 12:50:33.550706 29406 ts_tablet_manager.cc:1403] T 2538489d74ac4e6fbb4340262006335c P ccba6dda34804523939c6efc657ae7d4: Time spent bootstrapping tablet: real 0.129s	user 0.037s	sys 0.045s
I20260608 12:50:33.550825 29403 consensus_queue.cc:260] T 2538489d74ac4e6fbb4340262006335c P 83fea33ef82c42c7865ed0784ac0a2fa [NON_LEADER]: Queue going to NON_LEADER mode. State: All replicated index: 0, Majority replicated index: 0, Committed index: 0, Last appended: 0.0, Last appended by leader: 0, Current term: 0, Majority size: -1, State: 0, Mode: NON_LEADER, active raft config: opid_index: -1 OBSOLETE_local: false peers { permanent_uuid: "ccba6dda34804523939c6efc657ae7d4" member_type: VOTER last_known_addr { host: "127.24.40.193" port: 43891 } } peers { permanent_uuid: "83fea33ef82c42c7865ed0784ac0a2fa" member_type: VOTER last_known_addr { host: "127.24.40.194" port: 44257 } } peers { permanent_uuid: "df62f8c198f241dfaa50b696dd6b56a4" member_type: VOTER last_known_addr { host: "127.24.40.195" port: 46747 } }
I20260608 12:50:33.552888 29404 tablet_bootstrap.cc:654] T e99045edcf6a4e048a1d16465301e033 P df62f8c198f241dfaa50b696dd6b56a4: Neither blocks nor log segments found. Creating new log.
I20260608 12:50:33.553511 29406 raft_consensus.cc:359] T 2538489d74ac4e6fbb4340262006335c P ccba6dda34804523939c6efc657ae7d4 [term 0 FOLLOWER]: Replica starting. Triggering 0 pending ops. Active config: opid_index: -1 OBSOLETE_local: false peers { permanent_uuid: "ccba6dda34804523939c6efc657ae7d4" member_type: VOTER last_known_addr { host: "127.24.40.193" port: 43891 } } peers { permanent_uuid: "83fea33ef82c42c7865ed0784ac0a2fa" member_type: VOTER last_known_addr { host: "127.24.40.194" port: 44257 } } peers { permanent_uuid: "df62f8c198f241dfaa50b696dd6b56a4" member_type: VOTER last_known_addr { host: "127.24.40.195" port: 46747 } }
I20260608 12:50:33.558759 29403 ts_tablet_manager.cc:1434] T 2538489d74ac4e6fbb4340262006335c P 83fea33ef82c42c7865ed0784ac0a2fa: Time spent starting tablet: real 0.013s	user 0.003s	sys 0.003s
I20260608 12:50:33.560694 29404 tablet_bootstrap.cc:492] T e99045edcf6a4e048a1d16465301e033 P df62f8c198f241dfaa50b696dd6b56a4: No bootstrap required, opened a new log
I20260608 12:50:33.561184 29404 ts_tablet_manager.cc:1403] T e99045edcf6a4e048a1d16465301e033 P df62f8c198f241dfaa50b696dd6b56a4: Time spent bootstrapping tablet: real 0.015s	user 0.007s	sys 0.007s
I20260608 12:50:33.564343 29403 tablet_bootstrap.cc:492] T 8351e8a89ab2457ea581b91f43420bde P 83fea33ef82c42c7865ed0784ac0a2fa: Bootstrap starting.
I20260608 12:50:33.563977 29404 raft_consensus.cc:359] T e99045edcf6a4e048a1d16465301e033 P df62f8c198f241dfaa50b696dd6b56a4 [term 0 FOLLOWER]: Replica starting. Triggering 0 pending ops. Active config: opid_index: -1 OBSOLETE_local: false peers { permanent_uuid: "ccba6dda34804523939c6efc657ae7d4" member_type: VOTER last_known_addr { host: "127.24.40.193" port: 43891 } } peers { permanent_uuid: "83fea33ef82c42c7865ed0784ac0a2fa" member_type: VOTER last_known_addr { host: "127.24.40.194" port: 44257 } } peers { permanent_uuid: "df62f8c198f241dfaa50b696dd6b56a4" member_type: VOTER last_known_addr { host: "127.24.40.195" port: 46747 } }
I20260608 12:50:33.554194 29406 raft_consensus.cc:385] T 2538489d74ac4e6fbb4340262006335c P ccba6dda34804523939c6efc657ae7d4 [term 0 FOLLOWER]: Consensus starting up: Expiring failure detector timer to make a prompt election more likely
I20260608 12:50:33.565312 29404 raft_consensus.cc:385] T e99045edcf6a4e048a1d16465301e033 P df62f8c198f241dfaa50b696dd6b56a4 [term 0 FOLLOWER]: Consensus starting up: Expiring failure detector timer to make a prompt election more likely
I20260608 12:50:33.565403 29406 raft_consensus.cc:740] T 2538489d74ac4e6fbb4340262006335c P ccba6dda34804523939c6efc657ae7d4 [term 0 FOLLOWER]: Becoming Follower/Learner. State: Replica: ccba6dda34804523939c6efc657ae7d4, State: Initialized, Role: FOLLOWER
I20260608 12:50:33.565766 29404 raft_consensus.cc:740] T e99045edcf6a4e048a1d16465301e033 P df62f8c198f241dfaa50b696dd6b56a4 [term 0 FOLLOWER]: Becoming Follower/Learner. State: Replica: df62f8c198f241dfaa50b696dd6b56a4, State: Initialized, Role: FOLLOWER
I20260608 12:50:33.566382 29406 consensus_queue.cc:260] T 2538489d74ac4e6fbb4340262006335c P ccba6dda34804523939c6efc657ae7d4 [NON_LEADER]: Queue going to NON_LEADER mode. State: All replicated index: 0, Majority replicated index: 0, Committed index: 0, Last appended: 0.0, Last appended by leader: 0, Current term: 0, Majority size: -1, State: 0, Mode: NON_LEADER, active raft config: opid_index: -1 OBSOLETE_local: false peers { permanent_uuid: "ccba6dda34804523939c6efc657ae7d4" member_type: VOTER last_known_addr { host: "127.24.40.193" port: 43891 } } peers { permanent_uuid: "83fea33ef82c42c7865ed0784ac0a2fa" member_type: VOTER last_known_addr { host: "127.24.40.194" port: 44257 } } peers { permanent_uuid: "df62f8c198f241dfaa50b696dd6b56a4" member_type: VOTER last_known_addr { host: "127.24.40.195" port: 46747 } }
I20260608 12:50:33.566624 29404 consensus_queue.cc:260] T e99045edcf6a4e048a1d16465301e033 P df62f8c198f241dfaa50b696dd6b56a4 [NON_LEADER]: Queue going to NON_LEADER mode. State: All replicated index: 0, Majority replicated index: 0, Committed index: 0, Last appended: 0.0, Last appended by leader: 0, Current term: 0, Majority size: -1, State: 0, Mode: NON_LEADER, active raft config: opid_index: -1 OBSOLETE_local: false peers { permanent_uuid: "ccba6dda34804523939c6efc657ae7d4" member_type: VOTER last_known_addr { host: "127.24.40.193" port: 43891 } } peers { permanent_uuid: "83fea33ef82c42c7865ed0784ac0a2fa" member_type: VOTER last_known_addr { host: "127.24.40.194" port: 44257 } } peers { permanent_uuid: "df62f8c198f241dfaa50b696dd6b56a4" member_type: VOTER last_known_addr { host: "127.24.40.195" port: 46747 } }
I20260608 12:50:33.568598 29406 ts_tablet_manager.cc:1434] T 2538489d74ac4e6fbb4340262006335c P ccba6dda34804523939c6efc657ae7d4: Time spent starting tablet: real 0.018s	user 0.005s	sys 0.000s
I20260608 12:50:33.569641 29406 tablet_bootstrap.cc:492] T e99045edcf6a4e048a1d16465301e033 P ccba6dda34804523939c6efc657ae7d4: Bootstrap starting.
I20260608 12:50:33.570946 29411 raft_consensus.cc:493] T 2538489d74ac4e6fbb4340262006335c P df62f8c198f241dfaa50b696dd6b56a4 [term 0 FOLLOWER]: Starting pre-election (no leader contacted us within the election timeout)
I20260608 12:50:33.571674 29403 tablet_bootstrap.cc:654] T 8351e8a89ab2457ea581b91f43420bde P 83fea33ef82c42c7865ed0784ac0a2fa: Neither blocks nor log segments found. Creating new log.
I20260608 12:50:33.571403 29411 raft_consensus.cc:515] T 2538489d74ac4e6fbb4340262006335c P df62f8c198f241dfaa50b696dd6b56a4 [term 0 FOLLOWER]: Starting pre-election with config: opid_index: -1 OBSOLETE_local: false peers { permanent_uuid: "ccba6dda34804523939c6efc657ae7d4" member_type: VOTER last_known_addr { host: "127.24.40.193" port: 43891 } } peers { permanent_uuid: "83fea33ef82c42c7865ed0784ac0a2fa" member_type: VOTER last_known_addr { host: "127.24.40.194" port: 44257 } } peers { permanent_uuid: "df62f8c198f241dfaa50b696dd6b56a4" member_type: VOTER last_known_addr { host: "127.24.40.195" port: 46747 } }
I20260608 12:50:33.577278 29406 tablet_bootstrap.cc:654] T e99045edcf6a4e048a1d16465301e033 P ccba6dda34804523939c6efc657ae7d4: Neither blocks nor log segments found. Creating new log.
I20260608 12:50:33.579267 29404 ts_tablet_manager.cc:1434] T e99045edcf6a4e048a1d16465301e033 P df62f8c198f241dfaa50b696dd6b56a4: Time spent starting tablet: real 0.018s	user 0.006s	sys 0.000s
I20260608 12:50:33.580230 29404 tablet_bootstrap.cc:492] T 8351e8a89ab2457ea581b91f43420bde P df62f8c198f241dfaa50b696dd6b56a4: Bootstrap starting.
I20260608 12:50:33.581140 29403 tablet_bootstrap.cc:492] T 8351e8a89ab2457ea581b91f43420bde P 83fea33ef82c42c7865ed0784ac0a2fa: No bootstrap required, opened a new log
I20260608 12:50:33.581668 29403 ts_tablet_manager.cc:1403] T 8351e8a89ab2457ea581b91f43420bde P 83fea33ef82c42c7865ed0784ac0a2fa: Time spent bootstrapping tablet: real 0.018s	user 0.011s	sys 0.003s
I20260608 12:50:33.584851 29403 raft_consensus.cc:359] T 8351e8a89ab2457ea581b91f43420bde P 83fea33ef82c42c7865ed0784ac0a2fa [term 0 FOLLOWER]: Replica starting. Triggering 0 pending ops. Active config: opid_index: -1 OBSOLETE_local: false peers { permanent_uuid: "ccba6dda34804523939c6efc657ae7d4" member_type: VOTER last_known_addr { host: "127.24.40.193" port: 43891 } } peers { permanent_uuid: "83fea33ef82c42c7865ed0784ac0a2fa" member_type: VOTER last_known_addr { host: "127.24.40.194" port: 44257 } } peers { permanent_uuid: "df62f8c198f241dfaa50b696dd6b56a4" member_type: VOTER last_known_addr { host: "127.24.40.195" port: 46747 } }
I20260608 12:50:33.574589 29411 leader_election.cc:290] T 2538489d74ac4e6fbb4340262006335c P df62f8c198f241dfaa50b696dd6b56a4 [CANDIDATE]: Term 1 pre-election: Requested pre-vote from peers ccba6dda34804523939c6efc657ae7d4 (127.24.40.193:43891), 83fea33ef82c42c7865ed0784ac0a2fa (127.24.40.194:44257)
I20260608 12:50:33.588364 29403 raft_consensus.cc:385] T 8351e8a89ab2457ea581b91f43420bde P 83fea33ef82c42c7865ed0784ac0a2fa [term 0 FOLLOWER]: Consensus starting up: Expiring failure detector timer to make a prompt election more likely
I20260608 12:50:33.592418 29404 tablet_bootstrap.cc:654] T 8351e8a89ab2457ea581b91f43420bde P df62f8c198f241dfaa50b696dd6b56a4: Neither blocks nor log segments found. Creating new log.
I20260608 12:50:33.594282 29403 raft_consensus.cc:740] T 8351e8a89ab2457ea581b91f43420bde P 83fea33ef82c42c7865ed0784ac0a2fa [term 0 FOLLOWER]: Becoming Follower/Learner. State: Replica: 83fea33ef82c42c7865ed0784ac0a2fa, State: Initialized, Role: FOLLOWER
I20260608 12:50:33.597954 29403 consensus_queue.cc:260] T 8351e8a89ab2457ea581b91f43420bde P 83fea33ef82c42c7865ed0784ac0a2fa [NON_LEADER]: Queue going to NON_LEADER mode. State: All replicated index: 0, Majority replicated index: 0, Committed index: 0, Last appended: 0.0, Last appended by leader: 0, Current term: 0, Majority size: -1, State: 0, Mode: NON_LEADER, active raft config: opid_index: -1 OBSOLETE_local: false peers { permanent_uuid: "ccba6dda34804523939c6efc657ae7d4" member_type: VOTER last_known_addr { host: "127.24.40.193" port: 43891 } } peers { permanent_uuid: "83fea33ef82c42c7865ed0784ac0a2fa" member_type: VOTER last_known_addr { host: "127.24.40.194" port: 44257 } } peers { permanent_uuid: "df62f8c198f241dfaa50b696dd6b56a4" member_type: VOTER last_known_addr { host: "127.24.40.195" port: 46747 } }
I20260608 12:50:33.600086 29403 ts_tablet_manager.cc:1434] T 8351e8a89ab2457ea581b91f43420bde P 83fea33ef82c42c7865ed0784ac0a2fa: Time spent starting tablet: real 0.018s	user 0.006s	sys 0.000s
I20260608 12:50:33.601720 29403 tablet_bootstrap.cc:492] T 5a3878084e834f30abf6d31df02b6ef3 P 83fea33ef82c42c7865ed0784ac0a2fa: Bootstrap starting.
I20260608 12:50:33.607746 29403 tablet_bootstrap.cc:654] T 5a3878084e834f30abf6d31df02b6ef3 P 83fea33ef82c42c7865ed0784ac0a2fa: Neither blocks nor log segments found. Creating new log.
I20260608 12:50:33.612777 29406 tablet_bootstrap.cc:492] T e99045edcf6a4e048a1d16465301e033 P ccba6dda34804523939c6efc657ae7d4: No bootstrap required, opened a new log
I20260608 12:50:33.615150 29406 ts_tablet_manager.cc:1403] T e99045edcf6a4e048a1d16465301e033 P ccba6dda34804523939c6efc657ae7d4: Time spent bootstrapping tablet: real 0.046s	user 0.015s	sys 0.012s
I20260608 12:50:33.615667 29209 tablet_service.cc:1917] Received RequestConsensusVote() RPC: tablet_id: "2538489d74ac4e6fbb4340262006335c" candidate_uuid: "df62f8c198f241dfaa50b696dd6b56a4" candidate_term: 1 candidate_status { last_received { term: 0 index: 0 } } ignore_live_leader: false dest_uuid: "ccba6dda34804523939c6efc657ae7d4" is_pre_election: true
I20260608 12:50:33.616410 29209 raft_consensus.cc:2468] T 2538489d74ac4e6fbb4340262006335c P ccba6dda34804523939c6efc657ae7d4 [term 0 FOLLOWER]: Leader pre-election vote request: Granting yes vote for candidate df62f8c198f241dfaa50b696dd6b56a4 in term 0.
I20260608 12:50:33.618036 29406 raft_consensus.cc:359] T e99045edcf6a4e048a1d16465301e033 P ccba6dda34804523939c6efc657ae7d4 [term 0 FOLLOWER]: Replica starting. Triggering 0 pending ops. Active config: opid_index: -1 OBSOLETE_local: false peers { permanent_uuid: "ccba6dda34804523939c6efc657ae7d4" member_type: VOTER last_known_addr { host: "127.24.40.193" port: 43891 } } peers { permanent_uuid: "83fea33ef82c42c7865ed0784ac0a2fa" member_type: VOTER last_known_addr { host: "127.24.40.194" port: 44257 } } peers { permanent_uuid: "df62f8c198f241dfaa50b696dd6b56a4" member_type: VOTER last_known_addr { host: "127.24.40.195" port: 46747 } }
I20260608 12:50:33.618242 29323 leader_election.cc:304] T 2538489d74ac4e6fbb4340262006335c P df62f8c198f241dfaa50b696dd6b56a4 [CANDIDATE]: Term 1 pre-election: Election decided. Result: candidate won. Election summary: received 2 responses out of 3 voters: 2 yes votes; 0 no votes. yes voters: ccba6dda34804523939c6efc657ae7d4, df62f8c198f241dfaa50b696dd6b56a4; no voters: 
I20260608 12:50:33.618750 29406 raft_consensus.cc:385] T e99045edcf6a4e048a1d16465301e033 P ccba6dda34804523939c6efc657ae7d4 [term 0 FOLLOWER]: Consensus starting up: Expiring failure detector timer to make a prompt election more likely
I20260608 12:50:33.619086 29406 raft_consensus.cc:740] T e99045edcf6a4e048a1d16465301e033 P ccba6dda34804523939c6efc657ae7d4 [term 0 FOLLOWER]: Becoming Follower/Learner. State: Replica: ccba6dda34804523939c6efc657ae7d4, State: Initialized, Role: FOLLOWER
I20260608 12:50:33.619391 29411 raft_consensus.cc:2804] T 2538489d74ac4e6fbb4340262006335c P df62f8c198f241dfaa50b696dd6b56a4 [term 0 FOLLOWER]: Leader pre-election won for term 1
I20260608 12:50:33.619840 29411 raft_consensus.cc:493] T 2538489d74ac4e6fbb4340262006335c P df62f8c198f241dfaa50b696dd6b56a4 [term 0 FOLLOWER]: Starting leader election (no leader contacted us within the election timeout)
I20260608 12:50:33.620303 29411 raft_consensus.cc:3060] T 2538489d74ac4e6fbb4340262006335c P df62f8c198f241dfaa50b696dd6b56a4 [term 0 FOLLOWER]: Advancing to term 1
I20260608 12:50:33.619938 29406 consensus_queue.cc:260] T e99045edcf6a4e048a1d16465301e033 P ccba6dda34804523939c6efc657ae7d4 [NON_LEADER]: Queue going to NON_LEADER mode. State: All replicated index: 0, Majority replicated index: 0, Committed index: 0, Last appended: 0.0, Last appended by leader: 0, Current term: 0, Majority size: -1, State: 0, Mode: NON_LEADER, active raft config: opid_index: -1 OBSOLETE_local: false peers { permanent_uuid: "ccba6dda34804523939c6efc657ae7d4" member_type: VOTER last_known_addr { host: "127.24.40.193" port: 43891 } } peers { permanent_uuid: "83fea33ef82c42c7865ed0784ac0a2fa" member_type: VOTER last_known_addr { host: "127.24.40.194" port: 44257 } } peers { permanent_uuid: "df62f8c198f241dfaa50b696dd6b56a4" member_type: VOTER last_known_addr { host: "127.24.40.195" port: 46747 } }
I20260608 12:50:33.622148 29406 ts_tablet_manager.cc:1434] T e99045edcf6a4e048a1d16465301e033 P ccba6dda34804523939c6efc657ae7d4: Time spent starting tablet: real 0.007s	user 0.000s	sys 0.004s
I20260608 12:50:33.622046 29284 tablet_service.cc:1917] Received RequestConsensusVote() RPC: tablet_id: "2538489d74ac4e6fbb4340262006335c" candidate_uuid: "df62f8c198f241dfaa50b696dd6b56a4" candidate_term: 1 candidate_status { last_received { term: 0 index: 0 } } ignore_live_leader: false dest_uuid: "83fea33ef82c42c7865ed0784ac0a2fa" is_pre_election: true
I20260608 12:50:33.622696 29284 raft_consensus.cc:2468] T 2538489d74ac4e6fbb4340262006335c P 83fea33ef82c42c7865ed0784ac0a2fa [term 0 FOLLOWER]: Leader pre-election vote request: Granting yes vote for candidate df62f8c198f241dfaa50b696dd6b56a4 in term 0.
I20260608 12:50:33.623132 29406 tablet_bootstrap.cc:492] T 5a3878084e834f30abf6d31df02b6ef3 P ccba6dda34804523939c6efc657ae7d4: Bootstrap starting.
I20260608 12:50:33.629011 29404 tablet_bootstrap.cc:492] T 8351e8a89ab2457ea581b91f43420bde P df62f8c198f241dfaa50b696dd6b56a4: No bootstrap required, opened a new log
I20260608 12:50:33.629536 29404 ts_tablet_manager.cc:1403] T 8351e8a89ab2457ea581b91f43420bde P df62f8c198f241dfaa50b696dd6b56a4: Time spent bootstrapping tablet: real 0.050s	user 0.007s	sys 0.010s
I20260608 12:50:33.631295 29406 tablet_bootstrap.cc:654] T 5a3878084e834f30abf6d31df02b6ef3 P ccba6dda34804523939c6efc657ae7d4: Neither blocks nor log segments found. Creating new log.
I20260608 12:50:33.632232 29404 raft_consensus.cc:359] T 8351e8a89ab2457ea581b91f43420bde P df62f8c198f241dfaa50b696dd6b56a4 [term 0 FOLLOWER]: Replica starting. Triggering 0 pending ops. Active config: opid_index: -1 OBSOLETE_local: false peers { permanent_uuid: "ccba6dda34804523939c6efc657ae7d4" member_type: VOTER last_known_addr { host: "127.24.40.193" port: 43891 } } peers { permanent_uuid: "83fea33ef82c42c7865ed0784ac0a2fa" member_type: VOTER last_known_addr { host: "127.24.40.194" port: 44257 } } peers { permanent_uuid: "df62f8c198f241dfaa50b696dd6b56a4" member_type: VOTER last_known_addr { host: "127.24.40.195" port: 46747 } }
I20260608 12:50:33.632860 29404 raft_consensus.cc:385] T 8351e8a89ab2457ea581b91f43420bde P df62f8c198f241dfaa50b696dd6b56a4 [term 0 FOLLOWER]: Consensus starting up: Expiring failure detector timer to make a prompt election more likely
I20260608 12:50:33.633158 29404 raft_consensus.cc:740] T 8351e8a89ab2457ea581b91f43420bde P df62f8c198f241dfaa50b696dd6b56a4 [term 0 FOLLOWER]: Becoming Follower/Learner. State: Replica: df62f8c198f241dfaa50b696dd6b56a4, State: Initialized, Role: FOLLOWER
I20260608 12:50:33.634050 29411 raft_consensus.cc:515] T 2538489d74ac4e6fbb4340262006335c P df62f8c198f241dfaa50b696dd6b56a4 [term 1 FOLLOWER]: Starting leader election with config: opid_index: -1 OBSOLETE_local: false peers { permanent_uuid: "ccba6dda34804523939c6efc657ae7d4" member_type: VOTER last_known_addr { host: "127.24.40.193" port: 43891 } } peers { permanent_uuid: "83fea33ef82c42c7865ed0784ac0a2fa" member_type: VOTER last_known_addr { host: "127.24.40.194" port: 44257 } } peers { permanent_uuid: "df62f8c198f241dfaa50b696dd6b56a4" member_type: VOTER last_known_addr { host: "127.24.40.195" port: 46747 } }
I20260608 12:50:33.636636 29403 tablet_bootstrap.cc:492] T 5a3878084e834f30abf6d31df02b6ef3 P 83fea33ef82c42c7865ed0784ac0a2fa: No bootstrap required, opened a new log
I20260608 12:50:33.634006 29404 consensus_queue.cc:260] T 8351e8a89ab2457ea581b91f43420bde P df62f8c198f241dfaa50b696dd6b56a4 [NON_LEADER]: Queue going to NON_LEADER mode. State: All replicated index: 0, Majority replicated index: 0, Committed index: 0, Last appended: 0.0, Last appended by leader: 0, Current term: 0, Majority size: -1, State: 0, Mode: NON_LEADER, active raft config: opid_index: -1 OBSOLETE_local: false peers { permanent_uuid: "ccba6dda34804523939c6efc657ae7d4" member_type: VOTER last_known_addr { host: "127.24.40.193" port: 43891 } } peers { permanent_uuid: "83fea33ef82c42c7865ed0784ac0a2fa" member_type: VOTER last_known_addr { host: "127.24.40.194" port: 44257 } } peers { permanent_uuid: "df62f8c198f241dfaa50b696dd6b56a4" member_type: VOTER last_known_addr { host: "127.24.40.195" port: 46747 } }
I20260608 12:50:33.637112 29284 tablet_service.cc:1917] Received RequestConsensusVote() RPC: tablet_id: "2538489d74ac4e6fbb4340262006335c" candidate_uuid: "df62f8c198f241dfaa50b696dd6b56a4" candidate_term: 1 candidate_status { last_received { term: 0 index: 0 } } ignore_live_leader: false dest_uuid: "83fea33ef82c42c7865ed0784ac0a2fa"
I20260608 12:50:33.637670 29284 raft_consensus.cc:3060] T 2538489d74ac4e6fbb4340262006335c P 83fea33ef82c42c7865ed0784ac0a2fa [term 0 FOLLOWER]: Advancing to term 1
I20260608 12:50:33.637132 29403 ts_tablet_manager.cc:1403] T 5a3878084e834f30abf6d31df02b6ef3 P 83fea33ef82c42c7865ed0784ac0a2fa: Time spent bootstrapping tablet: real 0.036s	user 0.009s	sys 0.008s
I20260608 12:50:33.640820 29403 raft_consensus.cc:359] T 5a3878084e834f30abf6d31df02b6ef3 P 83fea33ef82c42c7865ed0784ac0a2fa [term 0 FOLLOWER]: Replica starting. Triggering 0 pending ops. Active config: opid_index: -1 OBSOLETE_local: false peers { permanent_uuid: "ccba6dda34804523939c6efc657ae7d4" member_type: VOTER last_known_addr { host: "127.24.40.193" port: 43891 } } peers { permanent_uuid: "83fea33ef82c42c7865ed0784ac0a2fa" member_type: VOTER last_known_addr { host: "127.24.40.194" port: 44257 } } peers { permanent_uuid: "df62f8c198f241dfaa50b696dd6b56a4" member_type: VOTER last_known_addr { host: "127.24.40.195" port: 46747 } }
I20260608 12:50:33.641438 29403 raft_consensus.cc:385] T 5a3878084e834f30abf6d31df02b6ef3 P 83fea33ef82c42c7865ed0784ac0a2fa [term 0 FOLLOWER]: Consensus starting up: Expiring failure detector timer to make a prompt election more likely
I20260608 12:50:33.641705 29403 raft_consensus.cc:740] T 5a3878084e834f30abf6d31df02b6ef3 P 83fea33ef82c42c7865ed0784ac0a2fa [term 0 FOLLOWER]: Becoming Follower/Learner. State: Replica: 83fea33ef82c42c7865ed0784ac0a2fa, State: Initialized, Role: FOLLOWER
I20260608 12:50:33.642537 29209 tablet_service.cc:1917] Received RequestConsensusVote() RPC: tablet_id: "2538489d74ac4e6fbb4340262006335c" candidate_uuid: "df62f8c198f241dfaa50b696dd6b56a4" candidate_term: 1 candidate_status { last_received { term: 0 index: 0 } } ignore_live_leader: false dest_uuid: "ccba6dda34804523939c6efc657ae7d4"
I20260608 12:50:33.642506 29403 consensus_queue.cc:260] T 5a3878084e834f30abf6d31df02b6ef3 P 83fea33ef82c42c7865ed0784ac0a2fa [NON_LEADER]: Queue going to NON_LEADER mode. State: All replicated index: 0, Majority replicated index: 0, Committed index: 0, Last appended: 0.0, Last appended by leader: 0, Current term: 0, Majority size: -1, State: 0, Mode: NON_LEADER, active raft config: opid_index: -1 OBSOLETE_local: false peers { permanent_uuid: "ccba6dda34804523939c6efc657ae7d4" member_type: VOTER last_known_addr { host: "127.24.40.193" port: 43891 } } peers { permanent_uuid: "83fea33ef82c42c7865ed0784ac0a2fa" member_type: VOTER last_known_addr { host: "127.24.40.194" port: 44257 } } peers { permanent_uuid: "df62f8c198f241dfaa50b696dd6b56a4" member_type: VOTER last_known_addr { host: "127.24.40.195" port: 46747 } }
I20260608 12:50:33.643178 29209 raft_consensus.cc:3060] T 2538489d74ac4e6fbb4340262006335c P ccba6dda34804523939c6efc657ae7d4 [term 0 FOLLOWER]: Advancing to term 1
I20260608 12:50:33.644927 29404 ts_tablet_manager.cc:1434] T 8351e8a89ab2457ea581b91f43420bde P df62f8c198f241dfaa50b696dd6b56a4: Time spent starting tablet: real 0.015s	user 0.008s	sys 0.000s
I20260608 12:50:33.645879 29404 tablet_bootstrap.cc:492] T 5a3878084e834f30abf6d31df02b6ef3 P df62f8c198f241dfaa50b696dd6b56a4: Bootstrap starting.
I20260608 12:50:33.650960 29403 ts_tablet_manager.cc:1434] T 5a3878084e834f30abf6d31df02b6ef3 P 83fea33ef82c42c7865ed0784ac0a2fa: Time spent starting tablet: real 0.013s	user 0.002s	sys 0.004s
W20260608 12:50:33.651098 29235 tablet.cc:2404] T 2538489d74ac4e6fbb4340262006335c P ccba6dda34804523939c6efc657ae7d4: Can't schedule compaction. Clean time has not been advanced past its initial value.
I20260608 12:50:33.653261 29403 tablet_bootstrap.cc:492] T c36188cf4a8048be947318cac5f49e80 P 83fea33ef82c42c7865ed0784ac0a2fa: Bootstrap starting.
I20260608 12:50:33.658519 29404 tablet_bootstrap.cc:654] T 5a3878084e834f30abf6d31df02b6ef3 P df62f8c198f241dfaa50b696dd6b56a4: Neither blocks nor log segments found. Creating new log.
I20260608 12:50:33.661191 29209 raft_consensus.cc:2468] T 2538489d74ac4e6fbb4340262006335c P ccba6dda34804523939c6efc657ae7d4 [term 1 FOLLOWER]: Leader election vote request: Granting yes vote for candidate df62f8c198f241dfaa50b696dd6b56a4 in term 1.
I20260608 12:50:33.661955 29284 raft_consensus.cc:2468] T 2538489d74ac4e6fbb4340262006335c P 83fea33ef82c42c7865ed0784ac0a2fa [term 1 FOLLOWER]: Leader election vote request: Granting yes vote for candidate df62f8c198f241dfaa50b696dd6b56a4 in term 1.
I20260608 12:50:33.662405 29411 leader_election.cc:290] T 2538489d74ac4e6fbb4340262006335c P df62f8c198f241dfaa50b696dd6b56a4 [CANDIDATE]: Term 1 election: Requested vote from peers ccba6dda34804523939c6efc657ae7d4 (127.24.40.193:43891), 83fea33ef82c42c7865ed0784ac0a2fa (127.24.40.194:44257)
I20260608 12:50:33.663509 29409 raft_consensus.cc:493] T e99045edcf6a4e048a1d16465301e033 P 83fea33ef82c42c7865ed0784ac0a2fa [term 0 FOLLOWER]: Starting pre-election (no leader contacted us within the election timeout)
I20260608 12:50:33.664070 29403 tablet_bootstrap.cc:654] T c36188cf4a8048be947318cac5f49e80 P 83fea33ef82c42c7865ed0784ac0a2fa: Neither blocks nor log segments found. Creating new log.
I20260608 12:50:33.665364 29406 tablet_bootstrap.cc:492] T 5a3878084e834f30abf6d31df02b6ef3 P ccba6dda34804523939c6efc657ae7d4: No bootstrap required, opened a new log
I20260608 12:50:33.665261 29323 leader_election.cc:304] T 2538489d74ac4e6fbb4340262006335c P df62f8c198f241dfaa50b696dd6b56a4 [CANDIDATE]: Term 1 election: Election decided. Result: candidate won. Election summary: received 2 responses out of 3 voters: 2 yes votes; 0 no votes. yes voters: ccba6dda34804523939c6efc657ae7d4, df62f8c198f241dfaa50b696dd6b56a4; no voters: 
I20260608 12:50:33.665947 29406 ts_tablet_manager.cc:1403] T 5a3878084e834f30abf6d31df02b6ef3 P ccba6dda34804523939c6efc657ae7d4: Time spent bootstrapping tablet: real 0.043s	user 0.007s	sys 0.031s
I20260608 12:50:33.665761 29409 raft_consensus.cc:515] T e99045edcf6a4e048a1d16465301e033 P 83fea33ef82c42c7865ed0784ac0a2fa [term 0 FOLLOWER]: Starting pre-election with config: opid_index: -1 OBSOLETE_local: false peers { permanent_uuid: "ccba6dda34804523939c6efc657ae7d4" member_type: VOTER last_known_addr { host: "127.24.40.193" port: 43891 } } peers { permanent_uuid: "83fea33ef82c42c7865ed0784ac0a2fa" member_type: VOTER last_known_addr { host: "127.24.40.194" port: 44257 } } peers { permanent_uuid: "df62f8c198f241dfaa50b696dd6b56a4" member_type: VOTER last_known_addr { host: "127.24.40.195" port: 46747 } }
I20260608 12:50:33.668390 29411 raft_consensus.cc:2804] T 2538489d74ac4e6fbb4340262006335c P df62f8c198f241dfaa50b696dd6b56a4 [term 1 FOLLOWER]: Leader election won for term 1
I20260608 12:50:33.668919 29411 raft_consensus.cc:697] T 2538489d74ac4e6fbb4340262006335c P df62f8c198f241dfaa50b696dd6b56a4 [term 1 LEADER]: Becoming Leader. State: Replica: df62f8c198f241dfaa50b696dd6b56a4, State: Running, Role: LEADER
I20260608 12:50:33.669114 29409 leader_election.cc:290] T e99045edcf6a4e048a1d16465301e033 P 83fea33ef82c42c7865ed0784ac0a2fa [CANDIDATE]: Term 1 pre-election: Requested pre-vote from peers ccba6dda34804523939c6efc657ae7d4 (127.24.40.193:43891), df62f8c198f241dfaa50b696dd6b56a4 (127.24.40.195:46747)
I20260608 12:50:33.669658 29409 raft_consensus.cc:493] T 5a3878084e834f30abf6d31df02b6ef3 P 83fea33ef82c42c7865ed0784ac0a2fa [term 0 FOLLOWER]: Starting pre-election (no leader contacted us within the election timeout)
I20260608 12:50:33.670014 29409 raft_consensus.cc:515] T 5a3878084e834f30abf6d31df02b6ef3 P 83fea33ef82c42c7865ed0784ac0a2fa [term 0 FOLLOWER]: Starting pre-election with config: opid_index: -1 OBSOLETE_local: false peers { permanent_uuid: "ccba6dda34804523939c6efc657ae7d4" member_type: VOTER last_known_addr { host: "127.24.40.193" port: 43891 } } peers { permanent_uuid: "83fea33ef82c42c7865ed0784ac0a2fa" member_type: VOTER last_known_addr { host: "127.24.40.194" port: 44257 } } peers { permanent_uuid: "df62f8c198f241dfaa50b696dd6b56a4" member_type: VOTER last_known_addr { host: "127.24.40.195" port: 46747 } }
I20260608 12:50:33.672258 29406 raft_consensus.cc:359] T 5a3878084e834f30abf6d31df02b6ef3 P ccba6dda34804523939c6efc657ae7d4 [term 0 FOLLOWER]: Replica starting. Triggering 0 pending ops. Active config: opid_index: -1 OBSOLETE_local: false peers { permanent_uuid: "ccba6dda34804523939c6efc657ae7d4" member_type: VOTER last_known_addr { host: "127.24.40.193" port: 43891 } } peers { permanent_uuid: "83fea33ef82c42c7865ed0784ac0a2fa" member_type: VOTER last_known_addr { host: "127.24.40.194" port: 44257 } } peers { permanent_uuid: "df62f8c198f241dfaa50b696dd6b56a4" member_type: VOTER last_known_addr { host: "127.24.40.195" port: 46747 } }
I20260608 12:50:33.673180 29406 raft_consensus.cc:385] T 5a3878084e834f30abf6d31df02b6ef3 P ccba6dda34804523939c6efc657ae7d4 [term 0 FOLLOWER]: Consensus starting up: Expiring failure detector timer to make a prompt election more likely
I20260608 12:50:33.673521 29406 raft_consensus.cc:740] T 5a3878084e834f30abf6d31df02b6ef3 P ccba6dda34804523939c6efc657ae7d4 [term 0 FOLLOWER]: Becoming Follower/Learner. State: Replica: ccba6dda34804523939c6efc657ae7d4, State: Initialized, Role: FOLLOWER
I20260608 12:50:33.670035 29411 consensus_queue.cc:237] T 2538489d74ac4e6fbb4340262006335c P df62f8c198f241dfaa50b696dd6b56a4 [LEADER]: Queue going to LEADER mode. State: All replicated index: 0, Majority replicated index: 0, Committed index: 0, Last appended: 0.0, Last appended by leader: 0, Current term: 1, Majority size: 2, State: 0, Mode: LEADER, active raft config: opid_index: -1 OBSOLETE_local: false peers { permanent_uuid: "ccba6dda34804523939c6efc657ae7d4" member_type: VOTER last_known_addr { host: "127.24.40.193" port: 43891 } } peers { permanent_uuid: "83fea33ef82c42c7865ed0784ac0a2fa" member_type: VOTER last_known_addr { host: "127.24.40.194" port: 44257 } } peers { permanent_uuid: "df62f8c198f241dfaa50b696dd6b56a4" member_type: VOTER last_known_addr { host: "127.24.40.195" port: 46747 } }
I20260608 12:50:33.695292 29406 consensus_queue.cc:260] T 5a3878084e834f30abf6d31df02b6ef3 P ccba6dda34804523939c6efc657ae7d4 [NON_LEADER]: Queue going to NON_LEADER mode. State: All replicated index: 0, Majority replicated index: 0, Committed index: 0, Last appended: 0.0, Last appended by leader: 0, Current term: 0, Majority size: -1, State: 0, Mode: NON_LEADER, active raft config: opid_index: -1 OBSOLETE_local: false peers { permanent_uuid: "ccba6dda34804523939c6efc657ae7d4" member_type: VOTER last_known_addr { host: "127.24.40.193" port: 43891 } } peers { permanent_uuid: "83fea33ef82c42c7865ed0784ac0a2fa" member_type: VOTER last_known_addr { host: "127.24.40.194" port: 44257 } } peers { permanent_uuid: "df62f8c198f241dfaa50b696dd6b56a4" member_type: VOTER last_known_addr { host: "127.24.40.195" port: 46747 } }
I20260608 12:50:33.699235 29409 leader_election.cc:290] T 5a3878084e834f30abf6d31df02b6ef3 P 83fea33ef82c42c7865ed0784ac0a2fa [CANDIDATE]: Term 1 pre-election: Requested pre-vote from peers ccba6dda34804523939c6efc657ae7d4 (127.24.40.193:43891), df62f8c198f241dfaa50b696dd6b56a4 (127.24.40.195:46747)
I20260608 12:50:33.699465 29404 tablet_bootstrap.cc:492] T 5a3878084e834f30abf6d31df02b6ef3 P df62f8c198f241dfaa50b696dd6b56a4: No bootstrap required, opened a new log
I20260608 12:50:33.699929 29406 ts_tablet_manager.cc:1434] T 5a3878084e834f30abf6d31df02b6ef3 P ccba6dda34804523939c6efc657ae7d4: Time spent starting tablet: real 0.034s	user 0.007s	sys 0.000s
I20260608 12:50:33.699934 29404 ts_tablet_manager.cc:1403] T 5a3878084e834f30abf6d31df02b6ef3 P df62f8c198f241dfaa50b696dd6b56a4: Time spent bootstrapping tablet: real 0.054s	user 0.020s	sys 0.008s
I20260608 12:50:33.700696 29403 tablet_bootstrap.cc:492] T c36188cf4a8048be947318cac5f49e80 P 83fea33ef82c42c7865ed0784ac0a2fa: No bootstrap required, opened a new log
I20260608 12:50:33.700901 29406 tablet_bootstrap.cc:492] T c36188cf4a8048be947318cac5f49e80 P ccba6dda34804523939c6efc657ae7d4: Bootstrap starting.
I20260608 12:50:33.701393 29403 ts_tablet_manager.cc:1403] T c36188cf4a8048be947318cac5f49e80 P 83fea33ef82c42c7865ed0784ac0a2fa: Time spent bootstrapping tablet: real 0.048s	user 0.023s	sys 0.009s
I20260608 12:50:33.703091 29404 raft_consensus.cc:359] T 5a3878084e834f30abf6d31df02b6ef3 P df62f8c198f241dfaa50b696dd6b56a4 [term 0 FOLLOWER]: Replica starting. Triggering 0 pending ops. Active config: opid_index: -1 OBSOLETE_local: false peers { permanent_uuid: "ccba6dda34804523939c6efc657ae7d4" member_type: VOTER last_known_addr { host: "127.24.40.193" port: 43891 } } peers { permanent_uuid: "83fea33ef82c42c7865ed0784ac0a2fa" member_type: VOTER last_known_addr { host: "127.24.40.194" port: 44257 } } peers { permanent_uuid: "df62f8c198f241dfaa50b696dd6b56a4" member_type: VOTER last_known_addr { host: "127.24.40.195" port: 46747 } }
I20260608 12:50:33.703841 29404 raft_consensus.cc:385] T 5a3878084e834f30abf6d31df02b6ef3 P df62f8c198f241dfaa50b696dd6b56a4 [term 0 FOLLOWER]: Consensus starting up: Expiring failure detector timer to make a prompt election more likely
I20260608 12:50:33.704137 29404 raft_consensus.cc:740] T 5a3878084e834f30abf6d31df02b6ef3 P df62f8c198f241dfaa50b696dd6b56a4 [term 0 FOLLOWER]: Becoming Follower/Learner. State: Replica: df62f8c198f241dfaa50b696dd6b56a4, State: Initialized, Role: FOLLOWER
I20260608 12:50:33.704331 29403 raft_consensus.cc:359] T c36188cf4a8048be947318cac5f49e80 P 83fea33ef82c42c7865ed0784ac0a2fa [term 0 FOLLOWER]: Replica starting. Triggering 0 pending ops. Active config: opid_index: -1 OBSOLETE_local: false peers { permanent_uuid: "ccba6dda34804523939c6efc657ae7d4" member_type: VOTER last_known_addr { host: "127.24.40.193" port: 43891 } } peers { permanent_uuid: "83fea33ef82c42c7865ed0784ac0a2fa" member_type: VOTER last_known_addr { host: "127.24.40.194" port: 44257 } } peers { permanent_uuid: "df62f8c198f241dfaa50b696dd6b56a4" member_type: VOTER last_known_addr { host: "127.24.40.195" port: 46747 } }
I20260608 12:50:33.705053 29403 raft_consensus.cc:385] T c36188cf4a8048be947318cac5f49e80 P 83fea33ef82c42c7865ed0784ac0a2fa [term 0 FOLLOWER]: Consensus starting up: Expiring failure detector timer to make a prompt election more likely
I20260608 12:50:33.704939 29404 consensus_queue.cc:260] T 5a3878084e834f30abf6d31df02b6ef3 P df62f8c198f241dfaa50b696dd6b56a4 [NON_LEADER]: Queue going to NON_LEADER mode. State: All replicated index: 0, Majority replicated index: 0, Committed index: 0, Last appended: 0.0, Last appended by leader: 0, Current term: 0, Majority size: -1, State: 0, Mode: NON_LEADER, active raft config: opid_index: -1 OBSOLETE_local: false peers { permanent_uuid: "ccba6dda34804523939c6efc657ae7d4" member_type: VOTER last_known_addr { host: "127.24.40.193" port: 43891 } } peers { permanent_uuid: "83fea33ef82c42c7865ed0784ac0a2fa" member_type: VOTER last_known_addr { host: "127.24.40.194" port: 44257 } } peers { permanent_uuid: "df62f8c198f241dfaa50b696dd6b56a4" member_type: VOTER last_known_addr { host: "127.24.40.195" port: 46747 } }
I20260608 12:50:33.705427 29403 raft_consensus.cc:740] T c36188cf4a8048be947318cac5f49e80 P 83fea33ef82c42c7865ed0784ac0a2fa [term 0 FOLLOWER]: Becoming Follower/Learner. State: Replica: 83fea33ef82c42c7865ed0784ac0a2fa, State: Initialized, Role: FOLLOWER
I20260608 12:50:33.706358 29403 consensus_queue.cc:260] T c36188cf4a8048be947318cac5f49e80 P 83fea33ef82c42c7865ed0784ac0a2fa [NON_LEADER]: Queue going to NON_LEADER mode. State: All replicated index: 0, Majority replicated index: 0, Committed index: 0, Last appended: 0.0, Last appended by leader: 0, Current term: 0, Majority size: -1, State: 0, Mode: NON_LEADER, active raft config: opid_index: -1 OBSOLETE_local: false peers { permanent_uuid: "ccba6dda34804523939c6efc657ae7d4" member_type: VOTER last_known_addr { host: "127.24.40.193" port: 43891 } } peers { permanent_uuid: "83fea33ef82c42c7865ed0784ac0a2fa" member_type: VOTER last_known_addr { host: "127.24.40.194" port: 44257 } } peers { permanent_uuid: "df62f8c198f241dfaa50b696dd6b56a4" member_type: VOTER last_known_addr { host: "127.24.40.195" port: 46747 } }
I20260608 12:50:33.707409 29404 ts_tablet_manager.cc:1434] T 5a3878084e834f30abf6d31df02b6ef3 P df62f8c198f241dfaa50b696dd6b56a4: Time spent starting tablet: real 0.007s	user 0.005s	sys 0.000s
I20260608 12:50:33.708453 29404 tablet_bootstrap.cc:492] T 33c83229fc604ee5b73f3031118fc951 P df62f8c198f241dfaa50b696dd6b56a4: Bootstrap starting.
I20260608 12:50:33.710549 29403 ts_tablet_manager.cc:1434] T c36188cf4a8048be947318cac5f49e80 P 83fea33ef82c42c7865ed0784ac0a2fa: Time spent starting tablet: real 0.009s	user 0.006s	sys 0.000s
I20260608 12:50:33.711346 29358 tablet_service.cc:1917] Received RequestConsensusVote() RPC: tablet_id: "e99045edcf6a4e048a1d16465301e033" candidate_uuid: "83fea33ef82c42c7865ed0784ac0a2fa" candidate_term: 1 candidate_status { last_received { term: 0 index: 0 } } ignore_live_leader: false dest_uuid: "df62f8c198f241dfaa50b696dd6b56a4" is_pre_election: true
I20260608 12:50:33.711635 29403 tablet_bootstrap.cc:492] T 33c83229fc604ee5b73f3031118fc951 P 83fea33ef82c42c7865ed0784ac0a2fa: Bootstrap starting.
I20260608 12:50:33.711978 29358 raft_consensus.cc:2468] T e99045edcf6a4e048a1d16465301e033 P df62f8c198f241dfaa50b696dd6b56a4 [term 0 FOLLOWER]: Leader pre-election vote request: Granting yes vote for candidate 83fea33ef82c42c7865ed0784ac0a2fa in term 0.
I20260608 12:50:33.713804 29358 tablet_service.cc:1917] Received RequestConsensusVote() RPC: tablet_id: "5a3878084e834f30abf6d31df02b6ef3" candidate_uuid: "83fea33ef82c42c7865ed0784ac0a2fa" candidate_term: 1 candidate_status { last_received { term: 0 index: 0 } } ignore_live_leader: false dest_uuid: "df62f8c198f241dfaa50b696dd6b56a4" is_pre_election: true
I20260608 12:50:33.714381 29358 raft_consensus.cc:2468] T 5a3878084e834f30abf6d31df02b6ef3 P df62f8c198f241dfaa50b696dd6b56a4 [term 0 FOLLOWER]: Leader pre-election vote request: Granting yes vote for candidate 83fea33ef82c42c7865ed0784ac0a2fa in term 0.
I20260608 12:50:33.716009 29248 leader_election.cc:304] T e99045edcf6a4e048a1d16465301e033 P 83fea33ef82c42c7865ed0784ac0a2fa [CANDIDATE]: Term 1 pre-election: Election decided. Result: candidate won. Election summary: received 2 responses out of 3 voters: 2 yes votes; 0 no votes. yes voters: 83fea33ef82c42c7865ed0784ac0a2fa, df62f8c198f241dfaa50b696dd6b56a4; no voters: 
I20260608 12:50:33.718299 29403 tablet_bootstrap.cc:654] T 33c83229fc604ee5b73f3031118fc951 P 83fea33ef82c42c7865ed0784ac0a2fa: Neither blocks nor log segments found. Creating new log.
I20260608 12:50:33.722846 29409 raft_consensus.cc:2804] T e99045edcf6a4e048a1d16465301e033 P 83fea33ef82c42c7865ed0784ac0a2fa [term 0 FOLLOWER]: Leader pre-election won for term 1
I20260608 12:50:33.723173 29409 raft_consensus.cc:493] T e99045edcf6a4e048a1d16465301e033 P 83fea33ef82c42c7865ed0784ac0a2fa [term 0 FOLLOWER]: Starting leader election (no leader contacted us within the election timeout)
I20260608 12:50:33.723510 29409 raft_consensus.cc:3060] T e99045edcf6a4e048a1d16465301e033 P 83fea33ef82c42c7865ed0784ac0a2fa [term 0 FOLLOWER]: Advancing to term 1
I20260608 12:50:33.724171 29404 tablet_bootstrap.cc:654] T 33c83229fc604ee5b73f3031118fc951 P df62f8c198f241dfaa50b696dd6b56a4: Neither blocks nor log segments found. Creating new log.
I20260608 12:50:33.721211 29406 tablet_bootstrap.cc:654] T c36188cf4a8048be947318cac5f49e80 P ccba6dda34804523939c6efc657ae7d4: Neither blocks nor log segments found. Creating new log.
I20260608 12:50:33.721555 29209 tablet_service.cc:1917] Received RequestConsensusVote() RPC: tablet_id: "e99045edcf6a4e048a1d16465301e033" candidate_uuid: "83fea33ef82c42c7865ed0784ac0a2fa" candidate_term: 1 candidate_status { last_received { term: 0 index: 0 } } ignore_live_leader: false dest_uuid: "ccba6dda34804523939c6efc657ae7d4" is_pre_election: true
I20260608 12:50:33.725024 29209 raft_consensus.cc:2468] T e99045edcf6a4e048a1d16465301e033 P ccba6dda34804523939c6efc657ae7d4 [term 0 FOLLOWER]: Leader pre-election vote request: Granting yes vote for candidate 83fea33ef82c42c7865ed0784ac0a2fa in term 0.
I20260608 12:50:33.725234 29248 leader_election.cc:304] T 5a3878084e834f30abf6d31df02b6ef3 P 83fea33ef82c42c7865ed0784ac0a2fa [CANDIDATE]: Term 1 pre-election: Election decided. Result: candidate won. Election summary: received 2 responses out of 3 voters: 2 yes votes; 0 no votes. yes voters: 83fea33ef82c42c7865ed0784ac0a2fa, df62f8c198f241dfaa50b696dd6b56a4; no voters: 
I20260608 12:50:33.726074 29427 raft_consensus.cc:2804] T 5a3878084e834f30abf6d31df02b6ef3 P 83fea33ef82c42c7865ed0784ac0a2fa [term 0 FOLLOWER]: Leader pre-election won for term 1
I20260608 12:50:33.721668 29208 tablet_service.cc:1917] Received RequestConsensusVote() RPC: tablet_id: "5a3878084e834f30abf6d31df02b6ef3" candidate_uuid: "83fea33ef82c42c7865ed0784ac0a2fa" candidate_term: 1 candidate_status { last_received { term: 0 index: 0 } } ignore_live_leader: false dest_uuid: "ccba6dda34804523939c6efc657ae7d4" is_pre_election: true
I20260608 12:50:33.726468 29427 raft_consensus.cc:493] T 5a3878084e834f30abf6d31df02b6ef3 P 83fea33ef82c42c7865ed0784ac0a2fa [term 0 FOLLOWER]: Starting leader election (no leader contacted us within the election timeout)
I20260608 12:50:33.727129 29208 raft_consensus.cc:2468] T 5a3878084e834f30abf6d31df02b6ef3 P ccba6dda34804523939c6efc657ae7d4 [term 0 FOLLOWER]: Leader pre-election vote request: Granting yes vote for candidate 83fea33ef82c42c7865ed0784ac0a2fa in term 0.
I20260608 12:50:33.727203 29427 raft_consensus.cc:3060] T 5a3878084e834f30abf6d31df02b6ef3 P 83fea33ef82c42c7865ed0784ac0a2fa [term 0 FOLLOWER]: Advancing to term 1
