I20260608 12:48:33.377343 25829 raft_consensus.cc:515] T 04e79051bf7d45ff9a3d30c43839a5d6 P 4b2045ea99bc492c8045beed65bd2c25 [term 0 FOLLOWER]: Starting pre-election with config: opid_index: -1 OBSOLETE_local: false peers { permanent_uuid: "4b2045ea99bc492c8045beed65bd2c25" member_type: VOTER last_known_addr { host: "127.24.90.129" port: 38213 } } peers { permanent_uuid: "ec5c84371e41464a8b611ca47b6b171d" member_type: VOTER last_known_addr { host: "127.24.90.130" port: 35257 } } peers { permanent_uuid: "ceca9355f2ab47caa0a0301dbd23dc52" member_type: VOTER last_known_addr { host: "127.24.90.131" port: 32993 } }
I20260608 12:48:33.380118 25803 raft_consensus.cc:359] T c2343f1e79bc43e9b2c7a0c8095c8f96 P ec5c84371e41464a8b611ca47b6b171d [term 0 FOLLOWER]: Replica starting. Triggering 0 pending ops. Active config: opid_index: -1 OBSOLETE_local: false peers { permanent_uuid: "4b2045ea99bc492c8045beed65bd2c25" member_type: VOTER last_known_addr { host: "127.24.90.129" port: 38213 } } peers { permanent_uuid: "ec5c84371e41464a8b611ca47b6b171d" member_type: VOTER last_known_addr { host: "127.24.90.130" port: 35257 } } peers { permanent_uuid: "ceca9355f2ab47caa0a0301dbd23dc52" member_type: VOTER last_known_addr { host: "127.24.90.131" port: 32993 } }
I20260608 12:48:33.381150 25803 raft_consensus.cc:385] T c2343f1e79bc43e9b2c7a0c8095c8f96 P ec5c84371e41464a8b611ca47b6b171d [term 0 FOLLOWER]: Consensus starting up: Expiring failure detector timer to make a prompt election more likely
I20260608 12:48:33.381553 25803 raft_consensus.cc:740] T c2343f1e79bc43e9b2c7a0c8095c8f96 P ec5c84371e41464a8b611ca47b6b171d [term 0 FOLLOWER]: Becoming Follower/Learner. State: Replica: ec5c84371e41464a8b611ca47b6b171d, State: Initialized, Role: FOLLOWER
I20260608 12:48:33.382588 25803 consensus_queue.cc:260] T c2343f1e79bc43e9b2c7a0c8095c8f96 P ec5c84371e41464a8b611ca47b6b171d [NON_LEADER]: Queue going to NON_LEADER mode. State: All replicated index: 0, Majority replicated index: 0, Committed index: 0, Last appended: 0.0, Last appended by leader: 0, Current term: 0, Majority size: -1, State: 0, Mode: NON_LEADER, active raft config: opid_index: -1 OBSOLETE_local: false peers { permanent_uuid: "4b2045ea99bc492c8045beed65bd2c25" member_type: VOTER last_known_addr { host: "127.24.90.129" port: 38213 } } peers { permanent_uuid: "ec5c84371e41464a8b611ca47b6b171d" member_type: VOTER last_known_addr { host: "127.24.90.130" port: 35257 } } peers { permanent_uuid: "ceca9355f2ab47caa0a0301dbd23dc52" member_type: VOTER last_known_addr { host: "127.24.90.131" port: 32993 } }
I20260608 12:48:33.383179 25682 tablet_service.cc:1917] Received RequestConsensusVote() RPC: tablet_id: "04e79051bf7d45ff9a3d30c43839a5d6" candidate_uuid: "4b2045ea99bc492c8045beed65bd2c25" candidate_term: 1 candidate_status { last_received { term: 0 index: 0 } } ignore_live_leader: false dest_uuid: "ec5c84371e41464a8b611ca47b6b171d" is_pre_election: true
I20260608 12:48:33.384065 25682 raft_consensus.cc:2468] T 04e79051bf7d45ff9a3d30c43839a5d6 P ec5c84371e41464a8b611ca47b6b171d [term 0 FOLLOWER]: Leader pre-election vote request: Granting yes vote for candidate 4b2045ea99bc492c8045beed65bd2c25 in term 0.
I20260608 12:48:33.385488 25803 ts_tablet_manager.cc:1434] T c2343f1e79bc43e9b2c7a0c8095c8f96 P ec5c84371e41464a8b611ca47b6b171d: Time spent starting tablet: real 0.009s	user 0.011s	sys 0.000s
I20260608 12:48:33.386551 25803 tablet_bootstrap.cc:492] T c0053d01e9054b5f8f11874ae43fdadb P ec5c84371e41464a8b611ca47b6b171d: Bootstrap starting.
I20260608 12:48:33.387394 25755 tablet_service.cc:1917] Received RequestConsensusVote() RPC: tablet_id: "04e79051bf7d45ff9a3d30c43839a5d6" candidate_uuid: "4b2045ea99bc492c8045beed65bd2c25" candidate_term: 1 candidate_status { last_received { term: 0 index: 0 } } ignore_live_leader: false dest_uuid: "ceca9355f2ab47caa0a0301dbd23dc52" is_pre_election: true
I20260608 12:48:33.388265 25755 raft_consensus.cc:2468] T 04e79051bf7d45ff9a3d30c43839a5d6 P ceca9355f2ab47caa0a0301dbd23dc52 [term 0 FOLLOWER]: Leader pre-election vote request: Granting yes vote for candidate 4b2045ea99bc492c8045beed65bd2c25 in term 0.
I20260608 12:48:33.390069 25573 leader_election.cc:304] T 04e79051bf7d45ff9a3d30c43839a5d6 P 4b2045ea99bc492c8045beed65bd2c25 [CANDIDATE]: Term 1 pre-election: Election decided. Result: candidate won. Election summary: received 2 responses out of 3 voters: 2 yes votes; 0 no votes. yes voters: 4b2045ea99bc492c8045beed65bd2c25, ceca9355f2ab47caa0a0301dbd23dc52; no voters: 
I20260608 12:48:33.391144 25827 raft_consensus.cc:2804] T 04e79051bf7d45ff9a3d30c43839a5d6 P 4b2045ea99bc492c8045beed65bd2c25 [term 0 FOLLOWER]: Leader pre-election won for term 1
I20260608 12:48:33.391522 25827 raft_consensus.cc:493] T 04e79051bf7d45ff9a3d30c43839a5d6 P 4b2045ea99bc492c8045beed65bd2c25 [term 0 FOLLOWER]: Starting leader election (no leader contacted us within the election timeout)
I20260608 12:48:33.391656 25803 tablet_bootstrap.cc:654] T c0053d01e9054b5f8f11874ae43fdadb P ec5c84371e41464a8b611ca47b6b171d: Neither blocks nor log segments found. Creating new log.
I20260608 12:48:33.391914 25827 raft_consensus.cc:3060] T 04e79051bf7d45ff9a3d30c43839a5d6 P 4b2045ea99bc492c8045beed65bd2c25 [term 0 FOLLOWER]: Advancing to term 1
I20260608 12:48:33.392100 25829 leader_election.cc:290] T 04e79051bf7d45ff9a3d30c43839a5d6 P 4b2045ea99bc492c8045beed65bd2c25 [CANDIDATE]: Term 1 pre-election: Requested pre-vote from peers ec5c84371e41464a8b611ca47b6b171d (127.24.90.130:35257), ceca9355f2ab47caa0a0301dbd23dc52 (127.24.90.131:32993)
I20260608 12:48:33.403457 25801 tablet_bootstrap.cc:492] T c2343f1e79bc43e9b2c7a0c8095c8f96 P 4b2045ea99bc492c8045beed65bd2c25: No bootstrap required, opened a new log
I20260608 12:48:33.403872 25803 tablet_bootstrap.cc:492] T c0053d01e9054b5f8f11874ae43fdadb P ec5c84371e41464a8b611ca47b6b171d: No bootstrap required, opened a new log
I20260608 12:48:33.403975 25801 ts_tablet_manager.cc:1403] T c2343f1e79bc43e9b2c7a0c8095c8f96 P 4b2045ea99bc492c8045beed65bd2c25: Time spent bootstrapping tablet: real 0.070s	user 0.036s	sys 0.027s
I20260608 12:48:33.404500 25803 ts_tablet_manager.cc:1403] T c0053d01e9054b5f8f11874ae43fdadb P ec5c84371e41464a8b611ca47b6b171d: Time spent bootstrapping tablet: real 0.018s	user 0.003s	sys 0.012s
I20260608 12:48:33.404281 25827 raft_consensus.cc:515] T 04e79051bf7d45ff9a3d30c43839a5d6 P 4b2045ea99bc492c8045beed65bd2c25 [term 1 FOLLOWER]: Starting leader election with config: opid_index: -1 OBSOLETE_local: false peers { permanent_uuid: "4b2045ea99bc492c8045beed65bd2c25" member_type: VOTER last_known_addr { host: "127.24.90.129" port: 38213 } } peers { permanent_uuid: "ec5c84371e41464a8b611ca47b6b171d" member_type: VOTER last_known_addr { host: "127.24.90.130" port: 35257 } } peers { permanent_uuid: "ceca9355f2ab47caa0a0301dbd23dc52" member_type: VOTER last_known_addr { host: "127.24.90.131" port: 32993 } }
I20260608 12:48:33.405939 25504 catalog_manager.cc:5696] T 1341eb8c8be64a1d83201f1d296393b7 P ec5c84371e41464a8b611ca47b6b171d reported cstate change: term changed from 0 to 1, leader changed from <none> to ec5c84371e41464a8b611ca47b6b171d (127.24.90.130). New cstate: current_term: 1 leader_uuid: "ec5c84371e41464a8b611ca47b6b171d" committed_config { opid_index: -1 OBSOLETE_local: false peers { permanent_uuid: "4b2045ea99bc492c8045beed65bd2c25" member_type: VOTER last_known_addr { host: "127.24.90.129" port: 38213 } health_report { overall_health: UNKNOWN } } peers { permanent_uuid: "ec5c84371e41464a8b611ca47b6b171d" member_type: VOTER last_known_addr { host: "127.24.90.130" port: 35257 } health_report { overall_health: HEALTHY } } peers { permanent_uuid: "ceca9355f2ab47caa0a0301dbd23dc52" member_type: VOTER last_known_addr { host: "127.24.90.131" port: 32993 } health_report { overall_health: UNKNOWN } } }
I20260608 12:48:33.407214 25801 raft_consensus.cc:359] T c2343f1e79bc43e9b2c7a0c8095c8f96 P 4b2045ea99bc492c8045beed65bd2c25 [term 0 FOLLOWER]: Replica starting. Triggering 0 pending ops. Active config: opid_index: -1 OBSOLETE_local: false peers { permanent_uuid: "4b2045ea99bc492c8045beed65bd2c25" member_type: VOTER last_known_addr { host: "127.24.90.129" port: 38213 } } peers { permanent_uuid: "ec5c84371e41464a8b611ca47b6b171d" member_type: VOTER last_known_addr { host: "127.24.90.130" port: 35257 } } peers { permanent_uuid: "ceca9355f2ab47caa0a0301dbd23dc52" member_type: VOTER last_known_addr { host: "127.24.90.131" port: 32993 } }
I20260608 12:48:33.407559 25682 tablet_service.cc:1917] Received RequestConsensusVote() RPC: tablet_id: "04e79051bf7d45ff9a3d30c43839a5d6" candidate_uuid: "4b2045ea99bc492c8045beed65bd2c25" candidate_term: 1 candidate_status { last_received { term: 0 index: 0 } } ignore_live_leader: false dest_uuid: "ec5c84371e41464a8b611ca47b6b171d"
I20260608 12:48:33.407871 25801 raft_consensus.cc:385] T c2343f1e79bc43e9b2c7a0c8095c8f96 P 4b2045ea99bc492c8045beed65bd2c25 [term 0 FOLLOWER]: Consensus starting up: Expiring failure detector timer to make a prompt election more likely
I20260608 12:48:33.408144 25682 raft_consensus.cc:3060] T 04e79051bf7d45ff9a3d30c43839a5d6 P ec5c84371e41464a8b611ca47b6b171d [term 0 FOLLOWER]: Advancing to term 1
I20260608 12:48:33.408192 25801 raft_consensus.cc:740] T c2343f1e79bc43e9b2c7a0c8095c8f96 P 4b2045ea99bc492c8045beed65bd2c25 [term 0 FOLLOWER]: Becoming Follower/Learner. State: Replica: 4b2045ea99bc492c8045beed65bd2c25, State: Initialized, Role: FOLLOWER
I20260608 12:48:33.408115 25803 raft_consensus.cc:359] T c0053d01e9054b5f8f11874ae43fdadb P ec5c84371e41464a8b611ca47b6b171d [term 0 FOLLOWER]: Replica starting. Triggering 0 pending ops. Active config: opid_index: -1 OBSOLETE_local: false peers { permanent_uuid: "4b2045ea99bc492c8045beed65bd2c25" member_type: VOTER last_known_addr { host: "127.24.90.129" port: 38213 } } peers { permanent_uuid: "ec5c84371e41464a8b611ca47b6b171d" member_type: VOTER last_known_addr { host: "127.24.90.130" port: 35257 } } peers { permanent_uuid: "ceca9355f2ab47caa0a0301dbd23dc52" member_type: VOTER last_known_addr { host: "127.24.90.131" port: 32993 } }
I20260608 12:48:33.409334 25803 raft_consensus.cc:385] T c0053d01e9054b5f8f11874ae43fdadb P ec5c84371e41464a8b611ca47b6b171d [term 0 FOLLOWER]: Consensus starting up: Expiring failure detector timer to make a prompt election more likely
I20260608 12:48:33.409325 25801 consensus_queue.cc:260] T c2343f1e79bc43e9b2c7a0c8095c8f96 P 4b2045ea99bc492c8045beed65bd2c25 [NON_LEADER]: Queue going to NON_LEADER mode. State: All replicated index: 0, Majority replicated index: 0, Committed index: 0, Last appended: 0.0, Last appended by leader: 0, Current term: 0, Majority size: -1, State: 0, Mode: NON_LEADER, active raft config: opid_index: -1 OBSOLETE_local: false peers { permanent_uuid: "4b2045ea99bc492c8045beed65bd2c25" member_type: VOTER last_known_addr { host: "127.24.90.129" port: 38213 } } peers { permanent_uuid: "ec5c84371e41464a8b611ca47b6b171d" member_type: VOTER last_known_addr { host: "127.24.90.130" port: 35257 } } peers { permanent_uuid: "ceca9355f2ab47caa0a0301dbd23dc52" member_type: VOTER last_known_addr { host: "127.24.90.131" port: 32993 } }
I20260608 12:48:33.409883 25803 raft_consensus.cc:740] T c0053d01e9054b5f8f11874ae43fdadb P ec5c84371e41464a8b611ca47b6b171d [term 0 FOLLOWER]: Becoming Follower/Learner. State: Replica: ec5c84371e41464a8b611ca47b6b171d, State: Initialized, Role: FOLLOWER
I20260608 12:48:33.411561 25801 ts_tablet_manager.cc:1434] T c2343f1e79bc43e9b2c7a0c8095c8f96 P 4b2045ea99bc492c8045beed65bd2c25: Time spent starting tablet: real 0.007s	user 0.003s	sys 0.004s
I20260608 12:48:33.411115 25803 consensus_queue.cc:260] T c0053d01e9054b5f8f11874ae43fdadb P ec5c84371e41464a8b611ca47b6b171d [NON_LEADER]: Queue going to NON_LEADER mode. State: All replicated index: 0, Majority replicated index: 0, Committed index: 0, Last appended: 0.0, Last appended by leader: 0, Current term: 0, Majority size: -1, State: 0, Mode: NON_LEADER, active raft config: opid_index: -1 OBSOLETE_local: false peers { permanent_uuid: "4b2045ea99bc492c8045beed65bd2c25" member_type: VOTER last_known_addr { host: "127.24.90.129" port: 38213 } } peers { permanent_uuid: "ec5c84371e41464a8b611ca47b6b171d" member_type: VOTER last_known_addr { host: "127.24.90.130" port: 35257 } } peers { permanent_uuid: "ceca9355f2ab47caa0a0301dbd23dc52" member_type: VOTER last_known_addr { host: "127.24.90.131" port: 32993 } }
I20260608 12:48:33.413560 25803 ts_tablet_manager.cc:1434] T c0053d01e9054b5f8f11874ae43fdadb P ec5c84371e41464a8b611ca47b6b171d: Time spent starting tablet: real 0.009s	user 0.006s	sys 0.004s
I20260608 12:48:33.414537 25803 tablet_bootstrap.cc:492] T a91ab5a231444323acb2b5f6e2ad4bbc P ec5c84371e41464a8b611ca47b6b171d: Bootstrap starting.
I20260608 12:48:33.415877 25682 raft_consensus.cc:2468] T 04e79051bf7d45ff9a3d30c43839a5d6 P ec5c84371e41464a8b611ca47b6b171d [term 1 FOLLOWER]: Leader election vote request: Granting yes vote for candidate 4b2045ea99bc492c8045beed65bd2c25 in term 1.
I20260608 12:48:33.417025 25572 leader_election.cc:304] T 04e79051bf7d45ff9a3d30c43839a5d6 P 4b2045ea99bc492c8045beed65bd2c25 [CANDIDATE]: Term 1 election: Election decided. Result: candidate won. Election summary: received 2 responses out of 3 voters: 2 yes votes; 0 no votes. yes voters: 4b2045ea99bc492c8045beed65bd2c25, ec5c84371e41464a8b611ca47b6b171d; no voters: 
I20260608 12:48:33.418133 25827 leader_election.cc:290] T 04e79051bf7d45ff9a3d30c43839a5d6 P 4b2045ea99bc492c8045beed65bd2c25 [CANDIDATE]: Term 1 election: Requested vote from peers ec5c84371e41464a8b611ca47b6b171d (127.24.90.130:35257), ceca9355f2ab47caa0a0301dbd23dc52 (127.24.90.131:32993)
I20260608 12:48:33.418689 25827 raft_consensus.cc:2804] T 04e79051bf7d45ff9a3d30c43839a5d6 P 4b2045ea99bc492c8045beed65bd2c25 [term 1 FOLLOWER]: Leader election won for term 1
I20260608 12:48:33.419119 25827 raft_consensus.cc:697] T 04e79051bf7d45ff9a3d30c43839a5d6 P 4b2045ea99bc492c8045beed65bd2c25 [term 1 LEADER]: Becoming Leader. State: Replica: 4b2045ea99bc492c8045beed65bd2c25, State: Running, Role: LEADER
I20260608 12:48:33.420217 25755 tablet_service.cc:1917] Received RequestConsensusVote() RPC: tablet_id: "04e79051bf7d45ff9a3d30c43839a5d6" candidate_uuid: "4b2045ea99bc492c8045beed65bd2c25" candidate_term: 1 candidate_status { last_received { term: 0 index: 0 } } ignore_live_leader: false dest_uuid: "ceca9355f2ab47caa0a0301dbd23dc52"
I20260608 12:48:33.419960 25827 consensus_queue.cc:237] T 04e79051bf7d45ff9a3d30c43839a5d6 P 4b2045ea99bc492c8045beed65bd2c25 [LEADER]: Queue going to LEADER mode. State: All replicated index: 0, Majority replicated index: 0, Committed index: 0, Last appended: 0.0, Last appended by leader: 0, Current term: 1, Majority size: 2, State: 0, Mode: LEADER, active raft config: opid_index: -1 OBSOLETE_local: false peers { permanent_uuid: "4b2045ea99bc492c8045beed65bd2c25" member_type: VOTER last_known_addr { host: "127.24.90.129" port: 38213 } } peers { permanent_uuid: "ec5c84371e41464a8b611ca47b6b171d" member_type: VOTER last_known_addr { host: "127.24.90.130" port: 35257 } } peers { permanent_uuid: "ceca9355f2ab47caa0a0301dbd23dc52" member_type: VOTER last_known_addr { host: "127.24.90.131" port: 32993 } }
I20260608 12:48:33.420737 25755 raft_consensus.cc:3060] T 04e79051bf7d45ff9a3d30c43839a5d6 P ceca9355f2ab47caa0a0301dbd23dc52 [term 0 FOLLOWER]: Advancing to term 1
I20260608 12:48:33.422797 25828 raft_consensus.cc:493] T c2343f1e79bc43e9b2c7a0c8095c8f96 P 4b2045ea99bc492c8045beed65bd2c25 [term 0 FOLLOWER]: Starting pre-election (no leader contacted us within the election timeout)
I20260608 12:48:33.423309 25828 raft_consensus.cc:515] T c2343f1e79bc43e9b2c7a0c8095c8f96 P 4b2045ea99bc492c8045beed65bd2c25 [term 0 FOLLOWER]: Starting pre-election with config: opid_index: -1 OBSOLETE_local: false peers { permanent_uuid: "4b2045ea99bc492c8045beed65bd2c25" member_type: VOTER last_known_addr { host: "127.24.90.129" port: 38213 } } peers { permanent_uuid: "ec5c84371e41464a8b611ca47b6b171d" member_type: VOTER last_known_addr { host: "127.24.90.130" port: 35257 } } peers { permanent_uuid: "ceca9355f2ab47caa0a0301dbd23dc52" member_type: VOTER last_known_addr { host: "127.24.90.131" port: 32993 } }
I20260608 12:48:33.425724 25828 leader_election.cc:290] T c2343f1e79bc43e9b2c7a0c8095c8f96 P 4b2045ea99bc492c8045beed65bd2c25 [CANDIDATE]: Term 1 pre-election: Requested pre-vote from peers ec5c84371e41464a8b611ca47b6b171d (127.24.90.130:35257), ceca9355f2ab47caa0a0301dbd23dc52 (127.24.90.131:32993)
I20260608 12:48:33.425992 25502 catalog_manager.cc:5696] T a9aa8ae6a21a44af9ed41fd6736f6d5b P ec5c84371e41464a8b611ca47b6b171d reported cstate change: term changed from 0 to 1, leader changed from <none> to ec5c84371e41464a8b611ca47b6b171d (127.24.90.130). New cstate: current_term: 1 leader_uuid: "ec5c84371e41464a8b611ca47b6b171d" committed_config { opid_index: -1 OBSOLETE_local: false peers { permanent_uuid: "4b2045ea99bc492c8045beed65bd2c25" member_type: VOTER last_known_addr { host: "127.24.90.129" port: 38213 } health_report { overall_health: UNKNOWN } } peers { permanent_uuid: "ec5c84371e41464a8b611ca47b6b171d" member_type: VOTER last_known_addr { host: "127.24.90.130" port: 35257 } health_report { overall_health: HEALTHY } } peers { permanent_uuid: "ceca9355f2ab47caa0a0301dbd23dc52" member_type: VOTER last_known_addr { host: "127.24.90.131" port: 32993 } health_report { overall_health: UNKNOWN } } }
I20260608 12:48:33.427513 25803 tablet_bootstrap.cc:654] T a91ab5a231444323acb2b5f6e2ad4bbc P ec5c84371e41464a8b611ca47b6b171d: Neither blocks nor log segments found. Creating new log.
I20260608 12:48:33.428421 25682 tablet_service.cc:1917] Received RequestConsensusVote() RPC: tablet_id: "c2343f1e79bc43e9b2c7a0c8095c8f96" candidate_uuid: "4b2045ea99bc492c8045beed65bd2c25" candidate_term: 1 candidate_status { last_received { term: 0 index: 0 } } ignore_live_leader: false dest_uuid: "ec5c84371e41464a8b611ca47b6b171d" is_pre_election: true
I20260608 12:48:33.428716 25756 tablet_service.cc:1917] Received RequestConsensusVote() RPC: tablet_id: "c2343f1e79bc43e9b2c7a0c8095c8f96" candidate_uuid: "4b2045ea99bc492c8045beed65bd2c25" candidate_term: 1 candidate_status { last_received { term: 0 index: 0 } } ignore_live_leader: false dest_uuid: "ceca9355f2ab47caa0a0301dbd23dc52" is_pre_election: true
I20260608 12:48:33.429194 25682 raft_consensus.cc:2468] T c2343f1e79bc43e9b2c7a0c8095c8f96 P ec5c84371e41464a8b611ca47b6b171d [term 0 FOLLOWER]: Leader pre-election vote request: Granting yes vote for candidate 4b2045ea99bc492c8045beed65bd2c25 in term 0.
I20260608 12:48:33.429468 25756 raft_consensus.cc:2468] T c2343f1e79bc43e9b2c7a0c8095c8f96 P ceca9355f2ab47caa0a0301dbd23dc52 [term 0 FOLLOWER]: Leader pre-election vote request: Granting yes vote for candidate 4b2045ea99bc492c8045beed65bd2c25 in term 0.
I20260608 12:48:33.430369 25572 leader_election.cc:304] T c2343f1e79bc43e9b2c7a0c8095c8f96 P 4b2045ea99bc492c8045beed65bd2c25 [CANDIDATE]: Term 1 pre-election: Election decided. Result: candidate won. Election summary: received 2 responses out of 3 voters: 2 yes votes; 0 no votes. yes voters: 4b2045ea99bc492c8045beed65bd2c25, ec5c84371e41464a8b611ca47b6b171d; no voters: 
I20260608 12:48:33.431409 25755 raft_consensus.cc:2468] T 04e79051bf7d45ff9a3d30c43839a5d6 P ceca9355f2ab47caa0a0301dbd23dc52 [term 1 FOLLOWER]: Leader election vote request: Granting yes vote for candidate 4b2045ea99bc492c8045beed65bd2c25 in term 1.
I20260608 12:48:33.433203 25827 raft_consensus.cc:2804] T c2343f1e79bc43e9b2c7a0c8095c8f96 P 4b2045ea99bc492c8045beed65bd2c25 [term 0 FOLLOWER]: Leader pre-election won for term 1
I20260608 12:48:33.433683 25827 raft_consensus.cc:493] T c2343f1e79bc43e9b2c7a0c8095c8f96 P 4b2045ea99bc492c8045beed65bd2c25 [term 0 FOLLOWER]: Starting leader election (no leader contacted us within the election timeout)
I20260608 12:48:33.434074 25827 raft_consensus.cc:3060] T c2343f1e79bc43e9b2c7a0c8095c8f96 P 4b2045ea99bc492c8045beed65bd2c25 [term 0 FOLLOWER]: Advancing to term 1
I20260608 12:48:33.440253 25827 raft_consensus.cc:515] T c2343f1e79bc43e9b2c7a0c8095c8f96 P 4b2045ea99bc492c8045beed65bd2c25 [term 1 FOLLOWER]: Starting leader election with config: opid_index: -1 OBSOLETE_local: false peers { permanent_uuid: "4b2045ea99bc492c8045beed65bd2c25" member_type: VOTER last_known_addr { host: "127.24.90.129" port: 38213 } } peers { permanent_uuid: "ec5c84371e41464a8b611ca47b6b171d" member_type: VOTER last_known_addr { host: "127.24.90.130" port: 35257 } } peers { permanent_uuid: "ceca9355f2ab47caa0a0301dbd23dc52" member_type: VOTER last_known_addr { host: "127.24.90.131" port: 32993 } }
I20260608 12:48:33.442459 25827 leader_election.cc:290] T c2343f1e79bc43e9b2c7a0c8095c8f96 P 4b2045ea99bc492c8045beed65bd2c25 [CANDIDATE]: Term 1 election: Requested vote from peers ec5c84371e41464a8b611ca47b6b171d (127.24.90.130:35257), ceca9355f2ab47caa0a0301dbd23dc52 (127.24.90.131:32993)
I20260608 12:48:33.442965 25803 tablet_bootstrap.cc:492] T a91ab5a231444323acb2b5f6e2ad4bbc P ec5c84371e41464a8b611ca47b6b171d: No bootstrap required, opened a new log
I20260608 12:48:33.443446 25803 ts_tablet_manager.cc:1403] T a91ab5a231444323acb2b5f6e2ad4bbc P ec5c84371e41464a8b611ca47b6b171d: Time spent bootstrapping tablet: real 0.029s	user 0.011s	sys 0.000s
I20260608 12:48:33.445511 25755 tablet_service.cc:1917] Received RequestConsensusVote() RPC: tablet_id: "c2343f1e79bc43e9b2c7a0c8095c8f96" candidate_uuid: "4b2045ea99bc492c8045beed65bd2c25" candidate_term: 1 candidate_status { last_received { term: 0 index: 0 } } ignore_live_leader: false dest_uuid: "ceca9355f2ab47caa0a0301dbd23dc52"
I20260608 12:48:33.445861 25682 tablet_service.cc:1917] Received RequestConsensusVote() RPC: tablet_id: "c2343f1e79bc43e9b2c7a0c8095c8f96" candidate_uuid: "4b2045ea99bc492c8045beed65bd2c25" candidate_term: 1 candidate_status { last_received { term: 0 index: 0 } } ignore_live_leader: false dest_uuid: "ec5c84371e41464a8b611ca47b6b171d"
I20260608 12:48:33.446166 25755 raft_consensus.cc:3060] T c2343f1e79bc43e9b2c7a0c8095c8f96 P ceca9355f2ab47caa0a0301dbd23dc52 [term 0 FOLLOWER]: Advancing to term 1
I20260608 12:48:33.446420 25682 raft_consensus.cc:3060] T c2343f1e79bc43e9b2c7a0c8095c8f96 P ec5c84371e41464a8b611ca47b6b171d [term 0 FOLLOWER]: Advancing to term 1
I20260608 12:48:33.446369 25803 raft_consensus.cc:359] T a91ab5a231444323acb2b5f6e2ad4bbc P ec5c84371e41464a8b611ca47b6b171d [term 0 FOLLOWER]: Replica starting. Triggering 0 pending ops. Active config: opid_index: -1 OBSOLETE_local: false peers { permanent_uuid: "4b2045ea99bc492c8045beed65bd2c25" member_type: VOTER last_known_addr { host: "127.24.90.129" port: 38213 } } peers { permanent_uuid: "ec5c84371e41464a8b611ca47b6b171d" member_type: VOTER last_known_addr { host: "127.24.90.130" port: 35257 } } peers { permanent_uuid: "ceca9355f2ab47caa0a0301dbd23dc52" member_type: VOTER last_known_addr { host: "127.24.90.131" port: 32993 } }
I20260608 12:48:33.447253 25803 raft_consensus.cc:385] T a91ab5a231444323acb2b5f6e2ad4bbc P ec5c84371e41464a8b611ca47b6b171d [term 0 FOLLOWER]: Consensus starting up: Expiring failure detector timer to make a prompt election more likely
I20260608 12:48:33.447551 25803 raft_consensus.cc:740] T a91ab5a231444323acb2b5f6e2ad4bbc P ec5c84371e41464a8b611ca47b6b171d [term 0 FOLLOWER]: Becoming Follower/Learner. State: Replica: ec5c84371e41464a8b611ca47b6b171d, State: Initialized, Role: FOLLOWER
I20260608 12:48:33.448719 25803 consensus_queue.cc:260] T a91ab5a231444323acb2b5f6e2ad4bbc P ec5c84371e41464a8b611ca47b6b171d [NON_LEADER]: Queue going to NON_LEADER mode. State: All replicated index: 0, Majority replicated index: 0, Committed index: 0, Last appended: 0.0, Last appended by leader: 0, Current term: 0, Majority size: -1, State: 0, Mode: NON_LEADER, active raft config: opid_index: -1 OBSOLETE_local: false peers { permanent_uuid: "4b2045ea99bc492c8045beed65bd2c25" member_type: VOTER last_known_addr { host: "127.24.90.129" port: 38213 } } peers { permanent_uuid: "ec5c84371e41464a8b611ca47b6b171d" member_type: VOTER last_known_addr { host: "127.24.90.130" port: 35257 } } peers { permanent_uuid: "ceca9355f2ab47caa0a0301dbd23dc52" member_type: VOTER last_known_addr { host: "127.24.90.131" port: 32993 } }
I20260608 12:48:33.450794 25803 ts_tablet_manager.cc:1434] T a91ab5a231444323acb2b5f6e2ad4bbc P ec5c84371e41464a8b611ca47b6b171d: Time spent starting tablet: real 0.007s	user 0.006s	sys 0.000s
I20260608 12:48:33.452757 25755 raft_consensus.cc:2468] T c2343f1e79bc43e9b2c7a0c8095c8f96 P ceca9355f2ab47caa0a0301dbd23dc52 [term 1 FOLLOWER]: Leader election vote request: Granting yes vote for candidate 4b2045ea99bc492c8045beed65bd2c25 in term 1.
I20260608 12:48:33.453410 25504 catalog_manager.cc:5696] T 04e79051bf7d45ff9a3d30c43839a5d6 P 4b2045ea99bc492c8045beed65bd2c25 reported cstate change: term changed from 0 to 1, leader changed from <none> to 4b2045ea99bc492c8045beed65bd2c25 (127.24.90.129). New cstate: current_term: 1 leader_uuid: "4b2045ea99bc492c8045beed65bd2c25" committed_config { opid_index: -1 OBSOLETE_local: false peers { permanent_uuid: "4b2045ea99bc492c8045beed65bd2c25" member_type: VOTER last_known_addr { host: "127.24.90.129" port: 38213 } health_report { overall_health: HEALTHY } } peers { permanent_uuid: "ec5c84371e41464a8b611ca47b6b171d" member_type: VOTER last_known_addr { host: "127.24.90.130" port: 35257 } health_report { overall_health: UNKNOWN } } peers { permanent_uuid: "ceca9355f2ab47caa0a0301dbd23dc52" member_type: VOTER last_known_addr { host: "127.24.90.131" port: 32993 } health_report { overall_health: UNKNOWN } } }
I20260608 12:48:33.456110 25682 raft_consensus.cc:2468] T c2343f1e79bc43e9b2c7a0c8095c8f96 P ec5c84371e41464a8b611ca47b6b171d [term 1 FOLLOWER]: Leader election vote request: Granting yes vote for candidate 4b2045ea99bc492c8045beed65bd2c25 in term 1.
I20260608 12:48:33.456441 25573 leader_election.cc:304] T c2343f1e79bc43e9b2c7a0c8095c8f96 P 4b2045ea99bc492c8045beed65bd2c25 [CANDIDATE]: Term 1 election: Election decided. Result: candidate won. Election summary: received 2 responses out of 3 voters: 2 yes votes; 0 no votes. yes voters: 4b2045ea99bc492c8045beed65bd2c25, ceca9355f2ab47caa0a0301dbd23dc52; no voters: 
I20260608 12:48:33.457275 25827 raft_consensus.cc:2804] T c2343f1e79bc43e9b2c7a0c8095c8f96 P 4b2045ea99bc492c8045beed65bd2c25 [term 1 FOLLOWER]: Leader election won for term 1
I20260608 12:48:33.458052 25827 raft_consensus.cc:697] T c2343f1e79bc43e9b2c7a0c8095c8f96 P 4b2045ea99bc492c8045beed65bd2c25 [term 1 LEADER]: Becoming Leader. State: Replica: 4b2045ea99bc492c8045beed65bd2c25, State: Running, Role: LEADER
I20260608 12:48:33.458988 25827 consensus_queue.cc:237] T c2343f1e79bc43e9b2c7a0c8095c8f96 P 4b2045ea99bc492c8045beed65bd2c25 [LEADER]: Queue going to LEADER mode. State: All replicated index: 0, Majority replicated index: 0, Committed index: 0, Last appended: 0.0, Last appended by leader: 0, Current term: 1, Majority size: 2, State: 0, Mode: LEADER, active raft config: opid_index: -1 OBSOLETE_local: false peers { permanent_uuid: "4b2045ea99bc492c8045beed65bd2c25" member_type: VOTER last_known_addr { host: "127.24.90.129" port: 38213 } } peers { permanent_uuid: "ec5c84371e41464a8b611ca47b6b171d" member_type: VOTER last_known_addr { host: "127.24.90.130" port: 35257 } } peers { permanent_uuid: "ceca9355f2ab47caa0a0301dbd23dc52" member_type: VOTER last_known_addr { host: "127.24.90.131" port: 32993 } }
I20260608 12:48:33.468348 25504 catalog_manager.cc:5696] T c2343f1e79bc43e9b2c7a0c8095c8f96 P 4b2045ea99bc492c8045beed65bd2c25 reported cstate change: term changed from 0 to 1, leader changed from <none> to 4b2045ea99bc492c8045beed65bd2c25 (127.24.90.129). New cstate: current_term: 1 leader_uuid: "4b2045ea99bc492c8045beed65bd2c25" committed_config { opid_index: -1 OBSOLETE_local: false peers { permanent_uuid: "4b2045ea99bc492c8045beed65bd2c25" member_type: VOTER last_known_addr { host: "127.24.90.129" port: 38213 } health_report { overall_health: HEALTHY } } peers { permanent_uuid: "ec5c84371e41464a8b611ca47b6b171d" member_type: VOTER last_known_addr { host: "127.24.90.130" port: 35257 } health_report { overall_health: UNKNOWN } } peers { permanent_uuid: "ceca9355f2ab47caa0a0301dbd23dc52" member_type: VOTER last_known_addr { host: "127.24.90.131" port: 32993 } health_report { overall_health: UNKNOWN } } }
I20260608 12:48:33.539366 25831 raft_consensus.cc:493] T c0053d01e9054b5f8f11874ae43fdadb P ec5c84371e41464a8b611ca47b6b171d [term 0 FOLLOWER]: Starting pre-election (no leader contacted us within the election timeout)
I20260608 12:48:33.539903 25831 raft_consensus.cc:515] T c0053d01e9054b5f8f11874ae43fdadb P ec5c84371e41464a8b611ca47b6b171d [term 0 FOLLOWER]: Starting pre-election with config: opid_index: -1 OBSOLETE_local: false peers { permanent_uuid: "4b2045ea99bc492c8045beed65bd2c25" member_type: VOTER last_known_addr { host: "127.24.90.129" port: 38213 } } peers { permanent_uuid: "ec5c84371e41464a8b611ca47b6b171d" member_type: VOTER last_known_addr { host: "127.24.90.130" port: 35257 } } peers { permanent_uuid: "ceca9355f2ab47caa0a0301dbd23dc52" member_type: VOTER last_known_addr { host: "127.24.90.131" port: 32993 } }
I20260608 12:48:33.541869 25831 leader_election.cc:290] T c0053d01e9054b5f8f11874ae43fdadb P ec5c84371e41464a8b611ca47b6b171d [CANDIDATE]: Term 1 pre-election: Requested pre-vote from peers 4b2045ea99bc492c8045beed65bd2c25 (127.24.90.129:38213), ceca9355f2ab47caa0a0301dbd23dc52 (127.24.90.131:32993)
I20260608 12:48:33.542783 25607 tablet_service.cc:1917] Received RequestConsensusVote() RPC: tablet_id: "c0053d01e9054b5f8f11874ae43fdadb" candidate_uuid: "ec5c84371e41464a8b611ca47b6b171d" candidate_term: 1 candidate_status { last_received { term: 0 index: 0 } } ignore_live_leader: false dest_uuid: "4b2045ea99bc492c8045beed65bd2c25" is_pre_election: true
I20260608 12:48:33.543037 25755 tablet_service.cc:1917] Received RequestConsensusVote() RPC: tablet_id: "c0053d01e9054b5f8f11874ae43fdadb" candidate_uuid: "ec5c84371e41464a8b611ca47b6b171d" candidate_term: 1 candidate_status { last_received { term: 0 index: 0 } } ignore_live_leader: false dest_uuid: "ceca9355f2ab47caa0a0301dbd23dc52" is_pre_election: true
I20260608 12:48:33.543844 25755 raft_consensus.cc:2393] T c0053d01e9054b5f8f11874ae43fdadb P ceca9355f2ab47caa0a0301dbd23dc52 [term 1 FOLLOWER]: Leader pre-election vote request: Denying vote to candidate ec5c84371e41464a8b611ca47b6b171d in current term 1: Already voted for candidate 4b2045ea99bc492c8045beed65bd2c25 in this term.
I20260608 12:48:33.544741 25648 leader_election.cc:304] T c0053d01e9054b5f8f11874ae43fdadb P ec5c84371e41464a8b611ca47b6b171d [CANDIDATE]: Term 1 pre-election: Election decided. Result: candidate lost. Election summary: received 3 responses out of 3 voters: 1 yes votes; 2 no votes. yes voters: ec5c84371e41464a8b611ca47b6b171d; no voters: 4b2045ea99bc492c8045beed65bd2c25, ceca9355f2ab47caa0a0301dbd23dc52
I20260608 12:48:33.545498 25831 raft_consensus.cc:3060] T c0053d01e9054b5f8f11874ae43fdadb P ec5c84371e41464a8b611ca47b6b171d [term 0 FOLLOWER]: Advancing to term 1
I20260608 12:48:33.547740 25827 raft_consensus.cc:493] T 1341eb8c8be64a1d83201f1d296393b7 P 4b2045ea99bc492c8045beed65bd2c25 [term 0 FOLLOWER]: Starting pre-election (no leader contacted us within the election timeout)
I20260608 12:48:33.548265 25827 raft_consensus.cc:515] T 1341eb8c8be64a1d83201f1d296393b7 P 4b2045ea99bc492c8045beed65bd2c25 [term 0 FOLLOWER]: Starting pre-election with config: opid_index: -1 OBSOLETE_local: false peers { permanent_uuid: "4b2045ea99bc492c8045beed65bd2c25" member_type: VOTER last_known_addr { host: "127.24.90.129" port: 38213 } } peers { permanent_uuid: "ec5c84371e41464a8b611ca47b6b171d" member_type: VOTER last_known_addr { host: "127.24.90.130" port: 35257 } } peers { permanent_uuid: "ceca9355f2ab47caa0a0301dbd23dc52" member_type: VOTER last_known_addr { host: "127.24.90.131" port: 32993 } }
I20260608 12:48:33.550421 25827 leader_election.cc:290] T 1341eb8c8be64a1d83201f1d296393b7 P 4b2045ea99bc492c8045beed65bd2c25 [CANDIDATE]: Term 1 pre-election: Requested pre-vote from peers ec5c84371e41464a8b611ca47b6b171d (127.24.90.130:35257), ceca9355f2ab47caa0a0301dbd23dc52 (127.24.90.131:32993)
I20260608 12:48:33.550733 25831 raft_consensus.cc:2749] T c0053d01e9054b5f8f11874ae43fdadb P ec5c84371e41464a8b611ca47b6b171d [term 1 FOLLOWER]: Leader pre-election lost for term 1. Reason: could not achieve majority
I20260608 12:48:33.551049 25682 tablet_service.cc:1917] Received RequestConsensusVote() RPC: tablet_id: "1341eb8c8be64a1d83201f1d296393b7" candidate_uuid: "4b2045ea99bc492c8045beed65bd2c25" candidate_term: 1 candidate_status { last_received { term: 0 index: 0 } } ignore_live_leader: false dest_uuid: "ec5c84371e41464a8b611ca47b6b171d" is_pre_election: true
I20260608 12:48:33.551759 25755 tablet_service.cc:1917] Received RequestConsensusVote() RPC: tablet_id: "1341eb8c8be64a1d83201f1d296393b7" candidate_uuid: "4b2045ea99bc492c8045beed65bd2c25" candidate_term: 1 candidate_status { last_received { term: 0 index: 0 } } ignore_live_leader: false dest_uuid: "ceca9355f2ab47caa0a0301dbd23dc52" is_pre_election: true
I20260608 12:48:33.552524 25755 raft_consensus.cc:2393] T 1341eb8c8be64a1d83201f1d296393b7 P ceca9355f2ab47caa0a0301dbd23dc52 [term 1 FOLLOWER]: Leader pre-election vote request: Denying vote to candidate 4b2045ea99bc492c8045beed65bd2c25 in current term 1: Already voted for candidate ec5c84371e41464a8b611ca47b6b171d in this term.
I20260608 12:48:33.553788 25573 leader_election.cc:304] T 1341eb8c8be64a1d83201f1d296393b7 P 4b2045ea99bc492c8045beed65bd2c25 [CANDIDATE]: Term 1 pre-election: Election decided. Result: candidate lost. Election summary: received 3 responses out of 3 voters: 1 yes votes; 2 no votes. yes voters: 4b2045ea99bc492c8045beed65bd2c25; no voters: ceca9355f2ab47caa0a0301dbd23dc52, ec5c84371e41464a8b611ca47b6b171d
I20260608 12:48:33.554504 25827 raft_consensus.cc:3060] T 1341eb8c8be64a1d83201f1d296393b7 P 4b2045ea99bc492c8045beed65bd2c25 [term 0 FOLLOWER]: Advancing to term 1
I20260608 12:48:33.559602 25827 raft_consensus.cc:2749] T 1341eb8c8be64a1d83201f1d296393b7 P 4b2045ea99bc492c8045beed65bd2c25 [term 1 FOLLOWER]: Leader pre-election lost for term 1. Reason: could not achieve majority
I20260608 12:48:33.573500 24938 file_cache.cc:492] Constructed file cache file cache with capacity 419430
W20260608 12:48:33.580219 25856 instance_detector.cc:116] could not retrieve AWS instance metadata: Network error: curl error: HTTP response code said error: The requested URL returned error: 404
W20260608 12:48:33.581146 25857 instance_detector.cc:116] could not retrieve Azure instance metadata: Network error: curl error: HTTP response code said error: The requested URL returned error: 404
W20260608 12:48:33.582737 25859 instance_detector.cc:116] could not retrieve OpenStack instance metadata: Network error: curl error: HTTP response code said error: The requested URL returned error: 404
I20260608 12:48:33.583850 24938 server_base.cc:1061] running on GCE node
I20260608 12:48:33.584178 25682 raft_consensus.cc:3060] T a91ab5a231444323acb2b5f6e2ad4bbc P ec5c84371e41464a8b611ca47b6b171d [term 0 FOLLOWER]: Advancing to term 1
I20260608 12:48:33.585029 24938 hybrid_clock.cc:584] initializing the hybrid clock with 'system_unsync' time source
W20260608 12:48:33.585373 24938 system_unsync_time.cc:38] NTP support is disabled. Clock error bounds will not be accurate. This configuration is not suitable for distributed clusters.
I20260608 12:48:33.585647 24938 hybrid_clock.cc:648] HybridClock initialized: now 1780922913585626 us; error 0 us; skew 500 ppm
I20260608 12:48:33.586609 24938 server_base.cc:861] Flag tcmalloc_max_total_thread_cache_bytes is not working since tcmalloc is not enabled.
I20260608 12:48:33.590444 24938 webserver.cc:533] Webserver started at http://127.24.90.132:42877/ using document root <none> and password file <none>
I20260608 12:48:33.591063 24938 fs_manager.cc:362] Metadata directory not provided
I20260608 12:48:33.591291 24938 fs_manager.cc:368] Using write-ahead log directory (fs_wal_dir) as metadata directory
I20260608 12:48:33.591696 24938 server_base.cc:909] This appears to be a new deployment of Kudu; creating new FS layout
I20260608 12:48:33.593227 24938 fs_manager.cc:1068] Generated new instance metadata in path /tmp/dist-test-taskerbWB6/test-tmp/auto_rebalancer-test.0.AutoRebalancerTest.AutoRebalancingTurnOffAndOn.1780922905856030-24938-0/minicluster-data/ts-3-root/instance:
uuid: "67a27cb2be0a4d2394f7ce37a77e2752"
format_stamp: "Formatted at 2026-06-08 12:48:33 on dist-test-slave-d4dv"
I20260608 12:48:33.593863 25827 consensus_queue.cc:1048] T a91ab5a231444323acb2b5f6e2ad4bbc P 4b2045ea99bc492c8045beed65bd2c25 [LEADER]: Connected to new peer: Peer: permanent_uuid: "ec5c84371e41464a8b611ca47b6b171d" member_type: VOTER last_known_addr { host: "127.24.90.130" port: 35257 }, Status: LMP_MISMATCH, Last received: 0.0, Next index: 1, Last known committed idx: 0, Time since last communication: 0.000s
I20260608 12:48:33.599603 24938 fs_manager.cc:696] Time spent creating directory manager: real 0.006s	user 0.006s	sys 0.000s
I20260608 12:48:33.604506 25807 raft_consensus.cc:493] T 938853010b7649a0b27d280c155dd980 P ceca9355f2ab47caa0a0301dbd23dc52 [term 0 FOLLOWER]: Starting pre-election (no leader contacted us within the election timeout)
I20260608 12:48:33.605072 25807 raft_consensus.cc:515] T 938853010b7649a0b27d280c155dd980 P ceca9355f2ab47caa0a0301dbd23dc52 [term 0 FOLLOWER]: Starting pre-election with config: opid_index: -1 OBSOLETE_local: false peers { permanent_uuid: "4b2045ea99bc492c8045beed65bd2c25" member_type: VOTER last_known_addr { host: "127.24.90.129" port: 38213 } } peers { permanent_uuid: "ec5c84371e41464a8b611ca47b6b171d" member_type: VOTER last_known_addr { host: "127.24.90.130" port: 35257 } } peers { permanent_uuid: "ceca9355f2ab47caa0a0301dbd23dc52" member_type: VOTER last_known_addr { host: "127.24.90.131" port: 32993 } }
I20260608 12:48:33.618896 25807 leader_election.cc:290] T 938853010b7649a0b27d280c155dd980 P ceca9355f2ab47caa0a0301dbd23dc52 [CANDIDATE]: Term 1 pre-election: Requested pre-vote from peers 4b2045ea99bc492c8045beed65bd2c25 (127.24.90.129:38213), ec5c84371e41464a8b611ca47b6b171d (127.24.90.130:35257)
I20260608 12:48:33.620067 25682 tablet_service.cc:1917] Received RequestConsensusVote() RPC: tablet_id: "938853010b7649a0b27d280c155dd980" candidate_uuid: "ceca9355f2ab47caa0a0301dbd23dc52" candidate_term: 1 candidate_status { last_received { term: 0 index: 0 } } ignore_live_leader: false dest_uuid: "ec5c84371e41464a8b611ca47b6b171d" is_pre_election: true
I20260608 12:48:33.620919 25682 raft_consensus.cc:2393] T 938853010b7649a0b27d280c155dd980 P ec5c84371e41464a8b611ca47b6b171d [term 1 FOLLOWER]: Leader pre-election vote request: Denying vote to candidate ceca9355f2ab47caa0a0301dbd23dc52 in current term 1: Already voted for candidate 4b2045ea99bc492c8045beed65bd2c25 in this term.
I20260608 12:48:33.624272 25755 raft_consensus.cc:3060] T 938853010b7649a0b27d280c155dd980 P ceca9355f2ab47caa0a0301dbd23dc52 [term 0 FOLLOWER]: Advancing to term 1
I20260608 12:48:33.629429 25828 consensus_queue.cc:1048] T a91ab5a231444323acb2b5f6e2ad4bbc P 4b2045ea99bc492c8045beed65bd2c25 [LEADER]: Connected to new peer: Peer: permanent_uuid: "ceca9355f2ab47caa0a0301dbd23dc52" member_type: VOTER last_known_addr { host: "127.24.90.131" port: 32993 }, Status: LMP_MISMATCH, Last received: 0.0, Next index: 1, Last known committed idx: 0, Time since last communication: 0.000s
I20260608 12:48:33.630050 25607 tablet_service.cc:1917] Received RequestConsensusVote() RPC: tablet_id: "938853010b7649a0b27d280c155dd980" candidate_uuid: "ceca9355f2ab47caa0a0301dbd23dc52" candidate_term: 1 candidate_status { last_received { term: 0 index: 0 } } ignore_live_leader: false dest_uuid: "4b2045ea99bc492c8045beed65bd2c25" is_pre_election: true
I20260608 12:48:33.631573 25722 leader_election.cc:304] T 938853010b7649a0b27d280c155dd980 P ceca9355f2ab47caa0a0301dbd23dc52 [CANDIDATE]: Term 1 pre-election: Election decided. Result: candidate lost. Election summary: received 3 responses out of 3 voters: 1 yes votes; 2 no votes. yes voters: ceca9355f2ab47caa0a0301dbd23dc52; no voters: 4b2045ea99bc492c8045beed65bd2c25, ec5c84371e41464a8b611ca47b6b171d
I20260608 12:48:33.636143 25807 raft_consensus.cc:2749] T 938853010b7649a0b27d280c155dd980 P ceca9355f2ab47caa0a0301dbd23dc52 [term 1 FOLLOWER]: Leader pre-election lost for term 1. Reason: could not achieve majority
I20260608 12:48:33.637277 25829 consensus_queue.cc:1048] T 938853010b7649a0b27d280c155dd980 P 4b2045ea99bc492c8045beed65bd2c25 [LEADER]: Connected to new peer: Peer: permanent_uuid: "ceca9355f2ab47caa0a0301dbd23dc52" member_type: VOTER last_known_addr { host: "127.24.90.131" port: 32993 }, Status: LMP_MISMATCH, Last received: 0.0, Next index: 1, Last known committed idx: 0, Time since last communication: 0.001s
I20260608 12:48:33.638144 25867 log_block_manager.cc:4031] Time spent loading block containers with low live blocks: real 0.000s	user 0.000s	sys 0.000s
I20260608 12:48:33.640050 24938 fs_manager.cc:730] Time spent opening block manager: real 0.037s	user 0.016s	sys 0.012s
I20260608 12:48:33.640391 24938 fs_manager.cc:647] Opened local filesystem: /tmp/dist-test-taskerbWB6/test-tmp/auto_rebalancer-test.0.AutoRebalancerTest.AutoRebalancingTurnOffAndOn.1780922905856030-24938-0/minicluster-data/ts-3-root
uuid: "67a27cb2be0a4d2394f7ce37a77e2752"
format_stamp: "Formatted at 2026-06-08 12:48:33 on dist-test-slave-d4dv"
I20260608 12:48:33.640758 24938 fs_report.cc:389] FS layout report
--------------------
wal directory: /tmp/dist-test-taskerbWB6/test-tmp/auto_rebalancer-test.0.AutoRebalancerTest.AutoRebalancingTurnOffAndOn.1780922905856030-24938-0/minicluster-data/ts-3-root
metadata directory: /tmp/dist-test-taskerbWB6/test-tmp/auto_rebalancer-test.0.AutoRebalancerTest.AutoRebalancingTurnOffAndOn.1780922905856030-24938-0/minicluster-data/ts-3-root
1 data directories: /tmp/dist-test-taskerbWB6/test-tmp/auto_rebalancer-test.0.AutoRebalancerTest.AutoRebalancingTurnOffAndOn.1780922905856030-24938-0/minicluster-data/ts-3-root/data
Total live blocks: 0
Total live bytes: 0
Total live bytes (after alignment): 0
Total number of LBM containers: 0 (0 full)
Did not check for missing blocks
Did not check for orphaned blocks
Total full LBM containers with extra space: 0 (0 repaired)
Total full LBM container extra space in bytes: 0 (0 repaired)
Total incomplete LBM containers: 0 (0 repaired)
Total LBM partial records: 0 (0 repaired)
Total corrupted LBM metadata records in RocksDB: 0 (0 repaired)
I20260608 12:48:33.659536 25828 consensus_queue.cc:1048] T 938853010b7649a0b27d280c155dd980 P 4b2045ea99bc492c8045beed65bd2c25 [LEADER]: Connected to new peer: Peer: permanent_uuid: "ec5c84371e41464a8b611ca47b6b171d" member_type: VOTER last_known_addr { host: "127.24.90.130" port: 35257 }, Status: LMP_MISMATCH, Last received: 0.0, Next index: 1, Last known committed idx: 0, Time since last communication: 0.000s
I20260608 12:48:33.670931 25831 consensus_queue.cc:1048] T 5aadaa9179e04054a20e885e9aced868 P ec5c84371e41464a8b611ca47b6b171d [LEADER]: Connected to new peer: Peer: permanent_uuid: "ceca9355f2ab47caa0a0301dbd23dc52" member_type: VOTER last_known_addr { host: "127.24.90.131" port: 32993 }, Status: LMP_MISMATCH, Last received: 0.0, Next index: 1, Last known committed idx: 0, Time since last communication: 0.000s
I20260608 12:48:33.683900 25830 consensus_queue.cc:1048] T 5aadaa9179e04054a20e885e9aced868 P ec5c84371e41464a8b611ca47b6b171d [LEADER]: Connected to new peer: Peer: permanent_uuid: "4b2045ea99bc492c8045beed65bd2c25" member_type: VOTER last_known_addr { host: "127.24.90.129" port: 38213 }, Status: LMP_MISMATCH, Last received: 0.0, Next index: 1, Last known committed idx: 0, Time since last communication: 0.000s
I20260608 12:48:33.702734 24938 rpc_server.cc:225] running with OpenSSL 1.1.1  11 Sep 2018
I20260608 12:48:33.704092 24938 kserver.cc:163] Server-wide thread pool size limit: 3276
I20260608 12:48:33.705680 24938 txn_system_client.cc:432] TxnSystemClient initialization is disabled...
I20260608 12:48:33.707916 24938 ts_tablet_manager.cc:585] Loaded tablet metadata (0 total tablets, 0 live tablets)
I20260608 12:48:33.708148 24938 ts_tablet_manager.cc:531] Time spent load tablet metadata: real 0.000s	user 0.000s	sys 0.000s
I20260608 12:48:33.708410 24938 ts_tablet_manager.cc:616] Registered 0 tablets
I20260608 12:48:33.708598 24938 ts_tablet_manager.cc:595] Time spent register tablets: real 0.000s	user 0.000s	sys 0.000s
I20260608 12:48:33.751112 24938 rpc_server.cc:307] RPC server started. Bound to: 127.24.90.132:36703
I20260608 12:48:33.751187 25936 acceptor_pool.cc:272] collecting diagnostics on the listening RPC socket 127.24.90.132:36703 every 8 connection(s)
I20260608 12:48:33.767900 25937 heartbeater.cc:344] Connected to a master server at 127.24.90.190:38101
I20260608 12:48:33.768376 25937 heartbeater.cc:461] Registering TS with master...
I20260608 12:48:33.769361 25937 heartbeater.cc:507] Master 127.24.90.190:38101 requested a full tablet report, sending...
I20260608 12:48:33.769282 25831 consensus_queue.cc:1048] T a9aa8ae6a21a44af9ed41fd6736f6d5b P ec5c84371e41464a8b611ca47b6b171d [LEADER]: Connected to new peer: Peer: permanent_uuid: "4b2045ea99bc492c8045beed65bd2c25" member_type: VOTER last_known_addr { host: "127.24.90.129" port: 38213 }, Status: LMP_MISMATCH, Last received: 0.0, Next index: 1, Last known committed idx: 0, Time since last communication: 0.001s
I20260608 12:48:33.770475 25830 consensus_queue.cc:1048] T 1341eb8c8be64a1d83201f1d296393b7 P ec5c84371e41464a8b611ca47b6b171d [LEADER]: Connected to new peer: Peer: permanent_uuid: "ceca9355f2ab47caa0a0301dbd23dc52" member_type: VOTER last_known_addr { host: "127.24.90.131" port: 32993 }, Status: LMP_MISMATCH, Last received: 0.0, Next index: 1, Last known committed idx: 0, Time since last communication: 0.000s
I20260608 12:48:33.772262 25503 ts_manager.cc:194] Registered new tserver with Master: 67a27cb2be0a4d2394f7ce37a77e2752 (127.24.90.132:36703)
I20260608 12:48:33.774195 25503 master_service.cc:502] Signed X509 certificate for tserver {username='slave'} at 127.0.0.1:54762
I20260608 12:48:33.787757 25850 consensus_queue.cc:1048] T a9aa8ae6a21a44af9ed41fd6736f6d5b P ec5c84371e41464a8b611ca47b6b171d [LEADER]: Connected to new peer: Peer: permanent_uuid: "ceca9355f2ab47caa0a0301dbd23dc52" member_type: VOTER last_known_addr { host: "127.24.90.131" port: 32993 }, Status: LMP_MISMATCH, Last received: 0.0, Next index: 1, Last known committed idx: 0, Time since last communication: 0.001s
I20260608 12:48:33.792572 25827 consensus_queue.cc:1048] T c0053d01e9054b5f8f11874ae43fdadb P 4b2045ea99bc492c8045beed65bd2c25 [LEADER]: Connected to new peer: Peer: permanent_uuid: "ec5c84371e41464a8b611ca47b6b171d" member_type: VOTER last_known_addr { host: "127.24.90.130" port: 35257 }, Status: LMP_MISMATCH, Last received: 0.0, Next index: 1, Last known committed idx: 0, Time since last communication: 0.001s
I20260608 12:48:33.804286 25831 consensus_queue.cc:1048] T 1341eb8c8be64a1d83201f1d296393b7 P ec5c84371e41464a8b611ca47b6b171d [LEADER]: Connected to new peer: Peer: permanent_uuid: "4b2045ea99bc492c8045beed65bd2c25" member_type: VOTER last_known_addr { host: "127.24.90.129" port: 38213 }, Status: LMP_MISMATCH, Last received: 0.0, Next index: 1, Last known committed idx: 0, Time since last communication: 0.000s
I20260608 12:48:33.814788 25829 consensus_queue.cc:1048] T c0053d01e9054b5f8f11874ae43fdadb P 4b2045ea99bc492c8045beed65bd2c25 [LEADER]: Connected to new peer: Peer: permanent_uuid: "ceca9355f2ab47caa0a0301dbd23dc52" member_type: VOTER last_known_addr { host: "127.24.90.131" port: 32993 }, Status: LMP_MISMATCH, Last received: 0.0, Next index: 1, Last known committed idx: 0, Time since last communication: 0.000s
I20260608 12:48:33.889005 25829 consensus_queue.cc:1048] T 04e79051bf7d45ff9a3d30c43839a5d6 P 4b2045ea99bc492c8045beed65bd2c25 [LEADER]: Connected to new peer: Peer: permanent_uuid: "ceca9355f2ab47caa0a0301dbd23dc52" member_type: VOTER last_known_addr { host: "127.24.90.131" port: 32993 }, Status: LMP_MISMATCH, Last received: 0.0, Next index: 1, Last known committed idx: 0, Time since last communication: 0.000s
I20260608 12:48:33.899648 25827 consensus_queue.cc:1048] T 04e79051bf7d45ff9a3d30c43839a5d6 P 4b2045ea99bc492c8045beed65bd2c25 [LEADER]: Connected to new peer: Peer: permanent_uuid: "ec5c84371e41464a8b611ca47b6b171d" member_type: VOTER last_known_addr { host: "127.24.90.130" port: 35257 }, Status: LMP_MISMATCH, Last received: 0.0, Next index: 1, Last known committed idx: 0, Time since last communication: 0.000s
I20260608 12:48:33.908071 25827 consensus_queue.cc:1048] T c2343f1e79bc43e9b2c7a0c8095c8f96 P 4b2045ea99bc492c8045beed65bd2c25 [LEADER]: Connected to new peer: Peer: permanent_uuid: "ceca9355f2ab47caa0a0301dbd23dc52" member_type: VOTER last_known_addr { host: "127.24.90.131" port: 32993 }, Status: LMP_MISMATCH, Last received: 0.0, Next index: 1, Last known committed idx: 0, Time since last communication: 0.000s
I20260608 12:48:33.920382 25828 consensus_queue.cc:1048] T c2343f1e79bc43e9b2c7a0c8095c8f96 P 4b2045ea99bc492c8045beed65bd2c25 [LEADER]: Connected to new peer: Peer: permanent_uuid: "ec5c84371e41464a8b611ca47b6b171d" member_type: VOTER last_known_addr { host: "127.24.90.130" port: 35257 }, Status: LMP_MISMATCH, Last received: 0.0, Next index: 1, Last known committed idx: 0, Time since last communication: 0.000s
I20260608 12:48:34.778527 25937 heartbeater.cc:499] Master 127.24.90.190:38101 was elected leader, sending a full tablet report...
