I20260608 12:49:49.023811 28204 raft_consensus.cc:493] T 88a4dd45b6ac4e878a02995ed1402bab P 16eef489133543c6bff34687c1915c5e [term 0 FOLLOWER]: Starting pre-election (no leader contacted us within the election timeout)
I20260608 12:49:49.024309 28204 raft_consensus.cc:515] T 88a4dd45b6ac4e878a02995ed1402bab P 16eef489133543c6bff34687c1915c5e [term 0 FOLLOWER]: Starting pre-election with config: opid_index: -1 OBSOLETE_local: false peers { permanent_uuid: "16eef489133543c6bff34687c1915c5e" member_type: VOTER last_known_addr { host: "127.24.67.68" port: 33451 } } peers { permanent_uuid: "82f34c3e5c9c4899a4993d50ce09e2ef" member_type: VOTER last_known_addr { host: "127.24.67.65" port: 45299 } } peers { permanent_uuid: "5aab16409d5f402eb7887f2fd5ba65b4" member_type: VOTER last_known_addr { host: "127.24.67.66" port: 39577 } }
I20260608 12:49:49.026929 28204 leader_election.cc:290] T 88a4dd45b6ac4e878a02995ed1402bab P 16eef489133543c6bff34687c1915c5e [CANDIDATE]: Term 1 pre-election: Requested pre-vote from peers 82f34c3e5c9c4899a4993d50ce09e2ef (127.24.67.65:45299), 5aab16409d5f402eb7887f2fd5ba65b4 (127.24.67.66:39577)
I20260608 12:49:49.027364 28197 tablet_bootstrap.cc:654] T a5e1586b920b4769963093fb4581c756 P 16eef489133543c6bff34687c1915c5e: Neither blocks nor log segments found. Creating new log.
I20260608 12:49:49.026552 27736 catalog_manager.cc:5696] T 78c74ed0ed8d4f96999efee6b7654dc0 P 82f34c3e5c9c4899a4993d50ce09e2ef reported cstate change: term changed from 0 to 1, leader changed from <none> to 82f34c3e5c9c4899a4993d50ce09e2ef (127.24.67.65). New cstate: current_term: 1 leader_uuid: "82f34c3e5c9c4899a4993d50ce09e2ef" committed_config { opid_index: -1 OBSOLETE_local: false peers { permanent_uuid: "4dbbbceae7194ea39774490f71db25b7" member_type: VOTER last_known_addr { host: "127.24.67.67" port: 34029 } health_report { overall_health: UNKNOWN } } peers { permanent_uuid: "16eef489133543c6bff34687c1915c5e" member_type: VOTER last_known_addr { host: "127.24.67.68" port: 33451 } health_report { overall_health: UNKNOWN } } peers { permanent_uuid: "82f34c3e5c9c4899a4993d50ce09e2ef" member_type: VOTER last_known_addr { host: "127.24.67.65" port: 45299 } health_report { overall_health: HEALTHY } } }
I20260608 12:49:49.027734 27840 tablet_service.cc:1917] Received RequestConsensusVote() RPC: tablet_id: "88a4dd45b6ac4e878a02995ed1402bab" candidate_uuid: "16eef489133543c6bff34687c1915c5e" candidate_term: 1 candidate_status { last_received { term: 0 index: 0 } } ignore_live_leader: false dest_uuid: "82f34c3e5c9c4899a4993d50ce09e2ef" is_pre_election: true
I20260608 12:49:49.030185 27840 raft_consensus.cc:2468] T 88a4dd45b6ac4e878a02995ed1402bab P 82f34c3e5c9c4899a4993d50ce09e2ef [term 0 FOLLOWER]: Leader pre-election vote request: Granting yes vote for candidate 16eef489133543c6bff34687c1915c5e in term 0.
I20260608 12:49:49.032261 28195 tablet_bootstrap.cc:492] T 422f81cb86bd4e68894cd04ba4c85c12 P 82f34c3e5c9c4899a4993d50ce09e2ef: No bootstrap required, opened a new log
I20260608 12:49:49.032821 28195 ts_tablet_manager.cc:1403] T 422f81cb86bd4e68894cd04ba4c85c12 P 82f34c3e5c9c4899a4993d50ce09e2ef: Time spent bootstrapping tablet: real 0.045s	user 0.022s	sys 0.000s
I20260608 12:49:49.033042 28114 leader_election.cc:304] T 88a4dd45b6ac4e878a02995ed1402bab P 16eef489133543c6bff34687c1915c5e [CANDIDATE]: Term 1 pre-election: Election decided. Result: candidate won. Election summary: received 2 responses out of 3 voters: 2 yes votes; 0 no votes. yes voters: 16eef489133543c6bff34687c1915c5e, 82f34c3e5c9c4899a4993d50ce09e2ef; no voters: 
I20260608 12:49:49.035094 28204 raft_consensus.cc:2804] T 88a4dd45b6ac4e878a02995ed1402bab P 16eef489133543c6bff34687c1915c5e [term 0 FOLLOWER]: Leader pre-election won for term 1
I20260608 12:49:49.035568 28204 raft_consensus.cc:493] T 88a4dd45b6ac4e878a02995ed1402bab P 16eef489133543c6bff34687c1915c5e [term 0 FOLLOWER]: Starting leader election (no leader contacted us within the election timeout)
I20260608 12:49:49.035983 28204 raft_consensus.cc:3060] T 88a4dd45b6ac4e878a02995ed1402bab P 16eef489133543c6bff34687c1915c5e [term 0 FOLLOWER]: Advancing to term 1
I20260608 12:49:49.037628 28081 raft_consensus.cc:493] T 04e6b88f24224738a8eb6bf414dca9b2 P 5aab16409d5f402eb7887f2fd5ba65b4 [term 0 FOLLOWER]: Starting pre-election (no leader contacted us within the election timeout)
I20260608 12:49:49.039366 28195 raft_consensus.cc:359] T 422f81cb86bd4e68894cd04ba4c85c12 P 82f34c3e5c9c4899a4993d50ce09e2ef [term 0 FOLLOWER]: Replica starting. Triggering 0 pending ops. Active config: opid_index: -1 OBSOLETE_local: false peers { permanent_uuid: "4dbbbceae7194ea39774490f71db25b7" member_type: VOTER last_known_addr { host: "127.24.67.67" port: 34029 } } peers { permanent_uuid: "16eef489133543c6bff34687c1915c5e" member_type: VOTER last_known_addr { host: "127.24.67.68" port: 33451 } } peers { permanent_uuid: "82f34c3e5c9c4899a4993d50ce09e2ef" member_type: VOTER last_known_addr { host: "127.24.67.65" port: 45299 } }
I20260608 12:49:49.040293 28195 raft_consensus.cc:385] T 422f81cb86bd4e68894cd04ba4c85c12 P 82f34c3e5c9c4899a4993d50ce09e2ef [term 0 FOLLOWER]: Consensus starting up: Expiring failure detector timer to make a prompt election more likely
I20260608 12:49:49.040180 28081 raft_consensus.cc:515] T 04e6b88f24224738a8eb6bf414dca9b2 P 5aab16409d5f402eb7887f2fd5ba65b4 [term 0 FOLLOWER]: Starting pre-election with config: opid_index: -1 OBSOLETE_local: false peers { permanent_uuid: "16eef489133543c6bff34687c1915c5e" member_type: VOTER last_known_addr { host: "127.24.67.68" port: 33451 } } peers { permanent_uuid: "82f34c3e5c9c4899a4993d50ce09e2ef" member_type: VOTER last_known_addr { host: "127.24.67.65" port: 45299 } } peers { permanent_uuid: "5aab16409d5f402eb7887f2fd5ba65b4" member_type: VOTER last_known_addr { host: "127.24.67.66" port: 39577 } }
I20260608 12:49:49.040745 28195 raft_consensus.cc:740] T 422f81cb86bd4e68894cd04ba4c85c12 P 82f34c3e5c9c4899a4993d50ce09e2ef [term 0 FOLLOWER]: Becoming Follower/Learner. State: Replica: 82f34c3e5c9c4899a4993d50ce09e2ef, State: Initialized, Role: FOLLOWER
I20260608 12:49:49.041728 28195 consensus_queue.cc:260] T 422f81cb86bd4e68894cd04ba4c85c12 P 82f34c3e5c9c4899a4993d50ce09e2ef [NON_LEADER]: Queue going to NON_LEADER mode. State: All replicated index: 0, Majority replicated index: 0, Committed index: 0, Last appended: 0.0, Last appended by leader: 0, Current term: 0, Majority size: -1, State: 0, Mode: NON_LEADER, active raft config: opid_index: -1 OBSOLETE_local: false peers { permanent_uuid: "4dbbbceae7194ea39774490f71db25b7" member_type: VOTER last_known_addr { host: "127.24.67.67" port: 34029 } } peers { permanent_uuid: "16eef489133543c6bff34687c1915c5e" member_type: VOTER last_known_addr { host: "127.24.67.68" port: 33451 } } peers { permanent_uuid: "82f34c3e5c9c4899a4993d50ce09e2ef" member_type: VOTER last_known_addr { host: "127.24.67.65" port: 45299 } }
I20260608 12:49:49.044447 28195 ts_tablet_manager.cc:1434] T 422f81cb86bd4e68894cd04ba4c85c12 P 82f34c3e5c9c4899a4993d50ce09e2ef: Time spent starting tablet: real 0.011s	user 0.007s	sys 0.000s
I20260608 12:49:49.045712 28159 tablet_service.cc:1917] Received RequestConsensusVote() RPC: tablet_id: "04e6b88f24224738a8eb6bf414dca9b2" candidate_uuid: "5aab16409d5f402eb7887f2fd5ba65b4" candidate_term: 1 candidate_status { last_received { term: 0 index: 0 } } ignore_live_leader: false dest_uuid: "16eef489133543c6bff34687c1915c5e" is_pre_election: true
I20260608 12:49:49.046069 28081 leader_election.cc:290] T 04e6b88f24224738a8eb6bf414dca9b2 P 5aab16409d5f402eb7887f2fd5ba65b4 [CANDIDATE]: Term 1 pre-election: Requested pre-vote from peers 16eef489133543c6bff34687c1915c5e (127.24.67.68:33451), 82f34c3e5c9c4899a4993d50ce09e2ef (127.24.67.65:45299)
I20260608 12:49:49.046460 27840 tablet_service.cc:1917] Received RequestConsensusVote() RPC: tablet_id: "04e6b88f24224738a8eb6bf414dca9b2" candidate_uuid: "5aab16409d5f402eb7887f2fd5ba65b4" candidate_term: 1 candidate_status { last_received { term: 0 index: 0 } } ignore_live_leader: false dest_uuid: "82f34c3e5c9c4899a4993d50ce09e2ef" is_pre_election: true
I20260608 12:49:49.047176 27840 raft_consensus.cc:2468] T 04e6b88f24224738a8eb6bf414dca9b2 P 82f34c3e5c9c4899a4993d50ce09e2ef [term 0 FOLLOWER]: Leader pre-election vote request: Granting yes vote for candidate 5aab16409d5f402eb7887f2fd5ba65b4 in term 0.
W20260608 12:49:49.047413 27882 leader_election.cc:343] T 04e6b88f24224738a8eb6bf414dca9b2 P 5aab16409d5f402eb7887f2fd5ba65b4 [CANDIDATE]: Term 1 pre-election: Tablet error from VoteRequest() call to peer 16eef489133543c6bff34687c1915c5e (127.24.67.68:33451): Illegal state: must be running to vote when last-logged opid is not known
I20260608 12:49:49.048770 27879 leader_election.cc:304] T 04e6b88f24224738a8eb6bf414dca9b2 P 5aab16409d5f402eb7887f2fd5ba65b4 [CANDIDATE]: Term 1 pre-election: Election decided. Result: candidate won. Election summary: received 3 responses out of 3 voters: 2 yes votes; 1 no votes. yes voters: 5aab16409d5f402eb7887f2fd5ba65b4, 82f34c3e5c9c4899a4993d50ce09e2ef; no voters: 16eef489133543c6bff34687c1915c5e
I20260608 12:49:49.045006 28204 raft_consensus.cc:515] T 88a4dd45b6ac4e878a02995ed1402bab P 16eef489133543c6bff34687c1915c5e [term 1 FOLLOWER]: Starting leader election with config: opid_index: -1 OBSOLETE_local: false peers { permanent_uuid: "16eef489133543c6bff34687c1915c5e" member_type: VOTER last_known_addr { host: "127.24.67.68" port: 33451 } } peers { permanent_uuid: "82f34c3e5c9c4899a4993d50ce09e2ef" member_type: VOTER last_known_addr { host: "127.24.67.65" port: 45299 } } peers { permanent_uuid: "5aab16409d5f402eb7887f2fd5ba65b4" member_type: VOTER last_known_addr { host: "127.24.67.66" port: 39577 } }
I20260608 12:49:49.050930 28081 raft_consensus.cc:2804] T 04e6b88f24224738a8eb6bf414dca9b2 P 5aab16409d5f402eb7887f2fd5ba65b4 [term 0 FOLLOWER]: Leader pre-election won for term 1
I20260608 12:49:49.051445 28081 raft_consensus.cc:493] T 04e6b88f24224738a8eb6bf414dca9b2 P 5aab16409d5f402eb7887f2fd5ba65b4 [term 0 FOLLOWER]: Starting leader election (no leader contacted us within the election timeout)
I20260608 12:49:49.051864 28204 leader_election.cc:290] T 88a4dd45b6ac4e878a02995ed1402bab P 16eef489133543c6bff34687c1915c5e [CANDIDATE]: Term 1 election: Requested vote from peers 82f34c3e5c9c4899a4993d50ce09e2ef (127.24.67.65:45299), 5aab16409d5f402eb7887f2fd5ba65b4 (127.24.67.66:39577)
I20260608 12:49:49.051941 28081 raft_consensus.cc:3060] T 04e6b88f24224738a8eb6bf414dca9b2 P 5aab16409d5f402eb7887f2fd5ba65b4 [term 0 FOLLOWER]: Advancing to term 1
I20260608 12:49:49.054913 27840 tablet_service.cc:1917] Received RequestConsensusVote() RPC: tablet_id: "88a4dd45b6ac4e878a02995ed1402bab" candidate_uuid: "16eef489133543c6bff34687c1915c5e" candidate_term: 1 candidate_status { last_received { term: 0 index: 0 } } ignore_live_leader: false dest_uuid: "82f34c3e5c9c4899a4993d50ce09e2ef"
I20260608 12:49:49.055584 27840 raft_consensus.cc:3060] T 88a4dd45b6ac4e878a02995ed1402bab P 82f34c3e5c9c4899a4993d50ce09e2ef [term 0 FOLLOWER]: Advancing to term 1
I20260608 12:49:49.062909 27840 raft_consensus.cc:2468] T 88a4dd45b6ac4e878a02995ed1402bab P 82f34c3e5c9c4899a4993d50ce09e2ef [term 1 FOLLOWER]: Leader election vote request: Granting yes vote for candidate 16eef489133543c6bff34687c1915c5e in term 1.
I20260608 12:49:49.064495 28114 leader_election.cc:304] T 88a4dd45b6ac4e878a02995ed1402bab P 16eef489133543c6bff34687c1915c5e [CANDIDATE]: Term 1 election: Election decided. Result: candidate won. Election summary: received 2 responses out of 3 voters: 2 yes votes; 0 no votes. yes voters: 16eef489133543c6bff34687c1915c5e, 82f34c3e5c9c4899a4993d50ce09e2ef; no voters: 
I20260608 12:49:49.065888 28204 raft_consensus.cc:2804] T 88a4dd45b6ac4e878a02995ed1402bab P 16eef489133543c6bff34687c1915c5e [term 1 FOLLOWER]: Leader election won for term 1
I20260608 12:49:49.066676 28081 raft_consensus.cc:515] T 04e6b88f24224738a8eb6bf414dca9b2 P 5aab16409d5f402eb7887f2fd5ba65b4 [term 1 FOLLOWER]: Starting leader election with config: opid_index: -1 OBSOLETE_local: false peers { permanent_uuid: "16eef489133543c6bff34687c1915c5e" member_type: VOTER last_known_addr { host: "127.24.67.68" port: 33451 } } peers { permanent_uuid: "82f34c3e5c9c4899a4993d50ce09e2ef" member_type: VOTER last_known_addr { host: "127.24.67.65" port: 45299 } } peers { permanent_uuid: "5aab16409d5f402eb7887f2fd5ba65b4" member_type: VOTER last_known_addr { host: "127.24.67.66" port: 39577 } }
I20260608 12:49:49.069782 28159 tablet_service.cc:1917] Received RequestConsensusVote() RPC: tablet_id: "04e6b88f24224738a8eb6bf414dca9b2" candidate_uuid: "5aab16409d5f402eb7887f2fd5ba65b4" candidate_term: 1 candidate_status { last_received { term: 0 index: 0 } } ignore_live_leader: false dest_uuid: "16eef489133543c6bff34687c1915c5e"
W20260608 12:49:49.071569 27882 leader_election.cc:343] T 04e6b88f24224738a8eb6bf414dca9b2 P 5aab16409d5f402eb7887f2fd5ba65b4 [CANDIDATE]: Term 1 election: Tablet error from VoteRequest() call to peer 16eef489133543c6bff34687c1915c5e (127.24.67.68:33451): Illegal state: must be running to vote when last-logged opid is not known
I20260608 12:49:49.071800 27916 tablet_service.cc:1917] Received RequestConsensusVote() RPC: tablet_id: "88a4dd45b6ac4e878a02995ed1402bab" candidate_uuid: "16eef489133543c6bff34687c1915c5e" candidate_term: 1 candidate_status { last_received { term: 0 index: 0 } } ignore_live_leader: false dest_uuid: "5aab16409d5f402eb7887f2fd5ba65b4" is_pre_election: true
I20260608 12:49:49.072588 27916 raft_consensus.cc:2468] T 88a4dd45b6ac4e878a02995ed1402bab P 5aab16409d5f402eb7887f2fd5ba65b4 [term 0 FOLLOWER]: Leader pre-election vote request: Granting yes vote for candidate 16eef489133543c6bff34687c1915c5e in term 0.
I20260608 12:49:49.072813 28081 leader_election.cc:290] T 04e6b88f24224738a8eb6bf414dca9b2 P 5aab16409d5f402eb7887f2fd5ba65b4 [CANDIDATE]: Term 1 election: Requested vote from peers 16eef489133543c6bff34687c1915c5e (127.24.67.68:33451), 82f34c3e5c9c4899a4993d50ce09e2ef (127.24.67.65:45299)
I20260608 12:49:49.073906 27915 tablet_service.cc:1917] Received RequestConsensusVote() RPC: tablet_id: "88a4dd45b6ac4e878a02995ed1402bab" candidate_uuid: "16eef489133543c6bff34687c1915c5e" candidate_term: 1 candidate_status { last_received { term: 0 index: 0 } } ignore_live_leader: false dest_uuid: "5aab16409d5f402eb7887f2fd5ba65b4"
I20260608 12:49:49.074641 27915 raft_consensus.cc:3060] T 88a4dd45b6ac4e878a02995ed1402bab P 5aab16409d5f402eb7887f2fd5ba65b4 [term 0 FOLLOWER]: Advancing to term 1
I20260608 12:49:49.079114 27840 tablet_service.cc:1917] Received RequestConsensusVote() RPC: tablet_id: "04e6b88f24224738a8eb6bf414dca9b2" candidate_uuid: "5aab16409d5f402eb7887f2fd5ba65b4" candidate_term: 1 candidate_status { last_received { term: 0 index: 0 } } ignore_live_leader: false dest_uuid: "82f34c3e5c9c4899a4993d50ce09e2ef"
I20260608 12:49:49.079594 28197 tablet_bootstrap.cc:492] T a5e1586b920b4769963093fb4581c756 P 16eef489133543c6bff34687c1915c5e: No bootstrap required, opened a new log
I20260608 12:49:49.080024 27840 raft_consensus.cc:3060] T 04e6b88f24224738a8eb6bf414dca9b2 P 82f34c3e5c9c4899a4993d50ce09e2ef [term 0 FOLLOWER]: Advancing to term 1
I20260608 12:49:49.080160 28197 ts_tablet_manager.cc:1403] T a5e1586b920b4769963093fb4581c756 P 16eef489133543c6bff34687c1915c5e: Time spent bootstrapping tablet: real 0.060s	user 0.011s	sys 0.005s
I20260608 12:49:49.083740 27915 raft_consensus.cc:2468] T 88a4dd45b6ac4e878a02995ed1402bab P 5aab16409d5f402eb7887f2fd5ba65b4 [term 1 FOLLOWER]: Leader election vote request: Granting yes vote for candidate 16eef489133543c6bff34687c1915c5e in term 1.
I20260608 12:49:49.084830 28204 raft_consensus.cc:697] T 88a4dd45b6ac4e878a02995ed1402bab P 16eef489133543c6bff34687c1915c5e [term 1 LEADER]: Becoming Leader. State: Replica: 16eef489133543c6bff34687c1915c5e, State: Running, Role: LEADER
I20260608 12:49:49.084141 28197 raft_consensus.cc:359] T a5e1586b920b4769963093fb4581c756 P 16eef489133543c6bff34687c1915c5e [term 0 FOLLOWER]: Replica starting. Triggering 0 pending ops. Active config: opid_index: -1 OBSOLETE_local: false peers { permanent_uuid: "16eef489133543c6bff34687c1915c5e" member_type: VOTER last_known_addr { host: "127.24.67.68" port: 33451 } } peers { permanent_uuid: "4dbbbceae7194ea39774490f71db25b7" member_type: VOTER last_known_addr { host: "127.24.67.67" port: 34029 } } peers { permanent_uuid: "5aab16409d5f402eb7887f2fd5ba65b4" member_type: VOTER last_known_addr { host: "127.24.67.66" port: 39577 } }
I20260608 12:49:49.085978 28197 raft_consensus.cc:385] T a5e1586b920b4769963093fb4581c756 P 16eef489133543c6bff34687c1915c5e [term 0 FOLLOWER]: Consensus starting up: Expiring failure detector timer to make a prompt election more likely
I20260608 12:49:49.086488 28197 raft_consensus.cc:740] T a5e1586b920b4769963093fb4581c756 P 16eef489133543c6bff34687c1915c5e [term 0 FOLLOWER]: Becoming Follower/Learner. State: Replica: 16eef489133543c6bff34687c1915c5e, State: Initialized, Role: FOLLOWER
I20260608 12:49:49.085964 28204 consensus_queue.cc:237] T 88a4dd45b6ac4e878a02995ed1402bab P 16eef489133543c6bff34687c1915c5e [LEADER]: Queue going to LEADER mode. State: All replicated index: 0, Majority replicated index: 0, Committed index: 0, Last appended: 0.0, Last appended by leader: 0, Current term: 1, Majority size: 2, State: 0, Mode: LEADER, active raft config: opid_index: -1 OBSOLETE_local: false peers { permanent_uuid: "16eef489133543c6bff34687c1915c5e" member_type: VOTER last_known_addr { host: "127.24.67.68" port: 33451 } } peers { permanent_uuid: "82f34c3e5c9c4899a4993d50ce09e2ef" member_type: VOTER last_known_addr { host: "127.24.67.65" port: 45299 } } peers { permanent_uuid: "5aab16409d5f402eb7887f2fd5ba65b4" member_type: VOTER last_known_addr { host: "127.24.67.66" port: 39577 } }
I20260608 12:49:49.087365 28197 consensus_queue.cc:260] T a5e1586b920b4769963093fb4581c756 P 16eef489133543c6bff34687c1915c5e [NON_LEADER]: Queue going to NON_LEADER mode. State: All replicated index: 0, Majority replicated index: 0, Committed index: 0, Last appended: 0.0, Last appended by leader: 0, Current term: 0, Majority size: -1, State: 0, Mode: NON_LEADER, active raft config: opid_index: -1 OBSOLETE_local: false peers { permanent_uuid: "16eef489133543c6bff34687c1915c5e" member_type: VOTER last_known_addr { host: "127.24.67.68" port: 33451 } } peers { permanent_uuid: "4dbbbceae7194ea39774490f71db25b7" member_type: VOTER last_known_addr { host: "127.24.67.67" port: 34029 } } peers { permanent_uuid: "5aab16409d5f402eb7887f2fd5ba65b4" member_type: VOTER last_known_addr { host: "127.24.67.66" port: 39577 } }
I20260608 12:49:49.089409 27840 raft_consensus.cc:2468] T 04e6b88f24224738a8eb6bf414dca9b2 P 82f34c3e5c9c4899a4993d50ce09e2ef [term 1 FOLLOWER]: Leader election vote request: Granting yes vote for candidate 5aab16409d5f402eb7887f2fd5ba65b4 in term 1.
I20260608 12:49:49.090757 28197 ts_tablet_manager.cc:1434] T a5e1586b920b4769963093fb4581c756 P 16eef489133543c6bff34687c1915c5e: Time spent starting tablet: real 0.010s	user 0.001s	sys 0.007s
I20260608 12:49:49.091089 27879 leader_election.cc:304] T 04e6b88f24224738a8eb6bf414dca9b2 P 5aab16409d5f402eb7887f2fd5ba65b4 [CANDIDATE]: Term 1 election: Election decided. Result: candidate won. Election summary: received 3 responses out of 3 voters: 2 yes votes; 1 no votes. yes voters: 5aab16409d5f402eb7887f2fd5ba65b4, 82f34c3e5c9c4899a4993d50ce09e2ef; no voters: 16eef489133543c6bff34687c1915c5e
I20260608 12:49:49.092170 28197 tablet_bootstrap.cc:492] T e0f9f3e472be4d128731c66b6de10bf5 P 16eef489133543c6bff34687c1915c5e: Bootstrap starting.
I20260608 12:49:49.092530 28081 raft_consensus.cc:2804] T 04e6b88f24224738a8eb6bf414dca9b2 P 5aab16409d5f402eb7887f2fd5ba65b4 [term 1 FOLLOWER]: Leader election won for term 1
I20260608 12:49:49.093171 28081 raft_consensus.cc:697] T 04e6b88f24224738a8eb6bf414dca9b2 P 5aab16409d5f402eb7887f2fd5ba65b4 [term 1 LEADER]: Becoming Leader. State: Replica: 5aab16409d5f402eb7887f2fd5ba65b4, State: Running, Role: LEADER
I20260608 12:49:49.094175 28081 consensus_queue.cc:237] T 04e6b88f24224738a8eb6bf414dca9b2 P 5aab16409d5f402eb7887f2fd5ba65b4 [LEADER]: Queue going to LEADER mode. State: All replicated index: 0, Majority replicated index: 0, Committed index: 0, Last appended: 0.0, Last appended by leader: 0, Current term: 1, Majority size: 2, State: 0, Mode: LEADER, active raft config: opid_index: -1 OBSOLETE_local: false peers { permanent_uuid: "16eef489133543c6bff34687c1915c5e" member_type: VOTER last_known_addr { host: "127.24.67.68" port: 33451 } } peers { permanent_uuid: "82f34c3e5c9c4899a4993d50ce09e2ef" member_type: VOTER last_known_addr { host: "127.24.67.65" port: 45299 } } peers { permanent_uuid: "5aab16409d5f402eb7887f2fd5ba65b4" member_type: VOTER last_known_addr { host: "127.24.67.66" port: 39577 } }
I20260608 12:49:49.103024 28197 tablet_bootstrap.cc:654] T e0f9f3e472be4d128731c66b6de10bf5 P 16eef489133543c6bff34687c1915c5e: Neither blocks nor log segments found. Creating new log.
I20260608 12:49:49.112574 27736 catalog_manager.cc:5696] T 04e6b88f24224738a8eb6bf414dca9b2 P 5aab16409d5f402eb7887f2fd5ba65b4 reported cstate change: term changed from 0 to 1, leader changed from <none> to 5aab16409d5f402eb7887f2fd5ba65b4 (127.24.67.66). New cstate: current_term: 1 leader_uuid: "5aab16409d5f402eb7887f2fd5ba65b4" committed_config { opid_index: -1 OBSOLETE_local: false peers { permanent_uuid: "16eef489133543c6bff34687c1915c5e" member_type: VOTER last_known_addr { host: "127.24.67.68" port: 33451 } health_report { overall_health: UNKNOWN } } peers { permanent_uuid: "82f34c3e5c9c4899a4993d50ce09e2ef" member_type: VOTER last_known_addr { host: "127.24.67.65" port: 45299 } health_report { overall_health: UNKNOWN } } peers { permanent_uuid: "5aab16409d5f402eb7887f2fd5ba65b4" member_type: VOTER last_known_addr { host: "127.24.67.66" port: 39577 } health_report { overall_health: HEALTHY } } }
I20260608 12:49:49.116879 28197 tablet_bootstrap.cc:492] T e0f9f3e472be4d128731c66b6de10bf5 P 16eef489133543c6bff34687c1915c5e: No bootstrap required, opened a new log
I20260608 12:49:49.117637 28197 ts_tablet_manager.cc:1403] T e0f9f3e472be4d128731c66b6de10bf5 P 16eef489133543c6bff34687c1915c5e: Time spent bootstrapping tablet: real 0.026s	user 0.013s	sys 0.010s
I20260608 12:49:49.126547 28197 raft_consensus.cc:359] T e0f9f3e472be4d128731c66b6de10bf5 P 16eef489133543c6bff34687c1915c5e [term 0 FOLLOWER]: Replica starting. Triggering 0 pending ops. Active config: opid_index: -1 OBSOLETE_local: false peers { permanent_uuid: "16eef489133543c6bff34687c1915c5e" member_type: VOTER last_known_addr { host: "127.24.67.68" port: 33451 } } peers { permanent_uuid: "5aab16409d5f402eb7887f2fd5ba65b4" member_type: VOTER last_known_addr { host: "127.24.67.66" port: 39577 } } peers { permanent_uuid: "4dbbbceae7194ea39774490f71db25b7" member_type: VOTER last_known_addr { host: "127.24.67.67" port: 34029 } }
I20260608 12:49:49.127979 28197 raft_consensus.cc:385] T e0f9f3e472be4d128731c66b6de10bf5 P 16eef489133543c6bff34687c1915c5e [term 0 FOLLOWER]: Consensus starting up: Expiring failure detector timer to make a prompt election more likely
I20260608 12:49:49.128419 28197 raft_consensus.cc:740] T e0f9f3e472be4d128731c66b6de10bf5 P 16eef489133543c6bff34687c1915c5e [term 0 FOLLOWER]: Becoming Follower/Learner. State: Replica: 16eef489133543c6bff34687c1915c5e, State: Initialized, Role: FOLLOWER
I20260608 12:49:49.129881 28197 consensus_queue.cc:260] T e0f9f3e472be4d128731c66b6de10bf5 P 16eef489133543c6bff34687c1915c5e [NON_LEADER]: Queue going to NON_LEADER mode. State: All replicated index: 0, Majority replicated index: 0, Committed index: 0, Last appended: 0.0, Last appended by leader: 0, Current term: 0, Majority size: -1, State: 0, Mode: NON_LEADER, active raft config: opid_index: -1 OBSOLETE_local: false peers { permanent_uuid: "16eef489133543c6bff34687c1915c5e" member_type: VOTER last_known_addr { host: "127.24.67.68" port: 33451 } } peers { permanent_uuid: "5aab16409d5f402eb7887f2fd5ba65b4" member_type: VOTER last_known_addr { host: "127.24.67.66" port: 39577 } } peers { permanent_uuid: "4dbbbceae7194ea39774490f71db25b7" member_type: VOTER last_known_addr { host: "127.24.67.67" port: 34029 } }
I20260608 12:49:49.127079 27738 catalog_manager.cc:5696] T 88a4dd45b6ac4e878a02995ed1402bab P 16eef489133543c6bff34687c1915c5e reported cstate change: term changed from 0 to 1, leader changed from <none> to 16eef489133543c6bff34687c1915c5e (127.24.67.68). New cstate: current_term: 1 leader_uuid: "16eef489133543c6bff34687c1915c5e" committed_config { opid_index: -1 OBSOLETE_local: false peers { permanent_uuid: "16eef489133543c6bff34687c1915c5e" member_type: VOTER last_known_addr { host: "127.24.67.68" port: 33451 } health_report { overall_health: HEALTHY } } peers { permanent_uuid: "82f34c3e5c9c4899a4993d50ce09e2ef" member_type: VOTER last_known_addr { host: "127.24.67.65" port: 45299 } health_report { overall_health: UNKNOWN } } peers { permanent_uuid: "5aab16409d5f402eb7887f2fd5ba65b4" member_type: VOTER last_known_addr { host: "127.24.67.66" port: 39577 } health_report { overall_health: UNKNOWN } } }
I20260608 12:49:49.132117 28197 ts_tablet_manager.cc:1434] T e0f9f3e472be4d128731c66b6de10bf5 P 16eef489133543c6bff34687c1915c5e: Time spent starting tablet: real 0.014s	user 0.007s	sys 0.000s
I20260608 12:49:49.133217 28197 tablet_bootstrap.cc:492] T 04e6b88f24224738a8eb6bf414dca9b2 P 16eef489133543c6bff34687c1915c5e: Bootstrap starting.
I20260608 12:49:49.139572 28197 tablet_bootstrap.cc:654] T 04e6b88f24224738a8eb6bf414dca9b2 P 16eef489133543c6bff34687c1915c5e: Neither blocks nor log segments found. Creating new log.
I20260608 12:49:49.144578 28197 tablet_bootstrap.cc:492] T 04e6b88f24224738a8eb6bf414dca9b2 P 16eef489133543c6bff34687c1915c5e: No bootstrap required, opened a new log
I20260608 12:49:49.145090 28197 ts_tablet_manager.cc:1403] T 04e6b88f24224738a8eb6bf414dca9b2 P 16eef489133543c6bff34687c1915c5e: Time spent bootstrapping tablet: real 0.012s	user 0.003s	sys 0.007s
I20260608 12:49:49.148118 28197 raft_consensus.cc:359] T 04e6b88f24224738a8eb6bf414dca9b2 P 16eef489133543c6bff34687c1915c5e [term 0 FOLLOWER]: Replica starting. Triggering 0 pending ops. Active config: opid_index: -1 OBSOLETE_local: false peers { permanent_uuid: "16eef489133543c6bff34687c1915c5e" member_type: VOTER last_known_addr { host: "127.24.67.68" port: 33451 } } peers { permanent_uuid: "82f34c3e5c9c4899a4993d50ce09e2ef" member_type: VOTER last_known_addr { host: "127.24.67.65" port: 45299 } } peers { permanent_uuid: "5aab16409d5f402eb7887f2fd5ba65b4" member_type: VOTER last_known_addr { host: "127.24.67.66" port: 39577 } }
I20260608 12:49:49.148901 28197 raft_consensus.cc:385] T 04e6b88f24224738a8eb6bf414dca9b2 P 16eef489133543c6bff34687c1915c5e [term 0 FOLLOWER]: Consensus starting up: Expiring failure detector timer to make a prompt election more likely
I20260608 12:49:49.149195 28197 raft_consensus.cc:740] T 04e6b88f24224738a8eb6bf414dca9b2 P 16eef489133543c6bff34687c1915c5e [term 0 FOLLOWER]: Becoming Follower/Learner. State: Replica: 16eef489133543c6bff34687c1915c5e, State: Initialized, Role: FOLLOWER
I20260608 12:49:49.150017 28197 consensus_queue.cc:260] T 04e6b88f24224738a8eb6bf414dca9b2 P 16eef489133543c6bff34687c1915c5e [NON_LEADER]: Queue going to NON_LEADER mode. State: All replicated index: 0, Majority replicated index: 0, Committed index: 0, Last appended: 0.0, Last appended by leader: 0, Current term: 0, Majority size: -1, State: 0, Mode: NON_LEADER, active raft config: opid_index: -1 OBSOLETE_local: false peers { permanent_uuid: "16eef489133543c6bff34687c1915c5e" member_type: VOTER last_known_addr { host: "127.24.67.68" port: 33451 } } peers { permanent_uuid: "82f34c3e5c9c4899a4993d50ce09e2ef" member_type: VOTER last_known_addr { host: "127.24.67.65" port: 45299 } } peers { permanent_uuid: "5aab16409d5f402eb7887f2fd5ba65b4" member_type: VOTER last_known_addr { host: "127.24.67.66" port: 39577 } }
I20260608 12:49:49.152297 28197 ts_tablet_manager.cc:1434] T 04e6b88f24224738a8eb6bf414dca9b2 P 16eef489133543c6bff34687c1915c5e: Time spent starting tablet: real 0.007s	user 0.003s	sys 0.003s
I20260608 12:49:49.167366 28204 raft_consensus.cc:493] T 422f81cb86bd4e68894cd04ba4c85c12 P 16eef489133543c6bff34687c1915c5e [term 0 FOLLOWER]: Starting pre-election (no leader contacted us within the election timeout)
I20260608 12:49:49.167948 28204 raft_consensus.cc:515] T 422f81cb86bd4e68894cd04ba4c85c12 P 16eef489133543c6bff34687c1915c5e [term 0 FOLLOWER]: Starting pre-election with config: opid_index: -1 OBSOLETE_local: false peers { permanent_uuid: "4dbbbceae7194ea39774490f71db25b7" member_type: VOTER last_known_addr { host: "127.24.67.67" port: 34029 } } peers { permanent_uuid: "16eef489133543c6bff34687c1915c5e" member_type: VOTER last_known_addr { host: "127.24.67.68" port: 33451 } } peers { permanent_uuid: "82f34c3e5c9c4899a4993d50ce09e2ef" member_type: VOTER last_known_addr { host: "127.24.67.65" port: 45299 } }
I20260608 12:49:49.170341 28204 leader_election.cc:290] T 422f81cb86bd4e68894cd04ba4c85c12 P 16eef489133543c6bff34687c1915c5e [CANDIDATE]: Term 1 pre-election: Requested pre-vote from peers 4dbbbceae7194ea39774490f71db25b7 (127.24.67.67:34029), 82f34c3e5c9c4899a4993d50ce09e2ef (127.24.67.65:45299)
I20260608 12:49:49.171200 27989 tablet_service.cc:1917] Received RequestConsensusVote() RPC: tablet_id: "422f81cb86bd4e68894cd04ba4c85c12" candidate_uuid: "16eef489133543c6bff34687c1915c5e" candidate_term: 1 candidate_status { last_received { term: 0 index: 0 } } ignore_live_leader: false dest_uuid: "4dbbbceae7194ea39774490f71db25b7" is_pre_election: true
I20260608 12:49:49.171535 27840 tablet_service.cc:1917] Received RequestConsensusVote() RPC: tablet_id: "422f81cb86bd4e68894cd04ba4c85c12" candidate_uuid: "16eef489133543c6bff34687c1915c5e" candidate_term: 1 candidate_status { last_received { term: 0 index: 0 } } ignore_live_leader: false dest_uuid: "82f34c3e5c9c4899a4993d50ce09e2ef" is_pre_election: true
I20260608 12:49:49.171953 27989 raft_consensus.cc:2468] T 422f81cb86bd4e68894cd04ba4c85c12 P 4dbbbceae7194ea39774490f71db25b7 [term 0 FOLLOWER]: Leader pre-election vote request: Granting yes vote for candidate 16eef489133543c6bff34687c1915c5e in term 0.
I20260608 12:49:49.172273 27840 raft_consensus.cc:2468] T 422f81cb86bd4e68894cd04ba4c85c12 P 82f34c3e5c9c4899a4993d50ce09e2ef [term 0 FOLLOWER]: Leader pre-election vote request: Granting yes vote for candidate 16eef489133543c6bff34687c1915c5e in term 0.
I20260608 12:49:49.173245 28114 leader_election.cc:304] T 422f81cb86bd4e68894cd04ba4c85c12 P 16eef489133543c6bff34687c1915c5e [CANDIDATE]: Term 1 pre-election: Election decided. Result: candidate won. Election summary: received 2 responses out of 3 voters: 2 yes votes; 0 no votes. yes voters: 16eef489133543c6bff34687c1915c5e, 4dbbbceae7194ea39774490f71db25b7; no voters: 
I20260608 12:49:49.174028 28204 raft_consensus.cc:2804] T 422f81cb86bd4e68894cd04ba4c85c12 P 16eef489133543c6bff34687c1915c5e [term 0 FOLLOWER]: Leader pre-election won for term 1
I20260608 12:49:49.174418 28204 raft_consensus.cc:493] T 422f81cb86bd4e68894cd04ba4c85c12 P 16eef489133543c6bff34687c1915c5e [term 0 FOLLOWER]: Starting leader election (no leader contacted us within the election timeout)
I20260608 12:49:49.174777 28204 raft_consensus.cc:3060] T 422f81cb86bd4e68894cd04ba4c85c12 P 16eef489133543c6bff34687c1915c5e [term 0 FOLLOWER]: Advancing to term 1
I20260608 12:49:49.182294 28204 raft_consensus.cc:515] T 422f81cb86bd4e68894cd04ba4c85c12 P 16eef489133543c6bff34687c1915c5e [term 1 FOLLOWER]: Starting leader election with config: opid_index: -1 OBSOLETE_local: false peers { permanent_uuid: "4dbbbceae7194ea39774490f71db25b7" member_type: VOTER last_known_addr { host: "127.24.67.67" port: 34029 } } peers { permanent_uuid: "16eef489133543c6bff34687c1915c5e" member_type: VOTER last_known_addr { host: "127.24.67.68" port: 33451 } } peers { permanent_uuid: "82f34c3e5c9c4899a4993d50ce09e2ef" member_type: VOTER last_known_addr { host: "127.24.67.65" port: 45299 } }
I20260608 12:49:49.184649 28204 leader_election.cc:290] T 422f81cb86bd4e68894cd04ba4c85c12 P 16eef489133543c6bff34687c1915c5e [CANDIDATE]: Term 1 election: Requested vote from peers 4dbbbceae7194ea39774490f71db25b7 (127.24.67.67:34029), 82f34c3e5c9c4899a4993d50ce09e2ef (127.24.67.65:45299)
I20260608 12:49:49.185285 27989 tablet_service.cc:1917] Received RequestConsensusVote() RPC: tablet_id: "422f81cb86bd4e68894cd04ba4c85c12" candidate_uuid: "16eef489133543c6bff34687c1915c5e" candidate_term: 1 candidate_status { last_received { term: 0 index: 0 } } ignore_live_leader: false dest_uuid: "4dbbbceae7194ea39774490f71db25b7"
I20260608 12:49:49.185770 27840 tablet_service.cc:1917] Received RequestConsensusVote() RPC: tablet_id: "422f81cb86bd4e68894cd04ba4c85c12" candidate_uuid: "16eef489133543c6bff34687c1915c5e" candidate_term: 1 candidate_status { last_received { term: 0 index: 0 } } ignore_live_leader: false dest_uuid: "82f34c3e5c9c4899a4993d50ce09e2ef"
I20260608 12:49:49.186031 27989 raft_consensus.cc:3060] T 422f81cb86bd4e68894cd04ba4c85c12 P 4dbbbceae7194ea39774490f71db25b7 [term 0 FOLLOWER]: Advancing to term 1
I20260608 12:49:49.186496 27840 raft_consensus.cc:3060] T 422f81cb86bd4e68894cd04ba4c85c12 P 82f34c3e5c9c4899a4993d50ce09e2ef [term 0 FOLLOWER]: Advancing to term 1
I20260608 12:49:49.191722 27840 raft_consensus.cc:2468] T 422f81cb86bd4e68894cd04ba4c85c12 P 82f34c3e5c9c4899a4993d50ce09e2ef [term 1 FOLLOWER]: Leader election vote request: Granting yes vote for candidate 16eef489133543c6bff34687c1915c5e in term 1.
I20260608 12:49:49.193310 28114 leader_election.cc:304] T 422f81cb86bd4e68894cd04ba4c85c12 P 16eef489133543c6bff34687c1915c5e [CANDIDATE]: Term 1 election: Election decided. Result: candidate won. Election summary: received 2 responses out of 3 voters: 2 yes votes; 0 no votes. yes voters: 16eef489133543c6bff34687c1915c5e, 82f34c3e5c9c4899a4993d50ce09e2ef; no voters: 
I20260608 12:49:49.193794 27989 raft_consensus.cc:2468] T 422f81cb86bd4e68894cd04ba4c85c12 P 4dbbbceae7194ea39774490f71db25b7 [term 1 FOLLOWER]: Leader election vote request: Granting yes vote for candidate 16eef489133543c6bff34687c1915c5e in term 1.
I20260608 12:49:49.194707 28204 raft_consensus.cc:2804] T 422f81cb86bd4e68894cd04ba4c85c12 P 16eef489133543c6bff34687c1915c5e [term 1 FOLLOWER]: Leader election won for term 1
I20260608 12:49:49.195302 28204 raft_consensus.cc:697] T 422f81cb86bd4e68894cd04ba4c85c12 P 16eef489133543c6bff34687c1915c5e [term 1 LEADER]: Becoming Leader. State: Replica: 16eef489133543c6bff34687c1915c5e, State: Running, Role: LEADER
I20260608 12:49:49.196887 28204 consensus_queue.cc:237] T 422f81cb86bd4e68894cd04ba4c85c12 P 16eef489133543c6bff34687c1915c5e [LEADER]: Queue going to LEADER mode. State: All replicated index: 0, Majority replicated index: 0, Committed index: 0, Last appended: 0.0, Last appended by leader: 0, Current term: 1, Majority size: 2, State: 0, Mode: LEADER, active raft config: opid_index: -1 OBSOLETE_local: false peers { permanent_uuid: "4dbbbceae7194ea39774490f71db25b7" member_type: VOTER last_known_addr { host: "127.24.67.67" port: 34029 } } peers { permanent_uuid: "16eef489133543c6bff34687c1915c5e" member_type: VOTER last_known_addr { host: "127.24.67.68" port: 33451 } } peers { permanent_uuid: "82f34c3e5c9c4899a4993d50ce09e2ef" member_type: VOTER last_known_addr { host: "127.24.67.65" port: 45299 } }
I20260608 12:49:49.198012 28045 consensus_queue.cc:1048] T 5b3792b73466464791519d68dfc54815 P 82f34c3e5c9c4899a4993d50ce09e2ef [LEADER]: Connected to new peer: Peer: permanent_uuid: "16eef489133543c6bff34687c1915c5e" member_type: VOTER last_known_addr { host: "127.24.67.68" port: 33451 }, Status: LMP_MISMATCH, Last received: 0.0, Next index: 1, Last known committed idx: 0, Time since last communication: 0.000s
W20260608 12:49:49.207170 27724 catalog_manager.cc:4809] Async tablet task AlterTable RPC for tablet 422f81cb86bd4e68894cd04ba4c85c12 (table range_aware_rebalance_new_range [id=75c30ba0903e49c9a94450123a6b60b2], current schema version=0) failed: Not found: failed to reset TS proxy: No leader found: Tablet 422f81cb86bd4e68894cd04ba4c85c12 consensus state has no leader
I20260608 12:49:49.208268 27738 catalog_manager.cc:5696] T 422f81cb86bd4e68894cd04ba4c85c12 P 16eef489133543c6bff34687c1915c5e reported cstate change: term changed from 0 to 1, leader changed from <none> to 16eef489133543c6bff34687c1915c5e (127.24.67.68). New cstate: current_term: 1 leader_uuid: "16eef489133543c6bff34687c1915c5e" committed_config { opid_index: -1 OBSOLETE_local: false peers { permanent_uuid: "4dbbbceae7194ea39774490f71db25b7" member_type: VOTER last_known_addr { host: "127.24.67.67" port: 34029 } health_report { overall_health: UNKNOWN } } peers { permanent_uuid: "16eef489133543c6bff34687c1915c5e" member_type: VOTER last_known_addr { host: "127.24.67.68" port: 33451 } health_report { overall_health: HEALTHY } } peers { permanent_uuid: "82f34c3e5c9c4899a4993d50ce09e2ef" member_type: VOTER last_known_addr { host: "127.24.67.65" port: 45299 } health_report { overall_health: UNKNOWN } } }
I20260608 12:49:49.225539 28204 raft_consensus.cc:493] T 04e6b88f24224738a8eb6bf414dca9b2 P 16eef489133543c6bff34687c1915c5e [term 0 FOLLOWER]: Starting pre-election (no leader contacted us within the election timeout)
I20260608 12:49:49.228322 28228 consensus_queue.cc:1048] T a5e1586b920b4769963093fb4581c756 P 4dbbbceae7194ea39774490f71db25b7 [LEADER]: Connected to new peer: Peer: permanent_uuid: "5aab16409d5f402eb7887f2fd5ba65b4" member_type: VOTER last_known_addr { host: "127.24.67.66" port: 39577 }, Status: LMP_MISMATCH, Last received: 0.0, Next index: 1, Last known committed idx: 0, Time since last communication: 0.001s
I20260608 12:49:49.233423 28204 raft_consensus.cc:515] T 04e6b88f24224738a8eb6bf414dca9b2 P 16eef489133543c6bff34687c1915c5e [term 0 FOLLOWER]: Starting pre-election with config: opid_index: -1 OBSOLETE_local: false peers { permanent_uuid: "16eef489133543c6bff34687c1915c5e" member_type: VOTER last_known_addr { host: "127.24.67.68" port: 33451 } } peers { permanent_uuid: "82f34c3e5c9c4899a4993d50ce09e2ef" member_type: VOTER last_known_addr { host: "127.24.67.65" port: 45299 } } peers { permanent_uuid: "5aab16409d5f402eb7887f2fd5ba65b4" member_type: VOTER last_known_addr { host: "127.24.67.66" port: 39577 } }
I20260608 12:49:49.241981 28204 leader_election.cc:290] T 04e6b88f24224738a8eb6bf414dca9b2 P 16eef489133543c6bff34687c1915c5e [CANDIDATE]: Term 1 pre-election: Requested pre-vote from peers 82f34c3e5c9c4899a4993d50ce09e2ef (127.24.67.65:45299), 5aab16409d5f402eb7887f2fd5ba65b4 (127.24.67.66:39577)
I20260608 12:49:49.242558 28075 consensus_queue.cc:1048] T 5b3792b73466464791519d68dfc54815 P 82f34c3e5c9c4899a4993d50ce09e2ef [LEADER]: Connected to new peer: Peer: permanent_uuid: "4dbbbceae7194ea39774490f71db25b7" member_type: VOTER last_known_addr { host: "127.24.67.67" port: 34029 }, Status: LMP_MISMATCH, Last received: 0.0, Next index: 1, Last known committed idx: 0, Time since last communication: 0.000s
I20260608 12:49:49.246953 27840 tablet_service.cc:1917] Received RequestConsensusVote() RPC: tablet_id: "04e6b88f24224738a8eb6bf414dca9b2" candidate_uuid: "16eef489133543c6bff34687c1915c5e" candidate_term: 1 candidate_status { last_received { term: 0 index: 0 } } ignore_live_leader: false dest_uuid: "82f34c3e5c9c4899a4993d50ce09e2ef" is_pre_election: true
I20260608 12:49:49.247822 27840 raft_consensus.cc:2393] T 04e6b88f24224738a8eb6bf414dca9b2 P 82f34c3e5c9c4899a4993d50ce09e2ef [term 1 FOLLOWER]: Leader pre-election vote request: Denying vote to candidate 16eef489133543c6bff34687c1915c5e in current term 1: Already voted for candidate 5aab16409d5f402eb7887f2fd5ba65b4 in this term.
I20260608 12:49:49.251158 27916 tablet_service.cc:1917] Received RequestConsensusVote() RPC: tablet_id: "04e6b88f24224738a8eb6bf414dca9b2" candidate_uuid: "16eef489133543c6bff34687c1915c5e" candidate_term: 1 candidate_status { last_received { term: 0 index: 0 } } ignore_live_leader: false dest_uuid: "5aab16409d5f402eb7887f2fd5ba65b4" is_pre_election: true
I20260608 12:49:49.253274 28117 leader_election.cc:304] T 04e6b88f24224738a8eb6bf414dca9b2 P 16eef489133543c6bff34687c1915c5e [CANDIDATE]: Term 1 pre-election: Election decided. Result: candidate lost. Election summary: received 3 responses out of 3 voters: 1 yes votes; 2 no votes. yes voters: 16eef489133543c6bff34687c1915c5e; no voters: 5aab16409d5f402eb7887f2fd5ba65b4, 82f34c3e5c9c4899a4993d50ce09e2ef
I20260608 12:49:49.253980 28204 raft_consensus.cc:3060] T 04e6b88f24224738a8eb6bf414dca9b2 P 16eef489133543c6bff34687c1915c5e [term 0 FOLLOWER]: Advancing to term 1
I20260608 12:49:49.271521 28204 raft_consensus.cc:2749] T 04e6b88f24224738a8eb6bf414dca9b2 P 16eef489133543c6bff34687c1915c5e [term 1 FOLLOWER]: Leader pre-election lost for term 1. Reason: could not achieve majority
I20260608 12:49:49.279690 28159 raft_consensus.cc:3060] T a5e1586b920b4769963093fb4581c756 P 16eef489133543c6bff34687c1915c5e [term 0 FOLLOWER]: Advancing to term 1
I20260608 12:49:49.306900 28075 raft_consensus.cc:493] T 9f7b917f6dc34640a9dff9ee32fe3a27 P 82f34c3e5c9c4899a4993d50ce09e2ef [term 0 FOLLOWER]: Starting pre-election (no leader contacted us within the election timeout)
I20260608 12:49:49.307493 28075 raft_consensus.cc:515] T 9f7b917f6dc34640a9dff9ee32fe3a27 P 82f34c3e5c9c4899a4993d50ce09e2ef [term 0 FOLLOWER]: Starting pre-election with config: opid_index: -1 OBSOLETE_local: false peers { permanent_uuid: "16eef489133543c6bff34687c1915c5e" member_type: VOTER last_known_addr { host: "127.24.67.68" port: 33451 } } peers { permanent_uuid: "82f34c3e5c9c4899a4993d50ce09e2ef" member_type: VOTER last_known_addr { host: "127.24.67.65" port: 45299 } } peers { permanent_uuid: "5aab16409d5f402eb7887f2fd5ba65b4" member_type: VOTER last_known_addr { host: "127.24.67.66" port: 39577 } }
I20260608 12:49:49.313692 28156 tablet_service.cc:1917] Received RequestConsensusVote() RPC: tablet_id: "9f7b917f6dc34640a9dff9ee32fe3a27" candidate_uuid: "82f34c3e5c9c4899a4993d50ce09e2ef" candidate_term: 1 candidate_status { last_received { term: 0 index: 0 } } ignore_live_leader: false dest_uuid: "16eef489133543c6bff34687c1915c5e" is_pre_election: true
I20260608 12:49:49.314607 28156 raft_consensus.cc:2393] T 9f7b917f6dc34640a9dff9ee32fe3a27 P 16eef489133543c6bff34687c1915c5e [term 1 FOLLOWER]: Leader pre-election vote request: Denying vote to candidate 82f34c3e5c9c4899a4993d50ce09e2ef in current term 1: Already voted for candidate 5aab16409d5f402eb7887f2fd5ba65b4 in this term.
I20260608 12:49:49.319363 28075 leader_election.cc:290] T 9f7b917f6dc34640a9dff9ee32fe3a27 P 82f34c3e5c9c4899a4993d50ce09e2ef [CANDIDATE]: Term 1 pre-election: Requested pre-vote from peers 16eef489133543c6bff34687c1915c5e (127.24.67.68:33451), 5aab16409d5f402eb7887f2fd5ba65b4 (127.24.67.66:39577)
I20260608 12:49:49.321079 27915 tablet_service.cc:1917] Received RequestConsensusVote() RPC: tablet_id: "9f7b917f6dc34640a9dff9ee32fe3a27" candidate_uuid: "82f34c3e5c9c4899a4993d50ce09e2ef" candidate_term: 1 candidate_status { last_received { term: 0 index: 0 } } ignore_live_leader: false dest_uuid: "5aab16409d5f402eb7887f2fd5ba65b4" is_pre_election: true
I20260608 12:49:49.326012 27807 leader_election.cc:304] T 9f7b917f6dc34640a9dff9ee32fe3a27 P 82f34c3e5c9c4899a4993d50ce09e2ef [CANDIDATE]: Term 1 pre-election: Election decided. Result: candidate lost. Election summary: received 3 responses out of 3 voters: 1 yes votes; 2 no votes. yes voters: 82f34c3e5c9c4899a4993d50ce09e2ef; no voters: 16eef489133543c6bff34687c1915c5e, 5aab16409d5f402eb7887f2fd5ba65b4
I20260608 12:49:49.327229 28075 raft_consensus.cc:3060] T 9f7b917f6dc34640a9dff9ee32fe3a27 P 82f34c3e5c9c4899a4993d50ce09e2ef [term 0 FOLLOWER]: Advancing to term 1
I20260608 12:49:49.329587 28228 consensus_queue.cc:1048] T e0f9f3e472be4d128731c66b6de10bf5 P 4dbbbceae7194ea39774490f71db25b7 [LEADER]: Connected to new peer: Peer: permanent_uuid: "5aab16409d5f402eb7887f2fd5ba65b4" member_type: VOTER last_known_addr { host: "127.24.67.66" port: 39577 }, Status: LMP_MISMATCH, Last received: 0.0, Next index: 1, Last known committed idx: 0, Time since last communication: 0.000s
I20260608 12:49:49.333833 28204 raft_consensus.cc:493] T a5e1586b920b4769963093fb4581c756 P 16eef489133543c6bff34687c1915c5e [term 1 FOLLOWER]: Starting pre-election (no leader contacted us within the election timeout)
I20260608 12:49:49.334396 28204 raft_consensus.cc:515] T a5e1586b920b4769963093fb4581c756 P 16eef489133543c6bff34687c1915c5e [term 1 FOLLOWER]: Starting pre-election with config: opid_index: -1 OBSOLETE_local: false peers { permanent_uuid: "16eef489133543c6bff34687c1915c5e" member_type: VOTER last_known_addr { host: "127.24.67.68" port: 33451 } } peers { permanent_uuid: "4dbbbceae7194ea39774490f71db25b7" member_type: VOTER last_known_addr { host: "127.24.67.67" port: 34029 } } peers { permanent_uuid: "5aab16409d5f402eb7887f2fd5ba65b4" member_type: VOTER last_known_addr { host: "127.24.67.66" port: 39577 } }
I20260608 12:49:49.336717 28204 leader_election.cc:290] T a5e1586b920b4769963093fb4581c756 P 16eef489133543c6bff34687c1915c5e [CANDIDATE]: Term 2 pre-election: Requested pre-vote from peers 4dbbbceae7194ea39774490f71db25b7 (127.24.67.67:34029), 5aab16409d5f402eb7887f2fd5ba65b4 (127.24.67.66:39577)
I20260608 12:49:49.338215 27990 tablet_service.cc:1917] Received RequestConsensusVote() RPC: tablet_id: "a5e1586b920b4769963093fb4581c756" candidate_uuid: "16eef489133543c6bff34687c1915c5e" candidate_term: 2 candidate_status { last_received { term: 0 index: 0 } } ignore_live_leader: false dest_uuid: "4dbbbceae7194ea39774490f71db25b7" is_pre_election: true
I20260608 12:49:49.338577 27915 tablet_service.cc:1917] Received RequestConsensusVote() RPC: tablet_id: "a5e1586b920b4769963093fb4581c756" candidate_uuid: "16eef489133543c6bff34687c1915c5e" candidate_term: 2 candidate_status { last_received { term: 0 index: 0 } } ignore_live_leader: false dest_uuid: "5aab16409d5f402eb7887f2fd5ba65b4" is_pre_election: true
I20260608 12:49:49.340590 28114 leader_election.cc:304] T a5e1586b920b4769963093fb4581c756 P 16eef489133543c6bff34687c1915c5e [CANDIDATE]: Term 2 pre-election: Election decided. Result: candidate lost. Election summary: received 3 responses out of 3 voters: 1 yes votes; 2 no votes. yes voters: 16eef489133543c6bff34687c1915c5e; no voters: 4dbbbceae7194ea39774490f71db25b7, 5aab16409d5f402eb7887f2fd5ba65b4
I20260608 12:49:49.341713 28204 raft_consensus.cc:2749] T a5e1586b920b4769963093fb4581c756 P 16eef489133543c6bff34687c1915c5e [term 1 FOLLOWER]: Leader pre-election lost for term 2. Reason: could not achieve majority
I20260608 12:49:49.345373 28228 consensus_queue.cc:1048] T a5e1586b920b4769963093fb4581c756 P 4dbbbceae7194ea39774490f71db25b7 [LEADER]: Connected to new peer: Peer: permanent_uuid: "16eef489133543c6bff34687c1915c5e" member_type: VOTER last_known_addr { host: "127.24.67.68" port: 33451 }, Status: LMP_MISMATCH, Last received: 0.0, Next index: 1, Last known committed idx: 0, Time since last communication: 0.000s
I20260608 12:49:49.336761 28156 raft_consensus.cc:3060] T e0f9f3e472be4d128731c66b6de10bf5 P 16eef489133543c6bff34687c1915c5e [term 0 FOLLOWER]: Advancing to term 1
I20260608 12:49:49.404387 28081 consensus_queue.cc:1048] T 9f7b917f6dc34640a9dff9ee32fe3a27 P 5aab16409d5f402eb7887f2fd5ba65b4 [LEADER]: Connected to new peer: Peer: permanent_uuid: "16eef489133543c6bff34687c1915c5e" member_type: VOTER last_known_addr { host: "127.24.67.68" port: 33451 }, Status: LMP_MISMATCH, Last received: 0.0, Next index: 1, Last known committed idx: 0, Time since last communication: 0.000s
I20260608 12:49:49.411866 28075 raft_consensus.cc:2749] T 9f7b917f6dc34640a9dff9ee32fe3a27 P 82f34c3e5c9c4899a4993d50ce09e2ef [term 1 FOLLOWER]: Leader pre-election lost for term 1. Reason: could not achieve majority
I20260608 12:49:49.416110 28259 consensus_queue.cc:1048] T e0f9f3e472be4d128731c66b6de10bf5 P 4dbbbceae7194ea39774490f71db25b7 [LEADER]: Connected to new peer: Peer: permanent_uuid: "16eef489133543c6bff34687c1915c5e" member_type: VOTER last_known_addr { host: "127.24.67.68" port: 33451 }, Status: LMP_MISMATCH, Last received: 0.0, Next index: 1, Last known committed idx: 0, Time since last communication: 0.001s
I20260608 12:49:49.420441 27990 consensus_queue.cc:237] T 7ea21e7156d34e2c9fb583bcaad941c0 P 4dbbbceae7194ea39774490f71db25b7 [LEADER]: Queue going to LEADER mode. State: All replicated index: 0, Majority replicated index: 1, Committed index: 1, Last appended: 1.1, Last appended by leader: 0, Current term: 1, Majority size: 2, State: 0, Mode: LEADER, active raft config: opid_index: 2 OBSOLETE_local: false peers { permanent_uuid: "82f34c3e5c9c4899a4993d50ce09e2ef" member_type: VOTER last_known_addr { host: "127.24.67.65" port: 45299 } attrs { replace: true } } peers { permanent_uuid: "5aab16409d5f402eb7887f2fd5ba65b4" member_type: VOTER last_known_addr { host: "127.24.67.66" port: 39577 } } peers { permanent_uuid: "4dbbbceae7194ea39774490f71db25b7" member_type: VOTER last_known_addr { host: "127.24.67.67" port: 34029 } } peers { permanent_uuid: "16eef489133543c6bff34687c1915c5e" member_type: NON_VOTER last_known_addr { host: "127.24.67.68" port: 33451 } attrs { promote: true } }
I20260608 12:49:49.416100 28081 consensus_queue.cc:1048] T 9f7b917f6dc34640a9dff9ee32fe3a27 P 5aab16409d5f402eb7887f2fd5ba65b4 [LEADER]: Connected to new peer: Peer: permanent_uuid: "82f34c3e5c9c4899a4993d50ce09e2ef" member_type: VOTER last_known_addr { host: "127.24.67.65" port: 45299 }, Status: LMP_MISMATCH, Last received: 0.0, Next index: 1, Last known committed idx: 0, Time since last communication: 0.010s
