I20260608 12:49:28.019726 28014 tablet_service.cc:1917] Received RequestConsensusVote() RPC: tablet_id: "0d849d6254b845d8902ad3c68c1ee333" candidate_uuid: "b485e76f13104c0ab9c90b0dc13d5bdf" candidate_term: 1 candidate_status { last_received { term: 0 index: 0 } } ignore_live_leader: false dest_uuid: "24710b7d49454a9b8716c9cecc718c04" is_pre_election: true
I20260608 12:49:28.020452 28014 raft_consensus.cc:2468] T 0d849d6254b845d8902ad3c68c1ee333 P 24710b7d49454a9b8716c9cecc718c04 [term 0 FOLLOWER]: Leader pre-election vote request: Granting yes vote for candidate b485e76f13104c0ab9c90b0dc13d5bdf in term 0.
W20260608 12:49:28.021183 27903 leader_election.cc:343] T d6c43ebfafa14cf9a2e65fffebbd5e68 P b485e76f13104c0ab9c90b0dc13d5bdf [CANDIDATE]: Term 1 pre-election: Tablet error from VoteRequest() call to peer 24710b7d49454a9b8716c9cecc718c04 (127.24.89.194:45383): Illegal state: must be running to vote when last-logged opid is not known
I20260608 12:49:28.021721 27903 leader_election.cc:304] T d6c43ebfafa14cf9a2e65fffebbd5e68 P b485e76f13104c0ab9c90b0dc13d5bdf [CANDIDATE]: Term 1 pre-election: Election decided. Result: candidate lost. Election summary: received 3 responses out of 3 voters: 1 yes votes; 2 no votes. yes voters: b485e76f13104c0ab9c90b0dc13d5bdf; no voters: 21f0c2a616304e66ba255d7750b3928f, 24710b7d49454a9b8716c9cecc718c04
I20260608 12:49:28.023777 28089 tablet_service.cc:1917] Received RequestConsensusVote() RPC: tablet_id: "0d849d6254b845d8902ad3c68c1ee333" candidate_uuid: "b485e76f13104c0ab9c90b0dc13d5bdf" candidate_term: 1 candidate_status { last_received { term: 0 index: 0 } } ignore_live_leader: false dest_uuid: "21f0c2a616304e66ba255d7750b3928f" is_pre_election: true
I20260608 12:49:28.024495 28089 raft_consensus.cc:2468] T 0d849d6254b845d8902ad3c68c1ee333 P 21f0c2a616304e66ba255d7750b3928f [term 0 FOLLOWER]: Leader pre-election vote request: Granting yes vote for candidate b485e76f13104c0ab9c90b0dc13d5bdf in term 0.
I20260608 12:49:28.024616 28156 raft_consensus.cc:2749] T d6c43ebfafa14cf9a2e65fffebbd5e68 P b485e76f13104c0ab9c90b0dc13d5bdf [term 0 FOLLOWER]: Leader pre-election lost for term 1. Reason: could not achieve majority
I20260608 12:49:28.026037 27903 leader_election.cc:304] T 0d849d6254b845d8902ad3c68c1ee333 P b485e76f13104c0ab9c90b0dc13d5bdf [CANDIDATE]: Term 1 pre-election: Election decided. Result: candidate won. Election summary: received 2 responses out of 3 voters: 2 yes votes; 0 no votes. yes voters: 24710b7d49454a9b8716c9cecc718c04, b485e76f13104c0ab9c90b0dc13d5bdf; no voters: 
I20260608 12:49:28.027848 28141 raft_consensus.cc:2804] T 0d849d6254b845d8902ad3c68c1ee333 P b485e76f13104c0ab9c90b0dc13d5bdf [term 0 FOLLOWER]: Leader pre-election won for term 1
I20260608 12:49:28.028331 28141 raft_consensus.cc:493] T 0d849d6254b845d8902ad3c68c1ee333 P b485e76f13104c0ab9c90b0dc13d5bdf [term 0 FOLLOWER]: Starting leader election (no leader contacted us within the election timeout)
I20260608 12:49:28.032285 28142 raft_consensus.cc:493] T 01fef593ace146ca985a80df1044a3b4 P 21f0c2a616304e66ba255d7750b3928f [term 0 FOLLOWER]: Starting pre-election (no leader contacted us within the election timeout)
I20260608 12:49:28.032896 28142 raft_consensus.cc:515] T 01fef593ace146ca985a80df1044a3b4 P 21f0c2a616304e66ba255d7750b3928f [term 0 FOLLOWER]: Starting pre-election with config: opid_index: -1 OBSOLETE_local: false peers { permanent_uuid: "b485e76f13104c0ab9c90b0dc13d5bdf" member_type: VOTER last_known_addr { host: "127.24.89.193" port: 41601 } } peers { permanent_uuid: "24710b7d49454a9b8716c9cecc718c04" member_type: VOTER last_known_addr { host: "127.24.89.194" port: 45383 } } peers { permanent_uuid: "21f0c2a616304e66ba255d7750b3928f" member_type: VOTER last_known_addr { host: "127.24.89.195" port: 44389 } }
I20260608 12:49:28.035513 28137 tablet_bootstrap.cc:492] T 8cf6b5b8fc724a7aa1c759be67d89d86 P 24710b7d49454a9b8716c9cecc718c04: No bootstrap required, opened a new log
I20260608 12:49:28.035372 28089 tablet_service.cc:1917] Received RequestConsensusVote() RPC: tablet_id: "c1934a0f07ac4b948f2a0305e03dd3c6" candidate_uuid: "24710b7d49454a9b8716c9cecc718c04" candidate_term: 1 candidate_status { last_received { term: 0 index: 0 } } ignore_live_leader: false dest_uuid: "21f0c2a616304e66ba255d7750b3928f" is_pre_election: true
I20260608 12:49:28.035446 28088 tablet_service.cc:1917] Received RequestConsensusVote() RPC: tablet_id: "0918b7006c3d4c83b8d7324a6775cba6" candidate_uuid: "24710b7d49454a9b8716c9cecc718c04" candidate_term: 1 candidate_status { last_received { term: 0 index: 0 } } ignore_live_leader: false dest_uuid: "21f0c2a616304e66ba255d7750b3928f" is_pre_election: true
I20260608 12:49:28.036270 28137 ts_tablet_manager.cc:1403] T 8cf6b5b8fc724a7aa1c759be67d89d86 P 24710b7d49454a9b8716c9cecc718c04: Time spent bootstrapping tablet: real 0.039s	user 0.014s	sys 0.009s
I20260608 12:49:28.028754 28141 raft_consensus.cc:3060] T 0d849d6254b845d8902ad3c68c1ee333 P b485e76f13104c0ab9c90b0dc13d5bdf [term 0 FOLLOWER]: Advancing to term 1
W20260608 12:49:28.037410 27979 leader_election.cc:343] T c1934a0f07ac4b948f2a0305e03dd3c6 P 24710b7d49454a9b8716c9cecc718c04 [CANDIDATE]: Term 1 pre-election: Tablet error from VoteRequest() call to peer 21f0c2a616304e66ba255d7750b3928f (127.24.89.195:44389): Illegal state: must be running to vote when last-logged opid is not known
I20260608 12:49:28.038000 27979 leader_election.cc:304] T c1934a0f07ac4b948f2a0305e03dd3c6 P 24710b7d49454a9b8716c9cecc718c04 [CANDIDATE]: Term 1 pre-election: Election decided. Result: candidate lost. Election summary: received 3 responses out of 3 voters: 1 yes votes; 2 no votes. yes voters: 24710b7d49454a9b8716c9cecc718c04; no voters: 21f0c2a616304e66ba255d7750b3928f, b485e76f13104c0ab9c90b0dc13d5bdf
W20260608 12:49:28.039418 27979 leader_election.cc:343] T 0918b7006c3d4c83b8d7324a6775cba6 P 24710b7d49454a9b8716c9cecc718c04 [CANDIDATE]: Term 1 pre-election: Tablet error from VoteRequest() call to peer 21f0c2a616304e66ba255d7750b3928f (127.24.89.195:44389): Illegal state: must be running to vote when last-logged opid is not known
I20260608 12:49:28.039860 27979 leader_election.cc:304] T 0918b7006c3d4c83b8d7324a6775cba6 P 24710b7d49454a9b8716c9cecc718c04 [CANDIDATE]: Term 1 pre-election: Election decided. Result: candidate lost. Election summary: received 3 responses out of 3 voters: 1 yes votes; 2 no votes. yes voters: 24710b7d49454a9b8716c9cecc718c04; no voters: 21f0c2a616304e66ba255d7750b3928f, b485e76f13104c0ab9c90b0dc13d5bdf
I20260608 12:49:28.039747 28137 raft_consensus.cc:359] T 8cf6b5b8fc724a7aa1c759be67d89d86 P 24710b7d49454a9b8716c9cecc718c04 [term 0 FOLLOWER]: Replica starting. Triggering 0 pending ops. Active config: opid_index: -1 OBSOLETE_local: false peers { permanent_uuid: "24710b7d49454a9b8716c9cecc718c04" member_type: VOTER last_known_addr { host: "127.24.89.194" port: 45383 } } peers { permanent_uuid: "b485e76f13104c0ab9c90b0dc13d5bdf" member_type: VOTER last_known_addr { host: "127.24.89.193" port: 41601 } } peers { permanent_uuid: "21f0c2a616304e66ba255d7750b3928f" member_type: VOTER last_known_addr { host: "127.24.89.195" port: 44389 } }
I20260608 12:49:28.026003 28135 ts_tablet_manager.cc:1434] T 899f11b9c98e479bacd122b3ff11c3e8 P b485e76f13104c0ab9c90b0dc13d5bdf: Time spent starting tablet: real 0.041s	user 0.020s	sys 0.006s
I20260608 12:49:28.040640 28137 raft_consensus.cc:385] T 8cf6b5b8fc724a7aa1c759be67d89d86 P 24710b7d49454a9b8716c9cecc718c04 [term 0 FOLLOWER]: Consensus starting up: Expiring failure detector timer to make a prompt election more likely
I20260608 12:49:28.040822 28143 raft_consensus.cc:2749] T c1934a0f07ac4b948f2a0305e03dd3c6 P 24710b7d49454a9b8716c9cecc718c04 [term 0 FOLLOWER]: Leader pre-election lost for term 1. Reason: could not achieve majority
I20260608 12:49:28.041075 28137 raft_consensus.cc:740] T 8cf6b5b8fc724a7aa1c759be67d89d86 P 24710b7d49454a9b8716c9cecc718c04 [term 0 FOLLOWER]: Becoming Follower/Learner. State: Replica: 24710b7d49454a9b8716c9cecc718c04, State: Initialized, Role: FOLLOWER
I20260608 12:49:28.041544 28143 raft_consensus.cc:2749] T 0918b7006c3d4c83b8d7324a6775cba6 P 24710b7d49454a9b8716c9cecc718c04 [term 0 FOLLOWER]: Leader pre-election lost for term 1. Reason: could not achieve majority
I20260608 12:49:28.041844 28136 tablet_bootstrap.cc:492] T d6c43ebfafa14cf9a2e65fffebbd5e68 P 21f0c2a616304e66ba255d7750b3928f: No bootstrap required, opened a new log
I20260608 12:49:28.042091 28137 consensus_queue.cc:260] T 8cf6b5b8fc724a7aa1c759be67d89d86 P 24710b7d49454a9b8716c9cecc718c04 [NON_LEADER]: Queue going to NON_LEADER mode. State: All replicated index: 0, Majority replicated index: 0, Committed index: 0, Last appended: 0.0, Last appended by leader: 0, Current term: 0, Majority size: -1, State: 0, Mode: NON_LEADER, active raft config: opid_index: -1 OBSOLETE_local: false peers { permanent_uuid: "24710b7d49454a9b8716c9cecc718c04" member_type: VOTER last_known_addr { host: "127.24.89.194" port: 45383 } } peers { permanent_uuid: "b485e76f13104c0ab9c90b0dc13d5bdf" member_type: VOTER last_known_addr { host: "127.24.89.193" port: 41601 } } peers { permanent_uuid: "21f0c2a616304e66ba255d7750b3928f" member_type: VOTER last_known_addr { host: "127.24.89.195" port: 44389 } }
I20260608 12:49:28.045095 28136 ts_tablet_manager.cc:1403] T d6c43ebfafa14cf9a2e65fffebbd5e68 P 21f0c2a616304e66ba255d7750b3928f: Time spent bootstrapping tablet: real 0.049s	user 0.017s	sys 0.005s
I20260608 12:49:28.048106 28142 leader_election.cc:290] T 01fef593ace146ca985a80df1044a3b4 P 21f0c2a616304e66ba255d7750b3928f [CANDIDATE]: Term 1 pre-election: Requested pre-vote from peers b485e76f13104c0ab9c90b0dc13d5bdf (127.24.89.193:41601), 24710b7d49454a9b8716c9cecc718c04 (127.24.89.194:45383)
I20260608 12:49:28.048583 28136 raft_consensus.cc:359] T d6c43ebfafa14cf9a2e65fffebbd5e68 P 21f0c2a616304e66ba255d7750b3928f [term 0 FOLLOWER]: Replica starting. Triggering 0 pending ops. Active config: opid_index: -1 OBSOLETE_local: false peers { permanent_uuid: "b485e76f13104c0ab9c90b0dc13d5bdf" member_type: VOTER last_known_addr { host: "127.24.89.193" port: 41601 } } peers { permanent_uuid: "21f0c2a616304e66ba255d7750b3928f" member_type: VOTER last_known_addr { host: "127.24.89.195" port: 44389 } } peers { permanent_uuid: "24710b7d49454a9b8716c9cecc718c04" member_type: VOTER last_known_addr { host: "127.24.89.194" port: 45383 } }
I20260608 12:49:28.049352 28136 raft_consensus.cc:385] T d6c43ebfafa14cf9a2e65fffebbd5e68 P 21f0c2a616304e66ba255d7750b3928f [term 0 FOLLOWER]: Consensus starting up: Expiring failure detector timer to make a prompt election more likely
I20260608 12:49:28.042625 28135 tablet_bootstrap.cc:492] T 01fef593ace146ca985a80df1044a3b4 P b485e76f13104c0ab9c90b0dc13d5bdf: Bootstrap starting.
I20260608 12:49:28.049696 28136 raft_consensus.cc:740] T d6c43ebfafa14cf9a2e65fffebbd5e68 P 21f0c2a616304e66ba255d7750b3928f [term 0 FOLLOWER]: Becoming Follower/Learner. State: Replica: 21f0c2a616304e66ba255d7750b3928f, State: Initialized, Role: FOLLOWER
I20260608 12:49:28.050707 28136 consensus_queue.cc:260] T d6c43ebfafa14cf9a2e65fffebbd5e68 P 21f0c2a616304e66ba255d7750b3928f [NON_LEADER]: Queue going to NON_LEADER mode. State: All replicated index: 0, Majority replicated index: 0, Committed index: 0, Last appended: 0.0, Last appended by leader: 0, Current term: 0, Majority size: -1, State: 0, Mode: NON_LEADER, active raft config: opid_index: -1 OBSOLETE_local: false peers { permanent_uuid: "b485e76f13104c0ab9c90b0dc13d5bdf" member_type: VOTER last_known_addr { host: "127.24.89.193" port: 41601 } } peers { permanent_uuid: "21f0c2a616304e66ba255d7750b3928f" member_type: VOTER last_known_addr { host: "127.24.89.195" port: 44389 } } peers { permanent_uuid: "24710b7d49454a9b8716c9cecc718c04" member_type: VOTER last_known_addr { host: "127.24.89.194" port: 45383 } }
I20260608 12:49:28.053184 28136 ts_tablet_manager.cc:1434] T d6c43ebfafa14cf9a2e65fffebbd5e68 P 21f0c2a616304e66ba255d7750b3928f: Time spent starting tablet: real 0.008s	user 0.005s	sys 0.001s
I20260608 12:49:28.054308 28136 tablet_bootstrap.cc:492] T 0918b7006c3d4c83b8d7324a6775cba6 P 21f0c2a616304e66ba255d7750b3928f: Bootstrap starting.
I20260608 12:49:28.056311 28137 ts_tablet_manager.cc:1434] T 8cf6b5b8fc724a7aa1c759be67d89d86 P 24710b7d49454a9b8716c9cecc718c04: Time spent starting tablet: real 0.020s	user 0.008s	sys 0.000s
I20260608 12:49:28.059146 28141 raft_consensus.cc:515] T 0d849d6254b845d8902ad3c68c1ee333 P b485e76f13104c0ab9c90b0dc13d5bdf [term 1 FOLLOWER]: Starting leader election with config: opid_index: -1 OBSOLETE_local: false peers { permanent_uuid: "24710b7d49454a9b8716c9cecc718c04" member_type: VOTER last_known_addr { host: "127.24.89.194" port: 45383 } } peers { permanent_uuid: "b485e76f13104c0ab9c90b0dc13d5bdf" member_type: VOTER last_known_addr { host: "127.24.89.193" port: 41601 } } peers { permanent_uuid: "21f0c2a616304e66ba255d7750b3928f" member_type: VOTER last_known_addr { host: "127.24.89.195" port: 44389 } }
I20260608 12:49:28.061229 28136 tablet_bootstrap.cc:654] T 0918b7006c3d4c83b8d7324a6775cba6 P 21f0c2a616304e66ba255d7750b3928f: Neither blocks nor log segments found. Creating new log.
I20260608 12:49:28.062862 28088 tablet_service.cc:1917] Received RequestConsensusVote() RPC: tablet_id: "0d849d6254b845d8902ad3c68c1ee333" candidate_uuid: "b485e76f13104c0ab9c90b0dc13d5bdf" candidate_term: 1 candidate_status { last_received { term: 0 index: 0 } } ignore_live_leader: false dest_uuid: "21f0c2a616304e66ba255d7750b3928f"
I20260608 12:49:28.063480 28088 raft_consensus.cc:3060] T 0d849d6254b845d8902ad3c68c1ee333 P 21f0c2a616304e66ba255d7750b3928f [term 0 FOLLOWER]: Advancing to term 1
I20260608 12:49:28.064096 28014 tablet_service.cc:1917] Received RequestConsensusVote() RPC: tablet_id: "0d849d6254b845d8902ad3c68c1ee333" candidate_uuid: "b485e76f13104c0ab9c90b0dc13d5bdf" candidate_term: 1 candidate_status { last_received { term: 0 index: 0 } } ignore_live_leader: false dest_uuid: "24710b7d49454a9b8716c9cecc718c04"
I20260608 12:49:28.064706 28014 raft_consensus.cc:3060] T 0d849d6254b845d8902ad3c68c1ee333 P 24710b7d49454a9b8716c9cecc718c04 [term 0 FOLLOWER]: Advancing to term 1
I20260608 12:49:28.065909 28135 tablet_bootstrap.cc:654] T 01fef593ace146ca985a80df1044a3b4 P b485e76f13104c0ab9c90b0dc13d5bdf: Neither blocks nor log segments found. Creating new log.
I20260608 12:49:28.069782 28141 leader_election.cc:290] T 0d849d6254b845d8902ad3c68c1ee333 P b485e76f13104c0ab9c90b0dc13d5bdf [CANDIDATE]: Term 1 election: Requested vote from peers 24710b7d49454a9b8716c9cecc718c04 (127.24.89.194:45383), 21f0c2a616304e66ba255d7750b3928f (127.24.89.195:44389)
I20260608 12:49:28.072181 28014 raft_consensus.cc:2468] T 0d849d6254b845d8902ad3c68c1ee333 P 24710b7d49454a9b8716c9cecc718c04 [term 1 FOLLOWER]: Leader election vote request: Granting yes vote for candidate b485e76f13104c0ab9c90b0dc13d5bdf in term 1.
I20260608 12:49:28.072947 28088 raft_consensus.cc:2468] T 0d849d6254b845d8902ad3c68c1ee333 P 21f0c2a616304e66ba255d7750b3928f [term 1 FOLLOWER]: Leader election vote request: Granting yes vote for candidate b485e76f13104c0ab9c90b0dc13d5bdf in term 1.
I20260608 12:49:28.073576 27903 leader_election.cc:304] T 0d849d6254b845d8902ad3c68c1ee333 P b485e76f13104c0ab9c90b0dc13d5bdf [CANDIDATE]: Term 1 election: Election decided. Result: candidate won. Election summary: received 2 responses out of 3 voters: 2 yes votes; 0 no votes. yes voters: 24710b7d49454a9b8716c9cecc718c04, b485e76f13104c0ab9c90b0dc13d5bdf; no voters: 
I20260608 12:49:28.074525 28141 raft_consensus.cc:2804] T 0d849d6254b845d8902ad3c68c1ee333 P b485e76f13104c0ab9c90b0dc13d5bdf [term 1 FOLLOWER]: Leader election won for term 1
I20260608 12:49:28.076256 28141 raft_consensus.cc:697] T 0d849d6254b845d8902ad3c68c1ee333 P b485e76f13104c0ab9c90b0dc13d5bdf [term 1 LEADER]: Becoming Leader. State: Replica: b485e76f13104c0ab9c90b0dc13d5bdf, State: Running, Role: LEADER
I20260608 12:49:28.077570 28141 consensus_queue.cc:237] T 0d849d6254b845d8902ad3c68c1ee333 P b485e76f13104c0ab9c90b0dc13d5bdf [LEADER]: Queue going to LEADER mode. State: All replicated index: 0, Majority replicated index: 0, Committed index: 0, Last appended: 0.0, Last appended by leader: 0, Current term: 1, Majority size: 2, State: 0, Mode: LEADER, active raft config: opid_index: -1 OBSOLETE_local: false peers { permanent_uuid: "24710b7d49454a9b8716c9cecc718c04" member_type: VOTER last_known_addr { host: "127.24.89.194" port: 45383 } } peers { permanent_uuid: "b485e76f13104c0ab9c90b0dc13d5bdf" member_type: VOTER last_known_addr { host: "127.24.89.193" port: 41601 } } peers { permanent_uuid: "21f0c2a616304e66ba255d7750b3928f" member_type: VOTER last_known_addr { host: "127.24.89.195" port: 44389 } }
I20260608 12:49:28.080116 28137 tablet_bootstrap.cc:492] T 899f11b9c98e479bacd122b3ff11c3e8 P 24710b7d49454a9b8716c9cecc718c04: Bootstrap starting.
I20260608 12:49:28.088840 28137 tablet_bootstrap.cc:654] T 899f11b9c98e479bacd122b3ff11c3e8 P 24710b7d49454a9b8716c9cecc718c04: Neither blocks nor log segments found. Creating new log.
I20260608 12:49:28.092494 28135 tablet_bootstrap.cc:492] T 01fef593ace146ca985a80df1044a3b4 P b485e76f13104c0ab9c90b0dc13d5bdf: No bootstrap required, opened a new log
I20260608 12:49:28.093112 28135 ts_tablet_manager.cc:1403] T 01fef593ace146ca985a80df1044a3b4 P b485e76f13104c0ab9c90b0dc13d5bdf: Time spent bootstrapping tablet: real 0.051s	user 0.010s	sys 0.009s
I20260608 12:49:28.093487 28136 tablet_bootstrap.cc:492] T 0918b7006c3d4c83b8d7324a6775cba6 P 21f0c2a616304e66ba255d7750b3928f: No bootstrap required, opened a new log
I20260608 12:49:28.094125 28136 ts_tablet_manager.cc:1403] T 0918b7006c3d4c83b8d7324a6775cba6 P 21f0c2a616304e66ba255d7750b3928f: Time spent bootstrapping tablet: real 0.040s	user 0.012s	sys 0.027s
I20260608 12:49:28.098536 28136 raft_consensus.cc:359] T 0918b7006c3d4c83b8d7324a6775cba6 P 21f0c2a616304e66ba255d7750b3928f [term 0 FOLLOWER]: Replica starting. Triggering 0 pending ops. Active config: opid_index: -1 OBSOLETE_local: false peers { permanent_uuid: "24710b7d49454a9b8716c9cecc718c04" member_type: VOTER last_known_addr { host: "127.24.89.194" port: 45383 } } peers { permanent_uuid: "b485e76f13104c0ab9c90b0dc13d5bdf" member_type: VOTER last_known_addr { host: "127.24.89.193" port: 41601 } } peers { permanent_uuid: "21f0c2a616304e66ba255d7750b3928f" member_type: VOTER last_known_addr { host: "127.24.89.195" port: 44389 } }
I20260608 12:49:28.099572 28136 raft_consensus.cc:385] T 0918b7006c3d4c83b8d7324a6775cba6 P 21f0c2a616304e66ba255d7750b3928f [term 0 FOLLOWER]: Consensus starting up: Expiring failure detector timer to make a prompt election more likely
I20260608 12:49:28.099881 28136 raft_consensus.cc:740] T 0918b7006c3d4c83b8d7324a6775cba6 P 21f0c2a616304e66ba255d7750b3928f [term 0 FOLLOWER]: Becoming Follower/Learner. State: Replica: 21f0c2a616304e66ba255d7750b3928f, State: Initialized, Role: FOLLOWER
I20260608 12:49:28.105261 28136 consensus_queue.cc:260] T 0918b7006c3d4c83b8d7324a6775cba6 P 21f0c2a616304e66ba255d7750b3928f [NON_LEADER]: Queue going to NON_LEADER mode. State: All replicated index: 0, Majority replicated index: 0, Committed index: 0, Last appended: 0.0, Last appended by leader: 0, Current term: 0, Majority size: -1, State: 0, Mode: NON_LEADER, active raft config: opid_index: -1 OBSOLETE_local: false peers { permanent_uuid: "24710b7d49454a9b8716c9cecc718c04" member_type: VOTER last_known_addr { host: "127.24.89.194" port: 45383 } } peers { permanent_uuid: "b485e76f13104c0ab9c90b0dc13d5bdf" member_type: VOTER last_known_addr { host: "127.24.89.193" port: 41601 } } peers { permanent_uuid: "21f0c2a616304e66ba255d7750b3928f" member_type: VOTER last_known_addr { host: "127.24.89.195" port: 44389 } }
I20260608 12:49:28.112047 27939 tablet_service.cc:1917] Received RequestConsensusVote() RPC: tablet_id: "01fef593ace146ca985a80df1044a3b4" candidate_uuid: "21f0c2a616304e66ba255d7750b3928f" candidate_term: 1 candidate_status { last_received { term: 0 index: 0 } } ignore_live_leader: false dest_uuid: "b485e76f13104c0ab9c90b0dc13d5bdf" is_pre_election: true
W20260608 12:49:28.114725 27886 auto_rebalancer.cc:259] Could not retrieve cluster info: Service unavailable: Tablet not running
I20260608 12:49:28.114748 27837 catalog_manager.cc:5696] T 0d849d6254b845d8902ad3c68c1ee333 P b485e76f13104c0ab9c90b0dc13d5bdf reported cstate change: term changed from 0 to 1, leader changed from <none> to b485e76f13104c0ab9c90b0dc13d5bdf (127.24.89.193). New cstate: current_term: 1 leader_uuid: "b485e76f13104c0ab9c90b0dc13d5bdf" committed_config { opid_index: -1 OBSOLETE_local: false peers { permanent_uuid: "24710b7d49454a9b8716c9cecc718c04" member_type: VOTER last_known_addr { host: "127.24.89.194" port: 45383 } health_report { overall_health: UNKNOWN } } peers { permanent_uuid: "b485e76f13104c0ab9c90b0dc13d5bdf" member_type: VOTER last_known_addr { host: "127.24.89.193" port: 41601 } health_report { overall_health: HEALTHY } } peers { permanent_uuid: "21f0c2a616304e66ba255d7750b3928f" member_type: VOTER last_known_addr { host: "127.24.89.195" port: 44389 } health_report { overall_health: UNKNOWN } } }
W20260608 12:49:28.114907 28055 leader_election.cc:343] T 01fef593ace146ca985a80df1044a3b4 P 21f0c2a616304e66ba255d7750b3928f [CANDIDATE]: Term 1 pre-election: Tablet error from VoteRequest() call to peer b485e76f13104c0ab9c90b0dc13d5bdf (127.24.89.193:41601): Illegal state: must be running to vote when last-logged opid is not known
I20260608 12:49:28.117609 28135 raft_consensus.cc:359] T 01fef593ace146ca985a80df1044a3b4 P b485e76f13104c0ab9c90b0dc13d5bdf [term 0 FOLLOWER]: Replica starting. Triggering 0 pending ops. Active config: opid_index: -1 OBSOLETE_local: false peers { permanent_uuid: "b485e76f13104c0ab9c90b0dc13d5bdf" member_type: VOTER last_known_addr { host: "127.24.89.193" port: 41601 } } peers { permanent_uuid: "24710b7d49454a9b8716c9cecc718c04" member_type: VOTER last_known_addr { host: "127.24.89.194" port: 45383 } } peers { permanent_uuid: "21f0c2a616304e66ba255d7750b3928f" member_type: VOTER last_known_addr { host: "127.24.89.195" port: 44389 } }
I20260608 12:49:28.116533 27891 auto_leader_rebalancer.cc:140] leader rebalance for table range_aware_rebalance_new_range
I20260608 12:49:28.118419 28135 raft_consensus.cc:385] T 01fef593ace146ca985a80df1044a3b4 P b485e76f13104c0ab9c90b0dc13d5bdf [term 0 FOLLOWER]: Consensus starting up: Expiring failure detector timer to make a prompt election more likely
I20260608 12:49:28.118921 28135 raft_consensus.cc:740] T 01fef593ace146ca985a80df1044a3b4 P b485e76f13104c0ab9c90b0dc13d5bdf [term 0 FOLLOWER]: Becoming Follower/Learner. State: Replica: b485e76f13104c0ab9c90b0dc13d5bdf, State: Initialized, Role: FOLLOWER
W20260608 12:49:28.119520 27891 auto_leader_rebalancer.cc:460] the master instance isn't leader: Service unavailable: Tablet not running
I20260608 12:49:28.119868 28135 consensus_queue.cc:260] T 01fef593ace146ca985a80df1044a3b4 P b485e76f13104c0ab9c90b0dc13d5bdf [NON_LEADER]: Queue going to NON_LEADER mode. State: All replicated index: 0, Majority replicated index: 0, Committed index: 0, Last appended: 0.0, Last appended by leader: 0, Current term: 0, Majority size: -1, State: 0, Mode: NON_LEADER, active raft config: opid_index: -1 OBSOLETE_local: false peers { permanent_uuid: "b485e76f13104c0ab9c90b0dc13d5bdf" member_type: VOTER last_known_addr { host: "127.24.89.193" port: 41601 } } peers { permanent_uuid: "24710b7d49454a9b8716c9cecc718c04" member_type: VOTER last_known_addr { host: "127.24.89.194" port: 45383 } } peers { permanent_uuid: "21f0c2a616304e66ba255d7750b3928f" member_type: VOTER last_known_addr { host: "127.24.89.195" port: 44389 } }
I20260608 12:49:28.120853 28014 tablet_service.cc:1917] Received RequestConsensusVote() RPC: tablet_id: "01fef593ace146ca985a80df1044a3b4" candidate_uuid: "21f0c2a616304e66ba255d7750b3928f" candidate_term: 1 candidate_status { last_received { term: 0 index: 0 } } ignore_live_leader: false dest_uuid: "24710b7d49454a9b8716c9cecc718c04" is_pre_election: true
I20260608 12:49:28.122381 28135 ts_tablet_manager.cc:1434] T 01fef593ace146ca985a80df1044a3b4 P b485e76f13104c0ab9c90b0dc13d5bdf: Time spent starting tablet: real 0.029s	user 0.009s	sys 0.002s
W20260608 12:49:28.122764 28052 leader_election.cc:343] T 01fef593ace146ca985a80df1044a3b4 P 21f0c2a616304e66ba255d7750b3928f [CANDIDATE]: Term 1 pre-election: Tablet error from VoteRequest() call to peer 24710b7d49454a9b8716c9cecc718c04 (127.24.89.194:45383): Illegal state: must be running to vote when last-logged opid is not known
I20260608 12:49:28.123274 28052 leader_election.cc:304] T 01fef593ace146ca985a80df1044a3b4 P 21f0c2a616304e66ba255d7750b3928f [CANDIDATE]: Term 1 pre-election: Election decided. Result: candidate lost. Election summary: received 3 responses out of 3 voters: 1 yes votes; 2 no votes. yes voters: 21f0c2a616304e66ba255d7750b3928f; no voters: 24710b7d49454a9b8716c9cecc718c04, b485e76f13104c0ab9c90b0dc13d5bdf
I20260608 12:49:28.123584 28135 tablet_bootstrap.cc:492] T 8cf6b5b8fc724a7aa1c759be67d89d86 P b485e76f13104c0ab9c90b0dc13d5bdf: Bootstrap starting.
I20260608 12:49:28.124577 28142 raft_consensus.cc:2749] T 01fef593ace146ca985a80df1044a3b4 P 21f0c2a616304e66ba255d7750b3928f [term 0 FOLLOWER]: Leader pre-election lost for term 1. Reason: could not achieve majority
I20260608 12:49:28.118494 28136 ts_tablet_manager.cc:1434] T 0918b7006c3d4c83b8d7324a6775cba6 P 21f0c2a616304e66ba255d7750b3928f: Time spent starting tablet: real 0.024s	user 0.008s	sys 0.000s
I20260608 12:49:28.126724 28136 tablet_bootstrap.cc:492] T 899f11b9c98e479bacd122b3ff11c3e8 P 21f0c2a616304e66ba255d7750b3928f: Bootstrap starting.
I20260608 12:49:28.133136 28135 tablet_bootstrap.cc:654] T 8cf6b5b8fc724a7aa1c759be67d89d86 P b485e76f13104c0ab9c90b0dc13d5bdf: Neither blocks nor log segments found. Creating new log.
I20260608 12:49:28.134382 28136 tablet_bootstrap.cc:654] T 899f11b9c98e479bacd122b3ff11c3e8 P 21f0c2a616304e66ba255d7750b3928f: Neither blocks nor log segments found. Creating new log.
I20260608 12:49:28.140384 28137 tablet_bootstrap.cc:492] T 899f11b9c98e479bacd122b3ff11c3e8 P 24710b7d49454a9b8716c9cecc718c04: No bootstrap required, opened a new log
I20260608 12:49:28.141206 28137 ts_tablet_manager.cc:1403] T 899f11b9c98e479bacd122b3ff11c3e8 P 24710b7d49454a9b8716c9cecc718c04: Time spent bootstrapping tablet: real 0.066s	user 0.013s	sys 0.017s
I20260608 12:49:28.146153 28137 raft_consensus.cc:359] T 899f11b9c98e479bacd122b3ff11c3e8 P 24710b7d49454a9b8716c9cecc718c04 [term 0 FOLLOWER]: Replica starting. Triggering 0 pending ops. Active config: opid_index: -1 OBSOLETE_local: false peers { permanent_uuid: "b485e76f13104c0ab9c90b0dc13d5bdf" member_type: VOTER last_known_addr { host: "127.24.89.193" port: 41601 } } peers { permanent_uuid: "24710b7d49454a9b8716c9cecc718c04" member_type: VOTER last_known_addr { host: "127.24.89.194" port: 45383 } } peers { permanent_uuid: "21f0c2a616304e66ba255d7750b3928f" member_type: VOTER last_known_addr { host: "127.24.89.195" port: 44389 } }
I20260608 12:49:28.146948 28137 raft_consensus.cc:385] T 899f11b9c98e479bacd122b3ff11c3e8 P 24710b7d49454a9b8716c9cecc718c04 [term 0 FOLLOWER]: Consensus starting up: Expiring failure detector timer to make a prompt election more likely
I20260608 12:49:28.147262 28137 raft_consensus.cc:740] T 899f11b9c98e479bacd122b3ff11c3e8 P 24710b7d49454a9b8716c9cecc718c04 [term 0 FOLLOWER]: Becoming Follower/Learner. State: Replica: 24710b7d49454a9b8716c9cecc718c04, State: Initialized, Role: FOLLOWER
I20260608 12:49:28.149045 28137 consensus_queue.cc:260] T 899f11b9c98e479bacd122b3ff11c3e8 P 24710b7d49454a9b8716c9cecc718c04 [NON_LEADER]: Queue going to NON_LEADER mode. State: All replicated index: 0, Majority replicated index: 0, Committed index: 0, Last appended: 0.0, Last appended by leader: 0, Current term: 0, Majority size: -1, State: 0, Mode: NON_LEADER, active raft config: opid_index: -1 OBSOLETE_local: false peers { permanent_uuid: "b485e76f13104c0ab9c90b0dc13d5bdf" member_type: VOTER last_known_addr { host: "127.24.89.193" port: 41601 } } peers { permanent_uuid: "24710b7d49454a9b8716c9cecc718c04" member_type: VOTER last_known_addr { host: "127.24.89.194" port: 45383 } } peers { permanent_uuid: "21f0c2a616304e66ba255d7750b3928f" member_type: VOTER last_known_addr { host: "127.24.89.195" port: 44389 } }
I20260608 12:49:28.151798 28135 tablet_bootstrap.cc:492] T 8cf6b5b8fc724a7aa1c759be67d89d86 P b485e76f13104c0ab9c90b0dc13d5bdf: No bootstrap required, opened a new log
I20260608 12:49:28.152493 28135 ts_tablet_manager.cc:1403] T 8cf6b5b8fc724a7aa1c759be67d89d86 P b485e76f13104c0ab9c90b0dc13d5bdf: Time spent bootstrapping tablet: real 0.029s	user 0.016s	sys 0.008s
I20260608 12:49:28.154497 28136 tablet_bootstrap.cc:492] T 899f11b9c98e479bacd122b3ff11c3e8 P 21f0c2a616304e66ba255d7750b3928f: No bootstrap required, opened a new log
I20260608 12:49:28.154814 28137 ts_tablet_manager.cc:1434] T 899f11b9c98e479bacd122b3ff11c3e8 P 24710b7d49454a9b8716c9cecc718c04: Time spent starting tablet: real 0.013s	user 0.011s	sys 0.000s
I20260608 12:49:28.155158 28136 ts_tablet_manager.cc:1403] T 899f11b9c98e479bacd122b3ff11c3e8 P 21f0c2a616304e66ba255d7750b3928f: Time spent bootstrapping tablet: real 0.029s	user 0.026s	sys 0.000s
I20260608 12:49:28.155880 28137 tablet_bootstrap.cc:492] T d6c43ebfafa14cf9a2e65fffebbd5e68 P 24710b7d49454a9b8716c9cecc718c04: Bootstrap starting.
I20260608 12:49:28.156066 28135 raft_consensus.cc:359] T 8cf6b5b8fc724a7aa1c759be67d89d86 P b485e76f13104c0ab9c90b0dc13d5bdf [term 0 FOLLOWER]: Replica starting. Triggering 0 pending ops. Active config: opid_index: -1 OBSOLETE_local: false peers { permanent_uuid: "24710b7d49454a9b8716c9cecc718c04" member_type: VOTER last_known_addr { host: "127.24.89.194" port: 45383 } } peers { permanent_uuid: "b485e76f13104c0ab9c90b0dc13d5bdf" member_type: VOTER last_known_addr { host: "127.24.89.193" port: 41601 } } peers { permanent_uuid: "21f0c2a616304e66ba255d7750b3928f" member_type: VOTER last_known_addr { host: "127.24.89.195" port: 44389 } }
I20260608 12:49:28.156888 28135 raft_consensus.cc:385] T 8cf6b5b8fc724a7aa1c759be67d89d86 P b485e76f13104c0ab9c90b0dc13d5bdf [term 0 FOLLOWER]: Consensus starting up: Expiring failure detector timer to make a prompt election more likely
I20260608 12:49:28.157207 28135 raft_consensus.cc:740] T 8cf6b5b8fc724a7aa1c759be67d89d86 P b485e76f13104c0ab9c90b0dc13d5bdf [term 0 FOLLOWER]: Becoming Follower/Learner. State: Replica: b485e76f13104c0ab9c90b0dc13d5bdf, State: Initialized, Role: FOLLOWER
I20260608 12:49:28.159602 28136 raft_consensus.cc:359] T 899f11b9c98e479bacd122b3ff11c3e8 P 21f0c2a616304e66ba255d7750b3928f [term 0 FOLLOWER]: Replica starting. Triggering 0 pending ops. Active config: opid_index: -1 OBSOLETE_local: false peers { permanent_uuid: "b485e76f13104c0ab9c90b0dc13d5bdf" member_type: VOTER last_known_addr { host: "127.24.89.193" port: 41601 } } peers { permanent_uuid: "24710b7d49454a9b8716c9cecc718c04" member_type: VOTER last_known_addr { host: "127.24.89.194" port: 45383 } } peers { permanent_uuid: "21f0c2a616304e66ba255d7750b3928f" member_type: VOTER last_known_addr { host: "127.24.89.195" port: 44389 } }
I20260608 12:49:28.161018 28136 raft_consensus.cc:385] T 899f11b9c98e479bacd122b3ff11c3e8 P 21f0c2a616304e66ba255d7750b3928f [term 0 FOLLOWER]: Consensus starting up: Expiring failure detector timer to make a prompt election more likely
I20260608 12:49:28.161584 28136 raft_consensus.cc:740] T 899f11b9c98e479bacd122b3ff11c3e8 P 21f0c2a616304e66ba255d7750b3928f [term 0 FOLLOWER]: Becoming Follower/Learner. State: Replica: 21f0c2a616304e66ba255d7750b3928f, State: Initialized, Role: FOLLOWER
I20260608 12:49:28.162776 28135 consensus_queue.cc:260] T 8cf6b5b8fc724a7aa1c759be67d89d86 P b485e76f13104c0ab9c90b0dc13d5bdf [NON_LEADER]: Queue going to NON_LEADER mode. State: All replicated index: 0, Majority replicated index: 0, Committed index: 0, Last appended: 0.0, Last appended by leader: 0, Current term: 0, Majority size: -1, State: 0, Mode: NON_LEADER, active raft config: opid_index: -1 OBSOLETE_local: false peers { permanent_uuid: "24710b7d49454a9b8716c9cecc718c04" member_type: VOTER last_known_addr { host: "127.24.89.194" port: 45383 } } peers { permanent_uuid: "b485e76f13104c0ab9c90b0dc13d5bdf" member_type: VOTER last_known_addr { host: "127.24.89.193" port: 41601 } } peers { permanent_uuid: "21f0c2a616304e66ba255d7750b3928f" member_type: VOTER last_known_addr { host: "127.24.89.195" port: 44389 } }
I20260608 12:49:28.163758 28137 tablet_bootstrap.cc:654] T d6c43ebfafa14cf9a2e65fffebbd5e68 P 24710b7d49454a9b8716c9cecc718c04: Neither blocks nor log segments found. Creating new log.
I20260608 12:49:28.165576 28135 ts_tablet_manager.cc:1434] T 8cf6b5b8fc724a7aa1c759be67d89d86 P b485e76f13104c0ab9c90b0dc13d5bdf: Time spent starting tablet: real 0.013s	user 0.009s	sys 0.000s
I20260608 12:49:28.166766 28135 tablet_bootstrap.cc:492] T 0918b7006c3d4c83b8d7324a6775cba6 P b485e76f13104c0ab9c90b0dc13d5bdf: Bootstrap starting.
I20260608 12:49:28.169734 28136 consensus_queue.cc:260] T 899f11b9c98e479bacd122b3ff11c3e8 P 21f0c2a616304e66ba255d7750b3928f [NON_LEADER]: Queue going to NON_LEADER mode. State: All replicated index: 0, Majority replicated index: 0, Committed index: 0, Last appended: 0.0, Last appended by leader: 0, Current term: 0, Majority size: -1, State: 0, Mode: NON_LEADER, active raft config: opid_index: -1 OBSOLETE_local: false peers { permanent_uuid: "b485e76f13104c0ab9c90b0dc13d5bdf" member_type: VOTER last_known_addr { host: "127.24.89.193" port: 41601 } } peers { permanent_uuid: "24710b7d49454a9b8716c9cecc718c04" member_type: VOTER last_known_addr { host: "127.24.89.194" port: 45383 } } peers { permanent_uuid: "21f0c2a616304e66ba255d7750b3928f" member_type: VOTER last_known_addr { host: "127.24.89.195" port: 44389 } }
I20260608 12:49:28.173558 28136 ts_tablet_manager.cc:1434] T 899f11b9c98e479bacd122b3ff11c3e8 P 21f0c2a616304e66ba255d7750b3928f: Time spent starting tablet: real 0.018s	user 0.005s	sys 0.003s
I20260608 12:49:28.174830 28135 tablet_bootstrap.cc:654] T 0918b7006c3d4c83b8d7324a6775cba6 P b485e76f13104c0ab9c90b0dc13d5bdf: Neither blocks nor log segments found. Creating new log.
I20260608 12:49:28.174846 28136 tablet_bootstrap.cc:492] T 2de6bb4247fe4c6481076a377ba98026 P 21f0c2a616304e66ba255d7750b3928f: Bootstrap starting.
I20260608 12:49:28.176633 28137 tablet_bootstrap.cc:492] T d6c43ebfafa14cf9a2e65fffebbd5e68 P 24710b7d49454a9b8716c9cecc718c04: No bootstrap required, opened a new log
I20260608 12:49:28.177166 28137 ts_tablet_manager.cc:1403] T d6c43ebfafa14cf9a2e65fffebbd5e68 P 24710b7d49454a9b8716c9cecc718c04: Time spent bootstrapping tablet: real 0.022s	user 0.015s	sys 0.003s
I20260608 12:49:28.179821 28142 raft_consensus.cc:493] T d6c43ebfafa14cf9a2e65fffebbd5e68 P 21f0c2a616304e66ba255d7750b3928f [term 0 FOLLOWER]: Starting pre-election (no leader contacted us within the election timeout)
I20260608 12:49:28.180371 28142 raft_consensus.cc:515] T d6c43ebfafa14cf9a2e65fffebbd5e68 P 21f0c2a616304e66ba255d7750b3928f [term 0 FOLLOWER]: Starting pre-election with config: opid_index: -1 OBSOLETE_local: false peers { permanent_uuid: "b485e76f13104c0ab9c90b0dc13d5bdf" member_type: VOTER last_known_addr { host: "127.24.89.193" port: 41601 } } peers { permanent_uuid: "21f0c2a616304e66ba255d7750b3928f" member_type: VOTER last_known_addr { host: "127.24.89.195" port: 44389 } } peers { permanent_uuid: "24710b7d49454a9b8716c9cecc718c04" member_type: VOTER last_known_addr { host: "127.24.89.194" port: 45383 } }
I20260608 12:49:28.180380 28137 raft_consensus.cc:359] T d6c43ebfafa14cf9a2e65fffebbd5e68 P 24710b7d49454a9b8716c9cecc718c04 [term 0 FOLLOWER]: Replica starting. Triggering 0 pending ops. Active config: opid_index: -1 OBSOLETE_local: false peers { permanent_uuid: "b485e76f13104c0ab9c90b0dc13d5bdf" member_type: VOTER last_known_addr { host: "127.24.89.193" port: 41601 } } peers { permanent_uuid: "21f0c2a616304e66ba255d7750b3928f" member_type: VOTER last_known_addr { host: "127.24.89.195" port: 44389 } } peers { permanent_uuid: "24710b7d49454a9b8716c9cecc718c04" member_type: VOTER last_known_addr { host: "127.24.89.194" port: 45383 } }
I20260608 12:49:28.181192 28137 raft_consensus.cc:385] T d6c43ebfafa14cf9a2e65fffebbd5e68 P 24710b7d49454a9b8716c9cecc718c04 [term 0 FOLLOWER]: Consensus starting up: Expiring failure detector timer to make a prompt election more likely
I20260608 12:49:28.181495 28137 raft_consensus.cc:740] T d6c43ebfafa14cf9a2e65fffebbd5e68 P 24710b7d49454a9b8716c9cecc718c04 [term 0 FOLLOWER]: Becoming Follower/Learner. State: Replica: 24710b7d49454a9b8716c9cecc718c04, State: Initialized, Role: FOLLOWER
I20260608 12:49:28.182909 28142 leader_election.cc:290] T d6c43ebfafa14cf9a2e65fffebbd5e68 P 21f0c2a616304e66ba255d7750b3928f [CANDIDATE]: Term 1 pre-election: Requested pre-vote from peers b485e76f13104c0ab9c90b0dc13d5bdf (127.24.89.193:41601), 24710b7d49454a9b8716c9cecc718c04 (127.24.89.194:45383)
I20260608 12:49:28.182488 28137 consensus_queue.cc:260] T d6c43ebfafa14cf9a2e65fffebbd5e68 P 24710b7d49454a9b8716c9cecc718c04 [NON_LEADER]: Queue going to NON_LEADER mode. State: All replicated index: 0, Majority replicated index: 0, Committed index: 0, Last appended: 0.0, Last appended by leader: 0, Current term: 0, Majority size: -1, State: 0, Mode: NON_LEADER, active raft config: opid_index: -1 OBSOLETE_local: false peers { permanent_uuid: "b485e76f13104c0ab9c90b0dc13d5bdf" member_type: VOTER last_known_addr { host: "127.24.89.193" port: 41601 } } peers { permanent_uuid: "21f0c2a616304e66ba255d7750b3928f" member_type: VOTER last_known_addr { host: "127.24.89.195" port: 44389 } } peers { permanent_uuid: "24710b7d49454a9b8716c9cecc718c04" member_type: VOTER last_known_addr { host: "127.24.89.194" port: 45383 } }
I20260608 12:49:28.185209 27939 tablet_service.cc:1917] Received RequestConsensusVote() RPC: tablet_id: "d6c43ebfafa14cf9a2e65fffebbd5e68" candidate_uuid: "21f0c2a616304e66ba255d7750b3928f" candidate_term: 1 candidate_status { last_received { term: 0 index: 0 } } ignore_live_leader: false dest_uuid: "b485e76f13104c0ab9c90b0dc13d5bdf" is_pre_election: true
I20260608 12:49:28.186129 27939 raft_consensus.cc:2468] T d6c43ebfafa14cf9a2e65fffebbd5e68 P b485e76f13104c0ab9c90b0dc13d5bdf [term 0 FOLLOWER]: Leader pre-election vote request: Granting yes vote for candidate 21f0c2a616304e66ba255d7750b3928f in term 0.
I20260608 12:49:28.187649 28055 leader_election.cc:304] T d6c43ebfafa14cf9a2e65fffebbd5e68 P 21f0c2a616304e66ba255d7750b3928f [CANDIDATE]: Term 1 pre-election: Election decided. Result: candidate won. Election summary: received 2 responses out of 3 voters: 2 yes votes; 0 no votes. yes voters: 21f0c2a616304e66ba255d7750b3928f, b485e76f13104c0ab9c90b0dc13d5bdf; no voters: 
I20260608 12:49:28.188869 28142 raft_consensus.cc:2804] T d6c43ebfafa14cf9a2e65fffebbd5e68 P 21f0c2a616304e66ba255d7750b3928f [term 0 FOLLOWER]: Leader pre-election won for term 1
I20260608 12:49:28.189392 28142 raft_consensus.cc:493] T d6c43ebfafa14cf9a2e65fffebbd5e68 P 21f0c2a616304e66ba255d7750b3928f [term 0 FOLLOWER]: Starting leader election (no leader contacted us within the election timeout)
I20260608 12:49:28.189651 28014 tablet_service.cc:1917] Received RequestConsensusVote() RPC: tablet_id: "d6c43ebfafa14cf9a2e65fffebbd5e68" candidate_uuid: "21f0c2a616304e66ba255d7750b3928f" candidate_term: 1 candidate_status { last_received { term: 0 index: 0 } } ignore_live_leader: false dest_uuid: "24710b7d49454a9b8716c9cecc718c04" is_pre_election: true
I20260608 12:49:28.189870 28142 raft_consensus.cc:3060] T d6c43ebfafa14cf9a2e65fffebbd5e68 P 21f0c2a616304e66ba255d7750b3928f [term 0 FOLLOWER]: Advancing to term 1
I20260608 12:49:28.190412 28014 raft_consensus.cc:2468] T d6c43ebfafa14cf9a2e65fffebbd5e68 P 24710b7d49454a9b8716c9cecc718c04 [term 0 FOLLOWER]: Leader pre-election vote request: Granting yes vote for candidate 21f0c2a616304e66ba255d7750b3928f in term 0.
I20260608 12:49:28.192554 28135 tablet_bootstrap.cc:492] T 0918b7006c3d4c83b8d7324a6775cba6 P b485e76f13104c0ab9c90b0dc13d5bdf: No bootstrap required, opened a new log
I20260608 12:49:28.193087 28135 ts_tablet_manager.cc:1403] T 0918b7006c3d4c83b8d7324a6775cba6 P b485e76f13104c0ab9c90b0dc13d5bdf: Time spent bootstrapping tablet: real 0.027s	user 0.017s	sys 0.006s
I20260608 12:49:28.193884 28137 ts_tablet_manager.cc:1434] T d6c43ebfafa14cf9a2e65fffebbd5e68 P 24710b7d49454a9b8716c9cecc718c04: Time spent starting tablet: real 0.016s	user 0.006s	sys 0.004s
I20260608 12:49:28.195106 28137 tablet_bootstrap.cc:492] T 2de6bb4247fe4c6481076a377ba98026 P 24710b7d49454a9b8716c9cecc718c04: Bootstrap starting.
I20260608 12:49:28.197044 28135 raft_consensus.cc:359] T 0918b7006c3d4c83b8d7324a6775cba6 P b485e76f13104c0ab9c90b0dc13d5bdf [term 0 FOLLOWER]: Replica starting. Triggering 0 pending ops. Active config: opid_index: -1 OBSOLETE_local: false peers { permanent_uuid: "24710b7d49454a9b8716c9cecc718c04" member_type: VOTER last_known_addr { host: "127.24.89.194" port: 45383 } } peers { permanent_uuid: "b485e76f13104c0ab9c90b0dc13d5bdf" member_type: VOTER last_known_addr { host: "127.24.89.193" port: 41601 } } peers { permanent_uuid: "21f0c2a616304e66ba255d7750b3928f" member_type: VOTER last_known_addr { host: "127.24.89.195" port: 44389 } }
I20260608 12:49:28.197841 28135 raft_consensus.cc:385] T 0918b7006c3d4c83b8d7324a6775cba6 P b485e76f13104c0ab9c90b0dc13d5bdf [term 0 FOLLOWER]: Consensus starting up: Expiring failure detector timer to make a prompt election more likely
I20260608 12:49:28.198225 28135 raft_consensus.cc:740] T 0918b7006c3d4c83b8d7324a6775cba6 P b485e76f13104c0ab9c90b0dc13d5bdf [term 0 FOLLOWER]: Becoming Follower/Learner. State: Replica: b485e76f13104c0ab9c90b0dc13d5bdf, State: Initialized, Role: FOLLOWER
I20260608 12:49:28.198608 28142 raft_consensus.cc:515] T d6c43ebfafa14cf9a2e65fffebbd5e68 P 21f0c2a616304e66ba255d7750b3928f [term 1 FOLLOWER]: Starting leader election with config: opid_index: -1 OBSOLETE_local: false peers { permanent_uuid: "b485e76f13104c0ab9c90b0dc13d5bdf" member_type: VOTER last_known_addr { host: "127.24.89.193" port: 41601 } } peers { permanent_uuid: "21f0c2a616304e66ba255d7750b3928f" member_type: VOTER last_known_addr { host: "127.24.89.195" port: 44389 } } peers { permanent_uuid: "24710b7d49454a9b8716c9cecc718c04" member_type: VOTER last_known_addr { host: "127.24.89.194" port: 45383 } }
I20260608 12:49:28.199028 28135 consensus_queue.cc:260] T 0918b7006c3d4c83b8d7324a6775cba6 P b485e76f13104c0ab9c90b0dc13d5bdf [NON_LEADER]: Queue going to NON_LEADER mode. State: All replicated index: 0, Majority replicated index: 0, Committed index: 0, Last appended: 0.0, Last appended by leader: 0, Current term: 0, Majority size: -1, State: 0, Mode: NON_LEADER, active raft config: opid_index: -1 OBSOLETE_local: false peers { permanent_uuid: "24710b7d49454a9b8716c9cecc718c04" member_type: VOTER last_known_addr { host: "127.24.89.194" port: 45383 } } peers { permanent_uuid: "b485e76f13104c0ab9c90b0dc13d5bdf" member_type: VOTER last_known_addr { host: "127.24.89.193" port: 41601 } } peers { permanent_uuid: "21f0c2a616304e66ba255d7750b3928f" member_type: VOTER last_known_addr { host: "127.24.89.195" port: 44389 } }
I20260608 12:49:28.201577 28135 ts_tablet_manager.cc:1434] T 0918b7006c3d4c83b8d7324a6775cba6 P b485e76f13104c0ab9c90b0dc13d5bdf: Time spent starting tablet: real 0.008s	user 0.005s	sys 0.005s
I20260608 12:49:28.202155 27939 tablet_service.cc:1917] Received RequestConsensusVote() RPC: tablet_id: "d6c43ebfafa14cf9a2e65fffebbd5e68" candidate_uuid: "21f0c2a616304e66ba255d7750b3928f" candidate_term: 1 candidate_status { last_received { term: 0 index: 0 } } ignore_live_leader: false dest_uuid: "b485e76f13104c0ab9c90b0dc13d5bdf"
I20260608 12:49:28.202708 28135 tablet_bootstrap.cc:492] T 2de6bb4247fe4c6481076a377ba98026 P b485e76f13104c0ab9c90b0dc13d5bdf: Bootstrap starting.
I20260608 12:49:28.202754 27939 raft_consensus.cc:3060] T d6c43ebfafa14cf9a2e65fffebbd5e68 P b485e76f13104c0ab9c90b0dc13d5bdf [term 0 FOLLOWER]: Advancing to term 1
I20260608 12:49:28.203191 28137 tablet_bootstrap.cc:654] T 2de6bb4247fe4c6481076a377ba98026 P 24710b7d49454a9b8716c9cecc718c04: Neither blocks nor log segments found. Creating new log.
I20260608 12:49:28.210595 28135 tablet_bootstrap.cc:654] T 2de6bb4247fe4c6481076a377ba98026 P b485e76f13104c0ab9c90b0dc13d5bdf: Neither blocks nor log segments found. Creating new log.
I20260608 12:49:28.215577 28014 tablet_service.cc:1917] Received RequestConsensusVote() RPC: tablet_id: "d6c43ebfafa14cf9a2e65fffebbd5e68" candidate_uuid: "21f0c2a616304e66ba255d7750b3928f" candidate_term: 1 candidate_status { last_received { term: 0 index: 0 } } ignore_live_leader: false dest_uuid: "24710b7d49454a9b8716c9cecc718c04"
I20260608 12:49:28.216271 28014 raft_consensus.cc:3060] T d6c43ebfafa14cf9a2e65fffebbd5e68 P 24710b7d49454a9b8716c9cecc718c04 [term 0 FOLLOWER]: Advancing to term 1
I20260608 12:49:28.224610 28014 raft_consensus.cc:2468] T d6c43ebfafa14cf9a2e65fffebbd5e68 P 24710b7d49454a9b8716c9cecc718c04 [term 1 FOLLOWER]: Leader election vote request: Granting yes vote for candidate 21f0c2a616304e66ba255d7750b3928f in term 1.
I20260608 12:49:28.225087 28136 tablet_bootstrap.cc:654] T 2de6bb4247fe4c6481076a377ba98026 P 21f0c2a616304e66ba255d7750b3928f: Neither blocks nor log segments found. Creating new log.
I20260608 12:49:28.227411 28141 raft_consensus.cc:493] T 0918b7006c3d4c83b8d7324a6775cba6 P b485e76f13104c0ab9c90b0dc13d5bdf [term 0 FOLLOWER]: Starting pre-election (no leader contacted us within the election timeout)
I20260608 12:49:28.225492 28142 leader_election.cc:290] T d6c43ebfafa14cf9a2e65fffebbd5e68 P 21f0c2a616304e66ba255d7750b3928f [CANDIDATE]: Term 1 election: Requested vote from peers b485e76f13104c0ab9c90b0dc13d5bdf (127.24.89.193:41601), 24710b7d49454a9b8716c9cecc718c04 (127.24.89.194:45383)
I20260608 12:49:28.225672 27939 raft_consensus.cc:2468] T d6c43ebfafa14cf9a2e65fffebbd5e68 P b485e76f13104c0ab9c90b0dc13d5bdf [term 1 FOLLOWER]: Leader election vote request: Granting yes vote for candidate 21f0c2a616304e66ba255d7750b3928f in term 1.
I20260608 12:49:28.227972 28141 raft_consensus.cc:515] T 0918b7006c3d4c83b8d7324a6775cba6 P b485e76f13104c0ab9c90b0dc13d5bdf [term 0 FOLLOWER]: Starting pre-election with config: opid_index: -1 OBSOLETE_local: false peers { permanent_uuid: "24710b7d49454a9b8716c9cecc718c04" member_type: VOTER last_known_addr { host: "127.24.89.194" port: 45383 } } peers { permanent_uuid: "b485e76f13104c0ab9c90b0dc13d5bdf" member_type: VOTER last_known_addr { host: "127.24.89.193" port: 41601 } } peers { permanent_uuid: "21f0c2a616304e66ba255d7750b3928f" member_type: VOTER last_known_addr { host: "127.24.89.195" port: 44389 } }
I20260608 12:49:28.229262 28135 tablet_bootstrap.cc:492] T 2de6bb4247fe4c6481076a377ba98026 P b485e76f13104c0ab9c90b0dc13d5bdf: No bootstrap required, opened a new log
I20260608 12:49:28.229849 28135 ts_tablet_manager.cc:1403] T 2de6bb4247fe4c6481076a377ba98026 P b485e76f13104c0ab9c90b0dc13d5bdf: Time spent bootstrapping tablet: real 0.027s	user 0.017s	sys 0.006s
I20260608 12:49:28.229599 28055 leader_election.cc:304] T d6c43ebfafa14cf9a2e65fffebbd5e68 P 21f0c2a616304e66ba255d7750b3928f [CANDIDATE]: Term 1 election: Election decided. Result: candidate won. Election summary: received 2 responses out of 3 voters: 2 yes votes; 0 no votes. yes voters: 21f0c2a616304e66ba255d7750b3928f, b485e76f13104c0ab9c90b0dc13d5bdf; no voters: 
I20260608 12:49:28.230587 28141 leader_election.cc:290] T 0918b7006c3d4c83b8d7324a6775cba6 P b485e76f13104c0ab9c90b0dc13d5bdf [CANDIDATE]: Term 1 pre-election: Requested pre-vote from peers 24710b7d49454a9b8716c9cecc718c04 (127.24.89.194:45383), 21f0c2a616304e66ba255d7750b3928f (127.24.89.195:44389)
I20260608 12:49:28.231592 28142 raft_consensus.cc:2804] T d6c43ebfafa14cf9a2e65fffebbd5e68 P 21f0c2a616304e66ba255d7750b3928f [term 1 FOLLOWER]: Leader election won for term 1
I20260608 12:49:28.234797 28142 raft_consensus.cc:697] T d6c43ebfafa14cf9a2e65fffebbd5e68 P 21f0c2a616304e66ba255d7750b3928f [term 1 LEADER]: Becoming Leader. State: Replica: 21f0c2a616304e66ba255d7750b3928f, State: Running, Role: LEADER
I20260608 12:49:28.235761 28142 consensus_queue.cc:237] T d6c43ebfafa14cf9a2e65fffebbd5e68 P 21f0c2a616304e66ba255d7750b3928f [LEADER]: Queue going to LEADER mode. State: All replicated index: 0, Majority replicated index: 0, Committed index: 0, Last appended: 0.0, Last appended by leader: 0, Current term: 1, Majority size: 2, State: 0, Mode: LEADER, active raft config: opid_index: -1 OBSOLETE_local: false peers { permanent_uuid: "b485e76f13104c0ab9c90b0dc13d5bdf" member_type: VOTER last_known_addr { host: "127.24.89.193" port: 41601 } } peers { permanent_uuid: "21f0c2a616304e66ba255d7750b3928f" member_type: VOTER last_known_addr { host: "127.24.89.195" port: 44389 } } peers { permanent_uuid: "24710b7d49454a9b8716c9cecc718c04" member_type: VOTER last_known_addr { host: "127.24.89.194" port: 45383 } }
I20260608 12:49:28.231979 28088 tablet_service.cc:1917] Received RequestConsensusVote() RPC: tablet_id: "0918b7006c3d4c83b8d7324a6775cba6" candidate_uuid: "b485e76f13104c0ab9c90b0dc13d5bdf" candidate_term: 1 candidate_status { last_received { term: 0 index: 0 } } ignore_live_leader: false dest_uuid: "21f0c2a616304e66ba255d7750b3928f" is_pre_election: true
I20260608 12:49:28.238679 28088 raft_consensus.cc:2468] T 0918b7006c3d4c83b8d7324a6775cba6 P 21f0c2a616304e66ba255d7750b3928f [term 0 FOLLOWER]: Leader pre-election vote request: Granting yes vote for candidate b485e76f13104c0ab9c90b0dc13d5bdf in term 0.
