wal directory: /tmp/dist-test-task772Ebb/test-tmp/auto_rebalancer-test.0.AutoRebalancerTest.MovesScheduledIfAddTserver.1780922879677961-24841-0/minicluster-data/ts-0-root
metadata directory: /tmp/dist-test-task772Ebb/test-tmp/auto_rebalancer-test.0.AutoRebalancerTest.MovesScheduledIfAddTserver.1780922879677961-24841-0/minicluster-data/ts-0-root
1 data directories: /tmp/dist-test-task772Ebb/test-tmp/auto_rebalancer-test.0.AutoRebalancerTest.MovesScheduledIfAddTserver.1780922879677961-24841-0/minicluster-data/ts-0-root/data
Total live blocks: 0
Total live bytes: 0
Total live bytes (after alignment): 0
Total number of LBM containers: 0 (0 full)
Did not check for missing blocks
Did not check for orphaned blocks
Total full LBM containers with extra space: 0 (0 repaired)
Total full LBM container extra space in bytes: 0 (0 repaired)
Total incomplete LBM containers: 0 (0 repaired)
Total LBM partial records: 0 (0 repaired)
Total corrupted LBM metadata records in RocksDB: 0 (0 repaired)
I20260608 12:48:22.777643 24841 rpc_server.cc:225] running with OpenSSL 1.1.1  11 Sep 2018
I20260608 12:48:22.778884 24841 kserver.cc:163] Server-wide thread pool size limit: 3276
I20260608 12:48:22.780391 24841 txn_system_client.cc:432] TxnSystemClient initialization is disabled...
I20260608 12:48:22.782925 24841 ts_tablet_manager.cc:585] Loaded tablet metadata (0 total tablets, 0 live tablets)
I20260608 12:48:22.783105 24841 ts_tablet_manager.cc:531] Time spent load tablet metadata: real 0.000s	user 0.000s	sys 0.000s
I20260608 12:48:22.783403 24841 ts_tablet_manager.cc:616] Registered 0 tablets
I20260608 12:48:22.783625 24841 ts_tablet_manager.cc:595] Time spent register tablets: real 0.000s	user 0.000s	sys 0.000s
I20260608 12:48:22.833978 24841 rpc_server.cc:307] RPC server started. Bound to: 127.24.66.65:34405
I20260608 12:48:22.834115 26628 acceptor_pool.cc:272] collecting diagnostics on the listening RPC socket 127.24.66.65:34405 every 8 connection(s)
I20260608 12:48:22.839543 24841 file_cache.cc:492] Constructed file cache file cache with capacity 419430
W20260608 12:48:22.847924 26633 instance_detector.cc:116] could not retrieve AWS instance metadata: Network error: curl error: HTTP response code said error: The requested URL returned error: 404
W20260608 12:48:22.850118 26634 instance_detector.cc:116] could not retrieve Azure instance metadata: Network error: curl error: HTTP response code said error: The requested URL returned error: 404
I20260608 12:48:22.851300 24841 server_base.cc:1061] running on GCE node
W20260608 12:48:22.851253 26636 instance_detector.cc:116] could not retrieve OpenStack instance metadata: Network error: curl error: HTTP response code said error: The requested URL returned error: 404
I20260608 12:48:22.852670 24841 hybrid_clock.cc:584] initializing the hybrid clock with 'system_unsync' time source
W20260608 12:48:22.853029 24841 system_unsync_time.cc:38] NTP support is disabled. Clock error bounds will not be accurate. This configuration is not suitable for distributed clusters.
I20260608 12:48:22.853228 24841 hybrid_clock.cc:648] HybridClock initialized: now 1780922902853187 us; error 0 us; skew 500 ppm
I20260608 12:48:22.854228 24841 server_base.cc:861] Flag tcmalloc_max_total_thread_cache_bytes is not working since tcmalloc is not enabled.
I20260608 12:48:22.856436 26629 heartbeater.cc:344] Connected to a master server at 127.24.66.126:45229
I20260608 12:48:22.856942 26629 heartbeater.cc:461] Registering TS with master...
I20260608 12:48:22.857502 24841 webserver.cc:533] Webserver started at http://127.24.66.66:44861/ using document root <none> and password file <none>
I20260608 12:48:22.857771 26629 heartbeater.cc:507] Master 127.24.66.126:45229 requested a full tablet report, sending...
I20260608 12:48:22.858134 24841 fs_manager.cc:362] Metadata directory not provided
I20260608 12:48:22.858392 24841 fs_manager.cc:368] Using write-ahead log directory (fs_wal_dir) as metadata directory
I20260608 12:48:22.858676 24841 server_base.cc:909] This appears to be a new deployment of Kudu; creating new FS layout
I20260608 12:48:22.860026 24841 fs_manager.cc:1068] Generated new instance metadata in path /tmp/dist-test-task772Ebb/test-tmp/auto_rebalancer-test.0.AutoRebalancerTest.MovesScheduledIfAddTserver.1780922879677961-24841-0/minicluster-data/ts-1-root/instance:
uuid: "00d421e203b440b39913991dc0451a29"
format_stamp: "Formatted at 2026-06-08 12:48:22 on dist-test-slave-gg24"
I20260608 12:48:22.860348 26502 ts_manager.cc:194] Registered new tserver with Master: c98fb5713b5a4478ac04274324b920f8 (127.24.66.65:34405)
I20260608 12:48:22.862639 26502 master_service.cc:502] Signed X509 certificate for tserver {username='slave'} at 127.0.0.1:41510
I20260608 12:48:22.866088 24841 fs_manager.cc:696] Time spent creating directory manager: real 0.005s	user 0.004s	sys 0.000s
I20260608 12:48:22.870042 26641 log_block_manager.cc:4031] Time spent loading block containers with low live blocks: real 0.000s	user 0.000s	sys 0.000s
I20260608 12:48:22.870893 24841 fs_manager.cc:730] Time spent opening block manager: real 0.003s	user 0.002s	sys 0.001s
I20260608 12:48:22.871228 24841 fs_manager.cc:647] Opened local filesystem: /tmp/dist-test-task772Ebb/test-tmp/auto_rebalancer-test.0.AutoRebalancerTest.MovesScheduledIfAddTserver.1780922879677961-24841-0/minicluster-data/ts-1-root
uuid: "00d421e203b440b39913991dc0451a29"
format_stamp: "Formatted at 2026-06-08 12:48:22 on dist-test-slave-gg24"
I20260608 12:48:22.871538 24841 fs_report.cc:389] FS layout report
--------------------
wal directory: /tmp/dist-test-task772Ebb/test-tmp/auto_rebalancer-test.0.AutoRebalancerTest.MovesScheduledIfAddTserver.1780922879677961-24841-0/minicluster-data/ts-1-root
metadata directory: /tmp/dist-test-task772Ebb/test-tmp/auto_rebalancer-test.0.AutoRebalancerTest.MovesScheduledIfAddTserver.1780922879677961-24841-0/minicluster-data/ts-1-root
1 data directories: /tmp/dist-test-task772Ebb/test-tmp/auto_rebalancer-test.0.AutoRebalancerTest.MovesScheduledIfAddTserver.1780922879677961-24841-0/minicluster-data/ts-1-root/data
Total live blocks: 0
Total live bytes: 0
Total live bytes (after alignment): 0
Total number of LBM containers: 0 (0 full)
Did not check for missing blocks
Did not check for orphaned blocks
Total full LBM containers with extra space: 0 (0 repaired)
Total full LBM container extra space in bytes: 0 (0 repaired)
Total incomplete LBM containers: 0 (0 repaired)
Total LBM partial records: 0 (0 repaired)
Total corrupted LBM metadata records in RocksDB: 0 (0 repaired)
I20260608 12:48:22.888855 24841 rpc_server.cc:225] running with OpenSSL 1.1.1  11 Sep 2018
I20260608 12:48:22.890183 24841 kserver.cc:163] Server-wide thread pool size limit: 3276
I20260608 12:48:22.891738 24841 txn_system_client.cc:432] TxnSystemClient initialization is disabled...
I20260608 12:48:22.894207 24841 ts_tablet_manager.cc:585] Loaded tablet metadata (0 total tablets, 0 live tablets)
I20260608 12:48:22.894450 24841 ts_tablet_manager.cc:531] Time spent load tablet metadata: real 0.000s	user 0.000s	sys 0.000s
I20260608 12:48:22.894701 24841 ts_tablet_manager.cc:616] Registered 0 tablets
I20260608 12:48:22.894888 24841 ts_tablet_manager.cc:595] Time spent register tablets: real 0.000s	user 0.000s	sys 0.000s
I20260608 12:48:22.947495 24841 rpc_server.cc:307] RPC server started. Bound to: 127.24.66.66:41493
I20260608 12:48:22.947636 26703 acceptor_pool.cc:272] collecting diagnostics on the listening RPC socket 127.24.66.66:41493 every 8 connection(s)
I20260608 12:48:22.953310 24841 file_cache.cc:492] Constructed file cache file cache with capacity 419430
W20260608 12:48:22.961581 26707 instance_detector.cc:116] could not retrieve AWS instance metadata: Network error: curl error: HTTP response code said error: The requested URL returned error: 404
W20260608 12:48:22.962934 26708 instance_detector.cc:116] could not retrieve Azure instance metadata: Network error: curl error: HTTP response code said error: The requested URL returned error: 404
I20260608 12:48:22.967536 24841 server_base.cc:1061] running on GCE node
W20260608 12:48:22.968982 26710 instance_detector.cc:116] could not retrieve OpenStack instance metadata: Network error: curl error: HTTP response code said error: The requested URL returned error: 404
I20260608 12:48:22.969403 26704 heartbeater.cc:344] Connected to a master server at 127.24.66.126:45229
I20260608 12:48:22.969820 26704 heartbeater.cc:461] Registering TS with master...
I20260608 12:48:22.970098 24841 hybrid_clock.cc:584] initializing the hybrid clock with 'system_unsync' time source
W20260608 12:48:22.970346 24841 system_unsync_time.cc:38] NTP support is disabled. Clock error bounds will not be accurate. This configuration is not suitable for distributed clusters.
I20260608 12:48:22.970541 24841 hybrid_clock.cc:648] HybridClock initialized: now 1780922902970523 us; error 0 us; skew 500 ppm
I20260608 12:48:22.970644 26704 heartbeater.cc:507] Master 127.24.66.126:45229 requested a full tablet report, sending...
I20260608 12:48:22.971293 24841 server_base.cc:861] Flag tcmalloc_max_total_thread_cache_bytes is not working since tcmalloc is not enabled.
I20260608 12:48:22.973130 26502 ts_manager.cc:194] Registered new tserver with Master: 00d421e203b440b39913991dc0451a29 (127.24.66.66:41493)
I20260608 12:48:22.974550 24841 webserver.cc:533] Webserver started at http://127.24.66.67:44529/ using document root <none> and password file <none>
I20260608 12:48:22.974799 26502 master_service.cc:502] Signed X509 certificate for tserver {username='slave'} at 127.0.0.1:41524
I20260608 12:48:22.975235 24841 fs_manager.cc:362] Metadata directory not provided
I20260608 12:48:22.975481 24841 fs_manager.cc:368] Using write-ahead log directory (fs_wal_dir) as metadata directory
I20260608 12:48:22.975848 24841 server_base.cc:909] This appears to be a new deployment of Kudu; creating new FS layout
I20260608 12:48:22.977219 24841 fs_manager.cc:1068] Generated new instance metadata in path /tmp/dist-test-task772Ebb/test-tmp/auto_rebalancer-test.0.AutoRebalancerTest.MovesScheduledIfAddTserver.1780922879677961-24841-0/minicluster-data/ts-2-root/instance:
uuid: "56b816621a5c492a80818badf6afb24f"
format_stamp: "Formatted at 2026-06-08 12:48:22 on dist-test-slave-gg24"
I20260608 12:48:22.982110 24841 fs_manager.cc:696] Time spent creating directory manager: real 0.004s	user 0.005s	sys 0.000s
I20260608 12:48:22.985682 26715 log_block_manager.cc:4031] Time spent loading block containers with low live blocks: real 0.000s	user 0.000s	sys 0.000s
I20260608 12:48:22.986635 24841 fs_manager.cc:730] Time spent opening block manager: real 0.002s	user 0.003s	sys 0.000s
I20260608 12:48:22.986977 24841 fs_manager.cc:647] Opened local filesystem: /tmp/dist-test-task772Ebb/test-tmp/auto_rebalancer-test.0.AutoRebalancerTest.MovesScheduledIfAddTserver.1780922879677961-24841-0/minicluster-data/ts-2-root
uuid: "56b816621a5c492a80818badf6afb24f"
format_stamp: "Formatted at 2026-06-08 12:48:22 on dist-test-slave-gg24"
I20260608 12:48:22.987250 24841 fs_report.cc:389] FS layout report
--------------------
wal directory: /tmp/dist-test-task772Ebb/test-tmp/auto_rebalancer-test.0.AutoRebalancerTest.MovesScheduledIfAddTserver.1780922879677961-24841-0/minicluster-data/ts-2-root
metadata directory: /tmp/dist-test-task772Ebb/test-tmp/auto_rebalancer-test.0.AutoRebalancerTest.MovesScheduledIfAddTserver.1780922879677961-24841-0/minicluster-data/ts-2-root
1 data directories: /tmp/dist-test-task772Ebb/test-tmp/auto_rebalancer-test.0.AutoRebalancerTest.MovesScheduledIfAddTserver.1780922879677961-24841-0/minicluster-data/ts-2-root/data
Total live blocks: 0
Total live bytes: 0
Total live bytes (after alignment): 0
Total number of LBM containers: 0 (0 full)
Did not check for missing blocks
Did not check for orphaned blocks
Total full LBM containers with extra space: 0 (0 repaired)
Total full LBM container extra space in bytes: 0 (0 repaired)
Total incomplete LBM containers: 0 (0 repaired)
Total LBM partial records: 0 (0 repaired)
Total corrupted LBM metadata records in RocksDB: 0 (0 repaired)
I20260608 12:48:22.999214 24841 rpc_server.cc:225] running with OpenSSL 1.1.1  11 Sep 2018
I20260608 12:48:23.000499 24841 kserver.cc:163] Server-wide thread pool size limit: 3276
I20260608 12:48:23.002110 24841 txn_system_client.cc:432] TxnSystemClient initialization is disabled...
I20260608 12:48:23.004647 24841 ts_tablet_manager.cc:585] Loaded tablet metadata (0 total tablets, 0 live tablets)
I20260608 12:48:23.004891 24841 ts_tablet_manager.cc:531] Time spent load tablet metadata: real 0.000s	user 0.000s	sys 0.000s
I20260608 12:48:23.005162 24841 ts_tablet_manager.cc:616] Registered 0 tablets
I20260608 12:48:23.005357 24841 ts_tablet_manager.cc:595] Time spent register tablets: real 0.000s	user 0.000s	sys 0.000s
I20260608 12:48:23.049463 24841 rpc_server.cc:307] RPC server started. Bound to: 127.24.66.67:41957
I20260608 12:48:23.049567 26777 acceptor_pool.cc:272] collecting diagnostics on the listening RPC socket 127.24.66.67:41957 every 8 connection(s)
I20260608 12:48:23.064550 26778 heartbeater.cc:344] Connected to a master server at 127.24.66.126:45229
I20260608 12:48:23.064950 26778 heartbeater.cc:461] Registering TS with master...
I20260608 12:48:23.065687 26778 heartbeater.cc:507] Master 127.24.66.126:45229 requested a full tablet report, sending...
I20260608 12:48:23.067715 26502 ts_manager.cc:194] Registered new tserver with Master: 56b816621a5c492a80818badf6afb24f (127.24.66.67:41957)
I20260608 12:48:23.068122 24841 internal_mini_cluster.cc:371] 3 TS(s) registered with all masters after 0.014852526s
I20260608 12:48:23.069612 26502 master_service.cc:502] Signed X509 certificate for tserver {username='slave'} at 127.0.0.1:41528
I20260608 12:48:23.865841 26629 heartbeater.cc:499] Master 127.24.66.126:45229 was elected leader, sending a full tablet report...
I20260608 12:48:24.025456 26704 heartbeater.cc:499] Master 127.24.66.126:45229 was elected leader, sending a full tablet report...
I20260608 12:48:24.072281 26778 heartbeater.cc:499] Master 127.24.66.126:45229 was elected leader, sending a full tablet report...
I20260608 12:48:24.157495 26502 catalog_manager.cc:2282] Servicing CreateTable request from {username='slave'} at 127.0.0.1:41542:
name: "test-workload"
schema {
  columns {
    name: "key"
    type: INT32
    is_key: true
    is_nullable: false
    encoding: AUTO_ENCODING
    compression: DEFAULT_COMPRESSION
    cfile_block_size: 0
    immutable: false
  }
  columns {
    name: "int_val"
    type: INT32
    is_key: false
    is_nullable: false
    encoding: AUTO_ENCODING
    compression: DEFAULT_COMPRESSION
    cfile_block_size: 0
    immutable: false
  }
  columns {
    name: "string_val"
    type: STRING
    is_key: false
    is_nullable: true
    encoding: AUTO_ENCODING
    compression: DEFAULT_COMPRESSION
    cfile_block_size: 0
    immutable: false
  }
}
num_replicas: 3
split_rows_range_bounds {
  rows: "\004\001\000\377\377\377?""\004\001\000\377\377\377?"
  indirect_data: """"
}
partition_schema {
  range_schema {
    columns {
      name: "key"
    }
  }
}
W20260608 12:48:24.159651 26502 catalog_manager.cc:7076] The number of live tablet servers is not enough to re-replicate a tablet replica of the newly created table test-workload in case of a server failure: 4 tablet servers would be needed, 3 are available. Consider bringing up more tablet servers.
I20260608 12:48:24.212132 26594 tablet_service.cc:1511] Processing CreateTablet for tablet 9db9a56c2916427695328f139fac6282 (DEFAULT_TABLE table=test-workload [id=b1a96a6ef88e451db2af3ad644fe2647]), partition=RANGE (key) PARTITION VALUES < 1073741823
I20260608 12:48:24.213706 26594 data_dirs.cc:400] Could only allocate 1 dirs of requested 3 for tablet 9db9a56c2916427695328f139fac6282. 1 dirs total, 0 dirs full, 0 dirs failed
I20260608 12:48:24.213891 26593 tablet_service.cc:1511] Processing CreateTablet for tablet 0bc5ed9745604c8889c4e3902e965af1 (DEFAULT_TABLE table=test-workload [id=b1a96a6ef88e451db2af3ad644fe2647]), partition=RANGE (key) PARTITION 1073741823 <= VALUES
I20260608 12:48:24.215219 26593 data_dirs.cc:400] Could only allocate 1 dirs of requested 3 for tablet 0bc5ed9745604c8889c4e3902e965af1. 1 dirs total, 0 dirs full, 0 dirs failed
I20260608 12:48:24.222558 26669 tablet_service.cc:1511] Processing CreateTablet for tablet 9db9a56c2916427695328f139fac6282 (DEFAULT_TABLE table=test-workload [id=b1a96a6ef88e451db2af3ad644fe2647]), partition=RANGE (key) PARTITION VALUES < 1073741823
I20260608 12:48:24.222783 26668 tablet_service.cc:1511] Processing CreateTablet for tablet 0bc5ed9745604c8889c4e3902e965af1 (DEFAULT_TABLE table=test-workload [id=b1a96a6ef88e451db2af3ad644fe2647]), partition=RANGE (key) PARTITION 1073741823 <= VALUES
I20260608 12:48:24.224087 26669 data_dirs.cc:400] Could only allocate 1 dirs of requested 3 for tablet 9db9a56c2916427695328f139fac6282. 1 dirs total, 0 dirs full, 0 dirs failed
I20260608 12:48:24.224772 26668 data_dirs.cc:400] Could only allocate 1 dirs of requested 3 for tablet 0bc5ed9745604c8889c4e3902e965af1. 1 dirs total, 0 dirs full, 0 dirs failed
I20260608 12:48:24.225097 26743 tablet_service.cc:1511] Processing CreateTablet for tablet 9db9a56c2916427695328f139fac6282 (DEFAULT_TABLE table=test-workload [id=b1a96a6ef88e451db2af3ad644fe2647]), partition=RANGE (key) PARTITION VALUES < 1073741823
I20260608 12:48:24.225435 26742 tablet_service.cc:1511] Processing CreateTablet for tablet 0bc5ed9745604c8889c4e3902e965af1 (DEFAULT_TABLE table=test-workload [id=b1a96a6ef88e451db2af3ad644fe2647]), partition=RANGE (key) PARTITION 1073741823 <= VALUES
I20260608 12:48:24.226461 26743 data_dirs.cc:400] Could only allocate 1 dirs of requested 3 for tablet 9db9a56c2916427695328f139fac6282. 1 dirs total, 0 dirs full, 0 dirs failed
I20260608 12:48:24.227119 26742 data_dirs.cc:400] Could only allocate 1 dirs of requested 3 for tablet 0bc5ed9745604c8889c4e3902e965af1. 1 dirs total, 0 dirs full, 0 dirs failed
I20260608 12:48:24.263929 26799 tablet_bootstrap.cc:492] T 9db9a56c2916427695328f139fac6282 P c98fb5713b5a4478ac04274324b920f8: Bootstrap starting.
I20260608 12:48:24.265251 26798 tablet_bootstrap.cc:492] T 9db9a56c2916427695328f139fac6282 P 00d421e203b440b39913991dc0451a29: Bootstrap starting.
I20260608 12:48:24.265571 26797 tablet_bootstrap.cc:492] T 0bc5ed9745604c8889c4e3902e965af1 P 56b816621a5c492a80818badf6afb24f: Bootstrap starting.
I20260608 12:48:24.271482 26797 tablet_bootstrap.cc:654] T 0bc5ed9745604c8889c4e3902e965af1 P 56b816621a5c492a80818badf6afb24f: Neither blocks nor log segments found. Creating new log.
I20260608 12:48:24.271601 26799 tablet_bootstrap.cc:654] T 9db9a56c2916427695328f139fac6282 P c98fb5713b5a4478ac04274324b920f8: Neither blocks nor log segments found. Creating new log.
I20260608 12:48:24.272670 26798 tablet_bootstrap.cc:654] T 9db9a56c2916427695328f139fac6282 P 00d421e203b440b39913991dc0451a29: Neither blocks nor log segments found. Creating new log.
I20260608 12:48:24.278091 26797 tablet_bootstrap.cc:492] T 0bc5ed9745604c8889c4e3902e965af1 P 56b816621a5c492a80818badf6afb24f: No bootstrap required, opened a new log
I20260608 12:48:24.278647 26797 ts_tablet_manager.cc:1403] T 0bc5ed9745604c8889c4e3902e965af1 P 56b816621a5c492a80818badf6afb24f: Time spent bootstrapping tablet: real 0.016s	user 0.007s	sys 0.006s
I20260608 12:48:24.279582 26799 tablet_bootstrap.cc:492] T 9db9a56c2916427695328f139fac6282 P c98fb5713b5a4478ac04274324b920f8: No bootstrap required, opened a new log
I20260608 12:48:24.280215 26799 ts_tablet_manager.cc:1403] T 9db9a56c2916427695328f139fac6282 P c98fb5713b5a4478ac04274324b920f8: Time spent bootstrapping tablet: real 0.017s	user 0.012s	sys 0.000s
I20260608 12:48:24.281446 26797 raft_consensus.cc:359] T 0bc5ed9745604c8889c4e3902e965af1 P 56b816621a5c492a80818badf6afb24f [term 0 FOLLOWER]: Replica starting. Triggering 0 pending ops. Active config: opid_index: -1 OBSOLETE_local: false peers { permanent_uuid: "c98fb5713b5a4478ac04274324b920f8" member_type: VOTER last_known_addr { host: "127.24.66.65" port: 34405 } } peers { permanent_uuid: "00d421e203b440b39913991dc0451a29" member_type: VOTER last_known_addr { host: "127.24.66.66" port: 41493 } } peers { permanent_uuid: "56b816621a5c492a80818badf6afb24f" member_type: VOTER last_known_addr { host: "127.24.66.67" port: 41957 } }
I20260608 12:48:24.282020 26797 raft_consensus.cc:385] T 0bc5ed9745604c8889c4e3902e965af1 P 56b816621a5c492a80818badf6afb24f [term 0 FOLLOWER]: Consensus starting up: Expiring failure detector timer to make a prompt election more likely
I20260608 12:48:24.282299 26797 raft_consensus.cc:740] T 0bc5ed9745604c8889c4e3902e965af1 P 56b816621a5c492a80818badf6afb24f [term 0 FOLLOWER]: Becoming Follower/Learner. State: Replica: 56b816621a5c492a80818badf6afb24f, State: Initialized, Role: FOLLOWER
I20260608 12:48:24.283053 26797 consensus_queue.cc:260] T 0bc5ed9745604c8889c4e3902e965af1 P 56b816621a5c492a80818badf6afb24f [NON_LEADER]: Queue going to NON_LEADER mode. State: All replicated index: 0, Majority replicated index: 0, Committed index: 0, Last appended: 0.0, Last appended by leader: 0, Current term: 0, Majority size: -1, State: 0, Mode: NON_LEADER, active raft config: opid_index: -1 OBSOLETE_local: false peers { permanent_uuid: "c98fb5713b5a4478ac04274324b920f8" member_type: VOTER last_known_addr { host: "127.24.66.65" port: 34405 } } peers { permanent_uuid: "00d421e203b440b39913991dc0451a29" member_type: VOTER last_known_addr { host: "127.24.66.66" port: 41493 } } peers { permanent_uuid: "56b816621a5c492a80818badf6afb24f" member_type: VOTER last_known_addr { host: "127.24.66.67" port: 41957 } }
I20260608 12:48:24.283771 26799 raft_consensus.cc:359] T 9db9a56c2916427695328f139fac6282 P c98fb5713b5a4478ac04274324b920f8 [term 0 FOLLOWER]: Replica starting. Triggering 0 pending ops. Active config: opid_index: -1 OBSOLETE_local: false peers { permanent_uuid: "c98fb5713b5a4478ac04274324b920f8" member_type: VOTER last_known_addr { host: "127.24.66.65" port: 34405 } } peers { permanent_uuid: "00d421e203b440b39913991dc0451a29" member_type: VOTER last_known_addr { host: "127.24.66.66" port: 41493 } } peers { permanent_uuid: "56b816621a5c492a80818badf6afb24f" member_type: VOTER last_known_addr { host: "127.24.66.67" port: 41957 } }
I20260608 12:48:24.284521 26799 raft_consensus.cc:385] T 9db9a56c2916427695328f139fac6282 P c98fb5713b5a4478ac04274324b920f8 [term 0 FOLLOWER]: Consensus starting up: Expiring failure detector timer to make a prompt election more likely
I20260608 12:48:24.284861 26799 raft_consensus.cc:740] T 9db9a56c2916427695328f139fac6282 P c98fb5713b5a4478ac04274324b920f8 [term 0 FOLLOWER]: Becoming Follower/Learner. State: Replica: c98fb5713b5a4478ac04274324b920f8, State: Initialized, Role: FOLLOWER
I20260608 12:48:24.285356 26798 tablet_bootstrap.cc:492] T 9db9a56c2916427695328f139fac6282 P 00d421e203b440b39913991dc0451a29: No bootstrap required, opened a new log
I20260608 12:48:24.286024 26798 ts_tablet_manager.cc:1403] T 9db9a56c2916427695328f139fac6282 P 00d421e203b440b39913991dc0451a29: Time spent bootstrapping tablet: real 0.021s	user 0.010s	sys 0.010s
I20260608 12:48:24.285699 26799 consensus_queue.cc:260] T 9db9a56c2916427695328f139fac6282 P c98fb5713b5a4478ac04274324b920f8 [NON_LEADER]: Queue going to NON_LEADER mode. State: All replicated index: 0, Majority replicated index: 0, Committed index: 0, Last appended: 0.0, Last appended by leader: 0, Current term: 0, Majority size: -1, State: 0, Mode: NON_LEADER, active raft config: opid_index: -1 OBSOLETE_local: false peers { permanent_uuid: "c98fb5713b5a4478ac04274324b920f8" member_type: VOTER last_known_addr { host: "127.24.66.65" port: 34405 } } peers { permanent_uuid: "00d421e203b440b39913991dc0451a29" member_type: VOTER last_known_addr { host: "127.24.66.66" port: 41493 } } peers { permanent_uuid: "56b816621a5c492a80818badf6afb24f" member_type: VOTER last_known_addr { host: "127.24.66.67" port: 41957 } }
I20260608 12:48:24.286229 26797 ts_tablet_manager.cc:1434] T 0bc5ed9745604c8889c4e3902e965af1 P 56b816621a5c492a80818badf6afb24f: Time spent starting tablet: real 0.007s	user 0.006s	sys 0.000s
I20260608 12:48:24.287403 26797 tablet_bootstrap.cc:492] T 9db9a56c2916427695328f139fac6282 P 56b816621a5c492a80818badf6afb24f: Bootstrap starting.
I20260608 12:48:24.289834 26798 raft_consensus.cc:359] T 9db9a56c2916427695328f139fac6282 P 00d421e203b440b39913991dc0451a29 [term 0 FOLLOWER]: Replica starting. Triggering 0 pending ops. Active config: opid_index: -1 OBSOLETE_local: false peers { permanent_uuid: "c98fb5713b5a4478ac04274324b920f8" member_type: VOTER last_known_addr { host: "127.24.66.65" port: 34405 } } peers { permanent_uuid: "00d421e203b440b39913991dc0451a29" member_type: VOTER last_known_addr { host: "127.24.66.66" port: 41493 } } peers { permanent_uuid: "56b816621a5c492a80818badf6afb24f" member_type: VOTER last_known_addr { host: "127.24.66.67" port: 41957 } }
I20260608 12:48:24.290836 26798 raft_consensus.cc:385] T 9db9a56c2916427695328f139fac6282 P 00d421e203b440b39913991dc0451a29 [term 0 FOLLOWER]: Consensus starting up: Expiring failure detector timer to make a prompt election more likely
I20260608 12:48:24.291217 26798 raft_consensus.cc:740] T 9db9a56c2916427695328f139fac6282 P 00d421e203b440b39913991dc0451a29 [term 0 FOLLOWER]: Becoming Follower/Learner. State: Replica: 00d421e203b440b39913991dc0451a29, State: Initialized, Role: FOLLOWER
I20260608 12:48:24.292764 26798 consensus_queue.cc:260] T 9db9a56c2916427695328f139fac6282 P 00d421e203b440b39913991dc0451a29 [NON_LEADER]: Queue going to NON_LEADER mode. State: All replicated index: 0, Majority replicated index: 0, Committed index: 0, Last appended: 0.0, Last appended by leader: 0, Current term: 0, Majority size: -1, State: 0, Mode: NON_LEADER, active raft config: opid_index: -1 OBSOLETE_local: false peers { permanent_uuid: "c98fb5713b5a4478ac04274324b920f8" member_type: VOTER last_known_addr { host: "127.24.66.65" port: 34405 } } peers { permanent_uuid: "00d421e203b440b39913991dc0451a29" member_type: VOTER last_known_addr { host: "127.24.66.66" port: 41493 } } peers { permanent_uuid: "56b816621a5c492a80818badf6afb24f" member_type: VOTER last_known_addr { host: "127.24.66.67" port: 41957 } }
I20260608 12:48:24.294621 26797 tablet_bootstrap.cc:654] T 9db9a56c2916427695328f139fac6282 P 56b816621a5c492a80818badf6afb24f: Neither blocks nor log segments found. Creating new log.
I20260608 12:48:24.296988 26799 ts_tablet_manager.cc:1434] T 9db9a56c2916427695328f139fac6282 P c98fb5713b5a4478ac04274324b920f8: Time spent starting tablet: real 0.016s	user 0.007s	sys 0.009s
I20260608 12:48:24.298094 26799 tablet_bootstrap.cc:492] T 0bc5ed9745604c8889c4e3902e965af1 P c98fb5713b5a4478ac04274324b920f8: Bootstrap starting.
I20260608 12:48:24.304788 26799 tablet_bootstrap.cc:654] T 0bc5ed9745604c8889c4e3902e965af1 P c98fb5713b5a4478ac04274324b920f8: Neither blocks nor log segments found. Creating new log.
I20260608 12:48:24.311251 26798 ts_tablet_manager.cc:1434] T 9db9a56c2916427695328f139fac6282 P 00d421e203b440b39913991dc0451a29: Time spent starting tablet: real 0.025s	user 0.011s	sys 0.010s
I20260608 12:48:24.312515 26798 tablet_bootstrap.cc:492] T 0bc5ed9745604c8889c4e3902e965af1 P 00d421e203b440b39913991dc0451a29: Bootstrap starting.
I20260608 12:48:24.319481 26798 tablet_bootstrap.cc:654] T 0bc5ed9745604c8889c4e3902e965af1 P 00d421e203b440b39913991dc0451a29: Neither blocks nor log segments found. Creating new log.
I20260608 12:48:24.320945 26799 tablet_bootstrap.cc:492] T 0bc5ed9745604c8889c4e3902e965af1 P c98fb5713b5a4478ac04274324b920f8: No bootstrap required, opened a new log
I20260608 12:48:24.321684 26799 ts_tablet_manager.cc:1403] T 0bc5ed9745604c8889c4e3902e965af1 P c98fb5713b5a4478ac04274324b920f8: Time spent bootstrapping tablet: real 0.024s	user 0.014s	sys 0.007s
I20260608 12:48:24.325855 26799 raft_consensus.cc:359] T 0bc5ed9745604c8889c4e3902e965af1 P c98fb5713b5a4478ac04274324b920f8 [term 0 FOLLOWER]: Replica starting. Triggering 0 pending ops. Active config: opid_index: -1 OBSOLETE_local: false peers { permanent_uuid: "c98fb5713b5a4478ac04274324b920f8" member_type: VOTER last_known_addr { host: "127.24.66.65" port: 34405 } } peers { permanent_uuid: "00d421e203b440b39913991dc0451a29" member_type: VOTER last_known_addr { host: "127.24.66.66" port: 41493 } } peers { permanent_uuid: "56b816621a5c492a80818badf6afb24f" member_type: VOTER last_known_addr { host: "127.24.66.67" port: 41957 } }
I20260608 12:48:24.326913 26799 raft_consensus.cc:385] T 0bc5ed9745604c8889c4e3902e965af1 P c98fb5713b5a4478ac04274324b920f8 [term 0 FOLLOWER]: Consensus starting up: Expiring failure detector timer to make a prompt election more likely
I20260608 12:48:24.327312 26799 raft_consensus.cc:740] T 0bc5ed9745604c8889c4e3902e965af1 P c98fb5713b5a4478ac04274324b920f8 [term 0 FOLLOWER]: Becoming Follower/Learner. State: Replica: c98fb5713b5a4478ac04274324b920f8, State: Initialized, Role: FOLLOWER
I20260608 12:48:24.328598 26799 consensus_queue.cc:260] T 0bc5ed9745604c8889c4e3902e965af1 P c98fb5713b5a4478ac04274324b920f8 [NON_LEADER]: Queue going to NON_LEADER mode. State: All replicated index: 0, Majority replicated index: 0, Committed index: 0, Last appended: 0.0, Last appended by leader: 0, Current term: 0, Majority size: -1, State: 0, Mode: NON_LEADER, active raft config: opid_index: -1 OBSOLETE_local: false peers { permanent_uuid: "c98fb5713b5a4478ac04274324b920f8" member_type: VOTER last_known_addr { host: "127.24.66.65" port: 34405 } } peers { permanent_uuid: "00d421e203b440b39913991dc0451a29" member_type: VOTER last_known_addr { host: "127.24.66.66" port: 41493 } } peers { permanent_uuid: "56b816621a5c492a80818badf6afb24f" member_type: VOTER last_known_addr { host: "127.24.66.67" port: 41957 } }
I20260608 12:48:24.331663 26799 ts_tablet_manager.cc:1434] T 0bc5ed9745604c8889c4e3902e965af1 P c98fb5713b5a4478ac04274324b920f8: Time spent starting tablet: real 0.010s	user 0.008s	sys 0.000s
I20260608 12:48:24.334455 26797 tablet_bootstrap.cc:492] T 9db9a56c2916427695328f139fac6282 P 56b816621a5c492a80818badf6afb24f: No bootstrap required, opened a new log
I20260608 12:48:24.334841 26798 tablet_bootstrap.cc:492] T 0bc5ed9745604c8889c4e3902e965af1 P 00d421e203b440b39913991dc0451a29: No bootstrap required, opened a new log
I20260608 12:48:24.334988 26797 ts_tablet_manager.cc:1403] T 9db9a56c2916427695328f139fac6282 P 56b816621a5c492a80818badf6afb24f: Time spent bootstrapping tablet: real 0.048s	user 0.018s	sys 0.012s
I20260608 12:48:24.335374 26798 ts_tablet_manager.cc:1403] T 0bc5ed9745604c8889c4e3902e965af1 P 00d421e203b440b39913991dc0451a29: Time spent bootstrapping tablet: real 0.023s	user 0.006s	sys 0.010s
I20260608 12:48:24.338239 26797 raft_consensus.cc:359] T 9db9a56c2916427695328f139fac6282 P 56b816621a5c492a80818badf6afb24f [term 0 FOLLOWER]: Replica starting. Triggering 0 pending ops. Active config: opid_index: -1 OBSOLETE_local: false peers { permanent_uuid: "c98fb5713b5a4478ac04274324b920f8" member_type: VOTER last_known_addr { host: "127.24.66.65" port: 34405 } } peers { permanent_uuid: "00d421e203b440b39913991dc0451a29" member_type: VOTER last_known_addr { host: "127.24.66.66" port: 41493 } } peers { permanent_uuid: "56b816621a5c492a80818badf6afb24f" member_type: VOTER last_known_addr { host: "127.24.66.67" port: 41957 } }
I20260608 12:48:24.338927 26797 raft_consensus.cc:385] T 9db9a56c2916427695328f139fac6282 P 56b816621a5c492a80818badf6afb24f [term 0 FOLLOWER]: Consensus starting up: Expiring failure detector timer to make a prompt election more likely
I20260608 12:48:24.338510 26798 raft_consensus.cc:359] T 0bc5ed9745604c8889c4e3902e965af1 P 00d421e203b440b39913991dc0451a29 [term 0 FOLLOWER]: Replica starting. Triggering 0 pending ops. Active config: opid_index: -1 OBSOLETE_local: false peers { permanent_uuid: "c98fb5713b5a4478ac04274324b920f8" member_type: VOTER last_known_addr { host: "127.24.66.65" port: 34405 } } peers { permanent_uuid: "00d421e203b440b39913991dc0451a29" member_type: VOTER last_known_addr { host: "127.24.66.66" port: 41493 } } peers { permanent_uuid: "56b816621a5c492a80818badf6afb24f" member_type: VOTER last_known_addr { host: "127.24.66.67" port: 41957 } }
I20260608 12:48:24.339215 26797 raft_consensus.cc:740] T 9db9a56c2916427695328f139fac6282 P 56b816621a5c492a80818badf6afb24f [term 0 FOLLOWER]: Becoming Follower/Learner. State: Replica: 56b816621a5c492a80818badf6afb24f, State: Initialized, Role: FOLLOWER
I20260608 12:48:24.339349 26798 raft_consensus.cc:385] T 0bc5ed9745604c8889c4e3902e965af1 P 00d421e203b440b39913991dc0451a29 [term 0 FOLLOWER]: Consensus starting up: Expiring failure detector timer to make a prompt election more likely
I20260608 12:48:24.339677 26798 raft_consensus.cc:740] T 0bc5ed9745604c8889c4e3902e965af1 P 00d421e203b440b39913991dc0451a29 [term 0 FOLLOWER]: Becoming Follower/Learner. State: Replica: 00d421e203b440b39913991dc0451a29, State: Initialized, Role: FOLLOWER
I20260608 12:48:24.340204 26797 consensus_queue.cc:260] T 9db9a56c2916427695328f139fac6282 P 56b816621a5c492a80818badf6afb24f [NON_LEADER]: Queue going to NON_LEADER mode. State: All replicated index: 0, Majority replicated index: 0, Committed index: 0, Last appended: 0.0, Last appended by leader: 0, Current term: 0, Majority size: -1, State: 0, Mode: NON_LEADER, active raft config: opid_index: -1 OBSOLETE_local: false peers { permanent_uuid: "c98fb5713b5a4478ac04274324b920f8" member_type: VOTER last_known_addr { host: "127.24.66.65" port: 34405 } } peers { permanent_uuid: "00d421e203b440b39913991dc0451a29" member_type: VOTER last_known_addr { host: "127.24.66.66" port: 41493 } } peers { permanent_uuid: "56b816621a5c492a80818badf6afb24f" member_type: VOTER last_known_addr { host: "127.24.66.67" port: 41957 } }
I20260608 12:48:24.341455 26798 consensus_queue.cc:260] T 0bc5ed9745604c8889c4e3902e965af1 P 00d421e203b440b39913991dc0451a29 [NON_LEADER]: Queue going to NON_LEADER mode. State: All replicated index: 0, Majority replicated index: 0, Committed index: 0, Last appended: 0.0, Last appended by leader: 0, Current term: 0, Majority size: -1, State: 0, Mode: NON_LEADER, active raft config: opid_index: -1 OBSOLETE_local: false peers { permanent_uuid: "c98fb5713b5a4478ac04274324b920f8" member_type: VOTER last_known_addr { host: "127.24.66.65" port: 34405 } } peers { permanent_uuid: "00d421e203b440b39913991dc0451a29" member_type: VOTER last_known_addr { host: "127.24.66.66" port: 41493 } } peers { permanent_uuid: "56b816621a5c492a80818badf6afb24f" member_type: VOTER last_known_addr { host: "127.24.66.67" port: 41957 } }
I20260608 12:48:24.342530 26797 ts_tablet_manager.cc:1434] T 9db9a56c2916427695328f139fac6282 P 56b816621a5c492a80818badf6afb24f: Time spent starting tablet: real 0.007s	user 0.003s	sys 0.004s
I20260608 12:48:24.345433 26798 ts_tablet_manager.cc:1434] T 0bc5ed9745604c8889c4e3902e965af1 P 00d421e203b440b39913991dc0451a29: Time spent starting tablet: real 0.010s	user 0.006s	sys 0.002s
I20260608 12:48:24.440789 26803 raft_consensus.cc:493] T 9db9a56c2916427695328f139fac6282 P 56b816621a5c492a80818badf6afb24f [term 0 FOLLOWER]: Starting pre-election (no leader contacted us within the election timeout)
I20260608 12:48:24.441273 26803 raft_consensus.cc:515] T 9db9a56c2916427695328f139fac6282 P 56b816621a5c492a80818badf6afb24f [term 0 FOLLOWER]: Starting pre-election with config: opid_index: -1 OBSOLETE_local: false peers { permanent_uuid: "c98fb5713b5a4478ac04274324b920f8" member_type: VOTER last_known_addr { host: "127.24.66.65" port: 34405 } } peers { permanent_uuid: "00d421e203b440b39913991dc0451a29" member_type: VOTER last_known_addr { host: "127.24.66.66" port: 41493 } } peers { permanent_uuid: "56b816621a5c492a80818badf6afb24f" member_type: VOTER last_known_addr { host: "127.24.66.67" port: 41957 } }
I20260608 12:48:24.443361 26803 leader_election.cc:290] T 9db9a56c2916427695328f139fac6282 P 56b816621a5c492a80818badf6afb24f [CANDIDATE]: Term 1 pre-election: Requested pre-vote from peers c98fb5713b5a4478ac04274324b920f8 (127.24.66.65:34405), 00d421e203b440b39913991dc0451a29 (127.24.66.66:41493)
I20260608 12:48:24.455933 26604 tablet_service.cc:1917] Received RequestConsensusVote() RPC: tablet_id: "9db9a56c2916427695328f139fac6282" candidate_uuid: "56b816621a5c492a80818badf6afb24f" candidate_term: 1 candidate_status { last_received { term: 0 index: 0 } } ignore_live_leader: false dest_uuid: "c98fb5713b5a4478ac04274324b920f8" is_pre_election: true
I20260608 12:48:24.456745 26604 raft_consensus.cc:2468] T 9db9a56c2916427695328f139fac6282 P c98fb5713b5a4478ac04274324b920f8 [term 0 FOLLOWER]: Leader pre-election vote request: Granting yes vote for candidate 56b816621a5c492a80818badf6afb24f in term 0.
I20260608 12:48:24.457401 26803 raft_consensus.cc:493] T 0bc5ed9745604c8889c4e3902e965af1 P 56b816621a5c492a80818badf6afb24f [term 0 FOLLOWER]: Starting pre-election (no leader contacted us within the election timeout)
I20260608 12:48:24.458160 26679 tablet_service.cc:1917] Received RequestConsensusVote() RPC: tablet_id: "9db9a56c2916427695328f139fac6282" candidate_uuid: "56b816621a5c492a80818badf6afb24f" candidate_term: 1 candidate_status { last_received { term: 0 index: 0 } } ignore_live_leader: false dest_uuid: "00d421e203b440b39913991dc0451a29" is_pre_election: true
I20260608 12:48:24.458006 26803 raft_consensus.cc:515] T 0bc5ed9745604c8889c4e3902e965af1 P 56b816621a5c492a80818badf6afb24f [term 0 FOLLOWER]: Starting pre-election with config: opid_index: -1 OBSOLETE_local: false peers { permanent_uuid: "c98fb5713b5a4478ac04274324b920f8" member_type: VOTER last_known_addr { host: "127.24.66.65" port: 34405 } } peers { permanent_uuid: "00d421e203b440b39913991dc0451a29" member_type: VOTER last_known_addr { host: "127.24.66.66" port: 41493 } } peers { permanent_uuid: "56b816621a5c492a80818badf6afb24f" member_type: VOTER last_known_addr { host: "127.24.66.67" port: 41957 } }
I20260608 12:48:24.458317 26718 leader_election.cc:304] T 9db9a56c2916427695328f139fac6282 P 56b816621a5c492a80818badf6afb24f [CANDIDATE]: Term 1 pre-election: Election decided. Result: candidate won. Election summary: received 2 responses out of 3 voters: 2 yes votes; 0 no votes. yes voters: 56b816621a5c492a80818badf6afb24f, c98fb5713b5a4478ac04274324b920f8; no voters: 
I20260608 12:48:24.458806 26679 raft_consensus.cc:2468] T 9db9a56c2916427695328f139fac6282 P 00d421e203b440b39913991dc0451a29 [term 0 FOLLOWER]: Leader pre-election vote request: Granting yes vote for candidate 56b816621a5c492a80818badf6afb24f in term 0.
I20260608 12:48:24.460213 26803 leader_election.cc:290] T 0bc5ed9745604c8889c4e3902e965af1 P 56b816621a5c492a80818badf6afb24f [CANDIDATE]: Term 1 pre-election: Requested pre-vote from peers c98fb5713b5a4478ac04274324b920f8 (127.24.66.65:34405), 00d421e203b440b39913991dc0451a29 (127.24.66.66:41493)
I20260608 12:48:24.460805 26811 raft_consensus.cc:2804] T 9db9a56c2916427695328f139fac6282 P 56b816621a5c492a80818badf6afb24f [term 0 FOLLOWER]: Leader pre-election won for term 1
I20260608 12:48:24.461328 26811 raft_consensus.cc:493] T 9db9a56c2916427695328f139fac6282 P 56b816621a5c492a80818badf6afb24f [term 0 FOLLOWER]: Starting leader election (no leader contacted us within the election timeout)
I20260608 12:48:24.461601 26604 tablet_service.cc:1917] Received RequestConsensusVote() RPC: tablet_id: "0bc5ed9745604c8889c4e3902e965af1" candidate_uuid: "56b816621a5c492a80818badf6afb24f" candidate_term: 1 candidate_status { last_received { term: 0 index: 0 } } ignore_live_leader: false dest_uuid: "c98fb5713b5a4478ac04274324b920f8" is_pre_election: true
I20260608 12:48:24.461796 26811 raft_consensus.cc:3060] T 9db9a56c2916427695328f139fac6282 P 56b816621a5c492a80818badf6afb24f [term 0 FOLLOWER]: Advancing to term 1
I20260608 12:48:24.461977 26679 tablet_service.cc:1917] Received RequestConsensusVote() RPC: tablet_id: "0bc5ed9745604c8889c4e3902e965af1" candidate_uuid: "56b816621a5c492a80818badf6afb24f" candidate_term: 1 candidate_status { last_received { term: 0 index: 0 } } ignore_live_leader: false dest_uuid: "00d421e203b440b39913991dc0451a29" is_pre_election: true
I20260608 12:48:24.462317 26604 raft_consensus.cc:2468] T 0bc5ed9745604c8889c4e3902e965af1 P c98fb5713b5a4478ac04274324b920f8 [term 0 FOLLOWER]: Leader pre-election vote request: Granting yes vote for candidate 56b816621a5c492a80818badf6afb24f in term 0.
I20260608 12:48:24.462898 26679 raft_consensus.cc:2468] T 0bc5ed9745604c8889c4e3902e965af1 P 00d421e203b440b39913991dc0451a29 [term 0 FOLLOWER]: Leader pre-election vote request: Granting yes vote for candidate 56b816621a5c492a80818badf6afb24f in term 0.
I20260608 12:48:24.463761 26718 leader_election.cc:304] T 0bc5ed9745604c8889c4e3902e965af1 P 56b816621a5c492a80818badf6afb24f [CANDIDATE]: Term 1 pre-election: Election decided. Result: candidate won. Election summary: received 2 responses out of 3 voters: 2 yes votes; 0 no votes. yes voters: 56b816621a5c492a80818badf6afb24f, c98fb5713b5a4478ac04274324b920f8; no voters: 
I20260608 12:48:24.464486 26803 raft_consensus.cc:2804] T 0bc5ed9745604c8889c4e3902e965af1 P 56b816621a5c492a80818badf6afb24f [term 0 FOLLOWER]: Leader pre-election won for term 1
I20260608 12:48:24.464881 26803 raft_consensus.cc:493] T 0bc5ed9745604c8889c4e3902e965af1 P 56b816621a5c492a80818badf6afb24f [term 0 FOLLOWER]: Starting leader election (no leader contacted us within the election timeout)
I20260608 12:48:24.465212 26803 raft_consensus.cc:3060] T 0bc5ed9745604c8889c4e3902e965af1 P 56b816621a5c492a80818badf6afb24f [term 0 FOLLOWER]: Advancing to term 1
I20260608 12:48:24.468750 26811 raft_consensus.cc:515] T 9db9a56c2916427695328f139fac6282 P 56b816621a5c492a80818badf6afb24f [term 1 FOLLOWER]: Starting leader election with config: opid_index: -1 OBSOLETE_local: false peers { permanent_uuid: "c98fb5713b5a4478ac04274324b920f8" member_type: VOTER last_known_addr { host: "127.24.66.65" port: 34405 } } peers { permanent_uuid: "00d421e203b440b39913991dc0451a29" member_type: VOTER last_known_addr { host: "127.24.66.66" port: 41493 } } peers { permanent_uuid: "56b816621a5c492a80818badf6afb24f" member_type: VOTER last_known_addr { host: "127.24.66.67" port: 41957 } }
I20260608 12:48:24.470618 26803 raft_consensus.cc:515] T 0bc5ed9745604c8889c4e3902e965af1 P 56b816621a5c492a80818badf6afb24f [term 1 FOLLOWER]: Starting leader election with config: opid_index: -1 OBSOLETE_local: false peers { permanent_uuid: "c98fb5713b5a4478ac04274324b920f8" member_type: VOTER last_known_addr { host: "127.24.66.65" port: 34405 } } peers { permanent_uuid: "00d421e203b440b39913991dc0451a29" member_type: VOTER last_known_addr { host: "127.24.66.66" port: 41493 } } peers { permanent_uuid: "56b816621a5c492a80818badf6afb24f" member_type: VOTER last_known_addr { host: "127.24.66.67" port: 41957 } }
I20260608 12:48:24.470965 26811 leader_election.cc:290] T 9db9a56c2916427695328f139fac6282 P 56b816621a5c492a80818badf6afb24f [CANDIDATE]: Term 1 election: Requested vote from peers c98fb5713b5a4478ac04274324b920f8 (127.24.66.65:34405), 00d421e203b440b39913991dc0451a29 (127.24.66.66:41493)
I20260608 12:48:24.472090 26604 tablet_service.cc:1917] Received RequestConsensusVote() RPC: tablet_id: "9db9a56c2916427695328f139fac6282" candidate_uuid: "56b816621a5c492a80818badf6afb24f" candidate_term: 1 candidate_status { last_received { term: 0 index: 0 } } ignore_live_leader: false dest_uuid: "c98fb5713b5a4478ac04274324b920f8"
I20260608 12:48:24.472218 26679 tablet_service.cc:1917] Received RequestConsensusVote() RPC: tablet_id: "9db9a56c2916427695328f139fac6282" candidate_uuid: "56b816621a5c492a80818badf6afb24f" candidate_term: 1 candidate_status { last_received { term: 0 index: 0 } } ignore_live_leader: false dest_uuid: "00d421e203b440b39913991dc0451a29"
I20260608 12:48:24.472736 26803 leader_election.cc:290] T 0bc5ed9745604c8889c4e3902e965af1 P 56b816621a5c492a80818badf6afb24f [CANDIDATE]: Term 1 election: Requested vote from peers c98fb5713b5a4478ac04274324b920f8 (127.24.66.65:34405), 00d421e203b440b39913991dc0451a29 (127.24.66.66:41493)
I20260608 12:48:24.472867 26604 raft_consensus.cc:3060] T 9db9a56c2916427695328f139fac6282 P c98fb5713b5a4478ac04274324b920f8 [term 0 FOLLOWER]: Advancing to term 1
I20260608 12:48:24.473308 26679 raft_consensus.cc:3060] T 9db9a56c2916427695328f139fac6282 P 00d421e203b440b39913991dc0451a29 [term 0 FOLLOWER]: Advancing to term 1
I20260608 12:48:24.473675 26603 tablet_service.cc:1917] Received RequestConsensusVote() RPC: tablet_id: "0bc5ed9745604c8889c4e3902e965af1" candidate_uuid: "56b816621a5c492a80818badf6afb24f" candidate_term: 1 candidate_status { last_received { term: 0 index: 0 } } ignore_live_leader: false dest_uuid: "c98fb5713b5a4478ac04274324b920f8"
I20260608 12:48:24.474390 26603 raft_consensus.cc:3060] T 0bc5ed9745604c8889c4e3902e965af1 P c98fb5713b5a4478ac04274324b920f8 [term 0 FOLLOWER]: Advancing to term 1
I20260608 12:48:24.481042 26678 tablet_service.cc:1917] Received RequestConsensusVote() RPC: tablet_id: "0bc5ed9745604c8889c4e3902e965af1" candidate_uuid: "56b816621a5c492a80818badf6afb24f" candidate_term: 1 candidate_status { last_received { term: 0 index: 0 } } ignore_live_leader: false dest_uuid: "00d421e203b440b39913991dc0451a29"
I20260608 12:48:24.481061 26679 raft_consensus.cc:2468] T 9db9a56c2916427695328f139fac6282 P 00d421e203b440b39913991dc0451a29 [term 1 FOLLOWER]: Leader election vote request: Granting yes vote for candidate 56b816621a5c492a80818badf6afb24f in term 1.
I20260608 12:48:24.481079 26603 raft_consensus.cc:2468] T 0bc5ed9745604c8889c4e3902e965af1 P c98fb5713b5a4478ac04274324b920f8 [term 1 FOLLOWER]: Leader election vote request: Granting yes vote for candidate 56b816621a5c492a80818badf6afb24f in term 1.
I20260608 12:48:24.481822 26678 raft_consensus.cc:3060] T 0bc5ed9745604c8889c4e3902e965af1 P 00d421e203b440b39913991dc0451a29 [term 0 FOLLOWER]: Advancing to term 1
I20260608 12:48:24.481364 26604 raft_consensus.cc:2468] T 9db9a56c2916427695328f139fac6282 P c98fb5713b5a4478ac04274324b920f8 [term 1 FOLLOWER]: Leader election vote request: Granting yes vote for candidate 56b816621a5c492a80818badf6afb24f in term 1.
I20260608 12:48:24.482640 26718 leader_election.cc:304] T 9db9a56c2916427695328f139fac6282 P 56b816621a5c492a80818badf6afb24f [CANDIDATE]: Term 1 election: Election decided. Result: candidate won. Election summary: received 2 responses out of 3 voters: 2 yes votes; 0 no votes. yes voters: 00d421e203b440b39913991dc0451a29, 56b816621a5c492a80818badf6afb24f; no voters: 
I20260608 12:48:24.483521 26803 raft_consensus.cc:2804] T 9db9a56c2916427695328f139fac6282 P 56b816621a5c492a80818badf6afb24f [term 1 FOLLOWER]: Leader election won for term 1
I20260608 12:48:24.483621 26718 leader_election.cc:304] T 0bc5ed9745604c8889c4e3902e965af1 P 56b816621a5c492a80818badf6afb24f [CANDIDATE]: Term 1 election: Election decided. Result: candidate won. Election summary: received 2 responses out of 3 voters: 2 yes votes; 0 no votes. yes voters: 56b816621a5c492a80818badf6afb24f, c98fb5713b5a4478ac04274324b920f8; no voters: 
I20260608 12:48:24.484155 26803 raft_consensus.cc:697] T 9db9a56c2916427695328f139fac6282 P 56b816621a5c492a80818badf6afb24f [term 1 LEADER]: Becoming Leader. State: Replica: 56b816621a5c492a80818badf6afb24f, State: Running, Role: LEADER
I20260608 12:48:24.485064 26811 raft_consensus.cc:2804] T 0bc5ed9745604c8889c4e3902e965af1 P 56b816621a5c492a80818badf6afb24f [term 1 FOLLOWER]: Leader election won for term 1
I20260608 12:48:24.485122 26803 consensus_queue.cc:237] T 9db9a56c2916427695328f139fac6282 P 56b816621a5c492a80818badf6afb24f [LEADER]: Queue going to LEADER mode. State: All replicated index: 0, Majority replicated index: 0, Committed index: 0, Last appended: 0.0, Last appended by leader: 0, Current term: 1, Majority size: 2, State: 0, Mode: LEADER, active raft config: opid_index: -1 OBSOLETE_local: false peers { permanent_uuid: "c98fb5713b5a4478ac04274324b920f8" member_type: VOTER last_known_addr { host: "127.24.66.65" port: 34405 } } peers { permanent_uuid: "00d421e203b440b39913991dc0451a29" member_type: VOTER last_known_addr { host: "127.24.66.66" port: 41493 } } peers { permanent_uuid: "56b816621a5c492a80818badf6afb24f" member_type: VOTER last_known_addr { host: "127.24.66.67" port: 41957 } }
I20260608 12:48:24.486006 26811 raft_consensus.cc:697] T 0bc5ed9745604c8889c4e3902e965af1 P 56b816621a5c492a80818badf6afb24f [term 1 LEADER]: Becoming Leader. State: Replica: 56b816621a5c492a80818badf6afb24f, State: Running, Role: LEADER
I20260608 12:48:24.487361 26811 consensus_queue.cc:237] T 0bc5ed9745604c8889c4e3902e965af1 P 56b816621a5c492a80818badf6afb24f [LEADER]: Queue going to LEADER mode. State: All replicated index: 0, Majority replicated index: 0, Committed index: 0, Last appended: 0.0, Last appended by leader: 0, Current term: 1, Majority size: 2, State: 0, Mode: LEADER, active raft config: opid_index: -1 OBSOLETE_local: false peers { permanent_uuid: "c98fb5713b5a4478ac04274324b920f8" member_type: VOTER last_known_addr { host: "127.24.66.65" port: 34405 } } peers { permanent_uuid: "00d421e203b440b39913991dc0451a29" member_type: VOTER last_known_addr { host: "127.24.66.66" port: 41493 } } peers { permanent_uuid: "56b816621a5c492a80818badf6afb24f" member_type: VOTER last_known_addr { host: "127.24.66.67" port: 41957 } }
I20260608 12:48:24.489316 26678 raft_consensus.cc:2468] T 0bc5ed9745604c8889c4e3902e965af1 P 00d421e203b440b39913991dc0451a29 [term 1 FOLLOWER]: Leader election vote request: Granting yes vote for candidate 56b816621a5c492a80818badf6afb24f in term 1.
