I20260608 12:49:49.530740 29570 raft_consensus.cc:740] T 0ac9a7ba7e9d44c2a9ccc6087cd9438c P 4ab1e759fefd41d0b4531ff914b7b32f [term 0 FOLLOWER]: Becoming Follower/Learner. State: Replica: 4ab1e759fefd41d0b4531ff914b7b32f, State: Initialized, Role: FOLLOWER
I20260608 12:49:49.531828 29374 tablet_service.cc:1917] Received RequestConsensusVote() RPC: tablet_id: "6f1d855bf370482e87aa25d36b2748e2" candidate_uuid: "481fc89000df43f6a86aa1c63e3829d5" candidate_term: 1 candidate_status { last_received { term: 0 index: 0 } } ignore_live_leader: false dest_uuid: "41cc5257674447fc8021ed79e8a47b3f" is_pre_election: true
I20260608 12:49:49.532652 29374 raft_consensus.cc:2393] T 6f1d855bf370482e87aa25d36b2748e2 P 41cc5257674447fc8021ed79e8a47b3f [term 1 FOLLOWER]: Leader pre-election vote request: Denying vote to candidate 481fc89000df43f6a86aa1c63e3829d5 in current term 1: Already voted for candidate 4ab1e759fefd41d0b4531ff914b7b32f in this term.
I20260608 12:49:49.533367 29450 raft_consensus.cc:2468] T 08a97f8f90154aa9a16535bead259e06 P 481fc89000df43f6a86aa1c63e3829d5 [term 1 FOLLOWER]: Leader election vote request: Granting yes vote for candidate 41cc5257674447fc8021ed79e8a47b3f in term 1.
I20260608 12:49:49.533576 29570 consensus_queue.cc:260] T 0ac9a7ba7e9d44c2a9ccc6087cd9438c P 4ab1e759fefd41d0b4531ff914b7b32f [NON_LEADER]: Queue going to NON_LEADER mode. State: All replicated index: 0, Majority replicated index: 0, Committed index: 0, Last appended: 0.0, Last appended by leader: 0, Current term: 0, Majority size: -1, State: 0, Mode: NON_LEADER, active raft config: opid_index: -1 OBSOLETE_local: false peers { permanent_uuid: "41cc5257674447fc8021ed79e8a47b3f" member_type: VOTER last_known_addr { host: "127.24.89.129" port: 36431 } } peers { permanent_uuid: "481fc89000df43f6a86aa1c63e3829d5" member_type: VOTER last_known_addr { host: "127.24.89.130" port: 37097 } } peers { permanent_uuid: "4ab1e759fefd41d0b4531ff914b7b32f" member_type: VOTER last_known_addr { host: "127.24.89.131" port: 40777 } }
I20260608 12:49:49.529935 29576 leader_election.cc:290] T 6f1d855bf370482e87aa25d36b2748e2 P 481fc89000df43f6a86aa1c63e3829d5 [CANDIDATE]: Term 1 pre-election: Requested pre-vote from peers 41cc5257674447fc8021ed79e8a47b3f (127.24.89.129:36431), 4ab1e759fefd41d0b4531ff914b7b32f (127.24.89.131:40777)
I20260608 12:49:49.536000 29570 ts_tablet_manager.cc:1434] T 0ac9a7ba7e9d44c2a9ccc6087cd9438c P 4ab1e759fefd41d0b4531ff914b7b32f: Time spent starting tablet: real 0.009s	user 0.005s	sys 0.000s
I20260608 12:49:49.536405 29523 tablet_service.cc:1917] Received RequestConsensusVote() RPC: tablet_id: "6f1d855bf370482e87aa25d36b2748e2" candidate_uuid: "481fc89000df43f6a86aa1c63e3829d5" candidate_term: 1 candidate_status { last_received { term: 0 index: 0 } } ignore_live_leader: false dest_uuid: "4ab1e759fefd41d0b4531ff914b7b32f" is_pre_election: true
I20260608 12:49:49.537882 29414 leader_election.cc:304] T 6f1d855bf370482e87aa25d36b2748e2 P 481fc89000df43f6a86aa1c63e3829d5 [CANDIDATE]: Term 1 pre-election: Election decided. Result: candidate lost. Election summary: received 3 responses out of 3 voters: 1 yes votes; 2 no votes. yes voters: 481fc89000df43f6a86aa1c63e3829d5; no voters: 41cc5257674447fc8021ed79e8a47b3f, 4ab1e759fefd41d0b4531ff914b7b32f
I20260608 12:49:49.539124 29576 raft_consensus.cc:3060] T 6f1d855bf370482e87aa25d36b2748e2 P 481fc89000df43f6a86aa1c63e3829d5 [term 0 FOLLOWER]: Advancing to term 1
I20260608 12:49:49.540858 29575 consensus_queue.cc:237] T 08a97f8f90154aa9a16535bead259e06 P 41cc5257674447fc8021ed79e8a47b3f [LEADER]: Queue going to LEADER mode. State: All replicated index: 0, Majority replicated index: 0, Committed index: 0, Last appended: 0.0, Last appended by leader: 0, Current term: 1, Majority size: 2, State: 0, Mode: LEADER, active raft config: opid_index: -1 OBSOLETE_local: false peers { permanent_uuid: "41cc5257674447fc8021ed79e8a47b3f" member_type: VOTER last_known_addr { host: "127.24.89.129" port: 36431 } } peers { permanent_uuid: "481fc89000df43f6a86aa1c63e3829d5" member_type: VOTER last_known_addr { host: "127.24.89.130" port: 37097 } } peers { permanent_uuid: "4ab1e759fefd41d0b4531ff914b7b32f" member_type: VOTER last_known_addr { host: "127.24.89.131" port: 40777 } }
I20260608 12:49:49.543363 29571 tablet_bootstrap.cc:492] T a658d32ad05d4f71b0b2062eda582c58 P 41cc5257674447fc8021ed79e8a47b3f: No bootstrap required, opened a new log
I20260608 12:49:49.544046 29571 ts_tablet_manager.cc:1403] T a658d32ad05d4f71b0b2062eda582c58 P 41cc5257674447fc8021ed79e8a47b3f: Time spent bootstrapping tablet: real 0.102s	user 0.032s	sys 0.039s
I20260608 12:49:49.547386 29571 raft_consensus.cc:359] T a658d32ad05d4f71b0b2062eda582c58 P 41cc5257674447fc8021ed79e8a47b3f [term 0 FOLLOWER]: Replica starting. Triggering 0 pending ops. Active config: opid_index: -1 OBSOLETE_local: false peers { permanent_uuid: "41cc5257674447fc8021ed79e8a47b3f" member_type: VOTER last_known_addr { host: "127.24.89.129" port: 36431 } } peers { permanent_uuid: "481fc89000df43f6a86aa1c63e3829d5" member_type: VOTER last_known_addr { host: "127.24.89.130" port: 37097 } } peers { permanent_uuid: "4ab1e759fefd41d0b4531ff914b7b32f" member_type: VOTER last_known_addr { host: "127.24.89.131" port: 40777 } }
I20260608 12:49:49.548180 29571 raft_consensus.cc:385] T a658d32ad05d4f71b0b2062eda582c58 P 41cc5257674447fc8021ed79e8a47b3f [term 0 FOLLOWER]: Consensus starting up: Expiring failure detector timer to make a prompt election more likely
I20260608 12:49:49.548538 29571 raft_consensus.cc:740] T a658d32ad05d4f71b0b2062eda582c58 P 41cc5257674447fc8021ed79e8a47b3f [term 0 FOLLOWER]: Becoming Follower/Learner. State: Replica: 41cc5257674447fc8021ed79e8a47b3f, State: Initialized, Role: FOLLOWER
I20260608 12:49:49.549310 29571 consensus_queue.cc:260] T a658d32ad05d4f71b0b2062eda582c58 P 41cc5257674447fc8021ed79e8a47b3f [NON_LEADER]: Queue going to NON_LEADER mode. State: All replicated index: 0, Majority replicated index: 0, Committed index: 0, Last appended: 0.0, Last appended by leader: 0, Current term: 0, Majority size: -1, State: 0, Mode: NON_LEADER, active raft config: opid_index: -1 OBSOLETE_local: false peers { permanent_uuid: "41cc5257674447fc8021ed79e8a47b3f" member_type: VOTER last_known_addr { host: "127.24.89.129" port: 36431 } } peers { permanent_uuid: "481fc89000df43f6a86aa1c63e3829d5" member_type: VOTER last_known_addr { host: "127.24.89.130" port: 37097 } } peers { permanent_uuid: "4ab1e759fefd41d0b4531ff914b7b32f" member_type: VOTER last_known_addr { host: "127.24.89.131" port: 40777 } }
I20260608 12:49:49.549913 29569 tablet_bootstrap.cc:492] T fe5c8c5856eb477d91117fff4e36dd07 P 481fc89000df43f6a86aa1c63e3829d5: No bootstrap required, opened a new log
I20260608 12:49:49.553993 29569 ts_tablet_manager.cc:1403] T fe5c8c5856eb477d91117fff4e36dd07 P 481fc89000df43f6a86aa1c63e3829d5: Time spent bootstrapping tablet: real 0.066s	user 0.013s	sys 0.005s
I20260608 12:49:49.556757 29570 tablet_bootstrap.cc:492] T 5f4f425e166f42d288fb0da5ca7d7d40 P 4ab1e759fefd41d0b4531ff914b7b32f: Bootstrap starting.
I20260608 12:49:49.557343 29374 raft_consensus.cc:3060] T 833960618c714a2c816f91b7eaa94678 P 41cc5257674447fc8021ed79e8a47b3f [term 0 FOLLOWER]: Advancing to term 1
I20260608 12:49:49.561162 29569 raft_consensus.cc:359] T fe5c8c5856eb477d91117fff4e36dd07 P 481fc89000df43f6a86aa1c63e3829d5 [term 0 FOLLOWER]: Replica starting. Triggering 0 pending ops. Active config: opid_index: -1 OBSOLETE_local: false peers { permanent_uuid: "41cc5257674447fc8021ed79e8a47b3f" member_type: VOTER last_known_addr { host: "127.24.89.129" port: 36431 } } peers { permanent_uuid: "481fc89000df43f6a86aa1c63e3829d5" member_type: VOTER last_known_addr { host: "127.24.89.130" port: 37097 } } peers { permanent_uuid: "4ab1e759fefd41d0b4531ff914b7b32f" member_type: VOTER last_known_addr { host: "127.24.89.131" port: 40777 } }
I20260608 12:49:49.561908 29569 raft_consensus.cc:385] T fe5c8c5856eb477d91117fff4e36dd07 P 481fc89000df43f6a86aa1c63e3829d5 [term 0 FOLLOWER]: Consensus starting up: Expiring failure detector timer to make a prompt election more likely
I20260608 12:49:49.562166 29569 raft_consensus.cc:740] T fe5c8c5856eb477d91117fff4e36dd07 P 481fc89000df43f6a86aa1c63e3829d5 [term 0 FOLLOWER]: Becoming Follower/Learner. State: Replica: 481fc89000df43f6a86aa1c63e3829d5, State: Initialized, Role: FOLLOWER
I20260608 12:49:49.562817 29569 consensus_queue.cc:260] T fe5c8c5856eb477d91117fff4e36dd07 P 481fc89000df43f6a86aa1c63e3829d5 [NON_LEADER]: Queue going to NON_LEADER mode. State: All replicated index: 0, Majority replicated index: 0, Committed index: 0, Last appended: 0.0, Last appended by leader: 0, Current term: 0, Majority size: -1, State: 0, Mode: NON_LEADER, active raft config: opid_index: -1 OBSOLETE_local: false peers { permanent_uuid: "41cc5257674447fc8021ed79e8a47b3f" member_type: VOTER last_known_addr { host: "127.24.89.129" port: 36431 } } peers { permanent_uuid: "481fc89000df43f6a86aa1c63e3829d5" member_type: VOTER last_known_addr { host: "127.24.89.130" port: 37097 } } peers { permanent_uuid: "4ab1e759fefd41d0b4531ff914b7b32f" member_type: VOTER last_known_addr { host: "127.24.89.131" port: 40777 } }
I20260608 12:49:49.563841 29570 tablet_bootstrap.cc:654] T 5f4f425e166f42d288fb0da5ca7d7d40 P 4ab1e759fefd41d0b4531ff914b7b32f: Neither blocks nor log segments found. Creating new log.
I20260608 12:49:49.557341 29571 ts_tablet_manager.cc:1434] T a658d32ad05d4f71b0b2062eda582c58 P 41cc5257674447fc8021ed79e8a47b3f: Time spent starting tablet: real 0.013s	user 0.007s	sys 0.000s
I20260608 12:49:49.574635 29569 ts_tablet_manager.cc:1434] T fe5c8c5856eb477d91117fff4e36dd07 P 481fc89000df43f6a86aa1c63e3829d5: Time spent starting tablet: real 0.020s	user 0.006s	sys 0.000s
I20260608 12:49:49.576138 29569 tablet_bootstrap.cc:492] T 1c2e2d7e86dd4511a0fb1e04cc0f9d89 P 481fc89000df43f6a86aa1c63e3829d5: Bootstrap starting.
I20260608 12:49:49.584806 29603 consensus_queue.cc:1048] T 833960618c714a2c816f91b7eaa94678 P 481fc89000df43f6a86aa1c63e3829d5 [LEADER]: Connected to new peer: Peer: permanent_uuid: "41cc5257674447fc8021ed79e8a47b3f" member_type: VOTER last_known_addr { host: "127.24.89.129" port: 36431 }, Status: LMP_MISMATCH, Last received: 0.0, Next index: 1, Last known committed idx: 0, Time since last communication: 0.001s
I20260608 12:49:49.587570 29594 consensus_queue.cc:1048] T 0ac9a7ba7e9d44c2a9ccc6087cd9438c P 481fc89000df43f6a86aa1c63e3829d5 [LEADER]: Connected to new peer: Peer: permanent_uuid: "41cc5257674447fc8021ed79e8a47b3f" member_type: VOTER last_known_addr { host: "127.24.89.129" port: 36431 }, Status: LMP_MISMATCH, Last received: 0.0, Next index: 1, Last known committed idx: 0, Time since last communication: 0.001s
I20260608 12:49:49.598469 29576 raft_consensus.cc:2749] T 6f1d855bf370482e87aa25d36b2748e2 P 481fc89000df43f6a86aa1c63e3829d5 [term 1 FOLLOWER]: Leader pre-election lost for term 1. Reason: could not achieve majority
I20260608 12:49:49.602238 29569 tablet_bootstrap.cc:654] T 1c2e2d7e86dd4511a0fb1e04cc0f9d89 P 481fc89000df43f6a86aa1c63e3829d5: Neither blocks nor log segments found. Creating new log.
I20260608 12:49:49.616417 29569 tablet_bootstrap.cc:492] T 1c2e2d7e86dd4511a0fb1e04cc0f9d89 P 481fc89000df43f6a86aa1c63e3829d5: No bootstrap required, opened a new log
I20260608 12:49:49.616703 29599 consensus_queue.cc:1048] T 6f1d855bf370482e87aa25d36b2748e2 P 4ab1e759fefd41d0b4531ff914b7b32f [LEADER]: Connected to new peer: Peer: permanent_uuid: "481fc89000df43f6a86aa1c63e3829d5" member_type: VOTER last_known_addr { host: "127.24.89.130" port: 37097 }, Status: LMP_MISMATCH, Last received: 0.0, Next index: 1, Last known committed idx: 0, Time since last communication: 0.001s
I20260608 12:49:49.617398 29603 raft_consensus.cc:493] T fe5c8c5856eb477d91117fff4e36dd07 P 481fc89000df43f6a86aa1c63e3829d5 [term 0 FOLLOWER]: Starting pre-election (no leader contacted us within the election timeout)
I20260608 12:49:49.617908 29603 raft_consensus.cc:515] T fe5c8c5856eb477d91117fff4e36dd07 P 481fc89000df43f6a86aa1c63e3829d5 [term 0 FOLLOWER]: Starting pre-election with config: opid_index: -1 OBSOLETE_local: false peers { permanent_uuid: "41cc5257674447fc8021ed79e8a47b3f" member_type: VOTER last_known_addr { host: "127.24.89.129" port: 36431 } } peers { permanent_uuid: "481fc89000df43f6a86aa1c63e3829d5" member_type: VOTER last_known_addr { host: "127.24.89.130" port: 37097 } } peers { permanent_uuid: "4ab1e759fefd41d0b4531ff914b7b32f" member_type: VOTER last_known_addr { host: "127.24.89.131" port: 40777 } }
I20260608 12:49:49.617172 29569 ts_tablet_manager.cc:1403] T 1c2e2d7e86dd4511a0fb1e04cc0f9d89 P 481fc89000df43f6a86aa1c63e3829d5: Time spent bootstrapping tablet: real 0.041s	user 0.017s	sys 0.005s
I20260608 12:49:49.620110 29603 leader_election.cc:290] T fe5c8c5856eb477d91117fff4e36dd07 P 481fc89000df43f6a86aa1c63e3829d5 [CANDIDATE]: Term 1 pre-election: Requested pre-vote from peers 41cc5257674447fc8021ed79e8a47b3f (127.24.89.129:36431), 4ab1e759fefd41d0b4531ff914b7b32f (127.24.89.131:40777)
I20260608 12:49:49.621578 29569 raft_consensus.cc:359] T 1c2e2d7e86dd4511a0fb1e04cc0f9d89 P 481fc89000df43f6a86aa1c63e3829d5 [term 0 FOLLOWER]: Replica starting. Triggering 0 pending ops. Active config: opid_index: -1 OBSOLETE_local: false peers { permanent_uuid: "41cc5257674447fc8021ed79e8a47b3f" member_type: VOTER last_known_addr { host: "127.24.89.129" port: 36431 } } peers { permanent_uuid: "481fc89000df43f6a86aa1c63e3829d5" member_type: VOTER last_known_addr { host: "127.24.89.130" port: 37097 } } peers { permanent_uuid: "4ab1e759fefd41d0b4531ff914b7b32f" member_type: VOTER last_known_addr { host: "127.24.89.131" port: 40777 } }
I20260608 12:49:49.622391 29569 raft_consensus.cc:385] T 1c2e2d7e86dd4511a0fb1e04cc0f9d89 P 481fc89000df43f6a86aa1c63e3829d5 [term 0 FOLLOWER]: Consensus starting up: Expiring failure detector timer to make a prompt election more likely
I20260608 12:49:49.622715 29569 raft_consensus.cc:740] T 1c2e2d7e86dd4511a0fb1e04cc0f9d89 P 481fc89000df43f6a86aa1c63e3829d5 [term 0 FOLLOWER]: Becoming Follower/Learner. State: Replica: 481fc89000df43f6a86aa1c63e3829d5, State: Initialized, Role: FOLLOWER
I20260608 12:49:49.623497 29569 consensus_queue.cc:260] T 1c2e2d7e86dd4511a0fb1e04cc0f9d89 P 481fc89000df43f6a86aa1c63e3829d5 [NON_LEADER]: Queue going to NON_LEADER mode. State: All replicated index: 0, Majority replicated index: 0, Committed index: 0, Last appended: 0.0, Last appended by leader: 0, Current term: 0, Majority size: -1, State: 0, Mode: NON_LEADER, active raft config: opid_index: -1 OBSOLETE_local: false peers { permanent_uuid: "41cc5257674447fc8021ed79e8a47b3f" member_type: VOTER last_known_addr { host: "127.24.89.129" port: 36431 } } peers { permanent_uuid: "481fc89000df43f6a86aa1c63e3829d5" member_type: VOTER last_known_addr { host: "127.24.89.130" port: 37097 } } peers { permanent_uuid: "4ab1e759fefd41d0b4531ff914b7b32f" member_type: VOTER last_known_addr { host: "127.24.89.131" port: 40777 } }
I20260608 12:49:49.625844 29569 ts_tablet_manager.cc:1434] T 1c2e2d7e86dd4511a0fb1e04cc0f9d89 P 481fc89000df43f6a86aa1c63e3829d5: Time spent starting tablet: real 0.007s	user 0.006s	sys 0.000s
I20260608 12:49:49.627775 29372 tablet_service.cc:1917] Received RequestConsensusVote() RPC: tablet_id: "fe5c8c5856eb477d91117fff4e36dd07" candidate_uuid: "481fc89000df43f6a86aa1c63e3829d5" candidate_term: 1 candidate_status { last_received { term: 0 index: 0 } } ignore_live_leader: false dest_uuid: "41cc5257674447fc8021ed79e8a47b3f" is_pre_election: true
I20260608 12:49:49.627776 29523 tablet_service.cc:1917] Received RequestConsensusVote() RPC: tablet_id: "fe5c8c5856eb477d91117fff4e36dd07" candidate_uuid: "481fc89000df43f6a86aa1c63e3829d5" candidate_term: 1 candidate_status { last_received { term: 0 index: 0 } } ignore_live_leader: false dest_uuid: "4ab1e759fefd41d0b4531ff914b7b32f" is_pre_election: true
I20260608 12:49:49.630581 29523 raft_consensus.cc:2393] T fe5c8c5856eb477d91117fff4e36dd07 P 4ab1e759fefd41d0b4531ff914b7b32f [term 1 FOLLOWER]: Leader pre-election vote request: Denying vote to candidate 481fc89000df43f6a86aa1c63e3829d5 in current term 1: Already voted for candidate 41cc5257674447fc8021ed79e8a47b3f in this term.
I20260608 12:49:49.639204 29414 leader_election.cc:304] T fe5c8c5856eb477d91117fff4e36dd07 P 481fc89000df43f6a86aa1c63e3829d5 [CANDIDATE]: Term 1 pre-election: Election decided. Result: candidate lost. Election summary: received 3 responses out of 3 voters: 1 yes votes; 2 no votes. yes voters: 481fc89000df43f6a86aa1c63e3829d5; no voters: 41cc5257674447fc8021ed79e8a47b3f, 4ab1e759fefd41d0b4531ff914b7b32f
I20260608 12:49:49.641247 29603 raft_consensus.cc:3060] T fe5c8c5856eb477d91117fff4e36dd07 P 481fc89000df43f6a86aa1c63e3829d5 [term 0 FOLLOWER]: Advancing to term 1
I20260608 12:49:49.641623 29599 raft_consensus.cc:493] T fac0d512d5e440bdad6d017116280bdf P 4ab1e759fefd41d0b4531ff914b7b32f [term 0 FOLLOWER]: Starting pre-election (no leader contacted us within the election timeout)
I20260608 12:49:49.642392 29599 raft_consensus.cc:515] T fac0d512d5e440bdad6d017116280bdf P 4ab1e759fefd41d0b4531ff914b7b32f [term 0 FOLLOWER]: Starting pre-election with config: opid_index: -1 OBSOLETE_local: false peers { permanent_uuid: "41cc5257674447fc8021ed79e8a47b3f" member_type: VOTER last_known_addr { host: "127.24.89.129" port: 36431 } } peers { permanent_uuid: "481fc89000df43f6a86aa1c63e3829d5" member_type: VOTER last_known_addr { host: "127.24.89.130" port: 37097 } } peers { permanent_uuid: "4ab1e759fefd41d0b4531ff914b7b32f" member_type: VOTER last_known_addr { host: "127.24.89.131" port: 40777 } }
I20260608 12:49:49.649683 29603 raft_consensus.cc:2749] T fe5c8c5856eb477d91117fff4e36dd07 P 481fc89000df43f6a86aa1c63e3829d5 [term 1 FOLLOWER]: Leader pre-election lost for term 1. Reason: could not achieve majority
I20260608 12:49:49.651242 29599 leader_election.cc:290] T fac0d512d5e440bdad6d017116280bdf P 4ab1e759fefd41d0b4531ff914b7b32f [CANDIDATE]: Term 1 pre-election: Requested pre-vote from peers 41cc5257674447fc8021ed79e8a47b3f (127.24.89.129:36431), 481fc89000df43f6a86aa1c63e3829d5 (127.24.89.130:37097)
I20260608 12:49:49.652139 29449 tablet_service.cc:1917] Received RequestConsensusVote() RPC: tablet_id: "fac0d512d5e440bdad6d017116280bdf" candidate_uuid: "4ab1e759fefd41d0b4531ff914b7b32f" candidate_term: 1 candidate_status { last_received { term: 0 index: 0 } } ignore_live_leader: false dest_uuid: "481fc89000df43f6a86aa1c63e3829d5" is_pre_election: true
I20260608 12:49:49.652917 29599 consensus_queue.cc:1048] T 6f1d855bf370482e87aa25d36b2748e2 P 4ab1e759fefd41d0b4531ff914b7b32f [LEADER]: Connected to new peer: Peer: permanent_uuid: "41cc5257674447fc8021ed79e8a47b3f" member_type: VOTER last_known_addr { host: "127.24.89.129" port: 36431 }, Status: LMP_MISMATCH, Last received: 0.0, Next index: 1, Last known committed idx: 0, Time since last communication: 0.001s
I20260608 12:49:49.654116 29637 consensus_queue.cc:1048] T 833960618c714a2c816f91b7eaa94678 P 481fc89000df43f6a86aa1c63e3829d5 [LEADER]: Connected to new peer: Peer: permanent_uuid: "4ab1e759fefd41d0b4531ff914b7b32f" member_type: VOTER last_known_addr { host: "127.24.89.131" port: 40777 }, Status: LMP_MISMATCH, Last received: 0.0, Next index: 1, Last known committed idx: 0, Time since last communication: 0.001s
I20260608 12:49:49.659442 29523 raft_consensus.cc:3060] T 0ac9a7ba7e9d44c2a9ccc6087cd9438c P 4ab1e759fefd41d0b4531ff914b7b32f [term 0 FOLLOWER]: Advancing to term 1
I20260608 12:49:49.656369 29373 tablet_service.cc:1917] Received RequestConsensusVote() RPC: tablet_id: "fac0d512d5e440bdad6d017116280bdf" candidate_uuid: "4ab1e759fefd41d0b4531ff914b7b32f" candidate_term: 1 candidate_status { last_received { term: 0 index: 0 } } ignore_live_leader: false dest_uuid: "41cc5257674447fc8021ed79e8a47b3f" is_pre_election: true
I20260608 12:49:49.660459 29373 raft_consensus.cc:2393] T fac0d512d5e440bdad6d017116280bdf P 41cc5257674447fc8021ed79e8a47b3f [term 1 FOLLOWER]: Leader pre-election vote request: Denying vote to candidate 4ab1e759fefd41d0b4531ff914b7b32f in current term 1: Already voted for candidate 481fc89000df43f6a86aa1c63e3829d5 in this term.
I20260608 12:49:49.664508 29627 raft_consensus.cc:493] T a658d32ad05d4f71b0b2062eda582c58 P 41cc5257674447fc8021ed79e8a47b3f [term 0 FOLLOWER]: Starting pre-election (no leader contacted us within the election timeout)
I20260608 12:49:49.665066 29627 raft_consensus.cc:515] T a658d32ad05d4f71b0b2062eda582c58 P 41cc5257674447fc8021ed79e8a47b3f [term 0 FOLLOWER]: Starting pre-election with config: opid_index: -1 OBSOLETE_local: false peers { permanent_uuid: "41cc5257674447fc8021ed79e8a47b3f" member_type: VOTER last_known_addr { host: "127.24.89.129" port: 36431 } } peers { permanent_uuid: "481fc89000df43f6a86aa1c63e3829d5" member_type: VOTER last_known_addr { host: "127.24.89.130" port: 37097 } } peers { permanent_uuid: "4ab1e759fefd41d0b4531ff914b7b32f" member_type: VOTER last_known_addr { host: "127.24.89.131" port: 40777 } }
I20260608 12:49:49.668262 29449 tablet_service.cc:1917] Received RequestConsensusVote() RPC: tablet_id: "a658d32ad05d4f71b0b2062eda582c58" candidate_uuid: "41cc5257674447fc8021ed79e8a47b3f" candidate_term: 1 candidate_status { last_received { term: 0 index: 0 } } ignore_live_leader: false dest_uuid: "481fc89000df43f6a86aa1c63e3829d5" is_pre_election: true
I20260608 12:49:49.669059 29449 raft_consensus.cc:2393] T a658d32ad05d4f71b0b2062eda582c58 P 481fc89000df43f6a86aa1c63e3829d5 [term 1 FOLLOWER]: Leader pre-election vote request: Denying vote to candidate 41cc5257674447fc8021ed79e8a47b3f in current term 1: Already voted for candidate 4ab1e759fefd41d0b4531ff914b7b32f in this term.
I20260608 12:49:49.669095 29487 leader_election.cc:304] T fac0d512d5e440bdad6d017116280bdf P 4ab1e759fefd41d0b4531ff914b7b32f [CANDIDATE]: Term 1 pre-election: Election decided. Result: candidate lost. Election summary: received 3 responses out of 3 voters: 1 yes votes; 2 no votes. yes voters: 4ab1e759fefd41d0b4531ff914b7b32f; no voters: 41cc5257674447fc8021ed79e8a47b3f, 481fc89000df43f6a86aa1c63e3829d5
I20260608 12:49:49.672307 29577 raft_consensus.cc:3060] T fac0d512d5e440bdad6d017116280bdf P 4ab1e759fefd41d0b4531ff914b7b32f [term 0 FOLLOWER]: Advancing to term 1
I20260608 12:49:49.677290 29594 consensus_queue.cc:1048] T 0ac9a7ba7e9d44c2a9ccc6087cd9438c P 481fc89000df43f6a86aa1c63e3829d5 [LEADER]: Connected to new peer: Peer: permanent_uuid: "4ab1e759fefd41d0b4531ff914b7b32f" member_type: VOTER last_known_addr { host: "127.24.89.131" port: 40777 }, Status: LMP_MISMATCH, Last received: 0.0, Next index: 1, Last known committed idx: 0, Time since last communication: 0.000s
I20260608 12:49:49.679225 29522 tablet_service.cc:1917] Received RequestConsensusVote() RPC: tablet_id: "a658d32ad05d4f71b0b2062eda582c58" candidate_uuid: "41cc5257674447fc8021ed79e8a47b3f" candidate_term: 1 candidate_status { last_received { term: 0 index: 0 } } ignore_live_leader: false dest_uuid: "4ab1e759fefd41d0b4531ff914b7b32f" is_pre_election: true
I20260608 12:49:49.681294 29627 leader_election.cc:290] T a658d32ad05d4f71b0b2062eda582c58 P 41cc5257674447fc8021ed79e8a47b3f [CANDIDATE]: Term 1 pre-election: Requested pre-vote from peers 481fc89000df43f6a86aa1c63e3829d5 (127.24.89.130:37097), 4ab1e759fefd41d0b4531ff914b7b32f (127.24.89.131:40777)
I20260608 12:49:49.682391 29339 leader_election.cc:304] T a658d32ad05d4f71b0b2062eda582c58 P 41cc5257674447fc8021ed79e8a47b3f [CANDIDATE]: Term 1 pre-election: Election decided. Result: candidate lost. Election summary: received 3 responses out of 3 voters: 1 yes votes; 2 no votes. yes voters: 41cc5257674447fc8021ed79e8a47b3f; no voters: 481fc89000df43f6a86aa1c63e3829d5, 4ab1e759fefd41d0b4531ff914b7b32f
I20260608 12:49:49.684098 29627 raft_consensus.cc:3060] T a658d32ad05d4f71b0b2062eda582c58 P 41cc5257674447fc8021ed79e8a47b3f [term 0 FOLLOWER]: Advancing to term 1
I20260608 12:49:49.700758 29609 raft_consensus.cc:493] T 1c2e2d7e86dd4511a0fb1e04cc0f9d89 P 41cc5257674447fc8021ed79e8a47b3f [term 0 FOLLOWER]: Starting pre-election (no leader contacted us within the election timeout)
I20260608 12:49:49.701604 29609 raft_consensus.cc:515] T 1c2e2d7e86dd4511a0fb1e04cc0f9d89 P 41cc5257674447fc8021ed79e8a47b3f [term 0 FOLLOWER]: Starting pre-election with config: opid_index: -1 OBSOLETE_local: false peers { permanent_uuid: "41cc5257674447fc8021ed79e8a47b3f" member_type: VOTER last_known_addr { host: "127.24.89.129" port: 36431 } } peers { permanent_uuid: "481fc89000df43f6a86aa1c63e3829d5" member_type: VOTER last_known_addr { host: "127.24.89.130" port: 37097 } } peers { permanent_uuid: "4ab1e759fefd41d0b4531ff914b7b32f" member_type: VOTER last_known_addr { host: "127.24.89.131" port: 40777 } }
I20260608 12:49:49.706202 29523 tablet_service.cc:1917] Received RequestConsensusVote() RPC: tablet_id: "1c2e2d7e86dd4511a0fb1e04cc0f9d89" candidate_uuid: "41cc5257674447fc8021ed79e8a47b3f" candidate_term: 1 candidate_status { last_received { term: 0 index: 0 } } ignore_live_leader: false dest_uuid: "4ab1e759fefd41d0b4531ff914b7b32f" is_pre_election: true
I20260608 12:49:49.706943 29609 leader_election.cc:290] T 1c2e2d7e86dd4511a0fb1e04cc0f9d89 P 41cc5257674447fc8021ed79e8a47b3f [CANDIDATE]: Term 1 pre-election: Requested pre-vote from peers 481fc89000df43f6a86aa1c63e3829d5 (127.24.89.130:37097), 4ab1e759fefd41d0b4531ff914b7b32f (127.24.89.131:40777)
W20260608 12:49:49.707904 29339 leader_election.cc:343] T 1c2e2d7e86dd4511a0fb1e04cc0f9d89 P 41cc5257674447fc8021ed79e8a47b3f [CANDIDATE]: Term 1 pre-election: Tablet error from VoteRequest() call to peer 4ab1e759fefd41d0b4531ff914b7b32f (127.24.89.131:40777): Illegal state: must be running to vote when last-logged opid is not known
I20260608 12:49:49.708889 29449 tablet_service.cc:1917] Received RequestConsensusVote() RPC: tablet_id: "1c2e2d7e86dd4511a0fb1e04cc0f9d89" candidate_uuid: "41cc5257674447fc8021ed79e8a47b3f" candidate_term: 1 candidate_status { last_received { term: 0 index: 0 } } ignore_live_leader: false dest_uuid: "481fc89000df43f6a86aa1c63e3829d5" is_pre_election: true
I20260608 12:49:49.709758 29449 raft_consensus.cc:2468] T 1c2e2d7e86dd4511a0fb1e04cc0f9d89 P 481fc89000df43f6a86aa1c63e3829d5 [term 0 FOLLOWER]: Leader pre-election vote request: Granting yes vote for candidate 41cc5257674447fc8021ed79e8a47b3f in term 0.
I20260608 12:49:49.712139 29338 leader_election.cc:304] T 1c2e2d7e86dd4511a0fb1e04cc0f9d89 P 41cc5257674447fc8021ed79e8a47b3f [CANDIDATE]: Term 1 pre-election: Election decided. Result: candidate won. Election summary: received 3 responses out of 3 voters: 2 yes votes; 1 no votes. yes voters: 41cc5257674447fc8021ed79e8a47b3f, 481fc89000df43f6a86aa1c63e3829d5; no voters: 4ab1e759fefd41d0b4531ff914b7b32f
I20260608 12:49:49.713837 29620 raft_consensus.cc:2804] T 1c2e2d7e86dd4511a0fb1e04cc0f9d89 P 41cc5257674447fc8021ed79e8a47b3f [term 0 FOLLOWER]: Leader pre-election won for term 1
I20260608 12:49:49.714316 29620 raft_consensus.cc:493] T 1c2e2d7e86dd4511a0fb1e04cc0f9d89 P 41cc5257674447fc8021ed79e8a47b3f [term 0 FOLLOWER]: Starting leader election (no leader contacted us within the election timeout)
I20260608 12:49:49.714779 29620 raft_consensus.cc:3060] T 1c2e2d7e86dd4511a0fb1e04cc0f9d89 P 41cc5257674447fc8021ed79e8a47b3f [term 0 FOLLOWER]: Advancing to term 1
I20260608 12:49:49.724449 29609 consensus_queue.cc:1048] T 291a5ab1f57f45faa81eaeecb342bdfa P 41cc5257674447fc8021ed79e8a47b3f [LEADER]: Connected to new peer: Peer: permanent_uuid: "481fc89000df43f6a86aa1c63e3829d5" member_type: VOTER last_known_addr { host: "127.24.89.130" port: 37097 }, Status: LMP_MISMATCH, Last received: 0.0, Next index: 1, Last known committed idx: 0, Time since last communication: 0.001s
I20260608 12:49:49.742187 29609 consensus_queue.cc:1048] T 119dc6bbbb724d53970d4aeec2c544fb P 41cc5257674447fc8021ed79e8a47b3f [LEADER]: Connected to new peer: Peer: permanent_uuid: "4ab1e759fefd41d0b4531ff914b7b32f" member_type: VOTER last_known_addr { host: "127.24.89.131" port: 40777 }, Status: LMP_MISMATCH, Last received: 0.0, Next index: 1, Last known committed idx: 0, Time since last communication: 0.001s
I20260608 12:49:49.752236 29577 raft_consensus.cc:2749] T fac0d512d5e440bdad6d017116280bdf P 4ab1e759fefd41d0b4531ff914b7b32f [term 1 FOLLOWER]: Leader pre-election lost for term 1. Reason: could not achieve majority
I20260608 12:49:49.759176 29570 tablet_bootstrap.cc:492] T 5f4f425e166f42d288fb0da5ca7d7d40 P 4ab1e759fefd41d0b4531ff914b7b32f: No bootstrap required, opened a new log
I20260608 12:49:49.759748 29570 ts_tablet_manager.cc:1403] T 5f4f425e166f42d288fb0da5ca7d7d40 P 4ab1e759fefd41d0b4531ff914b7b32f: Time spent bootstrapping tablet: real 0.203s	user 0.047s	sys 0.081s
I20260608 12:49:49.766361 29570 raft_consensus.cc:359] T 5f4f425e166f42d288fb0da5ca7d7d40 P 4ab1e759fefd41d0b4531ff914b7b32f [term 0 FOLLOWER]: Replica starting. Triggering 0 pending ops. Active config: opid_index: -1 OBSOLETE_local: false peers { permanent_uuid: "41cc5257674447fc8021ed79e8a47b3f" member_type: VOTER last_known_addr { host: "127.24.89.129" port: 36431 } } peers { permanent_uuid: "481fc89000df43f6a86aa1c63e3829d5" member_type: VOTER last_known_addr { host: "127.24.89.130" port: 37097 } } peers { permanent_uuid: "4ab1e759fefd41d0b4531ff914b7b32f" member_type: VOTER last_known_addr { host: "127.24.89.131" port: 40777 } }
I20260608 12:49:49.767411 29570 raft_consensus.cc:385] T 5f4f425e166f42d288fb0da5ca7d7d40 P 4ab1e759fefd41d0b4531ff914b7b32f [term 0 FOLLOWER]: Consensus starting up: Expiring failure detector timer to make a prompt election more likely
I20260608 12:49:49.767750 29570 raft_consensus.cc:740] T 5f4f425e166f42d288fb0da5ca7d7d40 P 4ab1e759fefd41d0b4531ff914b7b32f [term 0 FOLLOWER]: Becoming Follower/Learner. State: Replica: 4ab1e759fefd41d0b4531ff914b7b32f, State: Initialized, Role: FOLLOWER
I20260608 12:49:49.768627 29570 consensus_queue.cc:260] T 5f4f425e166f42d288fb0da5ca7d7d40 P 4ab1e759fefd41d0b4531ff914b7b32f [NON_LEADER]: Queue going to NON_LEADER mode. State: All replicated index: 0, Majority replicated index: 0, Committed index: 0, Last appended: 0.0, Last appended by leader: 0, Current term: 0, Majority size: -1, State: 0, Mode: NON_LEADER, active raft config: opid_index: -1 OBSOLETE_local: false peers { permanent_uuid: "41cc5257674447fc8021ed79e8a47b3f" member_type: VOTER last_known_addr { host: "127.24.89.129" port: 36431 } } peers { permanent_uuid: "481fc89000df43f6a86aa1c63e3829d5" member_type: VOTER last_known_addr { host: "127.24.89.130" port: 37097 } } peers { permanent_uuid: "4ab1e759fefd41d0b4531ff914b7b32f" member_type: VOTER last_known_addr { host: "127.24.89.131" port: 40777 } }
I20260608 12:49:49.768653 29272 catalog_manager.cc:5696] T 08a97f8f90154aa9a16535bead259e06 P 41cc5257674447fc8021ed79e8a47b3f reported cstate change: term changed from 0 to 1, leader changed from <none> to 41cc5257674447fc8021ed79e8a47b3f (127.24.89.129). New cstate: current_term: 1 leader_uuid: "41cc5257674447fc8021ed79e8a47b3f" committed_config { opid_index: -1 OBSOLETE_local: false peers { permanent_uuid: "41cc5257674447fc8021ed79e8a47b3f" member_type: VOTER last_known_addr { host: "127.24.89.129" port: 36431 } health_report { overall_health: HEALTHY } } peers { permanent_uuid: "481fc89000df43f6a86aa1c63e3829d5" member_type: VOTER last_known_addr { host: "127.24.89.130" port: 37097 } health_report { overall_health: UNKNOWN } } peers { permanent_uuid: "4ab1e759fefd41d0b4531ff914b7b32f" member_type: VOTER last_known_addr { host: "127.24.89.131" port: 40777 } health_report { overall_health: UNKNOWN } } }
I20260608 12:49:49.736625 29620 raft_consensus.cc:515] T 1c2e2d7e86dd4511a0fb1e04cc0f9d89 P 41cc5257674447fc8021ed79e8a47b3f [term 1 FOLLOWER]: Starting leader election with config: opid_index: -1 OBSOLETE_local: false peers { permanent_uuid: "41cc5257674447fc8021ed79e8a47b3f" member_type: VOTER last_known_addr { host: "127.24.89.129" port: 36431 } } peers { permanent_uuid: "481fc89000df43f6a86aa1c63e3829d5" member_type: VOTER last_known_addr { host: "127.24.89.130" port: 37097 } } peers { permanent_uuid: "4ab1e759fefd41d0b4531ff914b7b32f" member_type: VOTER last_known_addr { host: "127.24.89.131" port: 40777 } }
I20260608 12:49:49.770820 29570 ts_tablet_manager.cc:1434] T 5f4f425e166f42d288fb0da5ca7d7d40 P 4ab1e759fefd41d0b4531ff914b7b32f: Time spent starting tablet: real 0.011s	user 0.009s	sys 0.000s
I20260608 12:49:49.771747 29570 tablet_bootstrap.cc:492] T 1c2e2d7e86dd4511a0fb1e04cc0f9d89 P 4ab1e759fefd41d0b4531ff914b7b32f: Bootstrap starting.
I20260608 12:49:49.776328 29448 tablet_service.cc:1917] Received RequestConsensusVote() RPC: tablet_id: "1c2e2d7e86dd4511a0fb1e04cc0f9d89" candidate_uuid: "41cc5257674447fc8021ed79e8a47b3f" candidate_term: 1 candidate_status { last_received { term: 0 index: 0 } } ignore_live_leader: false dest_uuid: "481fc89000df43f6a86aa1c63e3829d5"
I20260608 12:49:49.777045 29448 raft_consensus.cc:3060] T 1c2e2d7e86dd4511a0fb1e04cc0f9d89 P 481fc89000df43f6a86aa1c63e3829d5 [term 0 FOLLOWER]: Advancing to term 1
I20260608 12:49:49.789245 29594 consensus_queue.cc:1048] T fac0d512d5e440bdad6d017116280bdf P 481fc89000df43f6a86aa1c63e3829d5 [LEADER]: Connected to new peer: Peer: permanent_uuid: "4ab1e759fefd41d0b4531ff914b7b32f" member_type: VOTER last_known_addr { host: "127.24.89.131" port: 40777 }, Status: LMP_MISMATCH, Last received: 0.0, Next index: 1, Last known committed idx: 0, Time since last communication: 0.000s
I20260608 12:49:49.783221 29627 raft_consensus.cc:2749] T a658d32ad05d4f71b0b2062eda582c58 P 41cc5257674447fc8021ed79e8a47b3f [term 1 FOLLOWER]: Leader pre-election lost for term 1. Reason: could not achieve majority
I20260608 12:49:49.794657 29448 raft_consensus.cc:2468] T 1c2e2d7e86dd4511a0fb1e04cc0f9d89 P 481fc89000df43f6a86aa1c63e3829d5 [term 1 FOLLOWER]: Leader election vote request: Granting yes vote for candidate 41cc5257674447fc8021ed79e8a47b3f in term 1.
I20260608 12:49:49.794343 29620 leader_election.cc:290] T 1c2e2d7e86dd4511a0fb1e04cc0f9d89 P 41cc5257674447fc8021ed79e8a47b3f [CANDIDATE]: Term 1 election: Requested vote from peers 481fc89000df43f6a86aa1c63e3829d5 (127.24.89.130:37097), 4ab1e759fefd41d0b4531ff914b7b32f (127.24.89.131:40777)
I20260608 12:49:49.807753 29521 tablet_service.cc:1917] Received RequestConsensusVote() RPC: tablet_id: "1c2e2d7e86dd4511a0fb1e04cc0f9d89" candidate_uuid: "41cc5257674447fc8021ed79e8a47b3f" candidate_term: 1 candidate_status { last_received { term: 0 index: 0 } } ignore_live_leader: false dest_uuid: "4ab1e759fefd41d0b4531ff914b7b32f"
W20260608 12:49:49.818295 29339 leader_election.cc:343] T 1c2e2d7e86dd4511a0fb1e04cc0f9d89 P 41cc5257674447fc8021ed79e8a47b3f [CANDIDATE]: Term 1 election: Tablet error from VoteRequest() call to peer 4ab1e759fefd41d0b4531ff914b7b32f (127.24.89.131:40777): Illegal state: must be running to vote when last-logged opid is not known
I20260608 12:49:49.825018 29627 consensus_queue.cc:1048] T 291a5ab1f57f45faa81eaeecb342bdfa P 41cc5257674447fc8021ed79e8a47b3f [LEADER]: Connected to new peer: Peer: permanent_uuid: "4ab1e759fefd41d0b4531ff914b7b32f" member_type: VOTER last_known_addr { host: "127.24.89.131" port: 40777 }, Status: LMP_MISMATCH, Last received: 0.0, Next index: 1, Last known committed idx: 0, Time since last communication: 0.001s
I20260608 12:49:49.830343 29570 tablet_bootstrap.cc:654] T 1c2e2d7e86dd4511a0fb1e04cc0f9d89 P 4ab1e759fefd41d0b4531ff914b7b32f: Neither blocks nor log segments found. Creating new log.
I20260608 12:49:49.837971 29338 leader_election.cc:304] T 1c2e2d7e86dd4511a0fb1e04cc0f9d89 P 41cc5257674447fc8021ed79e8a47b3f [CANDIDATE]: Term 1 election: Election decided. Result: candidate won. Election summary: received 3 responses out of 3 voters: 2 yes votes; 1 no votes. yes voters: 41cc5257674447fc8021ed79e8a47b3f, 481fc89000df43f6a86aa1c63e3829d5; no voters: 4ab1e759fefd41d0b4531ff914b7b32f
I20260608 12:49:49.838655 29594 consensus_queue.cc:1048] T fac0d512d5e440bdad6d017116280bdf P 481fc89000df43f6a86aa1c63e3829d5 [LEADER]: Connected to new peer: Peer: permanent_uuid: "41cc5257674447fc8021ed79e8a47b3f" member_type: VOTER last_known_addr { host: "127.24.89.129" port: 36431 }, Status: LMP_MISMATCH, Last received: 0.0, Next index: 1, Last known committed idx: 0, Time since last communication: 0.000s
I20260608 12:49:49.848507 29609 raft_consensus.cc:2804] T 1c2e2d7e86dd4511a0fb1e04cc0f9d89 P 41cc5257674447fc8021ed79e8a47b3f [term 1 FOLLOWER]: Leader election won for term 1
I20260608 12:49:49.849068 29609 raft_consensus.cc:697] T 1c2e2d7e86dd4511a0fb1e04cc0f9d89 P 41cc5257674447fc8021ed79e8a47b3f [term 1 LEADER]: Becoming Leader. State: Replica: 41cc5257674447fc8021ed79e8a47b3f, State: Running, Role: LEADER
I20260608 12:49:49.849946 29609 consensus_queue.cc:237] T 1c2e2d7e86dd4511a0fb1e04cc0f9d89 P 41cc5257674447fc8021ed79e8a47b3f [LEADER]: Queue going to LEADER mode. State: All replicated index: 0, Majority replicated index: 0, Committed index: 0, Last appended: 0.0, Last appended by leader: 0, Current term: 1, Majority size: 2, State: 0, Mode: LEADER, active raft config: opid_index: -1 OBSOLETE_local: false peers { permanent_uuid: "41cc5257674447fc8021ed79e8a47b3f" member_type: VOTER last_known_addr { host: "127.24.89.129" port: 36431 } } peers { permanent_uuid: "481fc89000df43f6a86aa1c63e3829d5" member_type: VOTER last_known_addr { host: "127.24.89.130" port: 37097 } } peers { permanent_uuid: "4ab1e759fefd41d0b4531ff914b7b32f" member_type: VOTER last_known_addr { host: "127.24.89.131" port: 40777 } }
I20260608 12:49:49.855248 29620 consensus_queue.cc:1048] T 119dc6bbbb724d53970d4aeec2c544fb P 41cc5257674447fc8021ed79e8a47b3f [LEADER]: Connected to new peer: Peer: permanent_uuid: "481fc89000df43f6a86aa1c63e3829d5" member_type: VOTER last_known_addr { host: "127.24.89.130" port: 37097 }, Status: LMP_MISMATCH, Last received: 0.0, Next index: 1, Last known committed idx: 0, Time since last communication: 0.000s
I20260608 12:49:49.866851 29570 tablet_bootstrap.cc:492] T 1c2e2d7e86dd4511a0fb1e04cc0f9d89 P 4ab1e759fefd41d0b4531ff914b7b32f: No bootstrap required, opened a new log
I20260608 12:49:49.868134 29570 ts_tablet_manager.cc:1403] T 1c2e2d7e86dd4511a0fb1e04cc0f9d89 P 4ab1e759fefd41d0b4531ff914b7b32f: Time spent bootstrapping tablet: real 0.097s	user 0.013s	sys 0.001s
I20260608 12:49:49.872116 29570 raft_consensus.cc:359] T 1c2e2d7e86dd4511a0fb1e04cc0f9d89 P 4ab1e759fefd41d0b4531ff914b7b32f [term 0 FOLLOWER]: Replica starting. Triggering 0 pending ops. Active config: opid_index: -1 OBSOLETE_local: false peers { permanent_uuid: "41cc5257674447fc8021ed79e8a47b3f" member_type: VOTER last_known_addr { host: "127.24.89.129" port: 36431 } } peers { permanent_uuid: "481fc89000df43f6a86aa1c63e3829d5" member_type: VOTER last_known_addr { host: "127.24.89.130" port: 37097 } } peers { permanent_uuid: "4ab1e759fefd41d0b4531ff914b7b32f" member_type: VOTER last_known_addr { host: "127.24.89.131" port: 40777 } }
I20260608 12:49:49.877051 29570 raft_consensus.cc:385] T 1c2e2d7e86dd4511a0fb1e04cc0f9d89 P 4ab1e759fefd41d0b4531ff914b7b32f [term 0 FOLLOWER]: Consensus starting up: Expiring failure detector timer to make a prompt election more likely
I20260608 12:49:49.877897 29570 raft_consensus.cc:740] T 1c2e2d7e86dd4511a0fb1e04cc0f9d89 P 4ab1e759fefd41d0b4531ff914b7b32f [term 0 FOLLOWER]: Becoming Follower/Learner. State: Replica: 4ab1e759fefd41d0b4531ff914b7b32f, State: Initialized, Role: FOLLOWER
I20260608 12:49:49.879159 29570 consensus_queue.cc:260] T 1c2e2d7e86dd4511a0fb1e04cc0f9d89 P 4ab1e759fefd41d0b4531ff914b7b32f [NON_LEADER]: Queue going to NON_LEADER mode. State: All replicated index: 0, Majority replicated index: 0, Committed index: 0, Last appended: 0.0, Last appended by leader: 0, Current term: 0, Majority size: -1, State: 0, Mode: NON_LEADER, active raft config: opid_index: -1 OBSOLETE_local: false peers { permanent_uuid: "41cc5257674447fc8021ed79e8a47b3f" member_type: VOTER last_known_addr { host: "127.24.89.129" port: 36431 } } peers { permanent_uuid: "481fc89000df43f6a86aa1c63e3829d5" member_type: VOTER last_known_addr { host: "127.24.89.130" port: 37097 } } peers { permanent_uuid: "4ab1e759fefd41d0b4531ff914b7b32f" member_type: VOTER last_known_addr { host: "127.24.89.131" port: 40777 } }
I20260608 12:49:49.884127 29570 ts_tablet_manager.cc:1434] T 1c2e2d7e86dd4511a0fb1e04cc0f9d89 P 4ab1e759fefd41d0b4531ff914b7b32f: Time spent starting tablet: real 0.015s	user 0.007s	sys 0.000s
I20260608 12:49:49.898219 29627 consensus_queue.cc:1048] T ddf4d57ad2784a4da0ae30b80bf4c422 P 41cc5257674447fc8021ed79e8a47b3f [LEADER]: Connected to new peer: Peer: permanent_uuid: "4ab1e759fefd41d0b4531ff914b7b32f" member_type: VOTER last_known_addr { host: "127.24.89.131" port: 40777 }, Status: LMP_MISMATCH, Last received: 0.0, Next index: 1, Last known committed idx: 0, Time since last communication: 0.001s
I20260608 12:49:49.902841 29650 consensus_queue.cc:1048] T a658d32ad05d4f71b0b2062eda582c58 P 4ab1e759fefd41d0b4531ff914b7b32f [LEADER]: Connected to new peer: Peer: permanent_uuid: "41cc5257674447fc8021ed79e8a47b3f" member_type: VOTER last_known_addr { host: "127.24.89.129" port: 36431 }, Status: LMP_MISMATCH, Last received: 0.0, Next index: 1, Last known committed idx: 0, Time since last communication: 0.001s
I20260608 12:49:49.907119 29272 catalog_manager.cc:5696] T 1c2e2d7e86dd4511a0fb1e04cc0f9d89 P 41cc5257674447fc8021ed79e8a47b3f reported cstate change: term changed from 0 to 1, leader changed from <none> to 41cc5257674447fc8021ed79e8a47b3f (127.24.89.129). New cstate: current_term: 1 leader_uuid: "41cc5257674447fc8021ed79e8a47b3f" committed_config { opid_index: -1 OBSOLETE_local: false peers { permanent_uuid: "41cc5257674447fc8021ed79e8a47b3f" member_type: VOTER last_known_addr { host: "127.24.89.129" port: 36431 } health_report { overall_health: HEALTHY } } peers { permanent_uuid: "481fc89000df43f6a86aa1c63e3829d5" member_type: VOTER last_known_addr { host: "127.24.89.130" port: 37097 } health_report { overall_health: UNKNOWN } } peers { permanent_uuid: "4ab1e759fefd41d0b4531ff914b7b32f" member_type: VOTER last_known_addr { host: "127.24.89.131" port: 40777 } health_report { overall_health: UNKNOWN } } }
W20260608 12:49:49.913957 29321 auto_rebalancer.cc:259] Could not retrieve cluster info: Service unavailable: Tablet not running
I20260608 12:49:49.916275 29522 raft_consensus.cc:3060] T 5f4f425e166f42d288fb0da5ca7d7d40 P 4ab1e759fefd41d0b4531ff914b7b32f [term 0 FOLLOWER]: Advancing to term 1
I20260608 12:49:49.923976 29609 consensus_queue.cc:1048] T ddf4d57ad2784a4da0ae30b80bf4c422 P 41cc5257674447fc8021ed79e8a47b3f [LEADER]: Connected to new peer: Peer: permanent_uuid: "481fc89000df43f6a86aa1c63e3829d5" member_type: VOTER last_known_addr { host: "127.24.89.130" port: 37097 }, Status: LMP_MISMATCH, Last received: 0.0, Next index: 1, Last known committed idx: 0, Time since last communication: 0.000s
I20260608 12:49:49.925201 29648 consensus_queue.cc:1048] T a658d32ad05d4f71b0b2062eda582c58 P 4ab1e759fefd41d0b4531ff914b7b32f [LEADER]: Connected to new peer: Peer: permanent_uuid: "481fc89000df43f6a86aa1c63e3829d5" member_type: VOTER last_known_addr { host: "127.24.89.130" port: 37097 }, Status: LMP_MISMATCH, Last received: 0.0, Next index: 1, Last known committed idx: 0, Time since last communication: 0.001s
I20260608 12:49:49.936476 29657 consensus_queue.cc:1048] T 08a97f8f90154aa9a16535bead259e06 P 41cc5257674447fc8021ed79e8a47b3f [LEADER]: Connected to new peer: Peer: permanent_uuid: "481fc89000df43f6a86aa1c63e3829d5" member_type: VOTER last_known_addr { host: "127.24.89.130" port: 37097 }, Status: LMP_MISMATCH, Last received: 0.0, Next index: 1, Last known committed idx: 0, Time since last communication: 0.001s
I20260608 12:49:49.961876 29620 consensus_queue.cc:1048] T fe5c8c5856eb477d91117fff4e36dd07 P 41cc5257674447fc8021ed79e8a47b3f [LEADER]: Connected to new peer: Peer: permanent_uuid: "481fc89000df43f6a86aa1c63e3829d5" member_type: VOTER last_known_addr { host: "127.24.89.130" port: 37097 }, Status: LMP_MISMATCH, Last received: 0.0, Next index: 1, Last known committed idx: 0, Time since last communication: 0.000s
I20260608 12:49:49.966888 29620 consensus_queue.cc:1048] T 08a97f8f90154aa9a16535bead259e06 P 41cc5257674447fc8021ed79e8a47b3f [LEADER]: Connected to new peer: Peer: permanent_uuid: "4ab1e759fefd41d0b4531ff914b7b32f" member_type: VOTER last_known_addr { host: "127.24.89.131" port: 40777 }, Status: LMP_MISMATCH, Last received: 0.0, Next index: 1, Last known committed idx: 0, Time since last communication: 0.000s
I20260608 12:49:49.980050 29599 raft_consensus.cc:493] T 1c2e2d7e86dd4511a0fb1e04cc0f9d89 P 4ab1e759fefd41d0b4531ff914b7b32f [term 0 FOLLOWER]: Starting pre-election (no leader contacted us within the election timeout)
I20260608 12:49:49.980643 29599 raft_consensus.cc:515] T 1c2e2d7e86dd4511a0fb1e04cc0f9d89 P 4ab1e759fefd41d0b4531ff914b7b32f [term 0 FOLLOWER]: Starting pre-election with config: opid_index: -1 OBSOLETE_local: false peers { permanent_uuid: "41cc5257674447fc8021ed79e8a47b3f" member_type: VOTER last_known_addr { host: "127.24.89.129" port: 36431 } } peers { permanent_uuid: "481fc89000df43f6a86aa1c63e3829d5" member_type: VOTER last_known_addr { host: "127.24.89.130" port: 37097 } } peers { permanent_uuid: "4ab1e759fefd41d0b4531ff914b7b32f" member_type: VOTER last_known_addr { host: "127.24.89.131" port: 40777 } }
I20260608 12:49:49.987094 29599 leader_election.cc:290] T 1c2e2d7e86dd4511a0fb1e04cc0f9d89 P 4ab1e759fefd41d0b4531ff914b7b32f [CANDIDATE]: Term 1 pre-election: Requested pre-vote from peers 41cc5257674447fc8021ed79e8a47b3f (127.24.89.129:36431), 481fc89000df43f6a86aa1c63e3829d5 (127.24.89.130:37097)
I20260608 12:49:49.986737 29375 tablet_service.cc:1917] Received RequestConsensusVote() RPC: tablet_id: "1c2e2d7e86dd4511a0fb1e04cc0f9d89" candidate_uuid: "4ab1e759fefd41d0b4531ff914b7b32f" candidate_term: 1 candidate_status { last_received { term: 0 index: 0 } } ignore_live_leader: false dest_uuid: "41cc5257674447fc8021ed79e8a47b3f" is_pre_election: true
I20260608 12:49:49.989207 29449 tablet_service.cc:1917] Received RequestConsensusVote() RPC: tablet_id: "1c2e2d7e86dd4511a0fb1e04cc0f9d89" candidate_uuid: "4ab1e759fefd41d0b4531ff914b7b32f" candidate_term: 1 candidate_status { last_received { term: 0 index: 0 } } ignore_live_leader: false dest_uuid: "481fc89000df43f6a86aa1c63e3829d5" is_pre_election: true
I20260608 12:49:49.990291 29449 raft_consensus.cc:2393] T 1c2e2d7e86dd4511a0fb1e04cc0f9d89 P 481fc89000df43f6a86aa1c63e3829d5 [term 1 FOLLOWER]: Leader pre-election vote request: Denying vote to candidate 4ab1e759fefd41d0b4531ff914b7b32f in current term 1: Already voted for candidate 41cc5257674447fc8021ed79e8a47b3f in this term.
I20260608 12:49:49.991416 29487 leader_election.cc:304] T 1c2e2d7e86dd4511a0fb1e04cc0f9d89 P 4ab1e759fefd41d0b4531ff914b7b32f [CANDIDATE]: Term 1 pre-election: Election decided. Result: candidate lost. Election summary: received 3 responses out of 3 voters: 1 yes votes; 2 no votes. yes voters: 4ab1e759fefd41d0b4531ff914b7b32f; no voters: 41cc5257674447fc8021ed79e8a47b3f, 481fc89000df43f6a86aa1c63e3829d5
I20260608 12:49:49.992198 29599 raft_consensus.cc:3060] T 1c2e2d7e86dd4511a0fb1e04cc0f9d89 P 4ab1e759fefd41d0b4531ff914b7b32f [term 0 FOLLOWER]: Advancing to term 1
I20260608 12:49:49.993688 29620 consensus_queue.cc:1048] T fe5c8c5856eb477d91117fff4e36dd07 P 41cc5257674447fc8021ed79e8a47b3f [LEADER]: Connected to new peer: Peer: permanent_uuid: "4ab1e759fefd41d0b4531ff914b7b32f" member_type: VOTER last_known_addr { host: "127.24.89.131" port: 40777 }, Status: LMP_MISMATCH, Last received: 0.0, Next index: 1, Last known committed idx: 0, Time since last communication: 0.000s
I20260608 12:49:50.002166 29599 raft_consensus.cc:2749] T 1c2e2d7e86dd4511a0fb1e04cc0f9d89 P 4ab1e759fefd41d0b4531ff914b7b32f [term 1 FOLLOWER]: Leader pre-election lost for term 1. Reason: could not achieve majority
I20260608 12:49:50.255674 29620 consensus_queue.cc:1048] T 1c2e2d7e86dd4511a0fb1e04cc0f9d89 P 41cc5257674447fc8021ed79e8a47b3f [LEADER]: Connected to new peer: Peer: permanent_uuid: "4ab1e759fefd41d0b4531ff914b7b32f" member_type: VOTER last_known_addr { host: "127.24.89.131" port: 40777 }, Status: LMP_MISMATCH, Last received: 0.0, Next index: 1, Last known committed idx: 0, Time since last communication: 0.001s
I20260608 12:49:50.287617 29655 consensus_queue.cc:1048] T 1c2e2d7e86dd4511a0fb1e04cc0f9d89 P 41cc5257674447fc8021ed79e8a47b3f [LEADER]: Connected to new peer: Peer: permanent_uuid: "481fc89000df43f6a86aa1c63e3829d5" member_type: VOTER last_known_addr { host: "127.24.89.130" port: 37097 }, Status: LMP_MISMATCH, Last received: 0.0, Next index: 1, Last known committed idx: 0, Time since last communication: 0.000s
W20260608 12:49:51.146387 29338 outbound_call.cc:321] RPC callback for RPC call kudu.consensus.ConsensusService.UpdateConsensus -> {remote=127.24.89.130:37097, user_credentials={real_user=slave}} blocked reactor thread for 46823.6us
W20260608 12:49:51.177963 29711 log.cc:927] Time spent T 6f1d855bf370482e87aa25d36b2748e2 P 4ab1e759fefd41d0b4531ff914b7b32f: Append to log took a long time: real 0.209s	user 0.006s	sys 0.000s
W20260608 12:49:51.235728 29721 log.cc:927] Time spent T a658d32ad05d4f71b0b2062eda582c58 P 4ab1e759fefd41d0b4531ff914b7b32f: Append to log took a long time: real 0.062s	user 0.002s	sys 0.000s
W20260608 12:49:51.358304 29733 log.cc:927] Time spent T fe5c8c5856eb477d91117fff4e36dd07 P 4ab1e759fefd41d0b4531ff914b7b32f: Append to log took a long time: real 0.065s	user 0.000s	sys 0.000s
W20260608 12:49:51.379460 29736 log.cc:927] Time spent T 119dc6bbbb724d53970d4aeec2c544fb P 41cc5257674447fc8021ed79e8a47b3f: Append to log took a long time: real 0.052s	user 0.000s	sys 0.001s
