[==========] Running 24 tests from 2 test suites.
[----------] Global test environment set-up.
[----------] 22 tests from AutoRebalancerTest
[ RUN      ] AutoRebalancerTest.OnlyLeaderDoesAutoRebalancing
WARNING: Logging before InitGoogleLogging() is written to STDERR
I20260608 12:47:53.328002 24870 internal_mini_cluster.cc:156] Creating distributed mini masters. Addrs: 127.24.73.190:37823,127.24.73.189:37359,127.24.73.188:36559
I20260608 12:47:53.329995 24870 env_posix.cc:2267] Not raising this process' open files per process limit of 1048576; it is already as high as it can go
I20260608 12:47:53.331111 24870 file_cache.cc:492] Constructed file cache file cache with capacity 419430
I20260608 12:47:53.352226 24870 server_base.cc:1061] running on GCE node
W20260608 12:47:53.350310 24879 instance_detector.cc:116] could not retrieve OpenStack instance metadata: Network error: curl error: HTTP response code said error: The requested URL returned error: 404
W20260608 12:47:53.349767 24877 instance_detector.cc:116] could not retrieve Azure instance metadata: Network error: curl error: HTTP response code said error: The requested URL returned error: 404
W20260608 12:47:53.349761 24876 instance_detector.cc:116] could not retrieve AWS instance metadata: Network error: curl error: HTTP response code said error: The requested URL returned error: 404
I20260608 12:47:54.572656 24870 hybrid_clock.cc:584] initializing the hybrid clock with 'system_unsync' time source
W20260608 12:47:54.573005 24870 system_unsync_time.cc:38] NTP support is disabled. Clock error bounds will not be accurate. This configuration is not suitable for distributed clusters.
I20260608 12:47:54.573249 24870 hybrid_clock.cc:648] HybridClock initialized: now 1780922874573208 us; error 0 us; skew 500 ppm
I20260608 12:47:54.574260 24870 server_base.cc:861] Flag tcmalloc_max_total_thread_cache_bytes is not working since tcmalloc is not enabled.
I20260608 12:47:54.580114 24870 webserver.cc:533] Webserver started at http://127.24.73.190:42555/ using document root <none> and password file <none>
I20260608 12:47:54.581063 24870 fs_manager.cc:362] Metadata directory not provided
I20260608 12:47:54.581323 24870 fs_manager.cc:368] Using write-ahead log directory (fs_wal_dir) as metadata directory
I20260608 12:47:54.581835 24870 server_base.cc:909] This appears to be a new deployment of Kudu; creating new FS layout
I20260608 12:47:54.587993 24870 fs_manager.cc:1068] Generated new instance metadata in path /tmp/dist-test-taskoieCxj/test-tmp/auto_rebalancer-test.0.AutoRebalancerTest.OnlyLeaderDoesAutoRebalancing.1780922873140936-24870-0/minicluster-data/master-0-root/instance:
uuid: "cdd1cb12ee4d4812bd6f2b817677cf67"
format_stamp: "Formatted at 2026-06-08 12:47:54 on dist-test-slave-3x5b"
I20260608 12:47:54.596545 24870 fs_manager.cc:696] Time spent creating directory manager: real 0.008s	user 0.007s	sys 0.000s
I20260608 12:47:54.602626 24885 log_block_manager.cc:4031] Time spent loading block containers with low live blocks: real 0.000s	user 0.000s	sys 0.000s
I20260608 12:47:54.604575 24870 fs_manager.cc:730] Time spent opening block manager: real 0.005s	user 0.007s	sys 0.000s
I20260608 12:47:54.604957 24870 fs_manager.cc:647] Opened local filesystem: /tmp/dist-test-taskoieCxj/test-tmp/auto_rebalancer-test.0.AutoRebalancerTest.OnlyLeaderDoesAutoRebalancing.1780922873140936-24870-0/minicluster-data/master-0-root
uuid: "cdd1cb12ee4d4812bd6f2b817677cf67"
format_stamp: "Formatted at 2026-06-08 12:47:54 on dist-test-slave-3x5b"
I20260608 12:47:54.605367 24870 fs_report.cc:389] FS layout report
--------------------
wal directory: /tmp/dist-test-taskoieCxj/test-tmp/auto_rebalancer-test.0.AutoRebalancerTest.OnlyLeaderDoesAutoRebalancing.1780922873140936-24870-0/minicluster-data/master-0-root
metadata directory: /tmp/dist-test-taskoieCxj/test-tmp/auto_rebalancer-test.0.AutoRebalancerTest.OnlyLeaderDoesAutoRebalancing.1780922873140936-24870-0/minicluster-data/master-0-root
1 data directories: /tmp/dist-test-taskoieCxj/test-tmp/auto_rebalancer-test.0.AutoRebalancerTest.OnlyLeaderDoesAutoRebalancing.1780922873140936-24870-0/minicluster-data/master-0-root/data
Total live blocks: 0
Total live bytes: 0
Total live bytes (after alignment): 0
Total number of LBM containers: 0 (0 full)
Did not check for missing blocks
Did not check for orphaned blocks
Total full LBM containers with extra space: 0 (0 repaired)
Total full LBM container extra space in bytes: 0 (0 repaired)
Total incomplete LBM containers: 0 (0 repaired)
Total LBM partial records: 0 (0 repaired)
Total corrupted LBM metadata records in RocksDB: 0 (0 repaired)
I20260608 12:47:54.667761 24870 rpc_server.cc:225] running with OpenSSL 1.1.1  11 Sep 2018
I20260608 12:47:54.669474 24870 env_posix.cc:2267] Not raising this process' running threads per effective uid limit of 18446744073709551615; it is already as high as it can go
I20260608 12:47:54.669984 24870 kserver.cc:163] Server-wide thread pool size limit: 3276
I20260608 12:47:54.745864 24870 rpc_server.cc:307] RPC server started. Bound to: 127.24.73.190:37823
I20260608 12:47:54.745986 24936 acceptor_pool.cc:272] collecting diagnostics on the listening RPC socket 127.24.73.190:37823 every 8 connection(s)
I20260608 12:47:54.752429 24870 file_cache.cc:492] Constructed file cache file cache with capacity 419430
I20260608 12:47:54.754805 24937 data_dirs.cc:400] Could only allocate 1 dirs of requested 3 for tablet 00000000000000000000000000000000. 1 dirs total, 0 dirs full, 0 dirs failed
W20260608 12:47:54.759212 24939 instance_detector.cc:116] could not retrieve AWS instance metadata: Network error: curl error: HTTP response code said error: The requested URL returned error: 404
W20260608 12:47:54.760749 24940 instance_detector.cc:116] could not retrieve Azure instance metadata: Network error: curl error: HTTP response code said error: The requested URL returned error: 404
W20260608 12:47:54.764063 24942 instance_detector.cc:116] could not retrieve OpenStack instance metadata: Network error: curl error: HTTP response code said error: The requested URL returned error: 404
I20260608 12:47:54.764827 24870 server_base.cc:1061] running on GCE node
I20260608 12:47:54.765499 24870 hybrid_clock.cc:584] initializing the hybrid clock with 'system_unsync' time source
W20260608 12:47:54.765725 24870 system_unsync_time.cc:38] NTP support is disabled. Clock error bounds will not be accurate. This configuration is not suitable for distributed clusters.
I20260608 12:47:54.765909 24870 hybrid_clock.cc:648] HybridClock initialized: now 1780922874765886 us; error 0 us; skew 500 ppm
I20260608 12:47:54.766582 24870 server_base.cc:861] Flag tcmalloc_max_total_thread_cache_bytes is not working since tcmalloc is not enabled.
I20260608 12:47:54.770169 24870 webserver.cc:533] Webserver started at http://127.24.73.189:44973/ using document root <none> and password file <none>
I20260608 12:47:54.770750 24870 fs_manager.cc:362] Metadata directory not provided
I20260608 12:47:54.770978 24870 fs_manager.cc:368] Using write-ahead log directory (fs_wal_dir) as metadata directory
I20260608 12:47:54.771272 24870 server_base.cc:909] This appears to be a new deployment of Kudu; creating new FS layout
I20260608 12:47:54.772418 24870 fs_manager.cc:1068] Generated new instance metadata in path /tmp/dist-test-taskoieCxj/test-tmp/auto_rebalancer-test.0.AutoRebalancerTest.OnlyLeaderDoesAutoRebalancing.1780922873140936-24870-0/minicluster-data/master-1-root/instance:
uuid: "1af9b18e295745a698b091213d2ce6e1"
format_stamp: "Formatted at 2026-06-08 12:47:54 on dist-test-slave-3x5b"
I20260608 12:47:54.778002 24870 fs_manager.cc:696] Time spent creating directory manager: real 0.005s	user 0.005s	sys 0.000s
I20260608 12:47:54.776858 24937 sys_catalog.cc:422] member_type: VOTER last_known_addr { host: "127.24.73.190" port: 37823 } has no permanent_uuid. Determining permanent_uuid...
I20260608 12:47:54.782889 24947 log_block_manager.cc:4031] Time spent loading block containers with low live blocks: real 0.000s	user 0.000s	sys 0.000s
I20260608 12:47:54.784004 24870 fs_manager.cc:730] Time spent opening block manager: real 0.004s	user 0.003s	sys 0.000s
I20260608 12:47:54.784484 24870 fs_manager.cc:647] Opened local filesystem: /tmp/dist-test-taskoieCxj/test-tmp/auto_rebalancer-test.0.AutoRebalancerTest.OnlyLeaderDoesAutoRebalancing.1780922873140936-24870-0/minicluster-data/master-1-root
uuid: "1af9b18e295745a698b091213d2ce6e1"
format_stamp: "Formatted at 2026-06-08 12:47:54 on dist-test-slave-3x5b"
I20260608 12:47:54.784947 24870 fs_report.cc:389] FS layout report
--------------------
wal directory: /tmp/dist-test-taskoieCxj/test-tmp/auto_rebalancer-test.0.AutoRebalancerTest.OnlyLeaderDoesAutoRebalancing.1780922873140936-24870-0/minicluster-data/master-1-root
metadata directory: /tmp/dist-test-taskoieCxj/test-tmp/auto_rebalancer-test.0.AutoRebalancerTest.OnlyLeaderDoesAutoRebalancing.1780922873140936-24870-0/minicluster-data/master-1-root
1 data directories: /tmp/dist-test-taskoieCxj/test-tmp/auto_rebalancer-test.0.AutoRebalancerTest.OnlyLeaderDoesAutoRebalancing.1780922873140936-24870-0/minicluster-data/master-1-root/data
Total live blocks: 0
Total live bytes: 0
Total live bytes (after alignment): 0
Total number of LBM containers: 0 (0 full)
Did not check for missing blocks
Did not check for orphaned blocks
Total full LBM containers with extra space: 0 (0 repaired)
Total full LBM container extra space in bytes: 0 (0 repaired)
Total incomplete LBM containers: 0 (0 repaired)
Total LBM partial records: 0 (0 repaired)
Total corrupted LBM metadata records in RocksDB: 0 (0 repaired)
I20260608 12:47:54.811342 24937 sys_catalog.cc:422] member_type: VOTER last_known_addr { host: "127.24.73.189" port: 37359 } has no permanent_uuid. Determining permanent_uuid...
W20260608 12:47:54.814107 24888 proxy.cc:239] Call had error, refreshing address and retrying: Network error: Client connection negotiation failed: client connection to 127.24.73.189:37359: connect: Connection refused (error 111)
W20260608 12:47:54.818840 24937 consensus_peers.cc:760] Error getting permanent uuid from config peer 127.24.73.189:37359: Network error: Client connection negotiation failed: client connection to 127.24.73.189:37359: connect: Connection refused (error 111)
I20260608 12:47:54.829807 24870 rpc_server.cc:225] running with OpenSSL 1.1.1  11 Sep 2018
I20260608 12:47:54.831141 24870 kserver.cc:163] Server-wide thread pool size limit: 3276
I20260608 12:47:54.868811 24937 consensus_peers.cc:770] Retrying to get permanent uuid for remote peer: member_type: VOTER last_known_addr { host: "127.24.73.189" port: 37359 } attempt: 1
W20260608 12:47:54.875711 24937 consensus_peers.cc:760] Error getting permanent uuid from config peer 127.24.73.189:37359: Network error: Client connection negotiation failed: client connection to 127.24.73.189:37359: connect: Connection refused (error 111)
I20260608 12:47:54.902846 24870 rpc_server.cc:307] RPC server started. Bound to: 127.24.73.189:37359
I20260608 12:47:54.903198 25001 acceptor_pool.cc:272] collecting diagnostics on the listening RPC socket 127.24.73.189:37359 every 8 connection(s)
I20260608 12:47:54.908629 25002 data_dirs.cc:400] Could only allocate 1 dirs of requested 3 for tablet 00000000000000000000000000000000. 1 dirs total, 0 dirs full, 0 dirs failed
I20260608 12:47:54.909592 24870 file_cache.cc:492] Constructed file cache file cache with capacity 419430
I20260608 12:47:54.915601 25002 sys_catalog.cc:422] member_type: VOTER last_known_addr { host: "127.24.73.190" port: 37823 } has no permanent_uuid. Determining permanent_uuid...
W20260608 12:47:54.916222 25004 instance_detector.cc:116] could not retrieve AWS instance metadata: Network error: curl error: HTTP response code said error: The requested URL returned error: 404
W20260608 12:47:54.921953 25005 instance_detector.cc:116] could not retrieve Azure instance metadata: Network error: curl error: HTTP response code said error: The requested URL returned error: 404
I20260608 12:47:54.923661 24870 server_base.cc:1061] running on GCE node
W20260608 12:47:54.924225 25007 instance_detector.cc:116] could not retrieve OpenStack instance metadata: Network error: curl error: HTTP response code said error: The requested URL returned error: 404
I20260608 12:47:54.925323 24870 hybrid_clock.cc:584] initializing the hybrid clock with 'system_unsync' time source
W20260608 12:47:54.925592 24870 system_unsync_time.cc:38] NTP support is disabled. Clock error bounds will not be accurate. This configuration is not suitable for distributed clusters.
I20260608 12:47:54.925801 24870 hybrid_clock.cc:648] HybridClock initialized: now 1780922874925779 us; error 0 us; skew 500 ppm
I20260608 12:47:54.926455 24870 server_base.cc:861] Flag tcmalloc_max_total_thread_cache_bytes is not working since tcmalloc is not enabled.
I20260608 12:47:54.930225 24870 webserver.cc:533] Webserver started at http://127.24.73.188:40519/ using document root <none> and password file <none>
I20260608 12:47:54.930819 24870 fs_manager.cc:362] Metadata directory not provided
I20260608 12:47:54.931056 24870 fs_manager.cc:368] Using write-ahead log directory (fs_wal_dir) as metadata directory
I20260608 12:47:54.931427 24870 server_base.cc:909] This appears to be a new deployment of Kudu; creating new FS layout
I20260608 12:47:54.932796 25002 sys_catalog.cc:422] member_type: VOTER last_known_addr { host: "127.24.73.189" port: 37359 } has no permanent_uuid. Determining permanent_uuid...
I20260608 12:47:54.932950 24870 fs_manager.cc:1068] Generated new instance metadata in path /tmp/dist-test-taskoieCxj/test-tmp/auto_rebalancer-test.0.AutoRebalancerTest.OnlyLeaderDoesAutoRebalancing.1780922873140936-24870-0/minicluster-data/master-2-root/instance:
uuid: "e4f82abff381480b9b696047e0b0aa7e"
format_stamp: "Formatted at 2026-06-08 12:47:54 on dist-test-slave-3x5b"
I20260608 12:47:54.939270 24870 fs_manager.cc:696] Time spent creating directory manager: real 0.006s	user 0.003s	sys 0.003s
I20260608 12:47:54.944208 24937 consensus_peers.cc:770] Retrying to get permanent uuid for remote peer: member_type: VOTER last_known_addr { host: "127.24.73.189" port: 37359 } attempt: 2
I20260608 12:47:54.944521 25014 log_block_manager.cc:4031] Time spent loading block containers with low live blocks: real 0.000s	user 0.000s	sys 0.000s
I20260608 12:47:54.945531 24870 fs_manager.cc:730] Time spent opening block manager: real 0.004s	user 0.002s	sys 0.002s
I20260608 12:47:54.945935 24870 fs_manager.cc:647] Opened local filesystem: /tmp/dist-test-taskoieCxj/test-tmp/auto_rebalancer-test.0.AutoRebalancerTest.OnlyLeaderDoesAutoRebalancing.1780922873140936-24870-0/minicluster-data/master-2-root
uuid: "e4f82abff381480b9b696047e0b0aa7e"
format_stamp: "Formatted at 2026-06-08 12:47:54 on dist-test-slave-3x5b"
I20260608 12:47:54.946328 24870 fs_report.cc:389] FS layout report
--------------------
wal directory: /tmp/dist-test-taskoieCxj/test-tmp/auto_rebalancer-test.0.AutoRebalancerTest.OnlyLeaderDoesAutoRebalancing.1780922873140936-24870-0/minicluster-data/master-2-root
metadata directory: /tmp/dist-test-taskoieCxj/test-tmp/auto_rebalancer-test.0.AutoRebalancerTest.OnlyLeaderDoesAutoRebalancing.1780922873140936-24870-0/minicluster-data/master-2-root
1 data directories: /tmp/dist-test-taskoieCxj/test-tmp/auto_rebalancer-test.0.AutoRebalancerTest.OnlyLeaderDoesAutoRebalancing.1780922873140936-24870-0/minicluster-data/master-2-root/data
Total live blocks: 0
Total live bytes: 0
Total live bytes (after alignment): 0
Total number of LBM containers: 0 (0 full)
Did not check for missing blocks
Did not check for orphaned blocks
Total full LBM containers with extra space: 0 (0 repaired)
Total full LBM container extra space in bytes: 0 (0 repaired)
Total incomplete LBM containers: 0 (0 repaired)
Total LBM partial records: 0 (0 repaired)
Total corrupted LBM metadata records in RocksDB: 0 (0 repaired)
I20260608 12:47:54.950681 25002 sys_catalog.cc:422] member_type: VOTER last_known_addr { host: "127.24.73.188" port: 36559 } has no permanent_uuid. Determining permanent_uuid...
I20260608 12:47:54.960451 24937 sys_catalog.cc:422] member_type: VOTER last_known_addr { host: "127.24.73.188" port: 36559 } has no permanent_uuid. Determining permanent_uuid...
W20260608 12:47:54.961112 25002 consensus_peers.cc:760] Error getting permanent uuid from config peer 127.24.73.188:36559: Network error: Client connection negotiation failed: client connection to 127.24.73.188:36559: connect: Connection refused (error 111)
W20260608 12:47:54.965333 24937 consensus_peers.cc:760] Error getting permanent uuid from config peer 127.24.73.188:36559: Network error: Client connection negotiation failed: client connection to 127.24.73.188:36559: connect: Connection refused (error 111)
I20260608 12:47:54.986860 24870 rpc_server.cc:225] running with OpenSSL 1.1.1  11 Sep 2018
I20260608 12:47:54.988456 24870 kserver.cc:163] Server-wide thread pool size limit: 3276
I20260608 12:47:54.996800 24937 consensus_peers.cc:770] Retrying to get permanent uuid for remote peer: member_type: VOTER last_known_addr { host: "127.24.73.188" port: 36559 } attempt: 1
W20260608 12:47:55.001969 24937 consensus_peers.cc:760] Error getting permanent uuid from config peer 127.24.73.188:36559: Network error: Client connection negotiation failed: client connection to 127.24.73.188:36559: connect: Connection refused (error 111)
I20260608 12:47:55.005061 25002 consensus_peers.cc:770] Retrying to get permanent uuid for remote peer: member_type: VOTER last_known_addr { host: "127.24.73.188" port: 36559 } attempt: 1
W20260608 12:47:55.011999 25002 consensus_peers.cc:760] Error getting permanent uuid from config peer 127.24.73.188:36559: Network error: Client connection negotiation failed: client connection to 127.24.73.188:36559: connect: Connection refused (error 111)
I20260608 12:47:55.061262 24870 rpc_server.cc:307] RPC server started. Bound to: 127.24.73.188:36559
I20260608 12:47:55.061388 25067 acceptor_pool.cc:272] collecting diagnostics on the listening RPC socket 127.24.73.188:36559 every 8 connection(s)
I20260608 12:47:55.066146 24870 internal_mini_cluster.cc:184] Waiting to initialize catalog manager on master 0
I20260608 12:47:55.066706 25068 data_dirs.cc:400] Could only allocate 1 dirs of requested 3 for tablet 00000000000000000000000000000000. 1 dirs total, 0 dirs full, 0 dirs failed
I20260608 12:47:55.073169 25068 sys_catalog.cc:422] member_type: VOTER last_known_addr { host: "127.24.73.190" port: 37823 } has no permanent_uuid. Determining permanent_uuid...
I20260608 12:47:55.077630 24937 consensus_peers.cc:770] Retrying to get permanent uuid for remote peer: member_type: VOTER last_known_addr { host: "127.24.73.188" port: 36559 } attempt: 2
I20260608 12:47:55.079682 25002 consensus_peers.cc:770] Retrying to get permanent uuid for remote peer: member_type: VOTER last_known_addr { host: "127.24.73.188" port: 36559 } attempt: 2
I20260608 12:47:55.091315 25068 sys_catalog.cc:422] member_type: VOTER last_known_addr { host: "127.24.73.189" port: 37359 } has no permanent_uuid. Determining permanent_uuid...
I20260608 12:47:55.104009 25068 sys_catalog.cc:422] member_type: VOTER last_known_addr { host: "127.24.73.188" port: 36559 } has no permanent_uuid. Determining permanent_uuid...
I20260608 12:47:55.104261 24937 tablet_bootstrap.cc:492] T 00000000000000000000000000000000 P cdd1cb12ee4d4812bd6f2b817677cf67: Bootstrap starting.
I20260608 12:47:55.107537 25002 tablet_bootstrap.cc:492] T 00000000000000000000000000000000 P 1af9b18e295745a698b091213d2ce6e1: Bootstrap starting.
I20260608 12:47:55.113345 24937 tablet_bootstrap.cc:654] T 00000000000000000000000000000000 P cdd1cb12ee4d4812bd6f2b817677cf67: Neither blocks nor log segments found. Creating new log.
I20260608 12:47:55.114048 25002 tablet_bootstrap.cc:654] T 00000000000000000000000000000000 P 1af9b18e295745a698b091213d2ce6e1: Neither blocks nor log segments found. Creating new log.
I20260608 12:47:55.116081 24937 log.cc:826] T 00000000000000000000000000000000 P cdd1cb12ee4d4812bd6f2b817677cf67: Log is configured to *not* fsync() on all Append() calls
I20260608 12:47:55.125015 24937 tablet_bootstrap.cc:492] T 00000000000000000000000000000000 P cdd1cb12ee4d4812bd6f2b817677cf67: No bootstrap required, opened a new log
I20260608 12:47:55.127264 25068 tablet_bootstrap.cc:492] T 00000000000000000000000000000000 P e4f82abff381480b9b696047e0b0aa7e: Bootstrap starting.
I20260608 12:47:55.134405 25068 tablet_bootstrap.cc:654] T 00000000000000000000000000000000 P e4f82abff381480b9b696047e0b0aa7e: Neither blocks nor log segments found. Creating new log.
I20260608 12:47:55.136395 25002 tablet_bootstrap.cc:492] T 00000000000000000000000000000000 P 1af9b18e295745a698b091213d2ce6e1: No bootstrap required, opened a new log
I20260608 12:47:55.140587 25068 tablet_bootstrap.cc:492] T 00000000000000000000000000000000 P e4f82abff381480b9b696047e0b0aa7e: No bootstrap required, opened a new log
I20260608 12:47:55.150375 25068 raft_consensus.cc:359] T 00000000000000000000000000000000 P e4f82abff381480b9b696047e0b0aa7e [term 0 FOLLOWER]: Replica starting. Triggering 0 pending ops. Active config: opid_index: -1 OBSOLETE_local: false peers { permanent_uuid: "cdd1cb12ee4d4812bd6f2b817677cf67" member_type: VOTER last_known_addr { host: "127.24.73.190" port: 37823 } } peers { permanent_uuid: "1af9b18e295745a698b091213d2ce6e1" member_type: VOTER last_known_addr { host: "127.24.73.189" port: 37359 } } peers { permanent_uuid: "e4f82abff381480b9b696047e0b0aa7e" member_type: VOTER last_known_addr { host: "127.24.73.188" port: 36559 } }
I20260608 12:47:55.150383 25002 raft_consensus.cc:359] T 00000000000000000000000000000000 P 1af9b18e295745a698b091213d2ce6e1 [term 0 FOLLOWER]: Replica starting. Triggering 0 pending ops. Active config: opid_index: -1 OBSOLETE_local: false peers { permanent_uuid: "cdd1cb12ee4d4812bd6f2b817677cf67" member_type: VOTER last_known_addr { host: "127.24.73.190" port: 37823 } } peers { permanent_uuid: "1af9b18e295745a698b091213d2ce6e1" member_type: VOTER last_known_addr { host: "127.24.73.189" port: 37359 } } peers { permanent_uuid: "e4f82abff381480b9b696047e0b0aa7e" member_type: VOTER last_known_addr { host: "127.24.73.188" port: 36559 } }
I20260608 12:47:55.150383 24937 raft_consensus.cc:359] T 00000000000000000000000000000000 P cdd1cb12ee4d4812bd6f2b817677cf67 [term 0 FOLLOWER]: Replica starting. Triggering 0 pending ops. Active config: opid_index: -1 OBSOLETE_local: false peers { permanent_uuid: "cdd1cb12ee4d4812bd6f2b817677cf67" member_type: VOTER last_known_addr { host: "127.24.73.190" port: 37823 } } peers { permanent_uuid: "1af9b18e295745a698b091213d2ce6e1" member_type: VOTER last_known_addr { host: "127.24.73.189" port: 37359 } } peers { permanent_uuid: "e4f82abff381480b9b696047e0b0aa7e" member_type: VOTER last_known_addr { host: "127.24.73.188" port: 36559 } }
I20260608 12:47:55.151476 25002 raft_consensus.cc:385] T 00000000000000000000000000000000 P 1af9b18e295745a698b091213d2ce6e1 [term 0 FOLLOWER]: Consensus starting up: Expiring failure detector timer to make a prompt election more likely
I20260608 12:47:55.151525 24937 raft_consensus.cc:385] T 00000000000000000000000000000000 P cdd1cb12ee4d4812bd6f2b817677cf67 [term 0 FOLLOWER]: Consensus starting up: Expiring failure detector timer to make a prompt election more likely
I20260608 12:47:55.151486 25068 raft_consensus.cc:385] T 00000000000000000000000000000000 P e4f82abff381480b9b696047e0b0aa7e [term 0 FOLLOWER]: Consensus starting up: Expiring failure detector timer to make a prompt election more likely
I20260608 12:47:55.152050 24937 raft_consensus.cc:740] T 00000000000000000000000000000000 P cdd1cb12ee4d4812bd6f2b817677cf67 [term 0 FOLLOWER]: Becoming Follower/Learner. State: Replica: cdd1cb12ee4d4812bd6f2b817677cf67, State: Initialized, Role: FOLLOWER
I20260608 12:47:55.152092 25068 raft_consensus.cc:740] T 00000000000000000000000000000000 P e4f82abff381480b9b696047e0b0aa7e [term 0 FOLLOWER]: Becoming Follower/Learner. State: Replica: e4f82abff381480b9b696047e0b0aa7e, State: Initialized, Role: FOLLOWER
I20260608 12:47:55.151989 25002 raft_consensus.cc:740] T 00000000000000000000000000000000 P 1af9b18e295745a698b091213d2ce6e1 [term 0 FOLLOWER]: Becoming Follower/Learner. State: Replica: 1af9b18e295745a698b091213d2ce6e1, State: Initialized, Role: FOLLOWER
I20260608 12:47:55.153285 24937 consensus_queue.cc:260] T 00000000000000000000000000000000 P cdd1cb12ee4d4812bd6f2b817677cf67 [NON_LEADER]: Queue going to NON_LEADER mode. State: All replicated index: 0, Majority replicated index: 0, Committed index: 0, Last appended: 0.0, Last appended by leader: 0, Current term: 0, Majority size: -1, State: 0, Mode: NON_LEADER, active raft config: opid_index: -1 OBSOLETE_local: false peers { permanent_uuid: "cdd1cb12ee4d4812bd6f2b817677cf67" member_type: VOTER last_known_addr { host: "127.24.73.190" port: 37823 } } peers { permanent_uuid: "1af9b18e295745a698b091213d2ce6e1" member_type: VOTER last_known_addr { host: "127.24.73.189" port: 37359 } } peers { permanent_uuid: "e4f82abff381480b9b696047e0b0aa7e" member_type: VOTER last_known_addr { host: "127.24.73.188" port: 36559 } }
I20260608 12:47:55.153293 25002 consensus_queue.cc:260] T 00000000000000000000000000000000 P 1af9b18e295745a698b091213d2ce6e1 [NON_LEADER]: Queue going to NON_LEADER mode. State: All replicated index: 0, Majority replicated index: 0, Committed index: 0, Last appended: 0.0, Last appended by leader: 0, Current term: 0, Majority size: -1, State: 0, Mode: NON_LEADER, active raft config: opid_index: -1 OBSOLETE_local: false peers { permanent_uuid: "cdd1cb12ee4d4812bd6f2b817677cf67" member_type: VOTER last_known_addr { host: "127.24.73.190" port: 37823 } } peers { permanent_uuid: "1af9b18e295745a698b091213d2ce6e1" member_type: VOTER last_known_addr { host: "127.24.73.189" port: 37359 } } peers { permanent_uuid: "e4f82abff381480b9b696047e0b0aa7e" member_type: VOTER last_known_addr { host: "127.24.73.188" port: 36559 } }
I20260608 12:47:55.153290 25068 consensus_queue.cc:260] T 00000000000000000000000000000000 P e4f82abff381480b9b696047e0b0aa7e [NON_LEADER]: Queue going to NON_LEADER mode. State: All replicated index: 0, Majority replicated index: 0, Committed index: 0, Last appended: 0.0, Last appended by leader: 0, Current term: 0, Majority size: -1, State: 0, Mode: NON_LEADER, active raft config: opid_index: -1 OBSOLETE_local: false peers { permanent_uuid: "cdd1cb12ee4d4812bd6f2b817677cf67" member_type: VOTER last_known_addr { host: "127.24.73.190" port: 37823 } } peers { permanent_uuid: "1af9b18e295745a698b091213d2ce6e1" member_type: VOTER last_known_addr { host: "127.24.73.189" port: 37359 } } peers { permanent_uuid: "e4f82abff381480b9b696047e0b0aa7e" member_type: VOTER last_known_addr { host: "127.24.73.188" port: 36559 } }
I20260608 12:47:55.158630 25078 sys_catalog.cc:455] T 00000000000000000000000000000000 P e4f82abff381480b9b696047e0b0aa7e [sys.catalog]: SysCatalogTable state changed. Reason: RaftConsensus started. Latest consensus state: current_term: 0 committed_config { opid_index: -1 OBSOLETE_local: false peers { permanent_uuid: "cdd1cb12ee4d4812bd6f2b817677cf67" member_type: VOTER last_known_addr { host: "127.24.73.190" port: 37823 } } peers { permanent_uuid: "1af9b18e295745a698b091213d2ce6e1" member_type: VOTER last_known_addr { host: "127.24.73.189" port: 37359 } } peers { permanent_uuid: "e4f82abff381480b9b696047e0b0aa7e" member_type: VOTER last_known_addr { host: "127.24.73.188" port: 36559 } } }
I20260608 12:47:55.158658 25076 sys_catalog.cc:455] T 00000000000000000000000000000000 P 1af9b18e295745a698b091213d2ce6e1 [sys.catalog]: SysCatalogTable state changed. Reason: RaftConsensus started. Latest consensus state: current_term: 0 committed_config { opid_index: -1 OBSOLETE_local: false peers { permanent_uuid: "cdd1cb12ee4d4812bd6f2b817677cf67" member_type: VOTER last_known_addr { host: "127.24.73.190" port: 37823 } } peers { permanent_uuid: "1af9b18e295745a698b091213d2ce6e1" member_type: VOTER last_known_addr { host: "127.24.73.189" port: 37359 } } peers { permanent_uuid: "e4f82abff381480b9b696047e0b0aa7e" member_type: VOTER last_known_addr { host: "127.24.73.188" port: 36559 } } }
I20260608 12:47:55.159993 25078 sys_catalog.cc:458] T 00000000000000000000000000000000 P e4f82abff381480b9b696047e0b0aa7e [sys.catalog]: This master's current role is: FOLLOWER
I20260608 12:47:55.159993 25076 sys_catalog.cc:458] T 00000000000000000000000000000000 P 1af9b18e295745a698b091213d2ce6e1 [sys.catalog]: This master's current role is: FOLLOWER
I20260608 12:47:55.160897 25002 sys_catalog.cc:565] T 00000000000000000000000000000000 P 1af9b18e295745a698b091213d2ce6e1 [sys.catalog]: configured and running, proceeding with master startup.
I20260608 12:47:55.162533 25077 sys_catalog.cc:455] T 00000000000000000000000000000000 P cdd1cb12ee4d4812bd6f2b817677cf67 [sys.catalog]: SysCatalogTable state changed. Reason: RaftConsensus started. Latest consensus state: current_term: 0 committed_config { opid_index: -1 OBSOLETE_local: false peers { permanent_uuid: "cdd1cb12ee4d4812bd6f2b817677cf67" member_type: VOTER last_known_addr { host: "127.24.73.190" port: 37823 } } peers { permanent_uuid: "1af9b18e295745a698b091213d2ce6e1" member_type: VOTER last_known_addr { host: "127.24.73.189" port: 37359 } } peers { permanent_uuid: "e4f82abff381480b9b696047e0b0aa7e" member_type: VOTER last_known_addr { host: "127.24.73.188" port: 36559 } } }
I20260608 12:47:55.163115 25077 sys_catalog.cc:458] T 00000000000000000000000000000000 P cdd1cb12ee4d4812bd6f2b817677cf67 [sys.catalog]: This master's current role is: FOLLOWER
I20260608 12:47:55.165951 24937 sys_catalog.cc:565] T 00000000000000000000000000000000 P cdd1cb12ee4d4812bd6f2b817677cf67 [sys.catalog]: configured and running, proceeding with master startup.
I20260608 12:47:55.166348 25068 sys_catalog.cc:565] T 00000000000000000000000000000000 P e4f82abff381480b9b696047e0b0aa7e [sys.catalog]: configured and running, proceeding with master startup.
W20260608 12:47:55.176383 24891 tablet.cc:2404] T 00000000000000000000000000000000 P cdd1cb12ee4d4812bd6f2b817677cf67: Can't schedule compaction. Clean time has not been advanced past its initial value.
I20260608 12:47:55.222949 24870 internal_mini_cluster.cc:184] Waiting to initialize catalog manager on master 1
I20260608 12:47:55.223344 24870 internal_mini_cluster.cc:184] Waiting to initialize catalog manager on master 2
I20260608 12:47:55.225836 24870 file_cache.cc:492] Constructed file cache file cache with capacity 419430
W20260608 12:47:55.231007 25111 catalog_manager.cc:1593] T 00000000000000000000000000000000 P 1af9b18e295745a698b091213d2ce6e1: loading cluster ID for follower catalog manager: Not found: cluster ID entry not found
W20260608 12:47:55.231510 25111 catalog_manager.cc:883] Not found: cluster ID entry not found: failed to prepare follower catalog manager, will retry
W20260608 12:47:55.231451 25110 catalog_manager.cc:1593] T 00000000000000000000000000000000 P cdd1cb12ee4d4812bd6f2b817677cf67: loading cluster ID for follower catalog manager: Not found: cluster ID entry not found
W20260608 12:47:55.232147 25110 catalog_manager.cc:883] Not found: cluster ID entry not found: failed to prepare follower catalog manager, will retry
W20260608 12:47:55.236127 25109 catalog_manager.cc:1593] T 00000000000000000000000000000000 P e4f82abff381480b9b696047e0b0aa7e: loading cluster ID for follower catalog manager: Not found: cluster ID entry not found
W20260608 12:47:55.236605 25109 catalog_manager.cc:883] Not found: cluster ID entry not found: failed to prepare follower catalog manager, will retry
W20260608 12:47:55.238884 25113 instance_detector.cc:116] could not retrieve AWS instance metadata: Network error: curl error: HTTP response code said error: The requested URL returned error: 404
W20260608 12:47:55.240861 25114 instance_detector.cc:116] could not retrieve Azure instance metadata: Network error: curl error: HTTP response code said error: The requested URL returned error: 404
I20260608 12:47:55.245965 24870 server_base.cc:1061] running on GCE node
W20260608 12:47:55.246232 25116 instance_detector.cc:116] could not retrieve OpenStack instance metadata: Network error: curl error: HTTP response code said error: The requested URL returned error: 404
I20260608 12:47:55.247430 24870 hybrid_clock.cc:584] initializing the hybrid clock with 'system_unsync' time source
W20260608 12:47:55.247679 24870 system_unsync_time.cc:38] NTP support is disabled. Clock error bounds will not be accurate. This configuration is not suitable for distributed clusters.
I20260608 12:47:55.247942 24870 hybrid_clock.cc:648] HybridClock initialized: now 1780922875247921 us; error 0 us; skew 500 ppm
I20260608 12:47:55.248776 24870 server_base.cc:861] Flag tcmalloc_max_total_thread_cache_bytes is not working since tcmalloc is not enabled.
I20260608 12:47:55.252082 24870 webserver.cc:533] Webserver started at http://127.24.73.129:46775/ using document root <none> and password file <none>
I20260608 12:47:55.252723 24870 fs_manager.cc:362] Metadata directory not provided
I20260608 12:47:55.252955 24870 fs_manager.cc:368] Using write-ahead log directory (fs_wal_dir) as metadata directory
I20260608 12:47:55.253270 24870 server_base.cc:909] This appears to be a new deployment of Kudu; creating new FS layout
I20260608 12:47:55.253964 25076 raft_consensus.cc:493] T 00000000000000000000000000000000 P 1af9b18e295745a698b091213d2ce6e1 [term 0 FOLLOWER]: Starting pre-election (no leader contacted us within the election timeout)
I20260608 12:47:55.254657 25076 raft_consensus.cc:515] T 00000000000000000000000000000000 P 1af9b18e295745a698b091213d2ce6e1 [term 0 FOLLOWER]: Starting pre-election with config: opid_index: -1 OBSOLETE_local: false peers { permanent_uuid: "cdd1cb12ee4d4812bd6f2b817677cf67" member_type: VOTER last_known_addr { host: "127.24.73.190" port: 37823 } } peers { permanent_uuid: "1af9b18e295745a698b091213d2ce6e1" member_type: VOTER last_known_addr { host: "127.24.73.189" port: 37359 } } peers { permanent_uuid: "e4f82abff381480b9b696047e0b0aa7e" member_type: VOTER last_known_addr { host: "127.24.73.188" port: 36559 } }
I20260608 12:47:55.255081 24870 fs_manager.cc:1068] Generated new instance metadata in path /tmp/dist-test-taskoieCxj/test-tmp/auto_rebalancer-test.0.AutoRebalancerTest.OnlyLeaderDoesAutoRebalancing.1780922873140936-24870-0/minicluster-data/ts-0-root/instance:
uuid: "781fde4d5b8a4aaab331a034c9b8826c"
format_stamp: "Formatted at 2026-06-08 12:47:55 on dist-test-slave-3x5b"
I20260608 12:47:55.259310 24912 tablet_service.cc:1917] Received RequestConsensusVote() RPC: tablet_id: "00000000000000000000000000000000" candidate_uuid: "1af9b18e295745a698b091213d2ce6e1" candidate_term: 1 candidate_status { last_received { term: 0 index: 0 } } ignore_live_leader: false dest_uuid: "cdd1cb12ee4d4812bd6f2b817677cf67" is_pre_election: true
I20260608 12:47:55.260324 24912 raft_consensus.cc:2468] T 00000000000000000000000000000000 P cdd1cb12ee4d4812bd6f2b817677cf67 [term 0 FOLLOWER]: Leader pre-election vote request: Granting yes vote for candidate 1af9b18e295745a698b091213d2ce6e1 in term 0.
I20260608 12:47:55.260646 25076 leader_election.cc:290] T 00000000000000000000000000000000 P 1af9b18e295745a698b091213d2ce6e1 [CANDIDATE]: Term 1 pre-election: Requested pre-vote from peers cdd1cb12ee4d4812bd6f2b817677cf67 (127.24.73.190:37823), e4f82abff381480b9b696047e0b0aa7e (127.24.73.188:36559)
I20260608 12:47:55.262979 24870 fs_manager.cc:696] Time spent creating directory manager: real 0.007s	user 0.001s	sys 0.005s
I20260608 12:47:55.263034 24951 leader_election.cc:304] T 00000000000000000000000000000000 P 1af9b18e295745a698b091213d2ce6e1 [CANDIDATE]: Term 1 pre-election: Election decided. Result: candidate won. Election summary: received 2 responses out of 3 voters: 2 yes votes; 0 no votes. yes voters: 1af9b18e295745a698b091213d2ce6e1, cdd1cb12ee4d4812bd6f2b817677cf67; no voters: 
I20260608 12:47:55.264626 25042 tablet_service.cc:1917] Received RequestConsensusVote() RPC: tablet_id: "00000000000000000000000000000000" candidate_uuid: "1af9b18e295745a698b091213d2ce6e1" candidate_term: 1 candidate_status { last_received { term: 0 index: 0 } } ignore_live_leader: false dest_uuid: "e4f82abff381480b9b696047e0b0aa7e" is_pre_election: true
I20260608 12:47:55.265403 25042 raft_consensus.cc:2468] T 00000000000000000000000000000000 P e4f82abff381480b9b696047e0b0aa7e [term 0 FOLLOWER]: Leader pre-election vote request: Granting yes vote for candidate 1af9b18e295745a698b091213d2ce6e1 in term 0.
I20260608 12:47:55.266028 25076 raft_consensus.cc:2804] T 00000000000000000000000000000000 P 1af9b18e295745a698b091213d2ce6e1 [term 0 FOLLOWER]: Leader pre-election won for term 1
I20260608 12:47:55.266460 25076 raft_consensus.cc:493] T 00000000000000000000000000000000 P 1af9b18e295745a698b091213d2ce6e1 [term 0 FOLLOWER]: Starting leader election (no leader contacted us within the election timeout)
I20260608 12:47:55.266861 25076 raft_consensus.cc:3060] T 00000000000000000000000000000000 P 1af9b18e295745a698b091213d2ce6e1 [term 0 FOLLOWER]: Advancing to term 1
I20260608 12:47:55.270210 25121 log_block_manager.cc:4031] Time spent loading block containers with low live blocks: real 0.000s	user 0.000s	sys 0.000s
I20260608 12:47:55.271390 24870 fs_manager.cc:730] Time spent opening block manager: real 0.006s	user 0.005s	sys 0.000s
I20260608 12:47:55.271808 24870 fs_manager.cc:647] Opened local filesystem: /tmp/dist-test-taskoieCxj/test-tmp/auto_rebalancer-test.0.AutoRebalancerTest.OnlyLeaderDoesAutoRebalancing.1780922873140936-24870-0/minicluster-data/ts-0-root
uuid: "781fde4d5b8a4aaab331a034c9b8826c"
format_stamp: "Formatted at 2026-06-08 12:47:55 on dist-test-slave-3x5b"
I20260608 12:47:55.272257 24870 fs_report.cc:389] FS layout report
--------------------
wal directory: /tmp/dist-test-taskoieCxj/test-tmp/auto_rebalancer-test.0.AutoRebalancerTest.OnlyLeaderDoesAutoRebalancing.1780922873140936-24870-0/minicluster-data/ts-0-root
metadata directory: /tmp/dist-test-taskoieCxj/test-tmp/auto_rebalancer-test.0.AutoRebalancerTest.OnlyLeaderDoesAutoRebalancing.1780922873140936-24870-0/minicluster-data/ts-0-root
1 data directories: /tmp/dist-test-taskoieCxj/test-tmp/auto_rebalancer-test.0.AutoRebalancerTest.OnlyLeaderDoesAutoRebalancing.1780922873140936-24870-0/minicluster-data/ts-0-root/data
Total live blocks: 0
Total live bytes: 0
Total live bytes (after alignment): 0
Total number of LBM containers: 0 (0 full)
Did not check for missing blocks
Did not check for orphaned blocks
Total full LBM containers with extra space: 0 (0 repaired)
Total full LBM container extra space in bytes: 0 (0 repaired)
Total incomplete LBM containers: 0 (0 repaired)
Total LBM partial records: 0 (0 repaired)
Total corrupted LBM metadata records in RocksDB: 0 (0 repaired)
I20260608 12:47:55.274482 25076 raft_consensus.cc:515] T 00000000000000000000000000000000 P 1af9b18e295745a698b091213d2ce6e1 [term 1 FOLLOWER]: Starting leader election with config: opid_index: -1 OBSOLETE_local: false peers { permanent_uuid: "cdd1cb12ee4d4812bd6f2b817677cf67" member_type: VOTER last_known_addr { host: "127.24.73.190" port: 37823 } } peers { permanent_uuid: "1af9b18e295745a698b091213d2ce6e1" member_type: VOTER last_known_addr { host: "127.24.73.189" port: 37359 } } peers { permanent_uuid: "e4f82abff381480b9b696047e0b0aa7e" member_type: VOTER last_known_addr { host: "127.24.73.188" port: 36559 } }
I20260608 12:47:55.276643 25076 leader_election.cc:290] T 00000000000000000000000000000000 P 1af9b18e295745a698b091213d2ce6e1 [CANDIDATE]: Term 1 election: Requested vote from peers cdd1cb12ee4d4812bd6f2b817677cf67 (127.24.73.190:37823), e4f82abff381480b9b696047e0b0aa7e (127.24.73.188:36559)
I20260608 12:47:55.278041 24912 tablet_service.cc:1917] Received RequestConsensusVote() RPC: tablet_id: "00000000000000000000000000000000" candidate_uuid: "1af9b18e295745a698b091213d2ce6e1" candidate_term: 1 candidate_status { last_received { term: 0 index: 0 } } ignore_live_leader: false dest_uuid: "cdd1cb12ee4d4812bd6f2b817677cf67"
I20260608 12:47:55.278764 24912 raft_consensus.cc:3060] T 00000000000000000000000000000000 P cdd1cb12ee4d4812bd6f2b817677cf67 [term 0 FOLLOWER]: Advancing to term 1
I20260608 12:47:55.280817 25042 tablet_service.cc:1917] Received RequestConsensusVote() RPC: tablet_id: "00000000000000000000000000000000" candidate_uuid: "1af9b18e295745a698b091213d2ce6e1" candidate_term: 1 candidate_status { last_received { term: 0 index: 0 } } ignore_live_leader: false dest_uuid: "e4f82abff381480b9b696047e0b0aa7e"
I20260608 12:47:55.281554 25042 raft_consensus.cc:3060] T 00000000000000000000000000000000 P e4f82abff381480b9b696047e0b0aa7e [term 0 FOLLOWER]: Advancing to term 1
I20260608 12:47:55.287174 25042 raft_consensus.cc:2468] T 00000000000000000000000000000000 P e4f82abff381480b9b696047e0b0aa7e [term 1 FOLLOWER]: Leader election vote request: Granting yes vote for candidate 1af9b18e295745a698b091213d2ce6e1 in term 1.
I20260608 12:47:55.288949 24950 leader_election.cc:304] T 00000000000000000000000000000000 P 1af9b18e295745a698b091213d2ce6e1 [CANDIDATE]: Term 1 election: Election decided. Result: candidate won. Election summary: received 2 responses out of 3 voters: 2 yes votes; 0 no votes. yes voters: 1af9b18e295745a698b091213d2ce6e1, e4f82abff381480b9b696047e0b0aa7e; no voters: 
I20260608 12:47:55.290010 25076 raft_consensus.cc:2804] T 00000000000000000000000000000000 P 1af9b18e295745a698b091213d2ce6e1 [term 1 FOLLOWER]: Leader election won for term 1
I20260608 12:47:55.295260 24912 raft_consensus.cc:2468] T 00000000000000000000000000000000 P cdd1cb12ee4d4812bd6f2b817677cf67 [term 1 FOLLOWER]: Leader election vote request: Granting yes vote for candidate 1af9b18e295745a698b091213d2ce6e1 in term 1.
I20260608 12:47:55.298609 25076 raft_consensus.cc:697] T 00000000000000000000000000000000 P 1af9b18e295745a698b091213d2ce6e1 [term 1 LEADER]: Becoming Leader. State: Replica: 1af9b18e295745a698b091213d2ce6e1, State: Running, Role: LEADER
I20260608 12:47:55.299817 25076 consensus_queue.cc:237] T 00000000000000000000000000000000 P 1af9b18e295745a698b091213d2ce6e1 [LEADER]: Queue going to LEADER mode. State: All replicated index: 0, Majority replicated index: 0, Committed index: 0, Last appended: 0.0, Last appended by leader: 0, Current term: 1, Majority size: 2, State: 0, Mode: LEADER, active raft config: opid_index: -1 OBSOLETE_local: false peers { permanent_uuid: "cdd1cb12ee4d4812bd6f2b817677cf67" member_type: VOTER last_known_addr { host: "127.24.73.190" port: 37823 } } peers { permanent_uuid: "1af9b18e295745a698b091213d2ce6e1" member_type: VOTER last_known_addr { host: "127.24.73.189" port: 37359 } } peers { permanent_uuid: "e4f82abff381480b9b696047e0b0aa7e" member_type: VOTER last_known_addr { host: "127.24.73.188" port: 36559 } }
I20260608 12:47:55.313050 25126 sys_catalog.cc:455] T 00000000000000000000000000000000 P 1af9b18e295745a698b091213d2ce6e1 [sys.catalog]: SysCatalogTable state changed. Reason: New leader 1af9b18e295745a698b091213d2ce6e1. Latest consensus state: current_term: 1 leader_uuid: "1af9b18e295745a698b091213d2ce6e1" committed_config { opid_index: -1 OBSOLETE_local: false peers { permanent_uuid: "cdd1cb12ee4d4812bd6f2b817677cf67" member_type: VOTER last_known_addr { host: "127.24.73.190" port: 37823 } } peers { permanent_uuid: "1af9b18e295745a698b091213d2ce6e1" member_type: VOTER last_known_addr { host: "127.24.73.189" port: 37359 } } peers { permanent_uuid: "e4f82abff381480b9b696047e0b0aa7e" member_type: VOTER last_known_addr { host: "127.24.73.188" port: 36559 } } }
I20260608 12:47:55.313822 25126 sys_catalog.cc:458] T 00000000000000000000000000000000 P 1af9b18e295745a698b091213d2ce6e1 [sys.catalog]: This master's current role is: LEADER
I20260608 12:47:55.317215 25128 catalog_manager.cc:1510] Loading table and tablet metadata into memory...
I20260608 12:47:55.324040 25128 catalog_manager.cc:1519] Initializing Kudu cluster ID...
I20260608 12:47:55.328040 24870 rpc_server.cc:225] running with OpenSSL 1.1.1  11 Sep 2018
I20260608 12:47:55.330348 24870 kserver.cc:163] Server-wide thread pool size limit: 3276
I20260608 12:47:55.334257 24870 txn_system_client.cc:432] TxnSystemClient initialization is disabled...
I20260608 12:47:55.340415 24870 ts_tablet_manager.cc:585] Loaded tablet metadata (0 total tablets, 0 live tablets)
I20260608 12:47:55.340695 24870 ts_tablet_manager.cc:531] Time spent load tablet metadata: real 0.000s	user 0.000s	sys 0.000s
I20260608 12:47:55.340981 24870 ts_tablet_manager.cc:616] Registered 0 tablets
I20260608 12:47:55.341168 24870 ts_tablet_manager.cc:595] Time spent register tablets: real 0.000s	user 0.000s	sys 0.000s
I20260608 12:47:55.348299 25042 raft_consensus.cc:1275] T 00000000000000000000000000000000 P e4f82abff381480b9b696047e0b0aa7e [term 1 FOLLOWER]: Refusing update from remote peer 1af9b18e295745a698b091213d2ce6e1: Log matching property violated. Preceding OpId in replica: term: 0 index: 0. Preceding OpId from leader: term: 1 index: 2. (index mismatch)
I20260608 12:47:55.348440 24912 raft_consensus.cc:1275] T 00000000000000000000000000000000 P cdd1cb12ee4d4812bd6f2b817677cf67 [term 1 FOLLOWER]: Refusing update from remote peer 1af9b18e295745a698b091213d2ce6e1: Log matching property violated. Preceding OpId in replica: term: 0 index: 0. Preceding OpId from leader: term: 1 index: 2. (index mismatch)
I20260608 12:47:55.350978 25126 consensus_queue.cc:1048] T 00000000000000000000000000000000 P 1af9b18e295745a698b091213d2ce6e1 [LEADER]: Connected to new peer: Peer: permanent_uuid: "cdd1cb12ee4d4812bd6f2b817677cf67" member_type: VOTER last_known_addr { host: "127.24.73.190" port: 37823 }, Status: LMP_MISMATCH, Last received: 0.0, Next index: 1, Last known committed idx: 0, Time since last communication: 0.001s
I20260608 12:47:55.352039 25076 consensus_queue.cc:1048] T 00000000000000000000000000000000 P 1af9b18e295745a698b091213d2ce6e1 [LEADER]: Connected to new peer: Peer: permanent_uuid: "e4f82abff381480b9b696047e0b0aa7e" member_type: VOTER last_known_addr { host: "127.24.73.188" port: 36559 }, Status: LMP_MISMATCH, Last received: 0.0, Next index: 1, Last known committed idx: 0, Time since last communication: 0.000s
I20260608 12:47:55.375129 25077 sys_catalog.cc:455] T 00000000000000000000000000000000 P cdd1cb12ee4d4812bd6f2b817677cf67 [sys.catalog]: SysCatalogTable state changed. Reason: New leader 1af9b18e295745a698b091213d2ce6e1. Latest consensus state: current_term: 1 leader_uuid: "1af9b18e295745a698b091213d2ce6e1" committed_config { opid_index: -1 OBSOLETE_local: false peers { permanent_uuid: "cdd1cb12ee4d4812bd6f2b817677cf67" member_type: VOTER last_known_addr { host: "127.24.73.190" port: 37823 } } peers { permanent_uuid: "1af9b18e295745a698b091213d2ce6e1" member_type: VOTER last_known_addr { host: "127.24.73.189" port: 37359 } } peers { permanent_uuid: "e4f82abff381480b9b696047e0b0aa7e" member_type: VOTER last_known_addr { host: "127.24.73.188" port: 36559 } } }
I20260608 12:47:55.377225 25077 sys_catalog.cc:458] T 00000000000000000000000000000000 P cdd1cb12ee4d4812bd6f2b817677cf67 [sys.catalog]: This master's current role is: FOLLOWER
I20260608 12:47:55.380944 25078 sys_catalog.cc:455] T 00000000000000000000000000000000 P e4f82abff381480b9b696047e0b0aa7e [sys.catalog]: SysCatalogTable state changed. Reason: New leader 1af9b18e295745a698b091213d2ce6e1. Latest consensus state: current_term: 1 leader_uuid: "1af9b18e295745a698b091213d2ce6e1" committed_config { opid_index: -1 OBSOLETE_local: false peers { permanent_uuid: "cdd1cb12ee4d4812bd6f2b817677cf67" member_type: VOTER last_known_addr { host: "127.24.73.190" port: 37823 } } peers { permanent_uuid: "1af9b18e295745a698b091213d2ce6e1" member_type: VOTER last_known_addr { host: "127.24.73.189" port: 37359 } } peers { permanent_uuid: "e4f82abff381480b9b696047e0b0aa7e" member_type: VOTER last_known_addr { host: "127.24.73.188" port: 36559 } } }
I20260608 12:47:55.381788 25078 sys_catalog.cc:458] T 00000000000000000000000000000000 P e4f82abff381480b9b696047e0b0aa7e [sys.catalog]: This master's current role is: FOLLOWER
I20260608 12:47:55.388410 25130 mvcc.cc:204] Tried to move back new op lower bound from 7294660097395408896 to 7294660097240064000. Current Snapshot: MvccSnapshot[applied={T|T < 7294660097395408896}]
I20260608 12:47:55.397908 25078 sys_catalog.cc:455] T 00000000000000000000000000000000 P e4f82abff381480b9b696047e0b0aa7e [sys.catalog]: SysCatalogTable state changed. Reason: Replicated consensus-only round. Latest consensus state: current_term: 1 leader_uuid: "1af9b18e295745a698b091213d2ce6e1" committed_config { opid_index: -1 OBSOLETE_local: false peers { permanent_uuid: "cdd1cb12ee4d4812bd6f2b817677cf67" member_type: VOTER last_known_addr { host: "127.24.73.190" port: 37823 } } peers { permanent_uuid: "1af9b18e295745a698b091213d2ce6e1" member_type: VOTER last_known_addr { host: "127.24.73.189" port: 37359 } } peers { permanent_uuid: "e4f82abff381480b9b696047e0b0aa7e" member_type: VOTER last_known_addr { host: "127.24.73.188" port: 36559 } } }
I20260608 12:47:55.398716 25078 sys_catalog.cc:458] T 00000000000000000000000000000000 P e4f82abff381480b9b696047e0b0aa7e [sys.catalog]: This master's current role is: FOLLOWER
