I20260608 12:49:17.961268 28463 consensus_queue.cc:1048] T 145b446bec49493fbd8aa5490d1ba3ee P 255d4b8d12694b6098dc6f4ec095febf [LEADER]: Connected to new peer: Peer: permanent_uuid: "757e7c8901dd4c5f8321ab4c0b21c03f" member_type: VOTER last_known_addr { host: "127.24.92.4" port: 46737 } attrs { replace: true }, Status: LMP_MISMATCH, Last received: 0.0, Next index: 2, Last known committed idx: 1, Time since last communication: 0.000s
W20260608 12:49:17.962698 27999 consensus_peers.cc:597] T 145b446bec49493fbd8aa5490d1ba3ee P 255d4b8d12694b6098dc6f4ec095febf -> Peer 1a279d5432734f9cbe157733babb58e5 (127.24.92.3:38875): Couldn't send request to peer 1a279d5432734f9cbe157733babb58e5. Error code: TABLET_NOT_FOUND (6). Status: Not found: Tablet not found: 145b446bec49493fbd8aa5490d1ba3ee. This is attempt 1: this message will repeat every 5th retry.
I20260608 12:49:17.963647 27957 raft_consensus.cc:1275] T 145b446bec49493fbd8aa5490d1ba3ee P a2d6ea1dd26148dca70c43c3af142e13 [term 1 FOLLOWER]: Refusing update from remote peer 255d4b8d12694b6098dc6f4ec095febf: Log matching property violated. Preceding OpId in replica: term: 1 index: 1. Preceding OpId from leader: term: 1 index: 2. (index mismatch)
I20260608 12:49:17.965783 28463 consensus_queue.cc:1048] T 145b446bec49493fbd8aa5490d1ba3ee P 255d4b8d12694b6098dc6f4ec095febf [LEADER]: Connected to new peer: Peer: permanent_uuid: "a2d6ea1dd26148dca70c43c3af142e13" member_type: VOTER last_known_addr { host: "127.24.92.1" port: 38107 }, Status: LMP_MISMATCH, Last received: 0.0, Next index: 2, Last known committed idx: 1, Time since last communication: 0.000s
I20260608 12:49:17.968619 27957 raft_consensus.cc:1275] T a714270bc63644f6aa558de3e13c1692 P a2d6ea1dd26148dca70c43c3af142e13 [term 2 FOLLOWER]: Refusing update from remote peer 757e7c8901dd4c5f8321ab4c0b21c03f: Log matching property violated. Preceding OpId in replica: term: 1 index: 1. Preceding OpId from leader: term: 2 index: 2. (index mismatch)
I20260608 12:49:17.969929 28445 consensus_queue.cc:1048] T a714270bc63644f6aa558de3e13c1692 P 757e7c8901dd4c5f8321ab4c0b21c03f [LEADER]: Connected to new peer: Peer: permanent_uuid: "a2d6ea1dd26148dca70c43c3af142e13" member_type: VOTER last_known_addr { host: "127.24.92.1" port: 38107 }, Status: LMP_MISMATCH, Last received: 0.0, Next index: 2, Last known committed idx: 1, Time since last communication: 0.000s
I20260608 12:49:17.976568 28485 raft_consensus.cc:2955] T 145b446bec49493fbd8aa5490d1ba3ee P 255d4b8d12694b6098dc6f4ec095febf [term 1 LEADER]: Committing config change with OpId 1.2: config changed from index -1 to 2, NON_VOTER 1a279d5432734f9cbe157733babb58e5 (127.24.92.3) added. New config: { opid_index: 2 OBSOLETE_local: false peers { permanent_uuid: "a2d6ea1dd26148dca70c43c3af142e13" member_type: VOTER last_known_addr { host: "127.24.92.1" port: 38107 } } peers { permanent_uuid: "757e7c8901dd4c5f8321ab4c0b21c03f" member_type: VOTER last_known_addr { host: "127.24.92.4" port: 46737 } attrs { replace: true } } peers { permanent_uuid: "255d4b8d12694b6098dc6f4ec095febf" member_type: VOTER last_known_addr { host: "127.24.92.2" port: 33423 } } peers { permanent_uuid: "1a279d5432734f9cbe157733babb58e5" member_type: NON_VOTER last_known_addr { host: "127.24.92.3" port: 38875 } attrs { promote: true } } }
I20260608 12:49:17.978145 27958 raft_consensus.cc:2955] T 145b446bec49493fbd8aa5490d1ba3ee P a2d6ea1dd26148dca70c43c3af142e13 [term 1 FOLLOWER]: Committing config change with OpId 1.2: config changed from index -1 to 2, NON_VOTER 1a279d5432734f9cbe157733babb58e5 (127.24.92.3) added. New config: { opid_index: 2 OBSOLETE_local: false peers { permanent_uuid: "a2d6ea1dd26148dca70c43c3af142e13" member_type: VOTER last_known_addr { host: "127.24.92.1" port: 38107 } } peers { permanent_uuid: "757e7c8901dd4c5f8321ab4c0b21c03f" member_type: VOTER last_known_addr { host: "127.24.92.4" port: 46737 } attrs { replace: true } } peers { permanent_uuid: "255d4b8d12694b6098dc6f4ec095febf" member_type: VOTER last_known_addr { host: "127.24.92.2" port: 33423 } } peers { permanent_uuid: "1a279d5432734f9cbe157733babb58e5" member_type: NON_VOTER last_known_addr { host: "127.24.92.3" port: 38875 } attrs { promote: true } } }
I20260608 12:49:17.986316 28106 raft_consensus.cc:1275] T a714270bc63644f6aa558de3e13c1692 P 1a279d5432734f9cbe157733babb58e5 [term 2 FOLLOWER]: Refusing update from remote peer 757e7c8901dd4c5f8321ab4c0b21c03f: Log matching property violated. Preceding OpId in replica: term: 1 index: 1. Preceding OpId from leader: term: 2 index: 2. (index mismatch)
I20260608 12:49:17.988703 28445 consensus_queue.cc:1048] T a714270bc63644f6aa558de3e13c1692 P 757e7c8901dd4c5f8321ab4c0b21c03f [LEADER]: Connected to new peer: Peer: permanent_uuid: "1a279d5432734f9cbe157733babb58e5" member_type: VOTER last_known_addr { host: "127.24.92.3" port: 38875 }, Status: LMP_MISMATCH, Last received: 0.0, Next index: 2, Last known committed idx: 1, Time since last communication: 0.000s
I20260608 12:49:17.993566 28252 raft_consensus.cc:2955] T 145b446bec49493fbd8aa5490d1ba3ee P 757e7c8901dd4c5f8321ab4c0b21c03f [term 1 FOLLOWER]: Committing config change with OpId 1.2: config changed from index -1 to 2, NON_VOTER 1a279d5432734f9cbe157733babb58e5 (127.24.92.3) added. New config: { opid_index: 2 OBSOLETE_local: false peers { permanent_uuid: "a2d6ea1dd26148dca70c43c3af142e13" member_type: VOTER last_known_addr { host: "127.24.92.1" port: 38107 } } peers { permanent_uuid: "757e7c8901dd4c5f8321ab4c0b21c03f" member_type: VOTER last_known_addr { host: "127.24.92.4" port: 46737 } attrs { replace: true } } peers { permanent_uuid: "255d4b8d12694b6098dc6f4ec095febf" member_type: VOTER last_known_addr { host: "127.24.92.2" port: 33423 } } peers { permanent_uuid: "1a279d5432734f9cbe157733babb58e5" member_type: NON_VOTER last_known_addr { host: "127.24.92.3" port: 38875 } attrs { promote: true } } }
I20260608 12:49:18.002553 27856 catalog_manager.cc:5696] T 145b446bec49493fbd8aa5490d1ba3ee P 255d4b8d12694b6098dc6f4ec095febf reported cstate change: config changed from index -1 to 2, NON_VOTER 1a279d5432734f9cbe157733babb58e5 (127.24.92.3) added. New cstate: current_term: 1 leader_uuid: "255d4b8d12694b6098dc6f4ec095febf" committed_config { opid_index: 2 OBSOLETE_local: false peers { permanent_uuid: "a2d6ea1dd26148dca70c43c3af142e13" member_type: VOTER last_known_addr { host: "127.24.92.1" port: 38107 } health_report { overall_health: HEALTHY } } peers { permanent_uuid: "757e7c8901dd4c5f8321ab4c0b21c03f" member_type: VOTER last_known_addr { host: "127.24.92.4" port: 46737 } attrs { replace: true } health_report { overall_health: HEALTHY } } peers { permanent_uuid: "255d4b8d12694b6098dc6f4ec095febf" member_type: VOTER last_known_addr { host: "127.24.92.2" port: 33423 } health_report { overall_health: HEALTHY } } peers { permanent_uuid: "1a279d5432734f9cbe157733babb58e5" member_type: NON_VOTER last_known_addr { host: "127.24.92.3" port: 38875 } attrs { promote: true } health_report { overall_health: UNKNOWN } } }
I20260608 12:49:18.038404 27957 consensus_queue.cc:237] T a266222383cd4bf3aa30461ab89f1b81 P a2d6ea1dd26148dca70c43c3af142e13 [LEADER]: Queue going to LEADER mode. State: All replicated index: 0, Majority replicated index: 2, Committed index: 2, Last appended: 2.2, Last appended by leader: 1, Current term: 2, Majority size: 2, State: 0, Mode: LEADER, active raft config: opid_index: 3 OBSOLETE_local: false peers { permanent_uuid: "a2d6ea1dd26148dca70c43c3af142e13" member_type: VOTER last_known_addr { host: "127.24.92.1" port: 38107 } } peers { permanent_uuid: "255d4b8d12694b6098dc6f4ec095febf" member_type: VOTER last_known_addr { host: "127.24.92.2" port: 33423 } } peers { permanent_uuid: "1a279d5432734f9cbe157733babb58e5" member_type: VOTER last_known_addr { host: "127.24.92.3" port: 38875 } attrs { replace: true } } peers { permanent_uuid: "757e7c8901dd4c5f8321ab4c0b21c03f" member_type: NON_VOTER last_known_addr { host: "127.24.92.4" port: 46737 } attrs { promote: true } }
I20260608 12:49:18.046859 28106 raft_consensus.cc:1275] T a266222383cd4bf3aa30461ab89f1b81 P 1a279d5432734f9cbe157733babb58e5 [term 2 FOLLOWER]: Refusing update from remote peer a2d6ea1dd26148dca70c43c3af142e13: Log matching property violated. Preceding OpId in replica: term: 2 index: 2. Preceding OpId from leader: term: 2 index: 3. (index mismatch)
I20260608 12:49:18.046895 28033 raft_consensus.cc:1275] T a266222383cd4bf3aa30461ab89f1b81 P 255d4b8d12694b6098dc6f4ec095febf [term 2 FOLLOWER]: Refusing update from remote peer a2d6ea1dd26148dca70c43c3af142e13: Log matching property violated. Preceding OpId in replica: term: 2 index: 2. Preceding OpId from leader: term: 2 index: 3. (index mismatch)
W20260608 12:49:18.047482 27924 consensus_peers.cc:597] T a266222383cd4bf3aa30461ab89f1b81 P a2d6ea1dd26148dca70c43c3af142e13 -> Peer 757e7c8901dd4c5f8321ab4c0b21c03f (127.24.92.4:46737): Couldn't send request to peer 757e7c8901dd4c5f8321ab4c0b21c03f. Error code: TABLET_NOT_FOUND (6). Status: Not found: Tablet not found: a266222383cd4bf3aa30461ab89f1b81. This is attempt 1: this message will repeat every 5th retry.
I20260608 12:49:18.048373 28474 consensus_queue.cc:1048] T a266222383cd4bf3aa30461ab89f1b81 P a2d6ea1dd26148dca70c43c3af142e13 [LEADER]: Connected to new peer: Peer: permanent_uuid: "1a279d5432734f9cbe157733babb58e5" member_type: VOTER last_known_addr { host: "127.24.92.3" port: 38875 } attrs { replace: true }, Status: LMP_MISMATCH, Last received: 0.0, Next index: 3, Last known committed idx: 2, Time since last communication: 0.000s
I20260608 12:49:18.049100 28481 consensus_queue.cc:1048] T a266222383cd4bf3aa30461ab89f1b81 P a2d6ea1dd26148dca70c43c3af142e13 [LEADER]: Connected to new peer: Peer: permanent_uuid: "255d4b8d12694b6098dc6f4ec095febf" member_type: VOTER last_known_addr { host: "127.24.92.2" port: 33423 }, Status: LMP_MISMATCH, Last received: 0.0, Next index: 3, Last known committed idx: 2, Time since last communication: 0.000s
I20260608 12:49:18.056309 28474 raft_consensus.cc:2955] T a266222383cd4bf3aa30461ab89f1b81 P a2d6ea1dd26148dca70c43c3af142e13 [term 2 LEADER]: Committing config change with OpId 2.3: config changed from index -1 to 3, NON_VOTER 757e7c8901dd4c5f8321ab4c0b21c03f (127.24.92.4) added. New config: { opid_index: 3 OBSOLETE_local: false peers { permanent_uuid: "a2d6ea1dd26148dca70c43c3af142e13" member_type: VOTER last_known_addr { host: "127.24.92.1" port: 38107 } } peers { permanent_uuid: "255d4b8d12694b6098dc6f4ec095febf" member_type: VOTER last_known_addr { host: "127.24.92.2" port: 33423 } } peers { permanent_uuid: "1a279d5432734f9cbe157733babb58e5" member_type: VOTER last_known_addr { host: "127.24.92.3" port: 38875 } attrs { replace: true } } peers { permanent_uuid: "757e7c8901dd4c5f8321ab4c0b21c03f" member_type: NON_VOTER last_known_addr { host: "127.24.92.4" port: 46737 } attrs { promote: true } } }
I20260608 12:49:18.057675 28033 raft_consensus.cc:2955] T a266222383cd4bf3aa30461ab89f1b81 P 255d4b8d12694b6098dc6f4ec095febf [term 2 FOLLOWER]: Committing config change with OpId 2.3: config changed from index -1 to 3, NON_VOTER 757e7c8901dd4c5f8321ab4c0b21c03f (127.24.92.4) added. New config: { opid_index: 3 OBSOLETE_local: false peers { permanent_uuid: "a2d6ea1dd26148dca70c43c3af142e13" member_type: VOTER last_known_addr { host: "127.24.92.1" port: 38107 } } peers { permanent_uuid: "255d4b8d12694b6098dc6f4ec095febf" member_type: VOTER last_known_addr { host: "127.24.92.2" port: 33423 } } peers { permanent_uuid: "1a279d5432734f9cbe157733babb58e5" member_type: VOTER last_known_addr { host: "127.24.92.3" port: 38875 } attrs { replace: true } } peers { permanent_uuid: "757e7c8901dd4c5f8321ab4c0b21c03f" member_type: NON_VOTER last_known_addr { host: "127.24.92.4" port: 46737 } attrs { promote: true } } }
I20260608 12:49:18.058133 28106 raft_consensus.cc:2955] T a266222383cd4bf3aa30461ab89f1b81 P 1a279d5432734f9cbe157733babb58e5 [term 2 FOLLOWER]: Committing config change with OpId 2.3: config changed from index -1 to 3, NON_VOTER 757e7c8901dd4c5f8321ab4c0b21c03f (127.24.92.4) added. New config: { opid_index: 3 OBSOLETE_local: false peers { permanent_uuid: "a2d6ea1dd26148dca70c43c3af142e13" member_type: VOTER last_known_addr { host: "127.24.92.1" port: 38107 } } peers { permanent_uuid: "255d4b8d12694b6098dc6f4ec095febf" member_type: VOTER last_known_addr { host: "127.24.92.2" port: 33423 } } peers { permanent_uuid: "1a279d5432734f9cbe157733babb58e5" member_type: VOTER last_known_addr { host: "127.24.92.3" port: 38875 } attrs { replace: true } } peers { permanent_uuid: "757e7c8901dd4c5f8321ab4c0b21c03f" member_type: NON_VOTER last_known_addr { host: "127.24.92.4" port: 46737 } attrs { promote: true } } }
I20260608 12:49:18.068912 27856 catalog_manager.cc:5696] T a266222383cd4bf3aa30461ab89f1b81 P 255d4b8d12694b6098dc6f4ec095febf reported cstate change: config changed from index -1 to 3, NON_VOTER 757e7c8901dd4c5f8321ab4c0b21c03f (127.24.92.4) added. New cstate: current_term: 2 leader_uuid: "a2d6ea1dd26148dca70c43c3af142e13" committed_config { opid_index: 3 OBSOLETE_local: false peers { permanent_uuid: "a2d6ea1dd26148dca70c43c3af142e13" member_type: VOTER last_known_addr { host: "127.24.92.1" port: 38107 } } peers { permanent_uuid: "255d4b8d12694b6098dc6f4ec095febf" member_type: VOTER last_known_addr { host: "127.24.92.2" port: 33423 } } peers { permanent_uuid: "1a279d5432734f9cbe157733babb58e5" member_type: VOTER last_known_addr { host: "127.24.92.3" port: 38875 } attrs { replace: true } } peers { permanent_uuid: "757e7c8901dd4c5f8321ab4c0b21c03f" member_type: NON_VOTER last_known_addr { host: "127.24.92.4" port: 46737 } attrs { promote: true } } }
I20260608 12:49:18.082309 28252 consensus_queue.cc:237] T ed2307709dc74e89bc15d663c6d27f4e P 757e7c8901dd4c5f8321ab4c0b21c03f [LEADER]: Queue going to LEADER mode. State: All replicated index: 0, Majority replicated index: 1, Committed index: 1, Last appended: 2.1, Last appended by leader: 0, Current term: 2, Majority size: 2, State: 0, Mode: LEADER, active raft config: opid_index: 2 OBSOLETE_local: false peers { permanent_uuid: "1a279d5432734f9cbe157733babb58e5" member_type: VOTER last_known_addr { host: "127.24.92.3" port: 38875 } } peers { permanent_uuid: "757e7c8901dd4c5f8321ab4c0b21c03f" member_type: VOTER last_known_addr { host: "127.24.92.4" port: 46737 } attrs { replace: true } } peers { permanent_uuid: "a2d6ea1dd26148dca70c43c3af142e13" member_type: VOTER last_known_addr { host: "127.24.92.1" port: 38107 } } peers { permanent_uuid: "255d4b8d12694b6098dc6f4ec095febf" member_type: NON_VOTER last_known_addr { host: "127.24.92.2" port: 33423 } attrs { promote: true } }
I20260608 12:49:18.089841 28106 raft_consensus.cc:1275] T ed2307709dc74e89bc15d663c6d27f4e P 1a279d5432734f9cbe157733babb58e5 [term 2 FOLLOWER]: Refusing update from remote peer 757e7c8901dd4c5f8321ab4c0b21c03f: Log matching property violated. Preceding OpId in replica: term: 2 index: 1. Preceding OpId from leader: term: 2 index: 2. (index mismatch)
W20260608 12:49:18.090232 28221 consensus_peers.cc:597] T ed2307709dc74e89bc15d663c6d27f4e P 757e7c8901dd4c5f8321ab4c0b21c03f -> Peer 255d4b8d12694b6098dc6f4ec095febf (127.24.92.2:33423): Couldn't send request to peer 255d4b8d12694b6098dc6f4ec095febf. Error code: TABLET_NOT_FOUND (6). Status: Not found: Tablet not found: ed2307709dc74e89bc15d663c6d27f4e. This is attempt 1: this message will repeat every 5th retry.
I20260608 12:49:18.091171 28492 consensus_queue.cc:1048] T ed2307709dc74e89bc15d663c6d27f4e P 757e7c8901dd4c5f8321ab4c0b21c03f [LEADER]: Connected to new peer: Peer: permanent_uuid: "1a279d5432734f9cbe157733babb58e5" member_type: VOTER last_known_addr { host: "127.24.92.3" port: 38875 }, Status: LMP_MISMATCH, Last received: 0.0, Next index: 2, Last known committed idx: 1, Time since last communication: 0.000s
I20260608 12:49:18.091747 27957 raft_consensus.cc:1275] T ed2307709dc74e89bc15d663c6d27f4e P a2d6ea1dd26148dca70c43c3af142e13 [term 2 FOLLOWER]: Refusing update from remote peer 757e7c8901dd4c5f8321ab4c0b21c03f: Log matching property violated. Preceding OpId in replica: term: 2 index: 1. Preceding OpId from leader: term: 2 index: 2. (index mismatch)
I20260608 12:49:18.093410 28492 consensus_queue.cc:1048] T ed2307709dc74e89bc15d663c6d27f4e P 757e7c8901dd4c5f8321ab4c0b21c03f [LEADER]: Connected to new peer: Peer: permanent_uuid: "a2d6ea1dd26148dca70c43c3af142e13" member_type: VOTER last_known_addr { host: "127.24.92.1" port: 38107 }, Status: LMP_MISMATCH, Last received: 0.0, Next index: 2, Last known committed idx: 1, Time since last communication: 0.000s
I20260608 12:49:18.098402 28445 raft_consensus.cc:2955] T ed2307709dc74e89bc15d663c6d27f4e P 757e7c8901dd4c5f8321ab4c0b21c03f [term 2 LEADER]: Committing config change with OpId 2.2: config changed from index -1 to 2, NON_VOTER 255d4b8d12694b6098dc6f4ec095febf (127.24.92.2) added. New config: { opid_index: 2 OBSOLETE_local: false peers { permanent_uuid: "1a279d5432734f9cbe157733babb58e5" member_type: VOTER last_known_addr { host: "127.24.92.3" port: 38875 } } peers { permanent_uuid: "757e7c8901dd4c5f8321ab4c0b21c03f" member_type: VOTER last_known_addr { host: "127.24.92.4" port: 46737 } attrs { replace: true } } peers { permanent_uuid: "a2d6ea1dd26148dca70c43c3af142e13" member_type: VOTER last_known_addr { host: "127.24.92.1" port: 38107 } } peers { permanent_uuid: "255d4b8d12694b6098dc6f4ec095febf" member_type: NON_VOTER last_known_addr { host: "127.24.92.2" port: 33423 } attrs { promote: true } } }
I20260608 12:49:18.100039 28106 raft_consensus.cc:2955] T ed2307709dc74e89bc15d663c6d27f4e P 1a279d5432734f9cbe157733babb58e5 [term 2 FOLLOWER]: Committing config change with OpId 2.2: config changed from index -1 to 2, NON_VOTER 255d4b8d12694b6098dc6f4ec095febf (127.24.92.2) added. New config: { opid_index: 2 OBSOLETE_local: false peers { permanent_uuid: "1a279d5432734f9cbe157733babb58e5" member_type: VOTER last_known_addr { host: "127.24.92.3" port: 38875 } } peers { permanent_uuid: "757e7c8901dd4c5f8321ab4c0b21c03f" member_type: VOTER last_known_addr { host: "127.24.92.4" port: 46737 } attrs { replace: true } } peers { permanent_uuid: "a2d6ea1dd26148dca70c43c3af142e13" member_type: VOTER last_known_addr { host: "127.24.92.1" port: 38107 } } peers { permanent_uuid: "255d4b8d12694b6098dc6f4ec095febf" member_type: NON_VOTER last_known_addr { host: "127.24.92.2" port: 33423 } attrs { promote: true } } }
I20260608 12:49:18.102101 27957 raft_consensus.cc:2955] T ed2307709dc74e89bc15d663c6d27f4e P a2d6ea1dd26148dca70c43c3af142e13 [term 2 FOLLOWER]: Committing config change with OpId 2.2: config changed from index -1 to 2, NON_VOTER 255d4b8d12694b6098dc6f4ec095febf (127.24.92.2) added. New config: { opid_index: 2 OBSOLETE_local: false peers { permanent_uuid: "1a279d5432734f9cbe157733babb58e5" member_type: VOTER last_known_addr { host: "127.24.92.3" port: 38875 } } peers { permanent_uuid: "757e7c8901dd4c5f8321ab4c0b21c03f" member_type: VOTER last_known_addr { host: "127.24.92.4" port: 46737 } attrs { replace: true } } peers { permanent_uuid: "a2d6ea1dd26148dca70c43c3af142e13" member_type: VOTER last_known_addr { host: "127.24.92.1" port: 38107 } } peers { permanent_uuid: "255d4b8d12694b6098dc6f4ec095febf" member_type: NON_VOTER last_known_addr { host: "127.24.92.2" port: 33423 } attrs { promote: true } } }
I20260608 12:49:18.108577 27852 catalog_manager.cc:5696] T ed2307709dc74e89bc15d663c6d27f4e P 1a279d5432734f9cbe157733babb58e5 reported cstate change: config changed from index -1 to 2, NON_VOTER 255d4b8d12694b6098dc6f4ec095febf (127.24.92.2) added. New cstate: current_term: 2 leader_uuid: "757e7c8901dd4c5f8321ab4c0b21c03f" committed_config { opid_index: 2 OBSOLETE_local: false peers { permanent_uuid: "1a279d5432734f9cbe157733babb58e5" member_type: VOTER last_known_addr { host: "127.24.92.3" port: 38875 } } peers { permanent_uuid: "757e7c8901dd4c5f8321ab4c0b21c03f" member_type: VOTER last_known_addr { host: "127.24.92.4" port: 46737 } attrs { replace: true } } peers { permanent_uuid: "a2d6ea1dd26148dca70c43c3af142e13" member_type: VOTER last_known_addr { host: "127.24.92.1" port: 38107 } } peers { permanent_uuid: "255d4b8d12694b6098dc6f4ec095febf" member_type: NON_VOTER last_known_addr { host: "127.24.92.2" port: 33423 } attrs { promote: true } } }
I20260608 12:49:18.119223 28252 tablet_service.cc:2072] Received LeaderStepDown RPC: tablet_id: "ed2307709dc74e89bc15d663c6d27f4e"
dest_uuid: "757e7c8901dd4c5f8321ab4c0b21c03f"
mode: GRACEFUL
 from {username='slave'} at 127.0.0.1:37808
I20260608 12:49:18.119676 28252 raft_consensus.cc:606] T ed2307709dc74e89bc15d663c6d27f4e P 757e7c8901dd4c5f8321ab4c0b21c03f [term 2 LEADER]: Received request to transfer leadership
I20260608 12:49:18.123638 28252 tablet_service.cc:2072] Received LeaderStepDown RPC: tablet_id: "ed2307709dc74e89bc15d663c6d27f4e"
dest_uuid: "757e7c8901dd4c5f8321ab4c0b21c03f"
mode: GRACEFUL
 from {username='slave'} at 127.0.0.1:37808
I20260608 12:49:18.124120 28252 raft_consensus.cc:606] T ed2307709dc74e89bc15d663c6d27f4e P 757e7c8901dd4c5f8321ab4c0b21c03f [term 2 LEADER]: Received request to transfer leadership
W20260608 12:49:18.125101 27843 proxy.cc:239] Call had error, refreshing address and retrying: Remote error: Service unavailable: leadership transfer for ed2307709dc74e89bc15d663c6d27f4e already in progress
I20260608 12:49:18.127559 28252 tablet_service.cc:2072] Received LeaderStepDown RPC: tablet_id: "ed2307709dc74e89bc15d663c6d27f4e"
dest_uuid: "757e7c8901dd4c5f8321ab4c0b21c03f"
mode: GRACEFUL
 from {username='slave'} at 127.0.0.1:37808
I20260608 12:49:18.128064 28252 raft_consensus.cc:606] T ed2307709dc74e89bc15d663c6d27f4e P 757e7c8901dd4c5f8321ab4c0b21c03f [term 2 LEADER]: Received request to transfer leadership
W20260608 12:49:18.131357 27904 auto_rebalancer.cc:855] Removing replace marker failed: Service unavailable: leader transfer in progress
W20260608 12:49:18.131637 27904 auto_rebalancer.cc:863] Could not move replica: Remote error: Service unavailable: leadership transfer for ed2307709dc74e89bc15d663c6d27f4e already in progress
W20260608 12:49:18.131839 27904 auto_rebalancer.cc:301] scheduled replica move failed to complete: Remote error: Service unavailable: leadership transfer for ed2307709dc74e89bc15d663c6d27f4e already in progress
I20260608 12:49:18.420316 28511 ts_tablet_manager.cc:933] T 5a71662d20a447b4b84edf2759c48dd5 P 757e7c8901dd4c5f8321ab4c0b21c03f: Initiating tablet copy from peer 1a279d5432734f9cbe157733babb58e5 (127.24.92.3:38875)
I20260608 12:49:18.422147 28511 tablet_copy_client.cc:323] T 5a71662d20a447b4b84edf2759c48dd5 P 757e7c8901dd4c5f8321ab4c0b21c03f: tablet copy: Beginning tablet copy session from remote peer at address 127.24.92.3:38875
I20260608 12:49:18.423580 28116 tablet_copy_service.cc:140] P 1a279d5432734f9cbe157733babb58e5: Received BeginTabletCopySession request for tablet 5a71662d20a447b4b84edf2759c48dd5 from peer 757e7c8901dd4c5f8321ab4c0b21c03f ({username='slave'} at 127.0.0.1:50382)
I20260608 12:49:18.424067 28116 tablet_copy_service.cc:161] P 1a279d5432734f9cbe157733babb58e5: Beginning new tablet copy session on tablet 5a71662d20a447b4b84edf2759c48dd5 from peer 757e7c8901dd4c5f8321ab4c0b21c03f at {username='slave'} at 127.0.0.1:50382: session id = 757e7c8901dd4c5f8321ab4c0b21c03f-5a71662d20a447b4b84edf2759c48dd5
I20260608 12:49:18.429685 28116 tablet_copy_source_session.cc:215] T 5a71662d20a447b4b84edf2759c48dd5 P 1a279d5432734f9cbe157733babb58e5: Tablet Copy: opened 0 blocks and 1 log segments
I20260608 12:49:18.432139 28511 data_dirs.cc:400] Could only allocate 1 dirs of requested 3 for tablet 5a71662d20a447b4b84edf2759c48dd5. 1 dirs total, 0 dirs full, 0 dirs failed
I20260608 12:49:18.445185 28511 tablet_copy_client.cc:806] T 5a71662d20a447b4b84edf2759c48dd5 P 757e7c8901dd4c5f8321ab4c0b21c03f: tablet copy: Starting download of 0 data blocks...
I20260608 12:49:18.445736 28511 tablet_copy_client.cc:670] T 5a71662d20a447b4b84edf2759c48dd5 P 757e7c8901dd4c5f8321ab4c0b21c03f: tablet copy: Starting download of 1 WAL segments...
I20260608 12:49:18.449456 28511 tablet_copy_client.cc:538] T 5a71662d20a447b4b84edf2759c48dd5 P 757e7c8901dd4c5f8321ab4c0b21c03f: tablet copy: Tablet Copy complete. Replacing tablet superblock.
I20260608 12:49:18.456921 28511 tablet_bootstrap.cc:492] T 5a71662d20a447b4b84edf2759c48dd5 P 757e7c8901dd4c5f8321ab4c0b21c03f: Bootstrap starting.
I20260608 12:49:18.472864 28511 tablet_bootstrap.cc:492] T 5a71662d20a447b4b84edf2759c48dd5 P 757e7c8901dd4c5f8321ab4c0b21c03f: Bootstrap replayed 1/1 log segments. Stats: ops{read=2 overwritten=0 applied=2 ignored=0} inserts{seen=0 ignored=0} mutations{seen=0 ignored=0} orphaned_commits=0. Pending: 0 replicates
I20260608 12:49:18.473469 28511 tablet_bootstrap.cc:492] T 5a71662d20a447b4b84edf2759c48dd5 P 757e7c8901dd4c5f8321ab4c0b21c03f: Bootstrap complete.
I20260608 12:49:18.473930 28511 ts_tablet_manager.cc:1403] T 5a71662d20a447b4b84edf2759c48dd5 P 757e7c8901dd4c5f8321ab4c0b21c03f: Time spent bootstrapping tablet: real 0.017s	user 0.015s	sys 0.001s
I20260608 12:49:18.476085 28511 raft_consensus.cc:359] T 5a71662d20a447b4b84edf2759c48dd5 P 757e7c8901dd4c5f8321ab4c0b21c03f [term 1 LEARNER]: Replica starting. Triggering 0 pending ops. Active config: opid_index: 2 OBSOLETE_local: false peers { permanent_uuid: "a2d6ea1dd26148dca70c43c3af142e13" member_type: VOTER last_known_addr { host: "127.24.92.1" port: 38107 } attrs { replace: true } } peers { permanent_uuid: "255d4b8d12694b6098dc6f4ec095febf" member_type: VOTER last_known_addr { host: "127.24.92.2" port: 33423 } } peers { permanent_uuid: "1a279d5432734f9cbe157733babb58e5" member_type: VOTER last_known_addr { host: "127.24.92.3" port: 38875 } } peers { permanent_uuid: "757e7c8901dd4c5f8321ab4c0b21c03f" member_type: NON_VOTER last_known_addr { host: "127.24.92.4" port: 46737 } attrs { promote: true } }
I20260608 12:49:18.476629 28511 raft_consensus.cc:740] T 5a71662d20a447b4b84edf2759c48dd5 P 757e7c8901dd4c5f8321ab4c0b21c03f [term 1 LEARNER]: Becoming Follower/Learner. State: Replica: 757e7c8901dd4c5f8321ab4c0b21c03f, State: Initialized, Role: LEARNER
I20260608 12:49:18.477221 28511 consensus_queue.cc:260] T 5a71662d20a447b4b84edf2759c48dd5 P 757e7c8901dd4c5f8321ab4c0b21c03f [NON_LEADER]: Queue going to NON_LEADER mode. State: All replicated index: 0, Majority replicated index: 0, Committed index: 2, Last appended: 1.2, Last appended by leader: 2, Current term: 0, Majority size: -1, State: 0, Mode: NON_LEADER, active raft config: opid_index: 2 OBSOLETE_local: false peers { permanent_uuid: "a2d6ea1dd26148dca70c43c3af142e13" member_type: VOTER last_known_addr { host: "127.24.92.1" port: 38107 } attrs { replace: true } } peers { permanent_uuid: "255d4b8d12694b6098dc6f4ec095febf" member_type: VOTER last_known_addr { host: "127.24.92.2" port: 33423 } } peers { permanent_uuid: "1a279d5432734f9cbe157733babb58e5" member_type: VOTER last_known_addr { host: "127.24.92.3" port: 38875 } } peers { permanent_uuid: "757e7c8901dd4c5f8321ab4c0b21c03f" member_type: NON_VOTER last_known_addr { host: "127.24.92.4" port: 46737 } attrs { promote: true } }
I20260608 12:49:18.479640 28511 ts_tablet_manager.cc:1434] T 5a71662d20a447b4b84edf2759c48dd5 P 757e7c8901dd4c5f8321ab4c0b21c03f: Time spent starting tablet: real 0.005s	user 0.004s	sys 0.000s
I20260608 12:49:18.481230 28116 tablet_copy_service.cc:342] P 1a279d5432734f9cbe157733babb58e5: Request end of tablet copy session 757e7c8901dd4c5f8321ab4c0b21c03f-5a71662d20a447b4b84edf2759c48dd5 received from {username='slave'} at 127.0.0.1:50382
I20260608 12:49:18.481642 28116 tablet_copy_service.cc:434] P 1a279d5432734f9cbe157733babb58e5: ending tablet copy session 757e7c8901dd4c5f8321ab4c0b21c03f-5a71662d20a447b4b84edf2759c48dd5 on tablet 5a71662d20a447b4b84edf2759c48dd5 with peer 757e7c8901dd4c5f8321ab4c0b21c03f
I20260608 12:49:18.510926 28514 ts_tablet_manager.cc:933] T ed2307709dc74e89bc15d663c6d27f4e P 255d4b8d12694b6098dc6f4ec095febf: Initiating tablet copy from peer 757e7c8901dd4c5f8321ab4c0b21c03f (127.24.92.4:46737)
I20260608 12:49:18.512529 28514 tablet_copy_client.cc:323] T ed2307709dc74e89bc15d663c6d27f4e P 255d4b8d12694b6098dc6f4ec095febf: tablet copy: Beginning tablet copy session from remote peer at address 127.24.92.4:46737
I20260608 12:49:18.513986 28267 tablet_copy_service.cc:140] P 757e7c8901dd4c5f8321ab4c0b21c03f: Received BeginTabletCopySession request for tablet ed2307709dc74e89bc15d663c6d27f4e from peer 255d4b8d12694b6098dc6f4ec095febf ({username='slave'} at 127.0.0.1:37832)
I20260608 12:49:18.514438 28267 tablet_copy_service.cc:161] P 757e7c8901dd4c5f8321ab4c0b21c03f: Beginning new tablet copy session on tablet ed2307709dc74e89bc15d663c6d27f4e from peer 255d4b8d12694b6098dc6f4ec095febf at {username='slave'} at 127.0.0.1:37832: session id = 255d4b8d12694b6098dc6f4ec095febf-ed2307709dc74e89bc15d663c6d27f4e
I20260608 12:49:18.520151 28267 tablet_copy_source_session.cc:215] T ed2307709dc74e89bc15d663c6d27f4e P 757e7c8901dd4c5f8321ab4c0b21c03f: Tablet Copy: opened 0 blocks and 1 log segments
I20260608 12:49:18.522985 28514 data_dirs.cc:400] Could only allocate 1 dirs of requested 3 for tablet ed2307709dc74e89bc15d663c6d27f4e. 1 dirs total, 0 dirs full, 0 dirs failed
I20260608 12:49:18.537483 28514 tablet_copy_client.cc:806] T ed2307709dc74e89bc15d663c6d27f4e P 255d4b8d12694b6098dc6f4ec095febf: tablet copy: Starting download of 0 data blocks...
I20260608 12:49:18.537966 28514 tablet_copy_client.cc:670] T ed2307709dc74e89bc15d663c6d27f4e P 255d4b8d12694b6098dc6f4ec095febf: tablet copy: Starting download of 1 WAL segments...
I20260608 12:49:18.541128 28514 tablet_copy_client.cc:538] T ed2307709dc74e89bc15d663c6d27f4e P 255d4b8d12694b6098dc6f4ec095febf: tablet copy: Tablet Copy complete. Replacing tablet superblock.
I20260608 12:49:18.548803 28514 tablet_bootstrap.cc:492] T ed2307709dc74e89bc15d663c6d27f4e P 255d4b8d12694b6098dc6f4ec095febf: Bootstrap starting.
I20260608 12:49:18.558933 28492 raft_consensus.cc:993] T ed2307709dc74e89bc15d663c6d27f4e P 757e7c8901dd4c5f8321ab4c0b21c03f: : Instructing follower 1a279d5432734f9cbe157733babb58e5 to start an election
I20260608 12:49:18.559332 28495 raft_consensus.cc:1081] T ed2307709dc74e89bc15d663c6d27f4e P 757e7c8901dd4c5f8321ab4c0b21c03f [term 2 LEADER]: Signalling peer 1a279d5432734f9cbe157733babb58e5 to start an election
I20260608 12:49:18.560652 28106 tablet_service.cc:2044] Received Run Leader Election RPC: tablet_id: "ed2307709dc74e89bc15d663c6d27f4e"
dest_uuid: "1a279d5432734f9cbe157733babb58e5"
 from {username='slave'} at 127.0.0.1:50382
I20260608 12:49:18.561071 28106 raft_consensus.cc:493] T ed2307709dc74e89bc15d663c6d27f4e P 1a279d5432734f9cbe157733babb58e5 [term 2 FOLLOWER]: Starting forced leader election (received explicit request)
I20260608 12:49:18.561422 28106 raft_consensus.cc:3060] T ed2307709dc74e89bc15d663c6d27f4e P 1a279d5432734f9cbe157733babb58e5 [term 2 FOLLOWER]: Advancing to term 3
I20260608 12:49:18.566143 28106 raft_consensus.cc:515] T ed2307709dc74e89bc15d663c6d27f4e P 1a279d5432734f9cbe157733babb58e5 [term 3 FOLLOWER]: Starting forced leader election with config: opid_index: 2 OBSOLETE_local: false peers { permanent_uuid: "1a279d5432734f9cbe157733babb58e5" member_type: VOTER last_known_addr { host: "127.24.92.3" port: 38875 } } peers { permanent_uuid: "757e7c8901dd4c5f8321ab4c0b21c03f" member_type: VOTER last_known_addr { host: "127.24.92.4" port: 46737 } attrs { replace: true } } peers { permanent_uuid: "a2d6ea1dd26148dca70c43c3af142e13" member_type: VOTER last_known_addr { host: "127.24.92.1" port: 38107 } } peers { permanent_uuid: "255d4b8d12694b6098dc6f4ec095febf" member_type: NON_VOTER last_known_addr { host: "127.24.92.2" port: 33423 } attrs { promote: true } }
I20260608 12:49:18.568296 28514 tablet_bootstrap.cc:492] T ed2307709dc74e89bc15d663c6d27f4e P 255d4b8d12694b6098dc6f4ec095febf: Bootstrap replayed 1/1 log segments. Stats: ops{read=2 overwritten=0 applied=2 ignored=0} inserts{seen=0 ignored=0} mutations{seen=0 ignored=0} orphaned_commits=0. Pending: 0 replicates
I20260608 12:49:18.568783 28252 tablet_service.cc:1917] Received RequestConsensusVote() RPC: tablet_id: "ed2307709dc74e89bc15d663c6d27f4e" candidate_uuid: "1a279d5432734f9cbe157733babb58e5" candidate_term: 3 candidate_status { last_received { term: 2 index: 2 } } ignore_live_leader: true dest_uuid: "757e7c8901dd4c5f8321ab4c0b21c03f"
I20260608 12:49:18.569144 28514 tablet_bootstrap.cc:492] T ed2307709dc74e89bc15d663c6d27f4e P 255d4b8d12694b6098dc6f4ec095febf: Bootstrap complete.
I20260608 12:49:18.569340 28252 raft_consensus.cc:3055] T ed2307709dc74e89bc15d663c6d27f4e P 757e7c8901dd4c5f8321ab4c0b21c03f [term 2 LEADER]: Stepping down as leader of term 2
I20260608 12:49:18.569701 28252 raft_consensus.cc:740] T ed2307709dc74e89bc15d663c6d27f4e P 757e7c8901dd4c5f8321ab4c0b21c03f [term 2 LEADER]: Becoming Follower/Learner. State: Replica: 757e7c8901dd4c5f8321ab4c0b21c03f, State: Running, Role: LEADER
I20260608 12:49:18.569864 28514 ts_tablet_manager.cc:1403] T ed2307709dc74e89bc15d663c6d27f4e P 255d4b8d12694b6098dc6f4ec095febf: Time spent bootstrapping tablet: real 0.021s	user 0.016s	sys 0.005s
I20260608 12:49:18.570559 28252 consensus_queue.cc:260] T ed2307709dc74e89bc15d663c6d27f4e P 757e7c8901dd4c5f8321ab4c0b21c03f [NON_LEADER]: Queue going to NON_LEADER mode. State: All replicated index: 0, Majority replicated index: 2, Committed index: 2, Last appended: 2.2, Last appended by leader: 2, Current term: 2, Majority size: -1, State: 0, Mode: NON_LEADER, active raft config: opid_index: 2 OBSOLETE_local: false peers { permanent_uuid: "1a279d5432734f9cbe157733babb58e5" member_type: VOTER last_known_addr { host: "127.24.92.3" port: 38875 } } peers { permanent_uuid: "757e7c8901dd4c5f8321ab4c0b21c03f" member_type: VOTER last_known_addr { host: "127.24.92.4" port: 46737 } attrs { replace: true } } peers { permanent_uuid: "a2d6ea1dd26148dca70c43c3af142e13" member_type: VOTER last_known_addr { host: "127.24.92.1" port: 38107 } } peers { permanent_uuid: "255d4b8d12694b6098dc6f4ec095febf" member_type: NON_VOTER last_known_addr { host: "127.24.92.2" port: 33423 } attrs { promote: true } }
I20260608 12:49:18.571694 27958 tablet_service.cc:1917] Received RequestConsensusVote() RPC: tablet_id: "ed2307709dc74e89bc15d663c6d27f4e" candidate_uuid: "1a279d5432734f9cbe157733babb58e5" candidate_term: 3 candidate_status { last_received { term: 2 index: 2 } } ignore_live_leader: true dest_uuid: "a2d6ea1dd26148dca70c43c3af142e13"
I20260608 12:49:18.571848 28252 raft_consensus.cc:3060] T ed2307709dc74e89bc15d663c6d27f4e P 757e7c8901dd4c5f8321ab4c0b21c03f [term 2 FOLLOWER]: Advancing to term 3
I20260608 12:49:18.572237 27958 raft_consensus.cc:3060] T ed2307709dc74e89bc15d663c6d27f4e P a2d6ea1dd26148dca70c43c3af142e13 [term 2 FOLLOWER]: Advancing to term 3
I20260608 12:49:18.573024 28514 raft_consensus.cc:359] T ed2307709dc74e89bc15d663c6d27f4e P 255d4b8d12694b6098dc6f4ec095febf [term 2 LEARNER]: Replica starting. Triggering 0 pending ops. Active config: opid_index: 2 OBSOLETE_local: false peers { permanent_uuid: "1a279d5432734f9cbe157733babb58e5" member_type: VOTER last_known_addr { host: "127.24.92.3" port: 38875 } } peers { permanent_uuid: "757e7c8901dd4c5f8321ab4c0b21c03f" member_type: VOTER last_known_addr { host: "127.24.92.4" port: 46737 } attrs { replace: true } } peers { permanent_uuid: "a2d6ea1dd26148dca70c43c3af142e13" member_type: VOTER last_known_addr { host: "127.24.92.1" port: 38107 } } peers { permanent_uuid: "255d4b8d12694b6098dc6f4ec095febf" member_type: NON_VOTER last_known_addr { host: "127.24.92.2" port: 33423 } attrs { promote: true } }
I20260608 12:49:18.573794 28514 raft_consensus.cc:740] T ed2307709dc74e89bc15d663c6d27f4e P 255d4b8d12694b6098dc6f4ec095febf [term 2 LEARNER]: Becoming Follower/Learner. State: Replica: 255d4b8d12694b6098dc6f4ec095febf, State: Initialized, Role: LEARNER
I20260608 12:49:18.574815 28514 consensus_queue.cc:260] T ed2307709dc74e89bc15d663c6d27f4e P 255d4b8d12694b6098dc6f4ec095febf [NON_LEADER]: Queue going to NON_LEADER mode. State: All replicated index: 0, Majority replicated index: 0, Committed index: 2, Last appended: 2.2, Last appended by leader: 2, Current term: 0, Majority size: -1, State: 0, Mode: NON_LEADER, active raft config: opid_index: 2 OBSOLETE_local: false peers { permanent_uuid: "1a279d5432734f9cbe157733babb58e5" member_type: VOTER last_known_addr { host: "127.24.92.3" port: 38875 } } peers { permanent_uuid: "757e7c8901dd4c5f8321ab4c0b21c03f" member_type: VOTER last_known_addr { host: "127.24.92.4" port: 46737 } attrs { replace: true } } peers { permanent_uuid: "a2d6ea1dd26148dca70c43c3af142e13" member_type: VOTER last_known_addr { host: "127.24.92.1" port: 38107 } } peers { permanent_uuid: "255d4b8d12694b6098dc6f4ec095febf" member_type: NON_VOTER last_known_addr { host: "127.24.92.2" port: 33423 } attrs { promote: true } }
I20260608 12:49:18.578864 28514 ts_tablet_manager.cc:1434] T ed2307709dc74e89bc15d663c6d27f4e P 255d4b8d12694b6098dc6f4ec095febf: Time spent starting tablet: real 0.009s	user 0.006s	sys 0.000s
I20260608 12:49:18.581957 28267 tablet_copy_service.cc:342] P 757e7c8901dd4c5f8321ab4c0b21c03f: Request end of tablet copy session 255d4b8d12694b6098dc6f4ec095febf-ed2307709dc74e89bc15d663c6d27f4e received from {username='slave'} at 127.0.0.1:37832
I20260608 12:49:18.582370 28267 tablet_copy_service.cc:434] P 757e7c8901dd4c5f8321ab4c0b21c03f: ending tablet copy session 255d4b8d12694b6098dc6f4ec095febf-ed2307709dc74e89bc15d663c6d27f4e on tablet ed2307709dc74e89bc15d663c6d27f4e with peer 255d4b8d12694b6098dc6f4ec095febf
I20260608 12:49:18.571008 28106 leader_election.cc:290] T ed2307709dc74e89bc15d663c6d27f4e P 1a279d5432734f9cbe157733babb58e5 [CANDIDATE]: Term 3 election: Requested vote from peers 757e7c8901dd4c5f8321ab4c0b21c03f (127.24.92.4:46737), a2d6ea1dd26148dca70c43c3af142e13 (127.24.92.1:38107)
I20260608 12:49:18.588004 28252 raft_consensus.cc:2468] T ed2307709dc74e89bc15d663c6d27f4e P 757e7c8901dd4c5f8321ab4c0b21c03f [term 3 FOLLOWER]: Leader election vote request: Granting yes vote for candidate 1a279d5432734f9cbe157733babb58e5 in term 3.
I20260608 12:49:18.577909 27958 raft_consensus.cc:2468] T ed2307709dc74e89bc15d663c6d27f4e P a2d6ea1dd26148dca70c43c3af142e13 [term 3 FOLLOWER]: Leader election vote request: Granting yes vote for candidate 1a279d5432734f9cbe157733babb58e5 in term 3.
I20260608 12:49:18.589445 28073 leader_election.cc:304] T ed2307709dc74e89bc15d663c6d27f4e P 1a279d5432734f9cbe157733babb58e5 [CANDIDATE]: Term 3 election: Election decided. Result: candidate won. Election summary: received 2 responses out of 3 voters: 2 yes votes; 0 no votes. yes voters: 1a279d5432734f9cbe157733babb58e5, 757e7c8901dd4c5f8321ab4c0b21c03f; no voters: 
I20260608 12:49:18.590351 28478 raft_consensus.cc:2804] T ed2307709dc74e89bc15d663c6d27f4e P 1a279d5432734f9cbe157733babb58e5 [term 3 FOLLOWER]: Leader election won for term 3
I20260608 12:49:18.590512 28517 ts_tablet_manager.cc:933] T 145b446bec49493fbd8aa5490d1ba3ee P 1a279d5432734f9cbe157733babb58e5: Initiating tablet copy from peer 255d4b8d12694b6098dc6f4ec095febf (127.24.92.2:33423)
I20260608 12:49:18.593881 28517 tablet_copy_client.cc:323] T 145b446bec49493fbd8aa5490d1ba3ee P 1a279d5432734f9cbe157733babb58e5: tablet copy: Beginning tablet copy session from remote peer at address 127.24.92.2:33423
I20260608 12:49:18.594712 28478 raft_consensus.cc:697] T ed2307709dc74e89bc15d663c6d27f4e P 1a279d5432734f9cbe157733babb58e5 [term 3 LEADER]: Becoming Leader. State: Replica: 1a279d5432734f9cbe157733babb58e5, State: Running, Role: LEADER
I20260608 12:49:18.595641 28478 consensus_queue.cc:237] T ed2307709dc74e89bc15d663c6d27f4e P 1a279d5432734f9cbe157733babb58e5 [LEADER]: Queue going to LEADER mode. State: All replicated index: 0, Majority replicated index: 2, Committed index: 2, Last appended: 2.2, Last appended by leader: 2, Current term: 3, Majority size: 2, State: 0, Mode: LEADER, active raft config: opid_index: 2 OBSOLETE_local: false peers { permanent_uuid: "1a279d5432734f9cbe157733babb58e5" member_type: VOTER last_known_addr { host: "127.24.92.3" port: 38875 } } peers { permanent_uuid: "757e7c8901dd4c5f8321ab4c0b21c03f" member_type: VOTER last_known_addr { host: "127.24.92.4" port: 46737 } attrs { replace: true } } peers { permanent_uuid: "a2d6ea1dd26148dca70c43c3af142e13" member_type: VOTER last_known_addr { host: "127.24.92.1" port: 38107 } } peers { permanent_uuid: "255d4b8d12694b6098dc6f4ec095febf" member_type: NON_VOTER last_known_addr { host: "127.24.92.2" port: 33423 } attrs { promote: true } }
I20260608 12:49:18.598912 28043 tablet_copy_service.cc:140] P 255d4b8d12694b6098dc6f4ec095febf: Received BeginTabletCopySession request for tablet 145b446bec49493fbd8aa5490d1ba3ee from peer 1a279d5432734f9cbe157733babb58e5 ({username='slave'} at 127.0.0.1:44516)
I20260608 12:49:18.599437 28043 tablet_copy_service.cc:161] P 255d4b8d12694b6098dc6f4ec095febf: Beginning new tablet copy session on tablet 145b446bec49493fbd8aa5490d1ba3ee from peer 1a279d5432734f9cbe157733babb58e5 at {username='slave'} at 127.0.0.1:44516: session id = 1a279d5432734f9cbe157733babb58e5-145b446bec49493fbd8aa5490d1ba3ee
I20260608 12:49:18.603145 27856 catalog_manager.cc:5696] T ed2307709dc74e89bc15d663c6d27f4e P 1a279d5432734f9cbe157733babb58e5 reported cstate change: term changed from 2 to 3, leader changed from 757e7c8901dd4c5f8321ab4c0b21c03f (127.24.92.4) to 1a279d5432734f9cbe157733babb58e5 (127.24.92.3). New cstate: current_term: 3 leader_uuid: "1a279d5432734f9cbe157733babb58e5" committed_config { opid_index: 2 OBSOLETE_local: false peers { permanent_uuid: "1a279d5432734f9cbe157733babb58e5" member_type: VOTER last_known_addr { host: "127.24.92.3" port: 38875 } health_report { overall_health: HEALTHY } } peers { permanent_uuid: "757e7c8901dd4c5f8321ab4c0b21c03f" member_type: VOTER last_known_addr { host: "127.24.92.4" port: 46737 } attrs { replace: true } health_report { overall_health: UNKNOWN } } peers { permanent_uuid: "a2d6ea1dd26148dca70c43c3af142e13" member_type: VOTER last_known_addr { host: "127.24.92.1" port: 38107 } health_report { overall_health: UNKNOWN } } peers { permanent_uuid: "255d4b8d12694b6098dc6f4ec095febf" member_type: NON_VOTER last_known_addr { host: "127.24.92.2" port: 33423 } attrs { promote: true } health_report { overall_health: UNKNOWN } } }
I20260608 12:49:18.606251 28043 tablet_copy_source_session.cc:215] T 145b446bec49493fbd8aa5490d1ba3ee P 255d4b8d12694b6098dc6f4ec095febf: Tablet Copy: opened 0 blocks and 1 log segments
I20260608 12:49:18.609154 28517 data_dirs.cc:400] Could only allocate 1 dirs of requested 3 for tablet 145b446bec49493fbd8aa5490d1ba3ee. 1 dirs total, 0 dirs full, 0 dirs failed
I20260608 12:49:18.620553 28517 tablet_copy_client.cc:806] T 145b446bec49493fbd8aa5490d1ba3ee P 1a279d5432734f9cbe157733babb58e5: tablet copy: Starting download of 0 data blocks...
I20260608 12:49:18.621167 28517 tablet_copy_client.cc:670] T 145b446bec49493fbd8aa5490d1ba3ee P 1a279d5432734f9cbe157733babb58e5: tablet copy: Starting download of 1 WAL segments...
I20260608 12:49:18.624843 28517 tablet_copy_client.cc:538] T 145b446bec49493fbd8aa5490d1ba3ee P 1a279d5432734f9cbe157733babb58e5: tablet copy: Tablet Copy complete. Replacing tablet superblock.
I20260608 12:49:18.630916 28517 tablet_bootstrap.cc:492] T 145b446bec49493fbd8aa5490d1ba3ee P 1a279d5432734f9cbe157733babb58e5: Bootstrap starting.
I20260608 12:49:18.644894 28517 tablet_bootstrap.cc:492] T 145b446bec49493fbd8aa5490d1ba3ee P 1a279d5432734f9cbe157733babb58e5: Bootstrap replayed 1/1 log segments. Stats: ops{read=2 overwritten=0 applied=2 ignored=0} inserts{seen=0 ignored=0} mutations{seen=0 ignored=0} orphaned_commits=0. Pending: 0 replicates
I20260608 12:49:18.645509 28517 tablet_bootstrap.cc:492] T 145b446bec49493fbd8aa5490d1ba3ee P 1a279d5432734f9cbe157733babb58e5: Bootstrap complete.
I20260608 12:49:18.645957 28517 ts_tablet_manager.cc:1403] T 145b446bec49493fbd8aa5490d1ba3ee P 1a279d5432734f9cbe157733babb58e5: Time spent bootstrapping tablet: real 0.015s	user 0.014s	sys 0.000s
I20260608 12:49:18.647977 28517 raft_consensus.cc:359] T 145b446bec49493fbd8aa5490d1ba3ee P 1a279d5432734f9cbe157733babb58e5 [term 1 LEARNER]: Replica starting. Triggering 0 pending ops. Active config: opid_index: 2 OBSOLETE_local: false peers { permanent_uuid: "a2d6ea1dd26148dca70c43c3af142e13" member_type: VOTER last_known_addr { host: "127.24.92.1" port: 38107 } } peers { permanent_uuid: "757e7c8901dd4c5f8321ab4c0b21c03f" member_type: VOTER last_known_addr { host: "127.24.92.4" port: 46737 } attrs { replace: true } } peers { permanent_uuid: "255d4b8d12694b6098dc6f4ec095febf" member_type: VOTER last_known_addr { host: "127.24.92.2" port: 33423 } } peers { permanent_uuid: "1a279d5432734f9cbe157733babb58e5" member_type: NON_VOTER last_known_addr { host: "127.24.92.3" port: 38875 } attrs { promote: true } }
I20260608 12:49:18.648545 28517 raft_consensus.cc:740] T 145b446bec49493fbd8aa5490d1ba3ee P 1a279d5432734f9cbe157733babb58e5 [term 1 LEARNER]: Becoming Follower/Learner. State: Replica: 1a279d5432734f9cbe157733babb58e5, State: Initialized, Role: LEARNER
I20260608 12:49:18.649025 28517 consensus_queue.cc:260] T 145b446bec49493fbd8aa5490d1ba3ee P 1a279d5432734f9cbe157733babb58e5 [NON_LEADER]: Queue going to NON_LEADER mode. State: All replicated index: 0, Majority replicated index: 0, Committed index: 2, Last appended: 1.2, Last appended by leader: 2, Current term: 0, Majority size: -1, State: 0, Mode: NON_LEADER, active raft config: opid_index: 2 OBSOLETE_local: false peers { permanent_uuid: "a2d6ea1dd26148dca70c43c3af142e13" member_type: VOTER last_known_addr { host: "127.24.92.1" port: 38107 } } peers { permanent_uuid: "757e7c8901dd4c5f8321ab4c0b21c03f" member_type: VOTER last_known_addr { host: "127.24.92.4" port: 46737 } attrs { replace: true } } peers { permanent_uuid: "255d4b8d12694b6098dc6f4ec095febf" member_type: VOTER last_known_addr { host: "127.24.92.2" port: 33423 } } peers { permanent_uuid: "1a279d5432734f9cbe157733babb58e5" member_type: NON_VOTER last_known_addr { host: "127.24.92.3" port: 38875 } attrs { promote: true } }
I20260608 12:49:18.650993 28517 ts_tablet_manager.cc:1434] T 145b446bec49493fbd8aa5490d1ba3ee P 1a279d5432734f9cbe157733babb58e5: Time spent starting tablet: real 0.005s	user 0.004s	sys 0.000s
I20260608 12:49:18.652786 28043 tablet_copy_service.cc:342] P 255d4b8d12694b6098dc6f4ec095febf: Request end of tablet copy session 1a279d5432734f9cbe157733babb58e5-145b446bec49493fbd8aa5490d1ba3ee received from {username='slave'} at 127.0.0.1:44516
I20260608 12:49:18.653228 28043 tablet_copy_service.cc:434] P 255d4b8d12694b6098dc6f4ec095febf: ending tablet copy session 1a279d5432734f9cbe157733babb58e5-145b446bec49493fbd8aa5490d1ba3ee on tablet 145b446bec49493fbd8aa5490d1ba3ee with peer 1a279d5432734f9cbe157733babb58e5
I20260608 12:49:18.659399 28511 ts_tablet_manager.cc:933] T a266222383cd4bf3aa30461ab89f1b81 P 757e7c8901dd4c5f8321ab4c0b21c03f: Initiating tablet copy from peer a2d6ea1dd26148dca70c43c3af142e13 (127.24.92.1:38107)
I20260608 12:49:18.661303 28511 tablet_copy_client.cc:323] T a266222383cd4bf3aa30461ab89f1b81 P 757e7c8901dd4c5f8321ab4c0b21c03f: tablet copy: Beginning tablet copy session from remote peer at address 127.24.92.1:38107
I20260608 12:49:18.662662 27968 tablet_copy_service.cc:140] P a2d6ea1dd26148dca70c43c3af142e13: Received BeginTabletCopySession request for tablet a266222383cd4bf3aa30461ab89f1b81 from peer 757e7c8901dd4c5f8321ab4c0b21c03f ({username='slave'} at 127.0.0.1:60550)
I20260608 12:49:18.663089 27968 tablet_copy_service.cc:161] P a2d6ea1dd26148dca70c43c3af142e13: Beginning new tablet copy session on tablet a266222383cd4bf3aa30461ab89f1b81 from peer 757e7c8901dd4c5f8321ab4c0b21c03f at {username='slave'} at 127.0.0.1:60550: session id = 757e7c8901dd4c5f8321ab4c0b21c03f-a266222383cd4bf3aa30461ab89f1b81
I20260608 12:49:18.667484 27968 tablet_copy_source_session.cc:215] T a266222383cd4bf3aa30461ab89f1b81 P a2d6ea1dd26148dca70c43c3af142e13: Tablet Copy: opened 0 blocks and 1 log segments
I20260608 12:49:18.669786 28511 data_dirs.cc:400] Could only allocate 1 dirs of requested 3 for tablet a266222383cd4bf3aa30461ab89f1b81. 1 dirs total, 0 dirs full, 0 dirs failed
I20260608 12:49:18.679255 28511 tablet_copy_client.cc:806] T a266222383cd4bf3aa30461ab89f1b81 P 757e7c8901dd4c5f8321ab4c0b21c03f: tablet copy: Starting download of 0 data blocks...
I20260608 12:49:18.679744 28511 tablet_copy_client.cc:670] T a266222383cd4bf3aa30461ab89f1b81 P 757e7c8901dd4c5f8321ab4c0b21c03f: tablet copy: Starting download of 1 WAL segments...
I20260608 12:49:18.682875 28511 tablet_copy_client.cc:538] T a266222383cd4bf3aa30461ab89f1b81 P 757e7c8901dd4c5f8321ab4c0b21c03f: tablet copy: Tablet Copy complete. Replacing tablet superblock.
I20260608 12:49:18.687898 28511 tablet_bootstrap.cc:492] T a266222383cd4bf3aa30461ab89f1b81 P 757e7c8901dd4c5f8321ab4c0b21c03f: Bootstrap starting.
I20260608 12:49:18.703362 28511 tablet_bootstrap.cc:492] T a266222383cd4bf3aa30461ab89f1b81 P 757e7c8901dd4c5f8321ab4c0b21c03f: Bootstrap replayed 1/1 log segments. Stats: ops{read=3 overwritten=0 applied=3 ignored=0} inserts{seen=0 ignored=0} mutations{seen=0 ignored=0} orphaned_commits=0. Pending: 0 replicates
I20260608 12:49:18.703965 28511 tablet_bootstrap.cc:492] T a266222383cd4bf3aa30461ab89f1b81 P 757e7c8901dd4c5f8321ab4c0b21c03f: Bootstrap complete.
I20260608 12:49:18.704602 28511 ts_tablet_manager.cc:1403] T a266222383cd4bf3aa30461ab89f1b81 P 757e7c8901dd4c5f8321ab4c0b21c03f: Time spent bootstrapping tablet: real 0.017s	user 0.012s	sys 0.007s
