    is_nullable: false
    encoding: AUTO_ENCODING
    compression: DEFAULT_COMPRESSION
    cfile_block_size: 0
    immutable: false
  }
}
num_replicas: 3
split_rows_range_bounds {
  rows: "\006\001\000\000\000\000\007\001\n\000\000\000""\006\001\000\000\000\000\007\001\n\000\000\000"
  indirect_data: """"
}
partition_schema {
  hash_schema {
    columns {
      name: "key"
    }
    num_buckets: 8
    seed: 0
  }
  range_schema {
    columns {
      name: "key"
    }
  }
}
W20260608 12:49:08.028000 27886 catalog_manager.cc:7076] The number of live tablet servers is not enough to re-replicate a tablet replica of the newly created table range_aware_rebalance_new_range in case of a server failure: 4 tablet servers would be needed, 3 are available. Consider bringing up more tablet servers.
I20260608 12:49:08.083489 28127 tablet_service.cc:1511] Processing CreateTablet for tablet 6730c186861f4619a21ef64291f3119c (DEFAULT_TABLE table=range_aware_rebalance_new_range [id=e8cdf3c6d1834877b6c49dcd25a0d0fa]), partition=HASH (key) PARTITION 0, RANGE (key) PARTITION 0 <= VALUES < 10
I20260608 12:49:08.085043 28127 data_dirs.cc:400] Could only allocate 1 dirs of requested 3 for tablet 6730c186861f4619a21ef64291f3119c. 1 dirs total, 0 dirs full, 0 dirs failed
I20260608 12:49:08.087991 28126 tablet_service.cc:1511] Processing CreateTablet for tablet 9efef02974a24245b820e1fc48056347 (DEFAULT_TABLE table=range_aware_rebalance_new_range [id=e8cdf3c6d1834877b6c49dcd25a0d0fa]), partition=HASH (key) PARTITION 1, RANGE (key) PARTITION 0 <= VALUES < 10
I20260608 12:49:08.089526 28126 data_dirs.cc:400] Could only allocate 1 dirs of requested 3 for tablet 9efef02974a24245b820e1fc48056347. 1 dirs total, 0 dirs full, 0 dirs failed
I20260608 12:49:08.093636 28125 tablet_service.cc:1511] Processing CreateTablet for tablet fdbcf9448b834fe0acc9a15f8e72a99f (DEFAULT_TABLE table=range_aware_rebalance_new_range [id=e8cdf3c6d1834877b6c49dcd25a0d0fa]), partition=HASH (key) PARTITION 2, RANGE (key) PARTITION 0 <= VALUES < 10
I20260608 12:49:08.095227 28125 data_dirs.cc:400] Could only allocate 1 dirs of requested 3 for tablet fdbcf9448b834fe0acc9a15f8e72a99f. 1 dirs total, 0 dirs full, 0 dirs failed
I20260608 12:49:08.094834 27978 tablet_service.cc:1511] Processing CreateTablet for tablet 6730c186861f4619a21ef64291f3119c (DEFAULT_TABLE table=range_aware_rebalance_new_range [id=e8cdf3c6d1834877b6c49dcd25a0d0fa]), partition=HASH (key) PARTITION 0, RANGE (key) PARTITION 0 <= VALUES < 10
I20260608 12:49:08.096333 27978 data_dirs.cc:400] Could only allocate 1 dirs of requested 3 for tablet 6730c186861f4619a21ef64291f3119c. 1 dirs total, 0 dirs full, 0 dirs failed
I20260608 12:49:08.098759 28124 tablet_service.cc:1511] Processing CreateTablet for tablet 8908dd8823a34237a795a8dc217d20c5 (DEFAULT_TABLE table=range_aware_rebalance_new_range [id=e8cdf3c6d1834877b6c49dcd25a0d0fa]), partition=HASH (key) PARTITION 3, RANGE (key) PARTITION 0 <= VALUES < 10
I20260608 12:49:08.100244 28124 data_dirs.cc:400] Could only allocate 1 dirs of requested 3 for tablet 8908dd8823a34237a795a8dc217d20c5. 1 dirs total, 0 dirs full, 0 dirs failed
I20260608 12:49:08.100318 28050 tablet_service.cc:1511] Processing CreateTablet for tablet 8908dd8823a34237a795a8dc217d20c5 (DEFAULT_TABLE table=range_aware_rebalance_new_range [id=e8cdf3c6d1834877b6c49dcd25a0d0fa]), partition=HASH (key) PARTITION 3, RANGE (key) PARTITION 0 <= VALUES < 10
I20260608 12:49:08.100668 28053 tablet_service.cc:1511] Processing CreateTablet for tablet 6730c186861f4619a21ef64291f3119c (DEFAULT_TABLE table=range_aware_rebalance_new_range [id=e8cdf3c6d1834877b6c49dcd25a0d0fa]), partition=HASH (key) PARTITION 0, RANGE (key) PARTITION 0 <= VALUES < 10
I20260608 12:49:08.101984 28050 data_dirs.cc:400] Could only allocate 1 dirs of requested 3 for tablet 8908dd8823a34237a795a8dc217d20c5. 1 dirs total, 0 dirs full, 0 dirs failed
I20260608 12:49:08.102483 28052 tablet_service.cc:1511] Processing CreateTablet for tablet 9efef02974a24245b820e1fc48056347 (DEFAULT_TABLE table=range_aware_rebalance_new_range [id=e8cdf3c6d1834877b6c49dcd25a0d0fa]), partition=HASH (key) PARTITION 1, RANGE (key) PARTITION 0 <= VALUES < 10
I20260608 12:49:08.102802 28123 tablet_service.cc:1511] Processing CreateTablet for tablet e44b9da0894c413e8630fd771b5492ce (DEFAULT_TABLE table=range_aware_rebalance_new_range [id=e8cdf3c6d1834877b6c49dcd25a0d0fa]), partition=HASH (key) PARTITION 4, RANGE (key) PARTITION 0 <= VALUES < 10
I20260608 12:49:08.104264 28123 data_dirs.cc:400] Could only allocate 1 dirs of requested 3 for tablet e44b9da0894c413e8630fd771b5492ce. 1 dirs total, 0 dirs full, 0 dirs failed
I20260608 12:49:08.104403 28051 tablet_service.cc:1511] Processing CreateTablet for tablet fdbcf9448b834fe0acc9a15f8e72a99f (DEFAULT_TABLE table=range_aware_rebalance_new_range [id=e8cdf3c6d1834877b6c49dcd25a0d0fa]), partition=HASH (key) PARTITION 2, RANGE (key) PARTITION 0 <= VALUES < 10
I20260608 12:49:08.106654 28122 tablet_service.cc:1511] Processing CreateTablet for tablet 6be2552a6a824b86a7aa528e6b1dccf0 (DEFAULT_TABLE table=range_aware_rebalance_new_range [id=e8cdf3c6d1834877b6c49dcd25a0d0fa]), partition=HASH (key) PARTITION 5, RANGE (key) PARTITION 0 <= VALUES < 10
I20260608 12:49:08.106782 28049 tablet_service.cc:1511] Processing CreateTablet for tablet e44b9da0894c413e8630fd771b5492ce (DEFAULT_TABLE table=range_aware_rebalance_new_range [id=e8cdf3c6d1834877b6c49dcd25a0d0fa]), partition=HASH (key) PARTITION 4, RANGE (key) PARTITION 0 <= VALUES < 10
I20260608 12:49:08.108124 28122 data_dirs.cc:400] Could only allocate 1 dirs of requested 3 for tablet 6be2552a6a824b86a7aa528e6b1dccf0. 1 dirs total, 0 dirs full, 0 dirs failed
I20260608 12:49:08.107854 28048 tablet_service.cc:1511] Processing CreateTablet for tablet 6be2552a6a824b86a7aa528e6b1dccf0 (DEFAULT_TABLE table=range_aware_rebalance_new_range [id=e8cdf3c6d1834877b6c49dcd25a0d0fa]), partition=HASH (key) PARTITION 5, RANGE (key) PARTITION 0 <= VALUES < 10
I20260608 12:49:08.108624 28052 data_dirs.cc:400] Could only allocate 1 dirs of requested 3 for tablet 9efef02974a24245b820e1fc48056347. 1 dirs total, 0 dirs full, 0 dirs failed
I20260608 12:49:08.109269 28048 data_dirs.cc:400] Could only allocate 1 dirs of requested 3 for tablet 6be2552a6a824b86a7aa528e6b1dccf0. 1 dirs total, 0 dirs full, 0 dirs failed
I20260608 12:49:08.110644 28047 tablet_service.cc:1511] Processing CreateTablet for tablet 2d68c3c3cffd4a9887994c6c0eda7bdd (DEFAULT_TABLE table=range_aware_rebalance_new_range [id=e8cdf3c6d1834877b6c49dcd25a0d0fa]), partition=HASH (key) PARTITION 6, RANGE (key) PARTITION 0 <= VALUES < 10
I20260608 12:49:08.112069 28047 data_dirs.cc:400] Could only allocate 1 dirs of requested 3 for tablet 2d68c3c3cffd4a9887994c6c0eda7bdd. 1 dirs total, 0 dirs full, 0 dirs failed
I20260608 12:49:08.112432 28121 tablet_service.cc:1511] Processing CreateTablet for tablet 2d68c3c3cffd4a9887994c6c0eda7bdd (DEFAULT_TABLE table=range_aware_rebalance_new_range [id=e8cdf3c6d1834877b6c49dcd25a0d0fa]), partition=HASH (key) PARTITION 6, RANGE (key) PARTITION 0 <= VALUES < 10
I20260608 12:49:08.114315 28051 data_dirs.cc:400] Could only allocate 1 dirs of requested 3 for tablet fdbcf9448b834fe0acc9a15f8e72a99f. 1 dirs total, 0 dirs full, 0 dirs failed
I20260608 12:49:08.114715 28121 data_dirs.cc:400] Could only allocate 1 dirs of requested 3 for tablet 2d68c3c3cffd4a9887994c6c0eda7bdd. 1 dirs total, 0 dirs full, 0 dirs failed
I20260608 12:49:08.118274 28120 tablet_service.cc:1511] Processing CreateTablet for tablet d0c2777a36884c36bb0bec968269df37 (DEFAULT_TABLE table=range_aware_rebalance_new_range [id=e8cdf3c6d1834877b6c49dcd25a0d0fa]), partition=HASH (key) PARTITION 7, RANGE (key) PARTITION 0 <= VALUES < 10
I20260608 12:49:08.118754 28046 tablet_service.cc:1511] Processing CreateTablet for tablet d0c2777a36884c36bb0bec968269df37 (DEFAULT_TABLE table=range_aware_rebalance_new_range [id=e8cdf3c6d1834877b6c49dcd25a0d0fa]), partition=HASH (key) PARTITION 7, RANGE (key) PARTITION 0 <= VALUES < 10
I20260608 12:49:08.119746 28120 data_dirs.cc:400] Could only allocate 1 dirs of requested 3 for tablet d0c2777a36884c36bb0bec968269df37. 1 dirs total, 0 dirs full, 0 dirs failed
I20260608 12:49:08.120707 28046 data_dirs.cc:400] Could only allocate 1 dirs of requested 3 for tablet d0c2777a36884c36bb0bec968269df37. 1 dirs total, 0 dirs full, 0 dirs failed
I20260608 12:49:08.123124 27976 tablet_service.cc:1511] Processing CreateTablet for tablet fdbcf9448b834fe0acc9a15f8e72a99f (DEFAULT_TABLE table=range_aware_rebalance_new_range [id=e8cdf3c6d1834877b6c49dcd25a0d0fa]), partition=HASH (key) PARTITION 2, RANGE (key) PARTITION 0 <= VALUES < 10
I20260608 12:49:08.124929 27976 data_dirs.cc:400] Could only allocate 1 dirs of requested 3 for tablet fdbcf9448b834fe0acc9a15f8e72a99f. 1 dirs total, 0 dirs full, 0 dirs failed
I20260608 12:49:08.126360 28049 data_dirs.cc:400] Could only allocate 1 dirs of requested 3 for tablet e44b9da0894c413e8630fd771b5492ce. 1 dirs total, 0 dirs full, 0 dirs failed
I20260608 12:49:08.121228 27977 tablet_service.cc:1511] Processing CreateTablet for tablet 9efef02974a24245b820e1fc48056347 (DEFAULT_TABLE table=range_aware_rebalance_new_range [id=e8cdf3c6d1834877b6c49dcd25a0d0fa]), partition=HASH (key) PARTITION 1, RANGE (key) PARTITION 0 <= VALUES < 10
I20260608 12:49:08.127960 28053 data_dirs.cc:400] Could only allocate 1 dirs of requested 3 for tablet 6730c186861f4619a21ef64291f3119c. 1 dirs total, 0 dirs full, 0 dirs failed
I20260608 12:49:08.128158 27977 data_dirs.cc:400] Could only allocate 1 dirs of requested 3 for tablet 9efef02974a24245b820e1fc48056347. 1 dirs total, 0 dirs full, 0 dirs failed
I20260608 12:49:08.147876 27975 tablet_service.cc:1511] Processing CreateTablet for tablet 8908dd8823a34237a795a8dc217d20c5 (DEFAULT_TABLE table=range_aware_rebalance_new_range [id=e8cdf3c6d1834877b6c49dcd25a0d0fa]), partition=HASH (key) PARTITION 3, RANGE (key) PARTITION 0 <= VALUES < 10
I20260608 12:49:08.149470 27975 data_dirs.cc:400] Could only allocate 1 dirs of requested 3 for tablet 8908dd8823a34237a795a8dc217d20c5. 1 dirs total, 0 dirs full, 0 dirs failed
I20260608 12:49:08.151451 27974 tablet_service.cc:1511] Processing CreateTablet for tablet e44b9da0894c413e8630fd771b5492ce (DEFAULT_TABLE table=range_aware_rebalance_new_range [id=e8cdf3c6d1834877b6c49dcd25a0d0fa]), partition=HASH (key) PARTITION 4, RANGE (key) PARTITION 0 <= VALUES < 10
I20260608 12:49:08.154608 27974 data_dirs.cc:400] Could only allocate 1 dirs of requested 3 for tablet e44b9da0894c413e8630fd771b5492ce. 1 dirs total, 0 dirs full, 0 dirs failed
I20260608 12:49:08.160116 27973 tablet_service.cc:1511] Processing CreateTablet for tablet 6be2552a6a824b86a7aa528e6b1dccf0 (DEFAULT_TABLE table=range_aware_rebalance_new_range [id=e8cdf3c6d1834877b6c49dcd25a0d0fa]), partition=HASH (key) PARTITION 5, RANGE (key) PARTITION 0 <= VALUES < 10
I20260608 12:49:08.162315 27973 data_dirs.cc:400] Could only allocate 1 dirs of requested 3 for tablet 6be2552a6a824b86a7aa528e6b1dccf0. 1 dirs total, 0 dirs full, 0 dirs failed
I20260608 12:49:08.211874 27972 tablet_service.cc:1511] Processing CreateTablet for tablet 2d68c3c3cffd4a9887994c6c0eda7bdd (DEFAULT_TABLE table=range_aware_rebalance_new_range [id=e8cdf3c6d1834877b6c49dcd25a0d0fa]), partition=HASH (key) PARTITION 6, RANGE (key) PARTITION 0 <= VALUES < 10
I20260608 12:49:08.214123 27972 data_dirs.cc:400] Could only allocate 1 dirs of requested 3 for tablet 2d68c3c3cffd4a9887994c6c0eda7bdd. 1 dirs total, 0 dirs full, 0 dirs failed
I20260608 12:49:08.223906 27971 tablet_service.cc:1511] Processing CreateTablet for tablet d0c2777a36884c36bb0bec968269df37 (DEFAULT_TABLE table=range_aware_rebalance_new_range [id=e8cdf3c6d1834877b6c49dcd25a0d0fa]), partition=HASH (key) PARTITION 7, RANGE (key) PARTITION 0 <= VALUES < 10
I20260608 12:49:08.226140 27971 data_dirs.cc:400] Could only allocate 1 dirs of requested 3 for tablet d0c2777a36884c36bb0bec968269df37. 1 dirs total, 0 dirs full, 0 dirs failed
I20260608 12:49:08.368460 28183 tablet_bootstrap.cc:492] T d0c2777a36884c36bb0bec968269df37 P ed04c04c5f1e4e1680bc3fd1df44bbd2: Bootstrap starting.
I20260608 12:49:08.369129 28182 tablet_bootstrap.cc:492] T 6be2552a6a824b86a7aa528e6b1dccf0 P 8149694cb62447e0a4139c0daa6a67c2: Bootstrap starting.
I20260608 12:49:08.408696 28185 tablet_bootstrap.cc:492] T d0c2777a36884c36bb0bec968269df37 P fffa23821e3b42feb063835809ee707f: Bootstrap starting.
I20260608 12:49:08.416277 28183 tablet_bootstrap.cc:654] T d0c2777a36884c36bb0bec968269df37 P ed04c04c5f1e4e1680bc3fd1df44bbd2: Neither blocks nor log segments found. Creating new log.
I20260608 12:49:08.418327 28182 tablet_bootstrap.cc:654] T 6be2552a6a824b86a7aa528e6b1dccf0 P 8149694cb62447e0a4139c0daa6a67c2: Neither blocks nor log segments found. Creating new log.
I20260608 12:49:08.426074 28182 tablet_bootstrap.cc:492] T 6be2552a6a824b86a7aa528e6b1dccf0 P 8149694cb62447e0a4139c0daa6a67c2: No bootstrap required, opened a new log
I20260608 12:49:08.426668 28182 ts_tablet_manager.cc:1403] T 6be2552a6a824b86a7aa528e6b1dccf0 P 8149694cb62447e0a4139c0daa6a67c2: Time spent bootstrapping tablet: real 0.058s	user 0.016s	sys 0.000s
I20260608 12:49:08.427259 28183 tablet_bootstrap.cc:492] T d0c2777a36884c36bb0bec968269df37 P ed04c04c5f1e4e1680bc3fd1df44bbd2: No bootstrap required, opened a new log
I20260608 12:49:08.427831 28185 tablet_bootstrap.cc:654] T d0c2777a36884c36bb0bec968269df37 P fffa23821e3b42feb063835809ee707f: Neither blocks nor log segments found. Creating new log.
I20260608 12:49:08.427958 28183 ts_tablet_manager.cc:1403] T d0c2777a36884c36bb0bec968269df37 P ed04c04c5f1e4e1680bc3fd1df44bbd2: Time spent bootstrapping tablet: real 0.060s	user 0.006s	sys 0.010s
I20260608 12:49:08.430132 28182 raft_consensus.cc:359] T 6be2552a6a824b86a7aa528e6b1dccf0 P 8149694cb62447e0a4139c0daa6a67c2 [term 0 FOLLOWER]: Replica starting. Triggering 0 pending ops. Active config: opid_index: -1 OBSOLETE_local: false peers { permanent_uuid: "8149694cb62447e0a4139c0daa6a67c2" member_type: VOTER last_known_addr { host: "127.24.104.130" port: 38651 } } peers { permanent_uuid: "fffa23821e3b42feb063835809ee707f" member_type: VOTER last_known_addr { host: "127.24.104.129" port: 34459 } } peers { permanent_uuid: "ed04c04c5f1e4e1680bc3fd1df44bbd2" member_type: VOTER last_known_addr { host: "127.24.104.131" port: 44517 } }
I20260608 12:49:08.431267 28182 raft_consensus.cc:385] T 6be2552a6a824b86a7aa528e6b1dccf0 P 8149694cb62447e0a4139c0daa6a67c2 [term 0 FOLLOWER]: Consensus starting up: Expiring failure detector timer to make a prompt election more likely
I20260608 12:49:08.431593 28182 raft_consensus.cc:740] T 6be2552a6a824b86a7aa528e6b1dccf0 P 8149694cb62447e0a4139c0daa6a67c2 [term 0 FOLLOWER]: Becoming Follower/Learner. State: Replica: 8149694cb62447e0a4139c0daa6a67c2, State: Initialized, Role: FOLLOWER
I20260608 12:49:08.432430 28183 raft_consensus.cc:359] T d0c2777a36884c36bb0bec968269df37 P ed04c04c5f1e4e1680bc3fd1df44bbd2 [term 0 FOLLOWER]: Replica starting. Triggering 0 pending ops. Active config: opid_index: -1 OBSOLETE_local: false peers { permanent_uuid: "fffa23821e3b42feb063835809ee707f" member_type: VOTER last_known_addr { host: "127.24.104.129" port: 34459 } } peers { permanent_uuid: "8149694cb62447e0a4139c0daa6a67c2" member_type: VOTER last_known_addr { host: "127.24.104.130" port: 38651 } } peers { permanent_uuid: "ed04c04c5f1e4e1680bc3fd1df44bbd2" member_type: VOTER last_known_addr { host: "127.24.104.131" port: 44517 } }
I20260608 12:49:08.432731 28182 consensus_queue.cc:260] T 6be2552a6a824b86a7aa528e6b1dccf0 P 8149694cb62447e0a4139c0daa6a67c2 [NON_LEADER]: Queue going to NON_LEADER mode. State: All replicated index: 0, Majority replicated index: 0, Committed index: 0, Last appended: 0.0, Last appended by leader: 0, Current term: 0, Majority size: -1, State: 0, Mode: NON_LEADER, active raft config: opid_index: -1 OBSOLETE_local: false peers { permanent_uuid: "8149694cb62447e0a4139c0daa6a67c2" member_type: VOTER last_known_addr { host: "127.24.104.130" port: 38651 } } peers { permanent_uuid: "fffa23821e3b42feb063835809ee707f" member_type: VOTER last_known_addr { host: "127.24.104.129" port: 34459 } } peers { permanent_uuid: "ed04c04c5f1e4e1680bc3fd1df44bbd2" member_type: VOTER last_known_addr { host: "127.24.104.131" port: 44517 } }
I20260608 12:49:08.433348 28183 raft_consensus.cc:385] T d0c2777a36884c36bb0bec968269df37 P ed04c04c5f1e4e1680bc3fd1df44bbd2 [term 0 FOLLOWER]: Consensus starting up: Expiring failure detector timer to make a prompt election more likely
I20260608 12:49:08.433769 28183 raft_consensus.cc:740] T d0c2777a36884c36bb0bec968269df37 P ed04c04c5f1e4e1680bc3fd1df44bbd2 [term 0 FOLLOWER]: Becoming Follower/Learner. State: Replica: ed04c04c5f1e4e1680bc3fd1df44bbd2, State: Initialized, Role: FOLLOWER
I20260608 12:49:08.434562 28185 tablet_bootstrap.cc:492] T d0c2777a36884c36bb0bec968269df37 P fffa23821e3b42feb063835809ee707f: No bootstrap required, opened a new log
I20260608 12:49:08.435168 28185 ts_tablet_manager.cc:1403] T d0c2777a36884c36bb0bec968269df37 P fffa23821e3b42feb063835809ee707f: Time spent bootstrapping tablet: real 0.027s	user 0.018s	sys 0.000s
I20260608 12:49:08.434828 28183 consensus_queue.cc:260] T d0c2777a36884c36bb0bec968269df37 P ed04c04c5f1e4e1680bc3fd1df44bbd2 [NON_LEADER]: Queue going to NON_LEADER mode. State: All replicated index: 0, Majority replicated index: 0, Committed index: 0, Last appended: 0.0, Last appended by leader: 0, Current term: 0, Majority size: -1, State: 0, Mode: NON_LEADER, active raft config: opid_index: -1 OBSOLETE_local: false peers { permanent_uuid: "fffa23821e3b42feb063835809ee707f" member_type: VOTER last_known_addr { host: "127.24.104.129" port: 34459 } } peers { permanent_uuid: "8149694cb62447e0a4139c0daa6a67c2" member_type: VOTER last_known_addr { host: "127.24.104.130" port: 38651 } } peers { permanent_uuid: "ed04c04c5f1e4e1680bc3fd1df44bbd2" member_type: VOTER last_known_addr { host: "127.24.104.131" port: 44517 } }
I20260608 12:49:08.436239 28182 ts_tablet_manager.cc:1434] T 6be2552a6a824b86a7aa528e6b1dccf0 P 8149694cb62447e0a4139c0daa6a67c2: Time spent starting tablet: real 0.009s	user 0.009s	sys 0.000s
I20260608 12:49:08.438123 28182 tablet_bootstrap.cc:492] T fdbcf9448b834fe0acc9a15f8e72a99f P 8149694cb62447e0a4139c0daa6a67c2: Bootstrap starting.
I20260608 12:49:08.439999 28185 raft_consensus.cc:359] T d0c2777a36884c36bb0bec968269df37 P fffa23821e3b42feb063835809ee707f [term 0 FOLLOWER]: Replica starting. Triggering 0 pending ops. Active config: opid_index: -1 OBSOLETE_local: false peers { permanent_uuid: "fffa23821e3b42feb063835809ee707f" member_type: VOTER last_known_addr { host: "127.24.104.129" port: 34459 } } peers { permanent_uuid: "8149694cb62447e0a4139c0daa6a67c2" member_type: VOTER last_known_addr { host: "127.24.104.130" port: 38651 } } peers { permanent_uuid: "ed04c04c5f1e4e1680bc3fd1df44bbd2" member_type: VOTER last_known_addr { host: "127.24.104.131" port: 44517 } }
I20260608 12:49:08.441148 28185 raft_consensus.cc:385] T d0c2777a36884c36bb0bec968269df37 P fffa23821e3b42feb063835809ee707f [term 0 FOLLOWER]: Consensus starting up: Expiring failure detector timer to make a prompt election more likely
I20260608 12:49:08.441613 28185 raft_consensus.cc:740] T d0c2777a36884c36bb0bec968269df37 P fffa23821e3b42feb063835809ee707f [term 0 FOLLOWER]: Becoming Follower/Learner. State: Replica: fffa23821e3b42feb063835809ee707f, State: Initialized, Role: FOLLOWER
I20260608 12:49:08.442812 28185 consensus_queue.cc:260] T d0c2777a36884c36bb0bec968269df37 P fffa23821e3b42feb063835809ee707f [NON_LEADER]: Queue going to NON_LEADER mode. State: All replicated index: 0, Majority replicated index: 0, Committed index: 0, Last appended: 0.0, Last appended by leader: 0, Current term: 0, Majority size: -1, State: 0, Mode: NON_LEADER, active raft config: opid_index: -1 OBSOLETE_local: false peers { permanent_uuid: "fffa23821e3b42feb063835809ee707f" member_type: VOTER last_known_addr { host: "127.24.104.129" port: 34459 } } peers { permanent_uuid: "8149694cb62447e0a4139c0daa6a67c2" member_type: VOTER last_known_addr { host: "127.24.104.130" port: 38651 } } peers { permanent_uuid: "ed04c04c5f1e4e1680bc3fd1df44bbd2" member_type: VOTER last_known_addr { host: "127.24.104.131" port: 44517 } }
I20260608 12:49:08.448288 28183 ts_tablet_manager.cc:1434] T d0c2777a36884c36bb0bec968269df37 P ed04c04c5f1e4e1680bc3fd1df44bbd2: Time spent starting tablet: real 0.020s	user 0.013s	sys 0.003s
I20260608 12:49:08.448509 28182 tablet_bootstrap.cc:654] T fdbcf9448b834fe0acc9a15f8e72a99f P 8149694cb62447e0a4139c0daa6a67c2: Neither blocks nor log segments found. Creating new log.
I20260608 12:49:08.450930 28183 tablet_bootstrap.cc:492] T fdbcf9448b834fe0acc9a15f8e72a99f P ed04c04c5f1e4e1680bc3fd1df44bbd2: Bootstrap starting.
I20260608 12:49:08.453548 28185 ts_tablet_manager.cc:1434] T d0c2777a36884c36bb0bec968269df37 P fffa23821e3b42feb063835809ee707f: Time spent starting tablet: real 0.018s	user 0.008s	sys 0.005s
I20260608 12:49:08.456923 28185 tablet_bootstrap.cc:492] T e44b9da0894c413e8630fd771b5492ce P fffa23821e3b42feb063835809ee707f: Bootstrap starting.
I20260608 12:49:08.464118 28185 tablet_bootstrap.cc:654] T e44b9da0894c413e8630fd771b5492ce P fffa23821e3b42feb063835809ee707f: Neither blocks nor log segments found. Creating new log.
I20260608 12:49:08.471405 28183 tablet_bootstrap.cc:654] T fdbcf9448b834fe0acc9a15f8e72a99f P ed04c04c5f1e4e1680bc3fd1df44bbd2: Neither blocks nor log segments found. Creating new log.
I20260608 12:49:08.478998 28182 tablet_bootstrap.cc:492] T fdbcf9448b834fe0acc9a15f8e72a99f P 8149694cb62447e0a4139c0daa6a67c2: No bootstrap required, opened a new log
I20260608 12:49:08.479111 28185 tablet_bootstrap.cc:492] T e44b9da0894c413e8630fd771b5492ce P fffa23821e3b42feb063835809ee707f: No bootstrap required, opened a new log
I20260608 12:49:08.479838 28182 ts_tablet_manager.cc:1403] T fdbcf9448b834fe0acc9a15f8e72a99f P 8149694cb62447e0a4139c0daa6a67c2: Time spent bootstrapping tablet: real 0.042s	user 0.018s	sys 0.017s
I20260608 12:49:08.479970 28185 ts_tablet_manager.cc:1403] T e44b9da0894c413e8630fd771b5492ce P fffa23821e3b42feb063835809ee707f: Time spent bootstrapping tablet: real 0.023s	user 0.021s	sys 0.000s
I20260608 12:49:08.483367 28185 raft_consensus.cc:359] T e44b9da0894c413e8630fd771b5492ce P fffa23821e3b42feb063835809ee707f [term 0 FOLLOWER]: Replica starting. Triggering 0 pending ops. Active config: opid_index: -1 OBSOLETE_local: false peers { permanent_uuid: "fffa23821e3b42feb063835809ee707f" member_type: VOTER last_known_addr { host: "127.24.104.129" port: 34459 } } peers { permanent_uuid: "8149694cb62447e0a4139c0daa6a67c2" member_type: VOTER last_known_addr { host: "127.24.104.130" port: 38651 } } peers { permanent_uuid: "ed04c04c5f1e4e1680bc3fd1df44bbd2" member_type: VOTER last_known_addr { host: "127.24.104.131" port: 44517 } }
I20260608 12:49:08.483707 28182 raft_consensus.cc:359] T fdbcf9448b834fe0acc9a15f8e72a99f P 8149694cb62447e0a4139c0daa6a67c2 [term 0 FOLLOWER]: Replica starting. Triggering 0 pending ops. Active config: opid_index: -1 OBSOLETE_local: false peers { permanent_uuid: "fffa23821e3b42feb063835809ee707f" member_type: VOTER last_known_addr { host: "127.24.104.129" port: 34459 } } peers { permanent_uuid: "8149694cb62447e0a4139c0daa6a67c2" member_type: VOTER last_known_addr { host: "127.24.104.130" port: 38651 } } peers { permanent_uuid: "ed04c04c5f1e4e1680bc3fd1df44bbd2" member_type: VOTER last_known_addr { host: "127.24.104.131" port: 44517 } }
I20260608 12:49:08.484078 28185 raft_consensus.cc:385] T e44b9da0894c413e8630fd771b5492ce P fffa23821e3b42feb063835809ee707f [term 0 FOLLOWER]: Consensus starting up: Expiring failure detector timer to make a prompt election more likely
I20260608 12:49:08.484498 28182 raft_consensus.cc:385] T fdbcf9448b834fe0acc9a15f8e72a99f P 8149694cb62447e0a4139c0daa6a67c2 [term 0 FOLLOWER]: Consensus starting up: Expiring failure detector timer to make a prompt election more likely
I20260608 12:49:08.484550 28183 tablet_bootstrap.cc:492] T fdbcf9448b834fe0acc9a15f8e72a99f P ed04c04c5f1e4e1680bc3fd1df44bbd2: No bootstrap required, opened a new log
I20260608 12:49:08.484566 28185 raft_consensus.cc:740] T e44b9da0894c413e8630fd771b5492ce P fffa23821e3b42feb063835809ee707f [term 0 FOLLOWER]: Becoming Follower/Learner. State: Replica: fffa23821e3b42feb063835809ee707f, State: Initialized, Role: FOLLOWER
I20260608 12:49:08.485024 28182 raft_consensus.cc:740] T fdbcf9448b834fe0acc9a15f8e72a99f P 8149694cb62447e0a4139c0daa6a67c2 [term 0 FOLLOWER]: Becoming Follower/Learner. State: Replica: 8149694cb62447e0a4139c0daa6a67c2, State: Initialized, Role: FOLLOWER
I20260608 12:49:08.485356 28183 ts_tablet_manager.cc:1403] T fdbcf9448b834fe0acc9a15f8e72a99f P ed04c04c5f1e4e1680bc3fd1df44bbd2: Time spent bootstrapping tablet: real 0.035s	user 0.008s	sys 0.015s
I20260608 12:49:08.485795 28185 consensus_queue.cc:260] T e44b9da0894c413e8630fd771b5492ce P fffa23821e3b42feb063835809ee707f [NON_LEADER]: Queue going to NON_LEADER mode. State: All replicated index: 0, Majority replicated index: 0, Committed index: 0, Last appended: 0.0, Last appended by leader: 0, Current term: 0, Majority size: -1, State: 0, Mode: NON_LEADER, active raft config: opid_index: -1 OBSOLETE_local: false peers { permanent_uuid: "fffa23821e3b42feb063835809ee707f" member_type: VOTER last_known_addr { host: "127.24.104.129" port: 34459 } } peers { permanent_uuid: "8149694cb62447e0a4139c0daa6a67c2" member_type: VOTER last_known_addr { host: "127.24.104.130" port: 38651 } } peers { permanent_uuid: "ed04c04c5f1e4e1680bc3fd1df44bbd2" member_type: VOTER last_known_addr { host: "127.24.104.131" port: 44517 } }
I20260608 12:49:08.485978 28182 consensus_queue.cc:260] T fdbcf9448b834fe0acc9a15f8e72a99f P 8149694cb62447e0a4139c0daa6a67c2 [NON_LEADER]: Queue going to NON_LEADER mode. State: All replicated index: 0, Majority replicated index: 0, Committed index: 0, Last appended: 0.0, Last appended by leader: 0, Current term: 0, Majority size: -1, State: 0, Mode: NON_LEADER, active raft config: opid_index: -1 OBSOLETE_local: false peers { permanent_uuid: "fffa23821e3b42feb063835809ee707f" member_type: VOTER last_known_addr { host: "127.24.104.129" port: 34459 } } peers { permanent_uuid: "8149694cb62447e0a4139c0daa6a67c2" member_type: VOTER last_known_addr { host: "127.24.104.130" port: 38651 } } peers { permanent_uuid: "ed04c04c5f1e4e1680bc3fd1df44bbd2" member_type: VOTER last_known_addr { host: "127.24.104.131" port: 44517 } }
I20260608 12:49:08.487936 28185 ts_tablet_manager.cc:1434] T e44b9da0894c413e8630fd771b5492ce P fffa23821e3b42feb063835809ee707f: Time spent starting tablet: real 0.007s	user 0.006s	sys 0.000s
I20260608 12:49:08.488306 28182 ts_tablet_manager.cc:1434] T fdbcf9448b834fe0acc9a15f8e72a99f P 8149694cb62447e0a4139c0daa6a67c2: Time spent starting tablet: real 0.008s	user 0.009s	sys 0.000s
I20260608 12:49:08.489224 28185 tablet_bootstrap.cc:492] T 8908dd8823a34237a795a8dc217d20c5 P fffa23821e3b42feb063835809ee707f: Bootstrap starting.
I20260608 12:49:08.489737 28182 tablet_bootstrap.cc:492] T e44b9da0894c413e8630fd771b5492ce P 8149694cb62447e0a4139c0daa6a67c2: Bootstrap starting.
I20260608 12:49:08.491418 28183 raft_consensus.cc:359] T fdbcf9448b834fe0acc9a15f8e72a99f P ed04c04c5f1e4e1680bc3fd1df44bbd2 [term 0 FOLLOWER]: Replica starting. Triggering 0 pending ops. Active config: opid_index: -1 OBSOLETE_local: false peers { permanent_uuid: "fffa23821e3b42feb063835809ee707f" member_type: VOTER last_known_addr { host: "127.24.104.129" port: 34459 } } peers { permanent_uuid: "8149694cb62447e0a4139c0daa6a67c2" member_type: VOTER last_known_addr { host: "127.24.104.130" port: 38651 } } peers { permanent_uuid: "ed04c04c5f1e4e1680bc3fd1df44bbd2" member_type: VOTER last_known_addr { host: "127.24.104.131" port: 44517 } }
I20260608 12:49:08.492231 28183 raft_consensus.cc:385] T fdbcf9448b834fe0acc9a15f8e72a99f P ed04c04c5f1e4e1680bc3fd1df44bbd2 [term 0 FOLLOWER]: Consensus starting up: Expiring failure detector timer to make a prompt election more likely
I20260608 12:49:08.492563 28183 raft_consensus.cc:740] T fdbcf9448b834fe0acc9a15f8e72a99f P ed04c04c5f1e4e1680bc3fd1df44bbd2 [term 0 FOLLOWER]: Becoming Follower/Learner. State: Replica: ed04c04c5f1e4e1680bc3fd1df44bbd2, State: Initialized, Role: FOLLOWER
I20260608 12:49:08.493440 28183 consensus_queue.cc:260] T fdbcf9448b834fe0acc9a15f8e72a99f P ed04c04c5f1e4e1680bc3fd1df44bbd2 [NON_LEADER]: Queue going to NON_LEADER mode. State: All replicated index: 0, Majority replicated index: 0, Committed index: 0, Last appended: 0.0, Last appended by leader: 0, Current term: 0, Majority size: -1, State: 0, Mode: NON_LEADER, active raft config: opid_index: -1 OBSOLETE_local: false peers { permanent_uuid: "fffa23821e3b42feb063835809ee707f" member_type: VOTER last_known_addr { host: "127.24.104.129" port: 34459 } } peers { permanent_uuid: "8149694cb62447e0a4139c0daa6a67c2" member_type: VOTER last_known_addr { host: "127.24.104.130" port: 38651 } } peers { permanent_uuid: "ed04c04c5f1e4e1680bc3fd1df44bbd2" member_type: VOTER last_known_addr { host: "127.24.104.131" port: 44517 } }
I20260608 12:49:08.495900 28183 ts_tablet_manager.cc:1434] T fdbcf9448b834fe0acc9a15f8e72a99f P ed04c04c5f1e4e1680bc3fd1df44bbd2: Time spent starting tablet: real 0.010s	user 0.006s	sys 0.000s
I20260608 12:49:08.496958 28185 tablet_bootstrap.cc:654] T 8908dd8823a34237a795a8dc217d20c5 P fffa23821e3b42feb063835809ee707f: Neither blocks nor log segments found. Creating new log.
I20260608 12:49:08.497406 28182 tablet_bootstrap.cc:654] T e44b9da0894c413e8630fd771b5492ce P 8149694cb62447e0a4139c0daa6a67c2: Neither blocks nor log segments found. Creating new log.
I20260608 12:49:08.499014 28183 tablet_bootstrap.cc:492] T 9efef02974a24245b820e1fc48056347 P ed04c04c5f1e4e1680bc3fd1df44bbd2: Bootstrap starting.
I20260608 12:49:08.506634 28182 tablet_bootstrap.cc:492] T e44b9da0894c413e8630fd771b5492ce P 8149694cb62447e0a4139c0daa6a67c2: No bootstrap required, opened a new log
I20260608 12:49:08.507200 28182 ts_tablet_manager.cc:1403] T e44b9da0894c413e8630fd771b5492ce P 8149694cb62447e0a4139c0daa6a67c2: Time spent bootstrapping tablet: real 0.018s	user 0.008s	sys 0.008s
I20260608 12:49:08.511298 28183 tablet_bootstrap.cc:654] T 9efef02974a24245b820e1fc48056347 P ed04c04c5f1e4e1680bc3fd1df44bbd2: Neither blocks nor log segments found. Creating new log.
I20260608 12:49:08.510852 28182 raft_consensus.cc:359] T e44b9da0894c413e8630fd771b5492ce P 8149694cb62447e0a4139c0daa6a67c2 [term 0 FOLLOWER]: Replica starting. Triggering 0 pending ops. Active config: opid_index: -1 OBSOLETE_local: false peers { permanent_uuid: "fffa23821e3b42feb063835809ee707f" member_type: VOTER last_known_addr { host: "127.24.104.129" port: 34459 } } peers { permanent_uuid: "8149694cb62447e0a4139c0daa6a67c2" member_type: VOTER last_known_addr { host: "127.24.104.130" port: 38651 } } peers { permanent_uuid: "ed04c04c5f1e4e1680bc3fd1df44bbd2" member_type: VOTER last_known_addr { host: "127.24.104.131" port: 44517 } }
I20260608 12:49:08.513089 28182 raft_consensus.cc:385] T e44b9da0894c413e8630fd771b5492ce P 8149694cb62447e0a4139c0daa6a67c2 [term 0 FOLLOWER]: Consensus starting up: Expiring failure detector timer to make a prompt election more likely
I20260608 12:49:08.514622 28185 tablet_bootstrap.cc:492] T 8908dd8823a34237a795a8dc217d20c5 P fffa23821e3b42feb063835809ee707f: No bootstrap required, opened a new log
I20260608 12:49:08.515209 28185 ts_tablet_manager.cc:1403] T 8908dd8823a34237a795a8dc217d20c5 P fffa23821e3b42feb063835809ee707f: Time spent bootstrapping tablet: real 0.026s	user 0.011s	sys 0.014s
I20260608 12:49:08.513511 28182 raft_consensus.cc:740] T e44b9da0894c413e8630fd771b5492ce P 8149694cb62447e0a4139c0daa6a67c2 [term 0 FOLLOWER]: Becoming Follower/Learner. State: Replica: 8149694cb62447e0a4139c0daa6a67c2, State: Initialized, Role: FOLLOWER
I20260608 12:49:08.517318 28182 consensus_queue.cc:260] T e44b9da0894c413e8630fd771b5492ce P 8149694cb62447e0a4139c0daa6a67c2 [NON_LEADER]: Queue going to NON_LEADER mode. State: All replicated index: 0, Majority replicated index: 0, Committed index: 0, Last appended: 0.0, Last appended by leader: 0, Current term: 0, Majority size: -1, State: 0, Mode: NON_LEADER, active raft config: opid_index: -1 OBSOLETE_local: false peers { permanent_uuid: "fffa23821e3b42feb063835809ee707f" member_type: VOTER last_known_addr { host: "127.24.104.129" port: 34459 } } peers { permanent_uuid: "8149694cb62447e0a4139c0daa6a67c2" member_type: VOTER last_known_addr { host: "127.24.104.130" port: 38651 } } peers { permanent_uuid: "ed04c04c5f1e4e1680bc3fd1df44bbd2" member_type: VOTER last_known_addr { host: "127.24.104.131" port: 44517 } }
I20260608 12:49:08.519207 28185 raft_consensus.cc:359] T 8908dd8823a34237a795a8dc217d20c5 P fffa23821e3b42feb063835809ee707f [term 0 FOLLOWER]: Replica starting. Triggering 0 pending ops. Active config: opid_index: -1 OBSOLETE_local: false peers { permanent_uuid: "fffa23821e3b42feb063835809ee707f" member_type: VOTER last_known_addr { host: "127.24.104.129" port: 34459 } } peers { permanent_uuid: "8149694cb62447e0a4139c0daa6a67c2" member_type: VOTER last_known_addr { host: "127.24.104.130" port: 38651 } } peers { permanent_uuid: "ed04c04c5f1e4e1680bc3fd1df44bbd2" member_type: VOTER last_known_addr { host: "127.24.104.131" port: 44517 } }
I20260608 12:49:08.520501 28185 raft_consensus.cc:385] T 8908dd8823a34237a795a8dc217d20c5 P fffa23821e3b42feb063835809ee707f [term 0 FOLLOWER]: Consensus starting up: Expiring failure detector timer to make a prompt election more likely
I20260608 12:49:08.520502 28182 ts_tablet_manager.cc:1434] T e44b9da0894c413e8630fd771b5492ce P 8149694cb62447e0a4139c0daa6a67c2: Time spent starting tablet: real 0.013s	user 0.009s	sys 0.000s
I20260608 12:49:08.521202 28185 raft_consensus.cc:740] T 8908dd8823a34237a795a8dc217d20c5 P fffa23821e3b42feb063835809ee707f [term 0 FOLLOWER]: Becoming Follower/Learner. State: Replica: fffa23821e3b42feb063835809ee707f, State: Initialized, Role: FOLLOWER
I20260608 12:49:08.522564 28182 tablet_bootstrap.cc:492] T 9efef02974a24245b820e1fc48056347 P 8149694cb62447e0a4139c0daa6a67c2: Bootstrap starting.
I20260608 12:49:08.522433 28185 consensus_queue.cc:260] T 8908dd8823a34237a795a8dc217d20c5 P fffa23821e3b42feb063835809ee707f [NON_LEADER]: Queue going to NON_LEADER mode. State: All replicated index: 0, Majority replicated index: 0, Committed index: 0, Last appended: 0.0, Last appended by leader: 0, Current term: 0, Majority size: -1, State: 0, Mode: NON_LEADER, active raft config: opid_index: -1 OBSOLETE_local: false peers { permanent_uuid: "fffa23821e3b42feb063835809ee707f" member_type: VOTER last_known_addr { host: "127.24.104.129" port: 34459 } } peers { permanent_uuid: "8149694cb62447e0a4139c0daa6a67c2" member_type: VOTER last_known_addr { host: "127.24.104.130" port: 38651 } } peers { permanent_uuid: "ed04c04c5f1e4e1680bc3fd1df44bbd2" member_type: VOTER last_known_addr { host: "127.24.104.131" port: 44517 } }
I20260608 12:49:08.525274 28185 ts_tablet_manager.cc:1434] T 8908dd8823a34237a795a8dc217d20c5 P fffa23821e3b42feb063835809ee707f: Time spent starting tablet: real 0.010s	user 0.005s	sys 0.001s
I20260608 12:49:08.526381 28185 tablet_bootstrap.cc:492] T 9efef02974a24245b820e1fc48056347 P fffa23821e3b42feb063835809ee707f: Bootstrap starting.
I20260608 12:49:08.528149 28183 tablet_bootstrap.cc:492] T 9efef02974a24245b820e1fc48056347 P ed04c04c5f1e4e1680bc3fd1df44bbd2: No bootstrap required, opened a new log
I20260608 12:49:08.528662 28183 ts_tablet_manager.cc:1403] T 9efef02974a24245b820e1fc48056347 P ed04c04c5f1e4e1680bc3fd1df44bbd2: Time spent bootstrapping tablet: real 0.030s	user 0.014s	sys 0.005s
I20260608 12:49:08.531847 28183 raft_consensus.cc:359] T 9efef02974a24245b820e1fc48056347 P ed04c04c5f1e4e1680bc3fd1df44bbd2 [term 0 FOLLOWER]: Replica starting. Triggering 0 pending ops. Active config: opid_index: -1 OBSOLETE_local: false peers { permanent_uuid: "fffa23821e3b42feb063835809ee707f" member_type: VOTER last_known_addr { host: "127.24.104.129" port: 34459 } } peers { permanent_uuid: "8149694cb62447e0a4139c0daa6a67c2" member_type: VOTER last_known_addr { host: "127.24.104.130" port: 38651 } } peers { permanent_uuid: "ed04c04c5f1e4e1680bc3fd1df44bbd2" member_type: VOTER last_known_addr { host: "127.24.104.131" port: 44517 } }
I20260608 12:49:08.532392 28183 raft_consensus.cc:385] T 9efef02974a24245b820e1fc48056347 P ed04c04c5f1e4e1680bc3fd1df44bbd2 [term 0 FOLLOWER]: Consensus starting up: Expiring failure detector timer to make a prompt election more likely
I20260608 12:49:08.532729 28183 raft_consensus.cc:740] T 9efef02974a24245b820e1fc48056347 P ed04c04c5f1e4e1680bc3fd1df44bbd2 [term 0 FOLLOWER]: Becoming Follower/Learner. State: Replica: ed04c04c5f1e4e1680bc3fd1df44bbd2, State: Initialized, Role: FOLLOWER
I20260608 12:49:08.533205 28185 tablet_bootstrap.cc:654] T 9efef02974a24245b820e1fc48056347 P fffa23821e3b42feb063835809ee707f: Neither blocks nor log segments found. Creating new log.
I20260608 12:49:08.533521 28183 consensus_queue.cc:260] T 9efef02974a24245b820e1fc48056347 P ed04c04c5f1e4e1680bc3fd1df44bbd2 [NON_LEADER]: Queue going to NON_LEADER mode. State: All replicated index: 0, Majority replicated index: 0, Committed index: 0, Last appended: 0.0, Last appended by leader: 0, Current term: 0, Majority size: -1, State: 0, Mode: NON_LEADER, active raft config: opid_index: -1 OBSOLETE_local: false peers { permanent_uuid: "fffa23821e3b42feb063835809ee707f" member_type: VOTER last_known_addr { host: "127.24.104.129" port: 34459 } } peers { permanent_uuid: "8149694cb62447e0a4139c0daa6a67c2" member_type: VOTER last_known_addr { host: "127.24.104.130" port: 38651 } } peers { permanent_uuid: "ed04c04c5f1e4e1680bc3fd1df44bbd2" member_type: VOTER last_known_addr { host: "127.24.104.131" port: 44517 } }
I20260608 12:49:08.536130 28183 ts_tablet_manager.cc:1434] T 9efef02974a24245b820e1fc48056347 P ed04c04c5f1e4e1680bc3fd1df44bbd2: Time spent starting tablet: real 0.007s	user 0.007s	sys 0.000s
I20260608 12:49:08.537381 28183 tablet_bootstrap.cc:492] T 2d68c3c3cffd4a9887994c6c0eda7bdd P ed04c04c5f1e4e1680bc3fd1df44bbd2: Bootstrap starting.
I20260608 12:49:08.537969 28182 tablet_bootstrap.cc:654] T 9efef02974a24245b820e1fc48056347 P 8149694cb62447e0a4139c0daa6a67c2: Neither blocks nor log segments found. Creating new log.
I20260608 12:49:08.545533 28183 tablet_bootstrap.cc:654] T 2d68c3c3cffd4a9887994c6c0eda7bdd P ed04c04c5f1e4e1680bc3fd1df44bbd2: Neither blocks nor log segments found. Creating new log.
I20260608 12:49:08.552534 28182 tablet_bootstrap.cc:492] T 9efef02974a24245b820e1fc48056347 P 8149694cb62447e0a4139c0daa6a67c2: No bootstrap required, opened a new log
I20260608 12:49:08.553298 28182 ts_tablet_manager.cc:1403] T 9efef02974a24245b820e1fc48056347 P 8149694cb62447e0a4139c0daa6a67c2: Time spent bootstrapping tablet: real 0.031s	user 0.011s	sys 0.011s
I20260608 12:49:08.556322 28183 tablet_bootstrap.cc:492] T 2d68c3c3cffd4a9887994c6c0eda7bdd P ed04c04c5f1e4e1680bc3fd1df44bbd2: No bootstrap required, opened a new log
I20260608 12:49:08.556843 28183 ts_tablet_manager.cc:1403] T 2d68c3c3cffd4a9887994c6c0eda7bdd P ed04c04c5f1e4e1680bc3fd1df44bbd2: Time spent bootstrapping tablet: real 0.020s	user 0.014s	sys 0.001s
I20260608 12:49:08.556668 28182 raft_consensus.cc:359] T 9efef02974a24245b820e1fc48056347 P 8149694cb62447e0a4139c0daa6a67c2 [term 0 FOLLOWER]: Replica starting. Triggering 0 pending ops. Active config: opid_index: -1 OBSOLETE_local: false peers { permanent_uuid: "fffa23821e3b42feb063835809ee707f" member_type: VOTER last_known_addr { host: "127.24.104.129" port: 34459 } } peers { permanent_uuid: "8149694cb62447e0a4139c0daa6a67c2" member_type: VOTER last_known_addr { host: "127.24.104.130" port: 38651 } } peers { permanent_uuid: "ed04c04c5f1e4e1680bc3fd1df44bbd2" member_type: VOTER last_known_addr { host: "127.24.104.131" port: 44517 } }
I20260608 12:49:08.557544 28182 raft_consensus.cc:385] T 9efef02974a24245b820e1fc48056347 P 8149694cb62447e0a4139c0daa6a67c2 [term 0 FOLLOWER]: Consensus starting up: Expiring failure detector timer to make a prompt election more likely
I20260608 12:49:08.557964 28182 raft_consensus.cc:740] T 9efef02974a24245b820e1fc48056347 P 8149694cb62447e0a4139c0daa6a67c2 [term 0 FOLLOWER]: Becoming Follower/Learner. State: Replica: 8149694cb62447e0a4139c0daa6a67c2, State: Initialized, Role: FOLLOWER
I20260608 12:49:08.558970 28182 consensus_queue.cc:260] T 9efef02974a24245b820e1fc48056347 P 8149694cb62447e0a4139c0daa6a67c2 [NON_LEADER]: Queue going to NON_LEADER mode. State: All replicated index: 0, Majority replicated index: 0, Committed index: 0, Last appended: 0.0, Last appended by leader: 0, Current term: 0, Majority size: -1, State: 0, Mode: NON_LEADER, active raft config: opid_index: -1 OBSOLETE_local: false peers { permanent_uuid: "fffa23821e3b42feb063835809ee707f" member_type: VOTER last_known_addr { host: "127.24.104.129" port: 34459 } } peers { permanent_uuid: "8149694cb62447e0a4139c0daa6a67c2" member_type: VOTER last_known_addr { host: "127.24.104.130" port: 38651 } } peers { permanent_uuid: "ed04c04c5f1e4e1680bc3fd1df44bbd2" member_type: VOTER last_known_addr { host: "127.24.104.131" port: 44517 } }
I20260608 12:49:08.560210 28183 raft_consensus.cc:359] T 2d68c3c3cffd4a9887994c6c0eda7bdd P ed04c04c5f1e4e1680bc3fd1df44bbd2 [term 0 FOLLOWER]: Replica starting. Triggering 0 pending ops. Active config: opid_index: -1 OBSOLETE_local: false peers { permanent_uuid: "fffa23821e3b42feb063835809ee707f" member_type: VOTER last_known_addr { host: "127.24.104.129" port: 34459 } } peers { permanent_uuid: "8149694cb62447e0a4139c0daa6a67c2" member_type: VOTER last_known_addr { host: "127.24.104.130" port: 38651 } } peers { permanent_uuid: "ed04c04c5f1e4e1680bc3fd1df44bbd2" member_type: VOTER last_known_addr { host: "127.24.104.131" port: 44517 } }
I20260608 12:49:08.561003 28183 raft_consensus.cc:385] T 2d68c3c3cffd4a9887994c6c0eda7bdd P ed04c04c5f1e4e1680bc3fd1df44bbd2 [term 0 FOLLOWER]: Consensus starting up: Expiring failure detector timer to make a prompt election more likely
I20260608 12:49:08.561318 28183 raft_consensus.cc:740] T 2d68c3c3cffd4a9887994c6c0eda7bdd P ed04c04c5f1e4e1680bc3fd1df44bbd2 [term 0 FOLLOWER]: Becoming Follower/Learner. State: Replica: ed04c04c5f1e4e1680bc3fd1df44bbd2, State: Initialized, Role: FOLLOWER
I20260608 12:49:08.562708 28185 tablet_bootstrap.cc:492] T 9efef02974a24245b820e1fc48056347 P fffa23821e3b42feb063835809ee707f: No bootstrap required, opened a new log
I20260608 12:49:08.562366 28183 consensus_queue.cc:260] T 2d68c3c3cffd4a9887994c6c0eda7bdd P ed04c04c5f1e4e1680bc3fd1df44bbd2 [NON_LEADER]: Queue going to NON_LEADER mode. State: All replicated index: 0, Majority replicated index: 0, Committed index: 0, Last appended: 0.0, Last appended by leader: 0, Current term: 0, Majority size: -1, State: 0, Mode: NON_LEADER, active raft config: opid_index: -1 OBSOLETE_local: false peers { permanent_uuid: "fffa23821e3b42feb063835809ee707f" member_type: VOTER last_known_addr { host: "127.24.104.129" port: 34459 } } peers { permanent_uuid: "8149694cb62447e0a4139c0daa6a67c2" member_type: VOTER last_known_addr { host: "127.24.104.130" port: 38651 } } peers { permanent_uuid: "ed04c04c5f1e4e1680bc3fd1df44bbd2" member_type: VOTER last_known_addr { host: "127.24.104.131" port: 44517 } }
I20260608 12:49:08.563230 28185 ts_tablet_manager.cc:1403] T 9efef02974a24245b820e1fc48056347 P fffa23821e3b42feb063835809ee707f: Time spent bootstrapping tablet: real 0.037s	user 0.014s	sys 0.018s
I20260608 12:49:08.564321 28182 ts_tablet_manager.cc:1434] T 9efef02974a24245b820e1fc48056347 P 8149694cb62447e0a4139c0daa6a67c2: Time spent starting tablet: real 0.011s	user 0.006s	sys 0.000s
I20260608 12:49:08.566229 28182 tablet_bootstrap.cc:492] T 8908dd8823a34237a795a8dc217d20c5 P 8149694cb62447e0a4139c0daa6a67c2: Bootstrap starting.
I20260608 12:49:08.566581 28185 raft_consensus.cc:359] T 9efef02974a24245b820e1fc48056347 P fffa23821e3b42feb063835809ee707f [term 0 FOLLOWER]: Replica starting. Triggering 0 pending ops. Active config: opid_index: -1 OBSOLETE_local: false peers { permanent_uuid: "fffa23821e3b42feb063835809ee707f" member_type: VOTER last_known_addr { host: "127.24.104.129" port: 34459 } } peers { permanent_uuid: "8149694cb62447e0a4139c0daa6a67c2" member_type: VOTER last_known_addr { host: "127.24.104.130" port: 38651 } } peers { permanent_uuid: "ed04c04c5f1e4e1680bc3fd1df44bbd2" member_type: VOTER last_known_addr { host: "127.24.104.131" port: 44517 } }
I20260608 12:49:08.567337 28185 raft_consensus.cc:385] T 9efef02974a24245b820e1fc48056347 P fffa23821e3b42feb063835809ee707f [term 0 FOLLOWER]: Consensus starting up: Expiring failure detector timer to make a prompt election more likely
I20260608 12:49:08.567700 28183 ts_tablet_manager.cc:1434] T 2d68c3c3cffd4a9887994c6c0eda7bdd P ed04c04c5f1e4e1680bc3fd1df44bbd2: Time spent starting tablet: real 0.011s	user 0.008s	sys 0.000s
I20260608 12:49:08.567646 28185 raft_consensus.cc:740] T 9efef02974a24245b820e1fc48056347 P fffa23821e3b42feb063835809ee707f [term 0 FOLLOWER]: Becoming Follower/Learner. State: Replica: fffa23821e3b42feb063835809ee707f, State: Initialized, Role: FOLLOWER
I20260608 12:49:08.568919 28191 raft_consensus.cc:493] T e44b9da0894c413e8630fd771b5492ce P fffa23821e3b42feb063835809ee707f [term 0 FOLLOWER]: Starting pre-election (no leader contacted us within the election timeout)
I20260608 12:49:08.569130 28183 tablet_bootstrap.cc:492] T 6be2552a6a824b86a7aa528e6b1dccf0 P ed04c04c5f1e4e1680bc3fd1df44bbd2: Bootstrap starting.
I20260608 12:49:08.568812 28185 consensus_queue.cc:260] T 9efef02974a24245b820e1fc48056347 P fffa23821e3b42feb063835809ee707f [NON_LEADER]: Queue going to NON_LEADER mode. State: All replicated index: 0, Majority replicated index: 0, Committed index: 0, Last appended: 0.0, Last appended by leader: 0, Current term: 0, Majority size: -1, State: 0, Mode: NON_LEADER, active raft config: opid_index: -1 OBSOLETE_local: false peers { permanent_uuid: "fffa23821e3b42feb063835809ee707f" member_type: VOTER last_known_addr { host: "127.24.104.129" port: 34459 } } peers { permanent_uuid: "8149694cb62447e0a4139c0daa6a67c2" member_type: VOTER last_known_addr { host: "127.24.104.130" port: 38651 } } peers { permanent_uuid: "ed04c04c5f1e4e1680bc3fd1df44bbd2" member_type: VOTER last_known_addr { host: "127.24.104.131" port: 44517 } }
I20260608 12:49:08.569528 28191 raft_consensus.cc:515] T e44b9da0894c413e8630fd771b5492ce P fffa23821e3b42feb063835809ee707f [term 0 FOLLOWER]: Starting pre-election with config: opid_index: -1 OBSOLETE_local: false peers { permanent_uuid: "fffa23821e3b42feb063835809ee707f" member_type: VOTER last_known_addr { host: "127.24.104.129" port: 34459 } } peers { permanent_uuid: "8149694cb62447e0a4139c0daa6a67c2" member_type: VOTER last_known_addr { host: "127.24.104.130" port: 38651 } } peers { permanent_uuid: "ed04c04c5f1e4e1680bc3fd1df44bbd2" member_type: VOTER last_known_addr { host: "127.24.104.131" port: 44517 } }
I20260608 12:49:08.574374 28182 tablet_bootstrap.cc:654] T 8908dd8823a34237a795a8dc217d20c5 P 8149694cb62447e0a4139c0daa6a67c2: Neither blocks nor log segments found. Creating new log.
I20260608 12:49:08.577430 28183 tablet_bootstrap.cc:654] T 6be2552a6a824b86a7aa528e6b1dccf0 P ed04c04c5f1e4e1680bc3fd1df44bbd2: Neither blocks nor log segments found. Creating new log.
I20260608 12:49:08.578322 28191 leader_election.cc:290] T e44b9da0894c413e8630fd771b5492ce P fffa23821e3b42feb063835809ee707f [CANDIDATE]: Term 1 pre-election: Requested pre-vote from peers 8149694cb62447e0a4139c0daa6a67c2 (127.24.104.130:38651), ed04c04c5f1e4e1680bc3fd1df44bbd2 (127.24.104.131:44517)
I20260608 12:49:08.578689 28185 ts_tablet_manager.cc:1434] T 9efef02974a24245b820e1fc48056347 P fffa23821e3b42feb063835809ee707f: Time spent starting tablet: real 0.015s	user 0.014s	sys 0.001s
I20260608 12:49:08.582150 28185 tablet_bootstrap.cc:492] T fdbcf9448b834fe0acc9a15f8e72a99f P fffa23821e3b42feb063835809ee707f: Bootstrap starting.
I20260608 12:49:08.586001 27939 auto_leader_rebalancer.cc:140] leader rebalance for table range_aware_rebalance_new_range
W20260608 12:49:08.587253 27934 auto_rebalancer.cc:259] Could not retrieve cluster info: Service unavailable: Tablet not running
W20260608 12:49:08.587427 27939 auto_leader_rebalancer.cc:460] the master instance isn't leader: Service unavailable: Tablet not running
I20260608 12:49:08.590159 28182 tablet_bootstrap.cc:492] T 8908dd8823a34237a795a8dc217d20c5 P 8149694cb62447e0a4139c0daa6a67c2: No bootstrap required, opened a new log
I20260608 12:49:08.590224 28185 tablet_bootstrap.cc:654] T fdbcf9448b834fe0acc9a15f8e72a99f P fffa23821e3b42feb063835809ee707f: Neither blocks nor log segments found. Creating new log.
I20260608 12:49:08.590758 28182 ts_tablet_manager.cc:1403] T 8908dd8823a34237a795a8dc217d20c5 P 8149694cb62447e0a4139c0daa6a67c2: Time spent bootstrapping tablet: real 0.025s	user 0.011s	sys 0.008s
I20260608 12:49:08.592015 28183 tablet_bootstrap.cc:492] T 6be2552a6a824b86a7aa528e6b1dccf0 P ed04c04c5f1e4e1680bc3fd1df44bbd2: No bootstrap required, opened a new log
I20260608 12:49:08.592507 28183 ts_tablet_manager.cc:1403] T 6be2552a6a824b86a7aa528e6b1dccf0 P ed04c04c5f1e4e1680bc3fd1df44bbd2: Time spent bootstrapping tablet: real 0.024s	user 0.016s	sys 0.004s
