I20260608 12:48:12.742780 26760 raft_consensus.cc:493] T 0fa9118447a14182a53b418a4a3aa3c0 P 8ba2eb3979014438b028da0af9e07de9 [term 0 FOLLOWER]: Starting leader election (no leader contacted us within the election timeout)
I20260608 12:48:12.743677 26764 raft_consensus.cc:3060] T 3dc478ccdd9c45919fce2eddb39f0711 P bb38b4cde84346b58bdd77981721858b [term 0 FOLLOWER]: Advancing to term 1
I20260608 12:48:12.743716 26760 raft_consensus.cc:3060] T 0fa9118447a14182a53b418a4a3aa3c0 P 8ba2eb3979014438b028da0af9e07de9 [term 0 FOLLOWER]: Advancing to term 1
I20260608 12:48:12.746734 26710 tablet_service.cc:1917] Received RequestConsensusVote() RPC: tablet_id: "3dc478ccdd9c45919fce2eddb39f0711" candidate_uuid: "bb38b4cde84346b58bdd77981721858b" candidate_term: 1 candidate_status { last_received { term: 0 index: 0 } } ignore_live_leader: false dest_uuid: "5b08c2550c5f447592878b6e0eece06d" is_pre_election: true
I20260608 12:48:12.747438 26710 raft_consensus.cc:2468] T 3dc478ccdd9c45919fce2eddb39f0711 P 5b08c2550c5f447592878b6e0eece06d [term 0 FOLLOWER]: Leader pre-election vote request: Granting yes vote for candidate bb38b4cde84346b58bdd77981721858b in term 0.
I20260608 12:48:12.750234 26636 tablet_service.cc:1917] Received RequestConsensusVote() RPC: tablet_id: "0fa9118447a14182a53b418a4a3aa3c0" candidate_uuid: "8ba2eb3979014438b028da0af9e07de9" candidate_term: 1 candidate_status { last_received { term: 0 index: 0 } } ignore_live_leader: false dest_uuid: "bb38b4cde84346b58bdd77981721858b" is_pre_election: true
I20260608 12:48:12.750844 26636 raft_consensus.cc:2468] T 0fa9118447a14182a53b418a4a3aa3c0 P bb38b4cde84346b58bdd77981721858b [term 0 FOLLOWER]: Leader pre-election vote request: Granting yes vote for candidate 8ba2eb3979014438b028da0af9e07de9 in term 0.
I20260608 12:48:12.750908 26760 raft_consensus.cc:515] T 0fa9118447a14182a53b418a4a3aa3c0 P 8ba2eb3979014438b028da0af9e07de9 [term 1 FOLLOWER]: Starting leader election with config: opid_index: -1 OBSOLETE_local: false peers { permanent_uuid: "5b08c2550c5f447592878b6e0eece06d" member_type: VOTER last_known_addr { host: "127.24.55.195" port: 40415 } } peers { permanent_uuid: "bb38b4cde84346b58bdd77981721858b" member_type: VOTER last_known_addr { host: "127.24.55.194" port: 36729 } } peers { permanent_uuid: "8ba2eb3979014438b028da0af9e07de9" member_type: VOTER last_known_addr { host: "127.24.55.193" port: 34021 } }
I20260608 12:48:12.750908 26764 raft_consensus.cc:515] T 3dc478ccdd9c45919fce2eddb39f0711 P bb38b4cde84346b58bdd77981721858b [term 1 FOLLOWER]: Starting leader election with config: opid_index: -1 OBSOLETE_local: false peers { permanent_uuid: "8ba2eb3979014438b028da0af9e07de9" member_type: VOTER last_known_addr { host: "127.24.55.193" port: 34021 } } peers { permanent_uuid: "bb38b4cde84346b58bdd77981721858b" member_type: VOTER last_known_addr { host: "127.24.55.194" port: 36729 } } peers { permanent_uuid: "5b08c2550c5f447592878b6e0eece06d" member_type: VOTER last_known_addr { host: "127.24.55.195" port: 40415 } }
I20260608 12:48:12.753329 26764 leader_election.cc:290] T 3dc478ccdd9c45919fce2eddb39f0711 P bb38b4cde84346b58bdd77981721858b [CANDIDATE]: Term 1 election: Requested vote from peers 8ba2eb3979014438b028da0af9e07de9 (127.24.55.193:34021), 5b08c2550c5f447592878b6e0eece06d (127.24.55.195:40415)
I20260608 12:48:12.753316 26760 leader_election.cc:290] T 0fa9118447a14182a53b418a4a3aa3c0 P 8ba2eb3979014438b028da0af9e07de9 [CANDIDATE]: Term 1 election: Requested vote from peers 5b08c2550c5f447592878b6e0eece06d (127.24.55.195:40415), bb38b4cde84346b58bdd77981721858b (127.24.55.194:36729)
I20260608 12:48:12.754117 26710 tablet_service.cc:1917] Received RequestConsensusVote() RPC: tablet_id: "0fa9118447a14182a53b418a4a3aa3c0" candidate_uuid: "8ba2eb3979014438b028da0af9e07de9" candidate_term: 1 candidate_status { last_received { term: 0 index: 0 } } ignore_live_leader: false dest_uuid: "5b08c2550c5f447592878b6e0eece06d"
I20260608 12:48:12.754539 26709 tablet_service.cc:1917] Received RequestConsensusVote() RPC: tablet_id: "3dc478ccdd9c45919fce2eddb39f0711" candidate_uuid: "bb38b4cde84346b58bdd77981721858b" candidate_term: 1 candidate_status { last_received { term: 0 index: 0 } } ignore_live_leader: false dest_uuid: "5b08c2550c5f447592878b6e0eece06d"
I20260608 12:48:12.754782 26710 raft_consensus.cc:3060] T 0fa9118447a14182a53b418a4a3aa3c0 P 5b08c2550c5f447592878b6e0eece06d [term 0 FOLLOWER]: Advancing to term 1
I20260608 12:48:12.754882 26561 tablet_service.cc:1917] Received RequestConsensusVote() RPC: tablet_id: "3dc478ccdd9c45919fce2eddb39f0711" candidate_uuid: "bb38b4cde84346b58bdd77981721858b" candidate_term: 1 candidate_status { last_received { term: 0 index: 0 } } ignore_live_leader: false dest_uuid: "8ba2eb3979014438b028da0af9e07de9"
I20260608 12:48:12.755177 26709 raft_consensus.cc:3060] T 3dc478ccdd9c45919fce2eddb39f0711 P 5b08c2550c5f447592878b6e0eece06d [term 0 FOLLOWER]: Advancing to term 1
I20260608 12:48:12.755295 26636 tablet_service.cc:1917] Received RequestConsensusVote() RPC: tablet_id: "0fa9118447a14182a53b418a4a3aa3c0" candidate_uuid: "8ba2eb3979014438b028da0af9e07de9" candidate_term: 1 candidate_status { last_received { term: 0 index: 0 } } ignore_live_leader: false dest_uuid: "bb38b4cde84346b58bdd77981721858b"
I20260608 12:48:12.755580 26561 raft_consensus.cc:3060] T 3dc478ccdd9c45919fce2eddb39f0711 P 8ba2eb3979014438b028da0af9e07de9 [term 0 FOLLOWER]: Advancing to term 1
I20260608 12:48:12.755921 26636 raft_consensus.cc:3060] T 0fa9118447a14182a53b418a4a3aa3c0 P bb38b4cde84346b58bdd77981721858b [term 0 FOLLOWER]: Advancing to term 1
I20260608 12:48:12.762110 26710 raft_consensus.cc:2468] T 0fa9118447a14182a53b418a4a3aa3c0 P 5b08c2550c5f447592878b6e0eece06d [term 1 FOLLOWER]: Leader election vote request: Granting yes vote for candidate 8ba2eb3979014438b028da0af9e07de9 in term 1.
I20260608 12:48:12.762115 26709 raft_consensus.cc:2468] T 3dc478ccdd9c45919fce2eddb39f0711 P 5b08c2550c5f447592878b6e0eece06d [term 1 FOLLOWER]: Leader election vote request: Granting yes vote for candidate bb38b4cde84346b58bdd77981721858b in term 1.
I20260608 12:48:12.762715 26561 raft_consensus.cc:2468] T 3dc478ccdd9c45919fce2eddb39f0711 P 8ba2eb3979014438b028da0af9e07de9 [term 1 FOLLOWER]: Leader election vote request: Granting yes vote for candidate bb38b4cde84346b58bdd77981721858b in term 1.
I20260608 12:48:12.762715 26636 raft_consensus.cc:2468] T 0fa9118447a14182a53b418a4a3aa3c0 P bb38b4cde84346b58bdd77981721858b [term 1 FOLLOWER]: Leader election vote request: Granting yes vote for candidate 8ba2eb3979014438b028da0af9e07de9 in term 1.
I20260608 12:48:12.763625 26527 leader_election.cc:304] T 0fa9118447a14182a53b418a4a3aa3c0 P 8ba2eb3979014438b028da0af9e07de9 [CANDIDATE]: Term 1 election: Election decided. Result: candidate won. Election summary: received 2 responses out of 3 voters: 2 yes votes; 0 no votes. yes voters: 5b08c2550c5f447592878b6e0eece06d, 8ba2eb3979014438b028da0af9e07de9; no voters: 
I20260608 12:48:12.763761 26602 leader_election.cc:304] T 3dc478ccdd9c45919fce2eddb39f0711 P bb38b4cde84346b58bdd77981721858b [CANDIDATE]: Term 1 election: Election decided. Result: candidate won. Election summary: received 2 responses out of 3 voters: 2 yes votes; 0 no votes. yes voters: 5b08c2550c5f447592878b6e0eece06d, bb38b4cde84346b58bdd77981721858b; no voters: 
I20260608 12:48:12.764621 26760 raft_consensus.cc:2804] T 0fa9118447a14182a53b418a4a3aa3c0 P 8ba2eb3979014438b028da0af9e07de9 [term 1 FOLLOWER]: Leader election won for term 1
I20260608 12:48:12.764732 26764 raft_consensus.cc:2804] T 3dc478ccdd9c45919fce2eddb39f0711 P bb38b4cde84346b58bdd77981721858b [term 1 FOLLOWER]: Leader election won for term 1
I20260608 12:48:12.766244 26760 raft_consensus.cc:697] T 0fa9118447a14182a53b418a4a3aa3c0 P 8ba2eb3979014438b028da0af9e07de9 [term 1 LEADER]: Becoming Leader. State: Replica: 8ba2eb3979014438b028da0af9e07de9, State: Running, Role: LEADER
I20260608 12:48:12.767104 26764 raft_consensus.cc:697] T 3dc478ccdd9c45919fce2eddb39f0711 P bb38b4cde84346b58bdd77981721858b [term 1 LEADER]: Becoming Leader. State: Replica: bb38b4cde84346b58bdd77981721858b, State: Running, Role: LEADER
I20260608 12:48:12.767307 26760 consensus_queue.cc:237] T 0fa9118447a14182a53b418a4a3aa3c0 P 8ba2eb3979014438b028da0af9e07de9 [LEADER]: Queue going to LEADER mode. State: All replicated index: 0, Majority replicated index: 0, Committed index: 0, Last appended: 0.0, Last appended by leader: 0, Current term: 1, Majority size: 2, State: 0, Mode: LEADER, active raft config: opid_index: -1 OBSOLETE_local: false peers { permanent_uuid: "5b08c2550c5f447592878b6e0eece06d" member_type: VOTER last_known_addr { host: "127.24.55.195" port: 40415 } } peers { permanent_uuid: "bb38b4cde84346b58bdd77981721858b" member_type: VOTER last_known_addr { host: "127.24.55.194" port: 36729 } } peers { permanent_uuid: "8ba2eb3979014438b028da0af9e07de9" member_type: VOTER last_known_addr { host: "127.24.55.193" port: 34021 } }
I20260608 12:48:12.768034 26764 consensus_queue.cc:237] T 3dc478ccdd9c45919fce2eddb39f0711 P bb38b4cde84346b58bdd77981721858b [LEADER]: Queue going to LEADER mode. State: All replicated index: 0, Majority replicated index: 0, Committed index: 0, Last appended: 0.0, Last appended by leader: 0, Current term: 1, Majority size: 2, State: 0, Mode: LEADER, active raft config: opid_index: -1 OBSOLETE_local: false peers { permanent_uuid: "8ba2eb3979014438b028da0af9e07de9" member_type: VOTER last_known_addr { host: "127.24.55.193" port: 34021 } } peers { permanent_uuid: "bb38b4cde84346b58bdd77981721858b" member_type: VOTER last_known_addr { host: "127.24.55.194" port: 36729 } } peers { permanent_uuid: "5b08c2550c5f447592878b6e0eece06d" member_type: VOTER last_known_addr { host: "127.24.55.195" port: 40415 } }
I20260608 12:48:12.777247 26459 catalog_manager.cc:5696] T 0fa9118447a14182a53b418a4a3aa3c0 P 8ba2eb3979014438b028da0af9e07de9 reported cstate change: term changed from 0 to 1, leader changed from <none> to 8ba2eb3979014438b028da0af9e07de9 (127.24.55.193). New cstate: current_term: 1 leader_uuid: "8ba2eb3979014438b028da0af9e07de9" committed_config { opid_index: -1 OBSOLETE_local: false peers { permanent_uuid: "5b08c2550c5f447592878b6e0eece06d" member_type: VOTER last_known_addr { host: "127.24.55.195" port: 40415 } health_report { overall_health: UNKNOWN } } peers { permanent_uuid: "bb38b4cde84346b58bdd77981721858b" member_type: VOTER last_known_addr { host: "127.24.55.194" port: 36729 } health_report { overall_health: UNKNOWN } } peers { permanent_uuid: "8ba2eb3979014438b028da0af9e07de9" member_type: VOTER last_known_addr { host: "127.24.55.193" port: 34021 } health_report { overall_health: HEALTHY } } }
I20260608 12:48:12.778513 26458 catalog_manager.cc:5696] T 3dc478ccdd9c45919fce2eddb39f0711 P bb38b4cde84346b58bdd77981721858b reported cstate change: term changed from 0 to 1, leader changed from <none> to bb38b4cde84346b58bdd77981721858b (127.24.55.194). New cstate: current_term: 1 leader_uuid: "bb38b4cde84346b58bdd77981721858b" committed_config { opid_index: -1 OBSOLETE_local: false peers { permanent_uuid: "8ba2eb3979014438b028da0af9e07de9" member_type: VOTER last_known_addr { host: "127.24.55.193" port: 34021 } health_report { overall_health: UNKNOWN } } peers { permanent_uuid: "bb38b4cde84346b58bdd77981721858b" member_type: VOTER last_known_addr { host: "127.24.55.194" port: 36729 } health_report { overall_health: HEALTHY } } peers { permanent_uuid: "5b08c2550c5f447592878b6e0eece06d" member_type: VOTER last_known_addr { host: "127.24.55.195" port: 40415 } health_report { overall_health: UNKNOWN } } }
I20260608 12:48:13.101151 26512 auto_leader_rebalancer.cc:140] leader rebalance for table test-workload
I20260608 12:48:13.103348 26512 auto_leader_rebalancer.cc:388] table: test-workload, leader rebalance finish, leader transfer count: 0
I20260608 12:48:13.103765 26512 auto_leader_rebalancer.cc:451] All tables' leader rebalancing finished this round
I20260608 12:48:13.169456 26764 consensus_queue.cc:1048] T 3dc478ccdd9c45919fce2eddb39f0711 P bb38b4cde84346b58bdd77981721858b [LEADER]: Connected to new peer: Peer: permanent_uuid: "5b08c2550c5f447592878b6e0eece06d" member_type: VOTER last_known_addr { host: "127.24.55.195" port: 40415 }, Status: LMP_MISMATCH, Last received: 0.0, Next index: 1, Last known committed idx: 0, Time since last communication: 0.000s
I20260608 12:48:13.178917 26760 consensus_queue.cc:1048] T 0fa9118447a14182a53b418a4a3aa3c0 P 8ba2eb3979014438b028da0af9e07de9 [LEADER]: Connected to new peer: Peer: permanent_uuid: "5b08c2550c5f447592878b6e0eece06d" member_type: VOTER last_known_addr { host: "127.24.55.195" port: 40415 }, Status: LMP_MISMATCH, Last received: 0.0, Next index: 1, Last known committed idx: 0, Time since last communication: 0.000s
I20260608 12:48:13.182600 26778 consensus_queue.cc:1048] T 3dc478ccdd9c45919fce2eddb39f0711 P bb38b4cde84346b58bdd77981721858b [LEADER]: Connected to new peer: Peer: permanent_uuid: "8ba2eb3979014438b028da0af9e07de9" member_type: VOTER last_known_addr { host: "127.24.55.193" port: 34021 }, Status: LMP_MISMATCH, Last received: 0.0, Next index: 1, Last known committed idx: 0, Time since last communication: 0.001s
I20260608 12:48:13.211166 26772 consensus_queue.cc:1048] T 0fa9118447a14182a53b418a4a3aa3c0 P 8ba2eb3979014438b028da0af9e07de9 [LEADER]: Connected to new peer: Peer: permanent_uuid: "bb38b4cde84346b58bdd77981721858b" member_type: VOTER last_known_addr { host: "127.24.55.194" port: 36729 }, Status: LMP_MISMATCH, Last received: 0.0, Next index: 1, Last known committed idx: 0, Time since last communication: 0.000s
I20260608 12:48:15.104653 26512 auto_leader_rebalancer.cc:140] leader rebalance for table test-workload
I20260608 12:48:15.106797 26512 auto_leader_rebalancer.cc:388] table: test-workload, leader rebalance finish, leader transfer count: 0
I20260608 12:48:15.107174 26512 auto_leader_rebalancer.cc:451] All tables' leader rebalancing finished this round
I20260608 12:48:17.108080 26512 auto_leader_rebalancer.cc:140] leader rebalance for table test-workload
I20260608 12:48:17.110172 26512 auto_leader_rebalancer.cc:388] table: test-workload, leader rebalance finish, leader transfer count: 0
I20260608 12:48:17.110538 26512 auto_leader_rebalancer.cc:451] All tables' leader rebalancing finished this round
I20260608 12:48:19.111696 26512 auto_leader_rebalancer.cc:140] leader rebalance for table test-workload
I20260608 12:48:19.114027 26512 auto_leader_rebalancer.cc:388] table: test-workload, leader rebalance finish, leader transfer count: 0
I20260608 12:48:19.114427 26512 auto_leader_rebalancer.cc:451] All tables' leader rebalancing finished this round
I20260608 12:48:21.115430 26512 auto_leader_rebalancer.cc:140] leader rebalance for table test-workload
I20260608 12:48:21.117483 26512 auto_leader_rebalancer.cc:388] table: test-workload, leader rebalance finish, leader transfer count: 0
I20260608 12:48:21.117837 26512 auto_leader_rebalancer.cc:451] All tables' leader rebalancing finished this round
I20260608 12:48:23.118785 26512 auto_leader_rebalancer.cc:140] leader rebalance for table test-workload
I20260608 12:48:23.120792 26512 auto_leader_rebalancer.cc:388] table: test-workload, leader rebalance finish, leader transfer count: 0
I20260608 12:48:23.121153 26512 auto_leader_rebalancer.cc:451] All tables' leader rebalancing finished this round
I20260608 12:48:23.887673 24799 file_cache.cc:492] Constructed file cache file cache with capacity 419430
W20260608 12:48:23.895265 26792 instance_detector.cc:116] could not retrieve AWS instance metadata: Network error: curl error: HTTP response code said error: The requested URL returned error: 404
W20260608 12:48:23.895668 26793 instance_detector.cc:116] could not retrieve Azure instance metadata: Network error: curl error: HTTP response code said error: The requested URL returned error: 404
W20260608 12:48:23.897857 26795 instance_detector.cc:116] could not retrieve OpenStack instance metadata: Network error: curl error: HTTP response code said error: The requested URL returned error: 404
I20260608 12:48:23.900686 24799 server_base.cc:1061] running on GCE node
I20260608 12:48:23.901818 24799 hybrid_clock.cc:584] initializing the hybrid clock with 'system_unsync' time source
W20260608 12:48:23.902072 24799 system_unsync_time.cc:38] NTP support is disabled. Clock error bounds will not be accurate. This configuration is not suitable for distributed clusters.
I20260608 12:48:23.902323 24799 hybrid_clock.cc:648] HybridClock initialized: now 1780922903902305 us; error 0 us; skew 500 ppm
I20260608 12:48:23.903079 24799 server_base.cc:861] Flag tcmalloc_max_total_thread_cache_bytes is not working since tcmalloc is not enabled.
I20260608 12:48:23.905965 24799 webserver.cc:533] Webserver started at http://127.24.55.196:34039/ using document root <none> and password file <none>
I20260608 12:48:23.906533 24799 fs_manager.cc:362] Metadata directory not provided
I20260608 12:48:23.906826 24799 fs_manager.cc:368] Using write-ahead log directory (fs_wal_dir) as metadata directory
I20260608 12:48:23.907156 24799 server_base.cc:909] This appears to be a new deployment of Kudu; creating new FS layout
I20260608 12:48:23.908509 24799 fs_manager.cc:1068] Generated new instance metadata in path /tmp/dist-test-taskT0aIor/test-tmp/auto_rebalancer-test.0.AutoRebalancerTest.MovesScheduledIfAddTserver.1780922867410763-24799-0/minicluster-data/ts-3-root/instance:
uuid: "8ad1b5385970443f9e3b65b0d15890ec"
format_stamp: "Formatted at 2026-06-08 12:48:23 on dist-test-slave-4bvg"
I20260608 12:48:23.913470 24799 fs_manager.cc:696] Time spent creating directory manager: real 0.004s	user 0.006s	sys 0.000s
I20260608 12:48:23.917136 26800 log_block_manager.cc:4031] Time spent loading block containers with low live blocks: real 0.000s	user 0.000s	sys 0.000s
I20260608 12:48:23.918094 24799 fs_manager.cc:730] Time spent opening block manager: real 0.002s	user 0.002s	sys 0.000s
I20260608 12:48:23.918385 24799 fs_manager.cc:647] Opened local filesystem: /tmp/dist-test-taskT0aIor/test-tmp/auto_rebalancer-test.0.AutoRebalancerTest.MovesScheduledIfAddTserver.1780922867410763-24799-0/minicluster-data/ts-3-root
uuid: "8ad1b5385970443f9e3b65b0d15890ec"
format_stamp: "Formatted at 2026-06-08 12:48:23 on dist-test-slave-4bvg"
I20260608 12:48:23.918711 24799 fs_report.cc:389] FS layout report
--------------------
wal directory: /tmp/dist-test-taskT0aIor/test-tmp/auto_rebalancer-test.0.AutoRebalancerTest.MovesScheduledIfAddTserver.1780922867410763-24799-0/minicluster-data/ts-3-root
metadata directory: /tmp/dist-test-taskT0aIor/test-tmp/auto_rebalancer-test.0.AutoRebalancerTest.MovesScheduledIfAddTserver.1780922867410763-24799-0/minicluster-data/ts-3-root
1 data directories: /tmp/dist-test-taskT0aIor/test-tmp/auto_rebalancer-test.0.AutoRebalancerTest.MovesScheduledIfAddTserver.1780922867410763-24799-0/minicluster-data/ts-3-root/data
Total live blocks: 0
Total live bytes: 0
Total live bytes (after alignment): 0
Total number of LBM containers: 0 (0 full)
Did not check for missing blocks
Did not check for orphaned blocks
Total full LBM containers with extra space: 0 (0 repaired)
Total full LBM container extra space in bytes: 0 (0 repaired)
Total incomplete LBM containers: 0 (0 repaired)
Total LBM partial records: 0 (0 repaired)
Total corrupted LBM metadata records in RocksDB: 0 (0 repaired)
I20260608 12:48:23.947135 24799 rpc_server.cc:225] running with OpenSSL 1.1.1  11 Sep 2018
I20260608 12:48:23.948544 24799 kserver.cc:163] Server-wide thread pool size limit: 3276
I20260608 12:48:23.950109 24799 txn_system_client.cc:432] TxnSystemClient initialization is disabled...
I20260608 12:48:23.952631 24799 ts_tablet_manager.cc:585] Loaded tablet metadata (0 total tablets, 0 live tablets)
I20260608 12:48:23.952867 24799 ts_tablet_manager.cc:531] Time spent load tablet metadata: real 0.000s	user 0.000s	sys 0.000s
I20260608 12:48:23.953120 24799 ts_tablet_manager.cc:616] Registered 0 tablets
I20260608 12:48:23.953320 24799 ts_tablet_manager.cc:595] Time spent register tablets: real 0.000s	user 0.000s	sys 0.000s
I20260608 12:48:23.994292 24799 rpc_server.cc:307] RPC server started. Bound to: 127.24.55.196:38827
I20260608 12:48:23.994405 26862 acceptor_pool.cc:272] collecting diagnostics on the listening RPC socket 127.24.55.196:38827 every 8 connection(s)
I20260608 12:48:24.013278 26863 heartbeater.cc:344] Connected to a master server at 127.24.55.254:41303
I20260608 12:48:24.013722 26863 heartbeater.cc:461] Registering TS with master...
I20260608 12:48:24.014478 26863 heartbeater.cc:507] Master 127.24.55.254:41303 requested a full tablet report, sending...
I20260608 12:48:24.016635 26458 ts_manager.cc:194] Registered new tserver with Master: 8ad1b5385970443f9e3b65b0d15890ec (127.24.55.196:38827)
I20260608 12:48:24.018229 26458 master_service.cc:502] Signed X509 certificate for tserver {username='slave'} at 127.0.0.1:58568
I20260608 12:48:24.172556 26561 consensus_queue.cc:237] T 0fa9118447a14182a53b418a4a3aa3c0 P 8ba2eb3979014438b028da0af9e07de9 [LEADER]: Queue going to LEADER mode. State: All replicated index: 0, Majority replicated index: 1, Committed index: 1, Last appended: 1.1, Last appended by leader: 0, Current term: 1, Majority size: 2, State: 0, Mode: LEADER, active raft config: opid_index: 2 OBSOLETE_local: false peers { permanent_uuid: "5b08c2550c5f447592878b6e0eece06d" member_type: VOTER last_known_addr { host: "127.24.55.195" port: 40415 } } peers { permanent_uuid: "bb38b4cde84346b58bdd77981721858b" member_type: VOTER last_known_addr { host: "127.24.55.194" port: 36729 } attrs { replace: true } } peers { permanent_uuid: "8ba2eb3979014438b028da0af9e07de9" member_type: VOTER last_known_addr { host: "127.24.55.193" port: 34021 } } peers { permanent_uuid: "8ad1b5385970443f9e3b65b0d15890ec" member_type: NON_VOTER last_known_addr { host: "127.24.55.196" port: 38827 } attrs { promote: true } }
I20260608 12:48:24.182677 26636 raft_consensus.cc:1275] T 0fa9118447a14182a53b418a4a3aa3c0 P bb38b4cde84346b58bdd77981721858b [term 1 FOLLOWER]: Refusing update from remote peer 8ba2eb3979014438b028da0af9e07de9: Log matching property violated. Preceding OpId in replica: term: 1 index: 1. Preceding OpId from leader: term: 1 index: 2. (index mismatch)
I20260608 12:48:24.184365 26710 raft_consensus.cc:1275] T 0fa9118447a14182a53b418a4a3aa3c0 P 5b08c2550c5f447592878b6e0eece06d [term 1 FOLLOWER]: Refusing update from remote peer 8ba2eb3979014438b028da0af9e07de9: Log matching property violated. Preceding OpId in replica: term: 1 index: 1. Preceding OpId from leader: term: 1 index: 2. (index mismatch)
I20260608 12:48:24.184520 26772 consensus_queue.cc:1048] T 0fa9118447a14182a53b418a4a3aa3c0 P 8ba2eb3979014438b028da0af9e07de9 [LEADER]: Connected to new peer: Peer: permanent_uuid: "bb38b4cde84346b58bdd77981721858b" member_type: VOTER last_known_addr { host: "127.24.55.194" port: 36729 } attrs { replace: true }, Status: LMP_MISMATCH, Last received: 0.0, Next index: 2, Last known committed idx: 1, Time since last communication: 0.001s
I20260608 12:48:24.186302 26870 consensus_queue.cc:1048] T 0fa9118447a14182a53b418a4a3aa3c0 P 8ba2eb3979014438b028da0af9e07de9 [LEADER]: Connected to new peer: Peer: permanent_uuid: "5b08c2550c5f447592878b6e0eece06d" member_type: VOTER last_known_addr { host: "127.24.55.195" port: 40415 }, Status: LMP_MISMATCH, Last received: 0.0, Next index: 2, Last known committed idx: 1, Time since last communication: 0.001s
I20260608 12:48:24.194748 26772 raft_consensus.cc:2955] T 0fa9118447a14182a53b418a4a3aa3c0 P 8ba2eb3979014438b028da0af9e07de9 [term 1 LEADER]: Committing config change with OpId 1.2: config changed from index -1 to 2, NON_VOTER 8ad1b5385970443f9e3b65b0d15890ec (127.24.55.196) added. New config: { opid_index: 2 OBSOLETE_local: false peers { permanent_uuid: "5b08c2550c5f447592878b6e0eece06d" member_type: VOTER last_known_addr { host: "127.24.55.195" port: 40415 } } peers { permanent_uuid: "bb38b4cde84346b58bdd77981721858b" member_type: VOTER last_known_addr { host: "127.24.55.194" port: 36729 } attrs { replace: true } } peers { permanent_uuid: "8ba2eb3979014438b028da0af9e07de9" member_type: VOTER last_known_addr { host: "127.24.55.193" port: 34021 } } peers { permanent_uuid: "8ad1b5385970443f9e3b65b0d15890ec" member_type: NON_VOTER last_known_addr { host: "127.24.55.196" port: 38827 } attrs { promote: true } } }
W20260608 12:48:24.197999 26525 consensus_peers.cc:597] T 0fa9118447a14182a53b418a4a3aa3c0 P 8ba2eb3979014438b028da0af9e07de9 -> Peer 8ad1b5385970443f9e3b65b0d15890ec (127.24.55.196:38827): Couldn't send request to peer 8ad1b5385970443f9e3b65b0d15890ec. Error code: TABLET_NOT_FOUND (6). Status: Not found: Tablet not found: 0fa9118447a14182a53b418a4a3aa3c0. This is attempt 1: this message will repeat every 5th retry.
I20260608 12:48:24.197362 26635 raft_consensus.cc:2955] T 0fa9118447a14182a53b418a4a3aa3c0 P bb38b4cde84346b58bdd77981721858b [term 1 FOLLOWER]: Committing config change with OpId 1.2: config changed from index -1 to 2, NON_VOTER 8ad1b5385970443f9e3b65b0d15890ec (127.24.55.196) added. New config: { opid_index: 2 OBSOLETE_local: false peers { permanent_uuid: "5b08c2550c5f447592878b6e0eece06d" member_type: VOTER last_known_addr { host: "127.24.55.195" port: 40415 } } peers { permanent_uuid: "bb38b4cde84346b58bdd77981721858b" member_type: VOTER last_known_addr { host: "127.24.55.194" port: 36729 } attrs { replace: true } } peers { permanent_uuid: "8ba2eb3979014438b028da0af9e07de9" member_type: VOTER last_known_addr { host: "127.24.55.193" port: 34021 } } peers { permanent_uuid: "8ad1b5385970443f9e3b65b0d15890ec" member_type: NON_VOTER last_known_addr { host: "127.24.55.196" port: 38827 } attrs { promote: true } } }
I20260608 12:48:24.201233 26710 raft_consensus.cc:2955] T 0fa9118447a14182a53b418a4a3aa3c0 P 5b08c2550c5f447592878b6e0eece06d [term 1 FOLLOWER]: Committing config change with OpId 1.2: config changed from index -1 to 2, NON_VOTER 8ad1b5385970443f9e3b65b0d15890ec (127.24.55.196) added. New config: { opid_index: 2 OBSOLETE_local: false peers { permanent_uuid: "5b08c2550c5f447592878b6e0eece06d" member_type: VOTER last_known_addr { host: "127.24.55.195" port: 40415 } } peers { permanent_uuid: "bb38b4cde84346b58bdd77981721858b" member_type: VOTER last_known_addr { host: "127.24.55.194" port: 36729 } attrs { replace: true } } peers { permanent_uuid: "8ba2eb3979014438b028da0af9e07de9" member_type: VOTER last_known_addr { host: "127.24.55.193" port: 34021 } } peers { permanent_uuid: "8ad1b5385970443f9e3b65b0d15890ec" member_type: NON_VOTER last_known_addr { host: "127.24.55.196" port: 38827 } attrs { promote: true } } }
I20260608 12:48:24.214128 26458 catalog_manager.cc:5696] T 0fa9118447a14182a53b418a4a3aa3c0 P bb38b4cde84346b58bdd77981721858b reported cstate change: config changed from index -1 to 2, NON_VOTER 8ad1b5385970443f9e3b65b0d15890ec (127.24.55.196) added. New cstate: current_term: 1 leader_uuid: "8ba2eb3979014438b028da0af9e07de9" committed_config { opid_index: 2 OBSOLETE_local: false peers { permanent_uuid: "5b08c2550c5f447592878b6e0eece06d" member_type: VOTER last_known_addr { host: "127.24.55.195" port: 40415 } } peers { permanent_uuid: "bb38b4cde84346b58bdd77981721858b" member_type: VOTER last_known_addr { host: "127.24.55.194" port: 36729 } attrs { replace: true } } peers { permanent_uuid: "8ba2eb3979014438b028da0af9e07de9" member_type: VOTER last_known_addr { host: "127.24.55.193" port: 34021 } } peers { permanent_uuid: "8ad1b5385970443f9e3b65b0d15890ec" member_type: NON_VOTER last_known_addr { host: "127.24.55.196" port: 38827 } attrs { promote: true } } }
I20260608 12:48:24.753103 26880 ts_tablet_manager.cc:933] T 0fa9118447a14182a53b418a4a3aa3c0 P 8ad1b5385970443f9e3b65b0d15890ec: Initiating tablet copy from peer 8ba2eb3979014438b028da0af9e07de9 (127.24.55.193:34021)
I20260608 12:48:24.754946 26880 tablet_copy_client.cc:323] T 0fa9118447a14182a53b418a4a3aa3c0 P 8ad1b5385970443f9e3b65b0d15890ec: tablet copy: Beginning tablet copy session from remote peer at address 127.24.55.193:34021
I20260608 12:48:24.766737 26571 tablet_copy_service.cc:140] P 8ba2eb3979014438b028da0af9e07de9: Received BeginTabletCopySession request for tablet 0fa9118447a14182a53b418a4a3aa3c0 from peer 8ad1b5385970443f9e3b65b0d15890ec ({username='slave'} at 127.0.0.1:42212)
I20260608 12:48:24.767252 26571 tablet_copy_service.cc:161] P 8ba2eb3979014438b028da0af9e07de9: Beginning new tablet copy session on tablet 0fa9118447a14182a53b418a4a3aa3c0 from peer 8ad1b5385970443f9e3b65b0d15890ec at {username='slave'} at 127.0.0.1:42212: session id = 8ad1b5385970443f9e3b65b0d15890ec-0fa9118447a14182a53b418a4a3aa3c0
I20260608 12:48:24.772583 26571 tablet_copy_source_session.cc:215] T 0fa9118447a14182a53b418a4a3aa3c0 P 8ba2eb3979014438b028da0af9e07de9: Tablet Copy: opened 0 blocks and 1 log segments
I20260608 12:48:24.775331 26880 data_dirs.cc:400] Could only allocate 1 dirs of requested 3 for tablet 0fa9118447a14182a53b418a4a3aa3c0. 1 dirs total, 0 dirs full, 0 dirs failed
I20260608 12:48:24.785799 26880 tablet_copy_client.cc:806] T 0fa9118447a14182a53b418a4a3aa3c0 P 8ad1b5385970443f9e3b65b0d15890ec: tablet copy: Starting download of 0 data blocks...
I20260608 12:48:24.786521 26880 tablet_copy_client.cc:670] T 0fa9118447a14182a53b418a4a3aa3c0 P 8ad1b5385970443f9e3b65b0d15890ec: tablet copy: Starting download of 1 WAL segments...
I20260608 12:48:24.790494 26880 tablet_copy_client.cc:538] T 0fa9118447a14182a53b418a4a3aa3c0 P 8ad1b5385970443f9e3b65b0d15890ec: tablet copy: Tablet Copy complete. Replacing tablet superblock.
I20260608 12:48:24.796993 26880 tablet_bootstrap.cc:492] T 0fa9118447a14182a53b418a4a3aa3c0 P 8ad1b5385970443f9e3b65b0d15890ec: Bootstrap starting.
I20260608 12:48:24.813243 26880 tablet_bootstrap.cc:492] T 0fa9118447a14182a53b418a4a3aa3c0 P 8ad1b5385970443f9e3b65b0d15890ec: Bootstrap replayed 1/1 log segments. Stats: ops{read=2 overwritten=0 applied=2 ignored=0} inserts{seen=0 ignored=0} mutations{seen=0 ignored=0} orphaned_commits=0. Pending: 0 replicates
I20260608 12:48:24.813970 26880 tablet_bootstrap.cc:492] T 0fa9118447a14182a53b418a4a3aa3c0 P 8ad1b5385970443f9e3b65b0d15890ec: Bootstrap complete.
I20260608 12:48:24.814531 26880 ts_tablet_manager.cc:1403] T 0fa9118447a14182a53b418a4a3aa3c0 P 8ad1b5385970443f9e3b65b0d15890ec: Time spent bootstrapping tablet: real 0.018s	user 0.014s	sys 0.001s
I20260608 12:48:24.816895 26880 raft_consensus.cc:359] T 0fa9118447a14182a53b418a4a3aa3c0 P 8ad1b5385970443f9e3b65b0d15890ec [term 1 LEARNER]: Replica starting. Triggering 0 pending ops. Active config: opid_index: 2 OBSOLETE_local: false peers { permanent_uuid: "5b08c2550c5f447592878b6e0eece06d" member_type: VOTER last_known_addr { host: "127.24.55.195" port: 40415 } } peers { permanent_uuid: "bb38b4cde84346b58bdd77981721858b" member_type: VOTER last_known_addr { host: "127.24.55.194" port: 36729 } attrs { replace: true } } peers { permanent_uuid: "8ba2eb3979014438b028da0af9e07de9" member_type: VOTER last_known_addr { host: "127.24.55.193" port: 34021 } } peers { permanent_uuid: "8ad1b5385970443f9e3b65b0d15890ec" member_type: NON_VOTER last_known_addr { host: "127.24.55.196" port: 38827 } attrs { promote: true } }
I20260608 12:48:24.817494 26880 raft_consensus.cc:740] T 0fa9118447a14182a53b418a4a3aa3c0 P 8ad1b5385970443f9e3b65b0d15890ec [term 1 LEARNER]: Becoming Follower/Learner. State: Replica: 8ad1b5385970443f9e3b65b0d15890ec, State: Initialized, Role: LEARNER
I20260608 12:48:24.818063 26880 consensus_queue.cc:260] T 0fa9118447a14182a53b418a4a3aa3c0 P 8ad1b5385970443f9e3b65b0d15890ec [NON_LEADER]: Queue going to NON_LEADER mode. State: All replicated index: 0, Majority replicated index: 0, Committed index: 2, Last appended: 1.2, Last appended by leader: 2, Current term: 0, Majority size: -1, State: 0, Mode: NON_LEADER, active raft config: opid_index: 2 OBSOLETE_local: false peers { permanent_uuid: "5b08c2550c5f447592878b6e0eece06d" member_type: VOTER last_known_addr { host: "127.24.55.195" port: 40415 } } peers { permanent_uuid: "bb38b4cde84346b58bdd77981721858b" member_type: VOTER last_known_addr { host: "127.24.55.194" port: 36729 } attrs { replace: true } } peers { permanent_uuid: "8ba2eb3979014438b028da0af9e07de9" member_type: VOTER last_known_addr { host: "127.24.55.193" port: 34021 } } peers { permanent_uuid: "8ad1b5385970443f9e3b65b0d15890ec" member_type: NON_VOTER last_known_addr { host: "127.24.55.196" port: 38827 } attrs { promote: true } }
I20260608 12:48:24.820482 26863 heartbeater.cc:499] Master 127.24.55.254:41303 was elected leader, sending a full tablet report...
I20260608 12:48:24.821604 26880 ts_tablet_manager.cc:1434] T 0fa9118447a14182a53b418a4a3aa3c0 P 8ad1b5385970443f9e3b65b0d15890ec: Time spent starting tablet: real 0.007s	user 0.005s	sys 0.000s
I20260608 12:48:24.823990 26571 tablet_copy_service.cc:342] P 8ba2eb3979014438b028da0af9e07de9: Request end of tablet copy session 8ad1b5385970443f9e3b65b0d15890ec-0fa9118447a14182a53b418a4a3aa3c0 received from {username='slave'} at 127.0.0.1:42212
I20260608 12:48:24.824523 26571 tablet_copy_service.cc:434] P 8ba2eb3979014438b028da0af9e07de9: ending tablet copy session 8ad1b5385970443f9e3b65b0d15890ec-0fa9118447a14182a53b418a4a3aa3c0 on tablet 0fa9118447a14182a53b418a4a3aa3c0 with peer 8ad1b5385970443f9e3b65b0d15890ec
I20260608 12:48:25.122195 26512 auto_leader_rebalancer.cc:140] leader rebalance for table test-workload
I20260608 12:48:25.125098 26512 auto_leader_rebalancer.cc:388] table: test-workload, leader rebalance finish, leader transfer count: 0
I20260608 12:48:25.125566 26512 auto_leader_rebalancer.cc:451] All tables' leader rebalancing finished this round
I20260608 12:48:25.369551 26838 raft_consensus.cc:1217] T 0fa9118447a14182a53b418a4a3aa3c0 P 8ad1b5385970443f9e3b65b0d15890ec [term 1 LEARNER]: Deduplicated request from leader. Original: 1.1->[1.2-1.2]   Dedup: 1.2->[]
I20260608 12:48:25.933665 26886 raft_consensus.cc:1064] T 0fa9118447a14182a53b418a4a3aa3c0 P 8ba2eb3979014438b028da0af9e07de9: attempting to promote NON_VOTER 8ad1b5385970443f9e3b65b0d15890ec to VOTER
I20260608 12:48:25.936736 26886 consensus_queue.cc:237] T 0fa9118447a14182a53b418a4a3aa3c0 P 8ba2eb3979014438b028da0af9e07de9 [LEADER]: Queue going to LEADER mode. State: All replicated index: 0, Majority replicated index: 2, Committed index: 2, Last appended: 1.2, Last appended by leader: 0, Current term: 1, Majority size: 3, State: 0, Mode: LEADER, active raft config: opid_index: 3 OBSOLETE_local: false peers { permanent_uuid: "5b08c2550c5f447592878b6e0eece06d" member_type: VOTER last_known_addr { host: "127.24.55.195" port: 40415 } } peers { permanent_uuid: "bb38b4cde84346b58bdd77981721858b" member_type: VOTER last_known_addr { host: "127.24.55.194" port: 36729 } attrs { replace: true } } peers { permanent_uuid: "8ba2eb3979014438b028da0af9e07de9" member_type: VOTER last_known_addr { host: "127.24.55.193" port: 34021 } } peers { permanent_uuid: "8ad1b5385970443f9e3b65b0d15890ec" member_type: VOTER last_known_addr { host: "127.24.55.196" port: 38827 } attrs { promote: false } }
I20260608 12:48:25.944320 26838 raft_consensus.cc:1275] T 0fa9118447a14182a53b418a4a3aa3c0 P 8ad1b5385970443f9e3b65b0d15890ec [term 1 LEARNER]: Refusing update from remote peer 8ba2eb3979014438b028da0af9e07de9: Log matching property violated. Preceding OpId in replica: term: 1 index: 2. Preceding OpId from leader: term: 1 index: 3. (index mismatch)
I20260608 12:48:25.945441 26635 raft_consensus.cc:1275] T 0fa9118447a14182a53b418a4a3aa3c0 P bb38b4cde84346b58bdd77981721858b [term 1 FOLLOWER]: Refusing update from remote peer 8ba2eb3979014438b028da0af9e07de9: Log matching property violated. Preceding OpId in replica: term: 1 index: 2. Preceding OpId from leader: term: 1 index: 3. (index mismatch)
I20260608 12:48:25.946185 26889 consensus_queue.cc:1048] T 0fa9118447a14182a53b418a4a3aa3c0 P 8ba2eb3979014438b028da0af9e07de9 [LEADER]: Connected to new peer: Peer: permanent_uuid: "8ad1b5385970443f9e3b65b0d15890ec" member_type: VOTER last_known_addr { host: "127.24.55.196" port: 38827 } attrs { promote: false }, Status: LMP_MISMATCH, Last received: 0.0, Next index: 3, Last known committed idx: 2, Time since last communication: 0.001s
I20260608 12:48:25.947718 26891 consensus_queue.cc:1048] T 0fa9118447a14182a53b418a4a3aa3c0 P 8ba2eb3979014438b028da0af9e07de9 [LEADER]: Connected to new peer: Peer: permanent_uuid: "bb38b4cde84346b58bdd77981721858b" member_type: VOTER last_known_addr { host: "127.24.55.194" port: 36729 } attrs { replace: true }, Status: LMP_MISMATCH, Last received: 0.0, Next index: 3, Last known committed idx: 2, Time since last communication: 0.000s
I20260608 12:48:25.947938 26710 raft_consensus.cc:1275] T 0fa9118447a14182a53b418a4a3aa3c0 P 5b08c2550c5f447592878b6e0eece06d [term 1 FOLLOWER]: Refusing update from remote peer 8ba2eb3979014438b028da0af9e07de9: Log matching property violated. Preceding OpId in replica: term: 1 index: 2. Preceding OpId from leader: term: 1 index: 3. (index mismatch)
I20260608 12:48:25.949970 26886 consensus_queue.cc:1048] T 0fa9118447a14182a53b418a4a3aa3c0 P 8ba2eb3979014438b028da0af9e07de9 [LEADER]: Connected to new peer: Peer: permanent_uuid: "5b08c2550c5f447592878b6e0eece06d" member_type: VOTER last_known_addr { host: "127.24.55.195" port: 40415 }, Status: LMP_MISMATCH, Last received: 0.0, Next index: 3, Last known committed idx: 2, Time since last communication: 0.001s
I20260608 12:48:25.962997 26889 raft_consensus.cc:2955] T 0fa9118447a14182a53b418a4a3aa3c0 P 8ba2eb3979014438b028da0af9e07de9 [term 1 LEADER]: Committing config change with OpId 1.3: config changed from index 2 to 3, 8ad1b5385970443f9e3b65b0d15890ec (127.24.55.196) changed from NON_VOTER to VOTER. New config: { opid_index: 3 OBSOLETE_local: false peers { permanent_uuid: "5b08c2550c5f447592878b6e0eece06d" member_type: VOTER last_known_addr { host: "127.24.55.195" port: 40415 } } peers { permanent_uuid: "bb38b4cde84346b58bdd77981721858b" member_type: VOTER last_known_addr { host: "127.24.55.194" port: 36729 } attrs { replace: true } } peers { permanent_uuid: "8ba2eb3979014438b028da0af9e07de9" member_type: VOTER last_known_addr { host: "127.24.55.193" port: 34021 } } peers { permanent_uuid: "8ad1b5385970443f9e3b65b0d15890ec" member_type: VOTER last_known_addr { host: "127.24.55.196" port: 38827 } attrs { promote: false } } }
I20260608 12:48:25.965981 26710 raft_consensus.cc:2955] T 0fa9118447a14182a53b418a4a3aa3c0 P 5b08c2550c5f447592878b6e0eece06d [term 1 FOLLOWER]: Committing config change with OpId 1.3: config changed from index 2 to 3, 8ad1b5385970443f9e3b65b0d15890ec (127.24.55.196) changed from NON_VOTER to VOTER. New config: { opid_index: 3 OBSOLETE_local: false peers { permanent_uuid: "5b08c2550c5f447592878b6e0eece06d" member_type: VOTER last_known_addr { host: "127.24.55.195" port: 40415 } } peers { permanent_uuid: "bb38b4cde84346b58bdd77981721858b" member_type: VOTER last_known_addr { host: "127.24.55.194" port: 36729 } attrs { replace: true } } peers { permanent_uuid: "8ba2eb3979014438b028da0af9e07de9" member_type: VOTER last_known_addr { host: "127.24.55.193" port: 34021 } } peers { permanent_uuid: "8ad1b5385970443f9e3b65b0d15890ec" member_type: VOTER last_known_addr { host: "127.24.55.196" port: 38827 } attrs { promote: false } } }
I20260608 12:48:25.965983 26838 raft_consensus.cc:2955] T 0fa9118447a14182a53b418a4a3aa3c0 P 8ad1b5385970443f9e3b65b0d15890ec [term 1 FOLLOWER]: Committing config change with OpId 1.3: config changed from index 2 to 3, 8ad1b5385970443f9e3b65b0d15890ec (127.24.55.196) changed from NON_VOTER to VOTER. New config: { opid_index: 3 OBSOLETE_local: false peers { permanent_uuid: "5b08c2550c5f447592878b6e0eece06d" member_type: VOTER last_known_addr { host: "127.24.55.195" port: 40415 } } peers { permanent_uuid: "bb38b4cde84346b58bdd77981721858b" member_type: VOTER last_known_addr { host: "127.24.55.194" port: 36729 } attrs { replace: true } } peers { permanent_uuid: "8ba2eb3979014438b028da0af9e07de9" member_type: VOTER last_known_addr { host: "127.24.55.193" port: 34021 } } peers { permanent_uuid: "8ad1b5385970443f9e3b65b0d15890ec" member_type: VOTER last_known_addr { host: "127.24.55.196" port: 38827 } attrs { promote: false } } }
I20260608 12:48:25.975935 26635 raft_consensus.cc:2955] T 0fa9118447a14182a53b418a4a3aa3c0 P bb38b4cde84346b58bdd77981721858b [term 1 FOLLOWER]: Committing config change with OpId 1.3: config changed from index 2 to 3, 8ad1b5385970443f9e3b65b0d15890ec (127.24.55.196) changed from NON_VOTER to VOTER. New config: { opid_index: 3 OBSOLETE_local: false peers { permanent_uuid: "5b08c2550c5f447592878b6e0eece06d" member_type: VOTER last_known_addr { host: "127.24.55.195" port: 40415 } } peers { permanent_uuid: "bb38b4cde84346b58bdd77981721858b" member_type: VOTER last_known_addr { host: "127.24.55.194" port: 36729 } attrs { replace: true } } peers { permanent_uuid: "8ba2eb3979014438b028da0af9e07de9" member_type: VOTER last_known_addr { host: "127.24.55.193" port: 34021 } } peers { permanent_uuid: "8ad1b5385970443f9e3b65b0d15890ec" member_type: VOTER last_known_addr { host: "127.24.55.196" port: 38827 } attrs { promote: false } } }
I20260608 12:48:25.979763 26459 catalog_manager.cc:5696] T 0fa9118447a14182a53b418a4a3aa3c0 P 8ba2eb3979014438b028da0af9e07de9 reported cstate change: config changed from index 2 to 3, 8ad1b5385970443f9e3b65b0d15890ec (127.24.55.196) changed from NON_VOTER to VOTER. New cstate: current_term: 1 leader_uuid: "8ba2eb3979014438b028da0af9e07de9" committed_config { opid_index: 3 OBSOLETE_local: false peers { permanent_uuid: "5b08c2550c5f447592878b6e0eece06d" member_type: VOTER last_known_addr { host: "127.24.55.195" port: 40415 } health_report { overall_health: HEALTHY } } peers { permanent_uuid: "bb38b4cde84346b58bdd77981721858b" member_type: VOTER last_known_addr { host: "127.24.55.194" port: 36729 } attrs { replace: true } health_report { overall_health: HEALTHY } } peers { permanent_uuid: "8ba2eb3979014438b028da0af9e07de9" member_type: VOTER last_known_addr { host: "127.24.55.193" port: 34021 } health_report { overall_health: HEALTHY } } peers { permanent_uuid: "8ad1b5385970443f9e3b65b0d15890ec" member_type: VOTER last_known_addr { host: "127.24.55.196" port: 38827 } attrs { promote: false } health_report { overall_health: HEALTHY } } }
I20260608 12:48:26.012874 26561 consensus_queue.cc:237] T 0fa9118447a14182a53b418a4a3aa3c0 P 8ba2eb3979014438b028da0af9e07de9 [LEADER]: Queue going to LEADER mode. State: All replicated index: 0, Majority replicated index: 3, Committed index: 3, Last appended: 1.3, Last appended by leader: 0, Current term: 1, Majority size: 2, State: 0, Mode: LEADER, active raft config: opid_index: 4 OBSOLETE_local: false peers { permanent_uuid: "5b08c2550c5f447592878b6e0eece06d" member_type: VOTER last_known_addr { host: "127.24.55.195" port: 40415 } } peers { permanent_uuid: "8ba2eb3979014438b028da0af9e07de9" member_type: VOTER last_known_addr { host: "127.24.55.193" port: 34021 } } peers { permanent_uuid: "8ad1b5385970443f9e3b65b0d15890ec" member_type: VOTER last_known_addr { host: "127.24.55.196" port: 38827 } attrs { promote: false } }
I20260608 12:48:26.019536 26710 raft_consensus.cc:1275] T 0fa9118447a14182a53b418a4a3aa3c0 P 5b08c2550c5f447592878b6e0eece06d [term 1 FOLLOWER]: Refusing update from remote peer 8ba2eb3979014438b028da0af9e07de9: Log matching property violated. Preceding OpId in replica: term: 1 index: 3. Preceding OpId from leader: term: 1 index: 4. (index mismatch)
I20260608 12:48:26.020757 26838 raft_consensus.cc:1275] T 0fa9118447a14182a53b418a4a3aa3c0 P 8ad1b5385970443f9e3b65b0d15890ec [term 1 FOLLOWER]: Refusing update from remote peer 8ba2eb3979014438b028da0af9e07de9: Log matching property violated. Preceding OpId in replica: term: 1 index: 3. Preceding OpId from leader: term: 1 index: 4. (index mismatch)
I20260608 12:48:26.020933 26889 consensus_queue.cc:1048] T 0fa9118447a14182a53b418a4a3aa3c0 P 8ba2eb3979014438b028da0af9e07de9 [LEADER]: Connected to new peer: Peer: permanent_uuid: "5b08c2550c5f447592878b6e0eece06d" member_type: VOTER last_known_addr { host: "127.24.55.195" port: 40415 }, Status: LMP_MISMATCH, Last received: 0.0, Next index: 4, Last known committed idx: 3, Time since last communication: 0.000s
I20260608 12:48:26.022929 26895 consensus_queue.cc:1048] T 0fa9118447a14182a53b418a4a3aa3c0 P 8ba2eb3979014438b028da0af9e07de9 [LEADER]: Connected to new peer: Peer: permanent_uuid: "8ad1b5385970443f9e3b65b0d15890ec" member_type: VOTER last_known_addr { host: "127.24.55.196" port: 38827 } attrs { promote: false }, Status: LMP_MISMATCH, Last received: 0.0, Next index: 4, Last known committed idx: 3, Time since last communication: 0.001s
I20260608 12:48:26.028327 26889 raft_consensus.cc:2955] T 0fa9118447a14182a53b418a4a3aa3c0 P 8ba2eb3979014438b028da0af9e07de9 [term 1 LEADER]: Committing config change with OpId 1.4: config changed from index 3 to 4, VOTER bb38b4cde84346b58bdd77981721858b (127.24.55.194) evicted. New config: { opid_index: 4 OBSOLETE_local: false peers { permanent_uuid: "5b08c2550c5f447592878b6e0eece06d" member_type: VOTER last_known_addr { host: "127.24.55.195" port: 40415 } } peers { permanent_uuid: "8ba2eb3979014438b028da0af9e07de9" member_type: VOTER last_known_addr { host: "127.24.55.193" port: 34021 } } peers { permanent_uuid: "8ad1b5385970443f9e3b65b0d15890ec" member_type: VOTER last_known_addr { host: "127.24.55.196" port: 38827 } attrs { promote: false } } }
I20260608 12:48:26.030014 26710 raft_consensus.cc:2955] T 0fa9118447a14182a53b418a4a3aa3c0 P 5b08c2550c5f447592878b6e0eece06d [term 1 FOLLOWER]: Committing config change with OpId 1.4: config changed from index 3 to 4, VOTER bb38b4cde84346b58bdd77981721858b (127.24.55.194) evicted. New config: { opid_index: 4 OBSOLETE_local: false peers { permanent_uuid: "5b08c2550c5f447592878b6e0eece06d" member_type: VOTER last_known_addr { host: "127.24.55.195" port: 40415 } } peers { permanent_uuid: "8ba2eb3979014438b028da0af9e07de9" member_type: VOTER last_known_addr { host: "127.24.55.193" port: 34021 } } peers { permanent_uuid: "8ad1b5385970443f9e3b65b0d15890ec" member_type: VOTER last_known_addr { host: "127.24.55.196" port: 38827 } attrs { promote: false } } }
I20260608 12:48:26.038638 26837 raft_consensus.cc:2955] T 0fa9118447a14182a53b418a4a3aa3c0 P 8ad1b5385970443f9e3b65b0d15890ec [term 1 FOLLOWER]: Committing config change with OpId 1.4: config changed from index 3 to 4, VOTER bb38b4cde84346b58bdd77981721858b (127.24.55.194) evicted. New config: { opid_index: 4 OBSOLETE_local: false peers { permanent_uuid: "5b08c2550c5f447592878b6e0eece06d" member_type: VOTER last_known_addr { host: "127.24.55.195" port: 40415 } } peers { permanent_uuid: "8ba2eb3979014438b028da0af9e07de9" member_type: VOTER last_known_addr { host: "127.24.55.193" port: 34021 } } peers { permanent_uuid: "8ad1b5385970443f9e3b65b0d15890ec" member_type: VOTER last_known_addr { host: "127.24.55.196" port: 38827 } attrs { promote: false } } }
I20260608 12:48:26.042101 26456 catalog_manager.cc:5696] T 0fa9118447a14182a53b418a4a3aa3c0 P 5b08c2550c5f447592878b6e0eece06d reported cstate change: config changed from index 3 to 4, VOTER bb38b4cde84346b58bdd77981721858b (127.24.55.194) evicted. New cstate: current_term: 1 leader_uuid: "8ba2eb3979014438b028da0af9e07de9" committed_config { opid_index: 4 OBSOLETE_local: false peers { permanent_uuid: "5b08c2550c5f447592878b6e0eece06d" member_type: VOTER last_known_addr { host: "127.24.55.195" port: 40415 } } peers { permanent_uuid: "8ba2eb3979014438b028da0af9e07de9" member_type: VOTER last_known_addr { host: "127.24.55.193" port: 34021 } } peers { permanent_uuid: "8ad1b5385970443f9e3b65b0d15890ec" member_type: VOTER last_known_addr { host: "127.24.55.196" port: 38827 } attrs { promote: false } } }
I20260608 12:48:26.042985 26446 catalog_manager.cc:5209] ChangeConfig:REMOVE_PEER RPC for tablet 0fa9118447a14182a53b418a4a3aa3c0 with cas_config_opid_index 3: ChangeConfig:REMOVE_PEER succeeded (attempt 1)
I20260608 12:48:26.055644 26626 tablet_service.cc:1558] Processing DeleteTablet for tablet 0fa9118447a14182a53b418a4a3aa3c0 with delete_type TABLET_DATA_TOMBSTONED (TS bb38b4cde84346b58bdd77981721858b not found in new config with opid_index 4) from {username='slave'} at 127.0.0.1:57144
I20260608 12:48:26.058122 26902 tablet_replica.cc:333] T 0fa9118447a14182a53b418a4a3aa3c0 P bb38b4cde84346b58bdd77981721858b: stopping tablet replica
I20260608 12:48:26.058830 26902 raft_consensus.cc:2243] T 0fa9118447a14182a53b418a4a3aa3c0 P bb38b4cde84346b58bdd77981721858b [term 1 FOLLOWER]: Raft consensus shutting down.
I20260608 12:48:26.059445 26902 raft_consensus.cc:2272] T 0fa9118447a14182a53b418a4a3aa3c0 P bb38b4cde84346b58bdd77981721858b [term 1 FOLLOWER]: Raft consensus is shut down!
I20260608 12:48:26.062031 26902 ts_tablet_manager.cc:1916] T 0fa9118447a14182a53b418a4a3aa3c0 P bb38b4cde84346b58bdd77981721858b: Deleting tablet data with delete state TABLET_DATA_TOMBSTONED
I20260608 12:48:26.071961 26902 ts_tablet_manager.cc:1929] T 0fa9118447a14182a53b418a4a3aa3c0 P bb38b4cde84346b58bdd77981721858b: tablet deleted with delete type TABLET_DATA_TOMBSTONED: last-logged OpId 1.3
I20260608 12:48:26.072358 26902 log.cc:1199] T 0fa9118447a14182a53b418a4a3aa3c0 P bb38b4cde84346b58bdd77981721858b: Deleting WAL directory at /tmp/dist-test-taskT0aIor/test-tmp/auto_rebalancer-test.0.AutoRebalancerTest.MovesScheduledIfAddTserver.1780922867410763-24799-0/minicluster-data/ts-1-root/wals/0fa9118447a14182a53b418a4a3aa3c0
I20260608 12:48:26.073942 26443 catalog_manager.cc:5027] TS bb38b4cde84346b58bdd77981721858b (127.24.55.194:36729): tablet 0fa9118447a14182a53b418a4a3aa3c0 (table test-workload [id=54105fc101a545d68dffcdcf539de96e]) successfully deleted
I20260608 12:48:27.126624 26512 auto_leader_rebalancer.cc:140] leader rebalance for table test-workload
