I20260608 12:49:45.895354 29334 leader_election.cc:304] T 2bc7202b0d9643829ea3ae9c8d2ecb74 P 36863371e4a34b97a49227a3506c8358 [CANDIDATE]: Term 1 pre-election: Election decided. Result: candidate won. Election summary: received 2 responses out of 3 voters: 2 yes votes; 0 no votes. yes voters: 36863371e4a34b97a49227a3506c8358, c47530653c394e4fbf9b924733acd910; no voters: 
I20260608 12:49:45.895720 29427 consensus_queue.cc:1048] T d666a6dbfcd748ccb00a0b9d72c49c74 P c47530653c394e4fbf9b924733acd910 [LEADER]: Connected to new peer: Peer: permanent_uuid: "36863371e4a34b97a49227a3506c8358" member_type: VOTER last_known_addr { host: "127.24.50.3" port: 41027 }, Status: LMP_MISMATCH, Last received: 0.0, Next index: 1, Last known committed idx: 0, Time since last communication: 0.000s
I20260608 12:49:45.897400 29260 leader_election.cc:304] T 4d3a9979b88948c6b4809d33a2a86e31 P 658d9872b3eb4738853e04ef0bfe43bc [CANDIDATE]: Term 1 election: Election decided. Result: candidate won. Election summary: received 3 responses out of 3 voters: 2 yes votes; 1 no votes. yes voters: 658d9872b3eb4738853e04ef0bfe43bc, c47530653c394e4fbf9b924733acd910; no voters: 36863371e4a34b97a49227a3506c8358
I20260608 12:49:45.899693 29120 catalog_manager.cc:5696] T b05658383ca74de29ab78f83b09ffb65 P c47530653c394e4fbf9b924733acd910 reported cstate change: term changed from 0 to 1, leader changed from <none> to c47530653c394e4fbf9b924733acd910 (127.24.50.1). New cstate: current_term: 1 leader_uuid: "c47530653c394e4fbf9b924733acd910" committed_config { opid_index: -1 OBSOLETE_local: false peers { permanent_uuid: "c47530653c394e4fbf9b924733acd910" member_type: VOTER last_known_addr { host: "127.24.50.1" port: 45799 } health_report { overall_health: HEALTHY } } peers { permanent_uuid: "658d9872b3eb4738853e04ef0bfe43bc" member_type: VOTER last_known_addr { host: "127.24.50.2" port: 41187 } health_report { overall_health: UNKNOWN } } peers { permanent_uuid: "36863371e4a34b97a49227a3506c8358" member_type: VOTER last_known_addr { host: "127.24.50.3" port: 41027 } health_report { overall_health: UNKNOWN } } }
I20260608 12:49:45.899906 29418 raft_consensus.cc:359] T 5a01e98668534b6db119515dd887594e P 658d9872b3eb4738853e04ef0bfe43bc [term 0 FOLLOWER]: Replica starting. Triggering 0 pending ops. Active config: opid_index: -1 OBSOLETE_local: false peers { permanent_uuid: "c47530653c394e4fbf9b924733acd910" member_type: VOTER last_known_addr { host: "127.24.50.1" port: 45799 } } peers { permanent_uuid: "658d9872b3eb4738853e04ef0bfe43bc" member_type: VOTER last_known_addr { host: "127.24.50.2" port: 41187 } } peers { permanent_uuid: "36863371e4a34b97a49227a3506c8358" member_type: VOTER last_known_addr { host: "127.24.50.3" port: 41027 } }
I20260608 12:49:45.901149 29418 raft_consensus.cc:385] T 5a01e98668534b6db119515dd887594e P 658d9872b3eb4738853e04ef0bfe43bc [term 0 FOLLOWER]: Consensus starting up: Expiring failure detector timer to make a prompt election more likely
I20260608 12:49:45.893368 29296 tablet_service.cc:1917] Received RequestConsensusVote() RPC: tablet_id: "2bc7202b0d9643829ea3ae9c8d2ecb74" candidate_uuid: "36863371e4a34b97a49227a3506c8358" candidate_term: 1 candidate_status { last_received { term: 0 index: 0 } } ignore_live_leader: false dest_uuid: "658d9872b3eb4738853e04ef0bfe43bc" is_pre_election: true
I20260608 12:49:45.900784 29421 raft_consensus.cc:515] T 5a01e98668534b6db119515dd887594e P c47530653c394e4fbf9b924733acd910 [term 0 FOLLOWER]: Starting pre-election with config: opid_index: -1 OBSOLETE_local: false peers { permanent_uuid: "c47530653c394e4fbf9b924733acd910" member_type: VOTER last_known_addr { host: "127.24.50.1" port: 45799 } } peers { permanent_uuid: "658d9872b3eb4738853e04ef0bfe43bc" member_type: VOTER last_known_addr { host: "127.24.50.2" port: 41187 } } peers { permanent_uuid: "36863371e4a34b97a49227a3506c8358" member_type: VOTER last_known_addr { host: "127.24.50.3" port: 41027 } }
I20260608 12:49:45.898986 29294 raft_consensus.cc:2468] T b82de4bc12cb4d2faaec7b276bca117e P 658d9872b3eb4738853e04ef0bfe43bc [term 1 FOLLOWER]: Leader election vote request: Granting yes vote for candidate 36863371e4a34b97a49227a3506c8358 in term 1.
I20260608 12:49:45.901487 29418 raft_consensus.cc:740] T 5a01e98668534b6db119515dd887594e P 658d9872b3eb4738853e04ef0bfe43bc [term 0 FOLLOWER]: Becoming Follower/Learner. State: Replica: 658d9872b3eb4738853e04ef0bfe43bc, State: Initialized, Role: FOLLOWER
I20260608 12:49:45.907089 29418 consensus_queue.cc:260] T 5a01e98668534b6db119515dd887594e P 658d9872b3eb4738853e04ef0bfe43bc [NON_LEADER]: Queue going to NON_LEADER mode. State: All replicated index: 0, Majority replicated index: 0, Committed index: 0, Last appended: 0.0, Last appended by leader: 0, Current term: 0, Majority size: -1, State: 0, Mode: NON_LEADER, active raft config: opid_index: -1 OBSOLETE_local: false peers { permanent_uuid: "c47530653c394e4fbf9b924733acd910" member_type: VOTER last_known_addr { host: "127.24.50.1" port: 45799 } } peers { permanent_uuid: "658d9872b3eb4738853e04ef0bfe43bc" member_type: VOTER last_known_addr { host: "127.24.50.2" port: 41187 } } peers { permanent_uuid: "36863371e4a34b97a49227a3506c8358" member_type: VOTER last_known_addr { host: "127.24.50.3" port: 41027 } }
I20260608 12:49:45.909669 29418 ts_tablet_manager.cc:1434] T 5a01e98668534b6db119515dd887594e P 658d9872b3eb4738853e04ef0bfe43bc: Time spent starting tablet: real 0.029s	user 0.006s	sys 0.000s
I20260608 12:49:45.902191 29296 raft_consensus.cc:2468] T 2bc7202b0d9643829ea3ae9c8d2ecb74 P 658d9872b3eb4738853e04ef0bfe43bc [term 0 FOLLOWER]: Leader pre-election vote request: Granting yes vote for candidate 36863371e4a34b97a49227a3506c8358 in term 0.
I20260608 12:49:45.911007 29481 raft_consensus.cc:2804] T 2bc7202b0d9643829ea3ae9c8d2ecb74 P 36863371e4a34b97a49227a3506c8358 [term 0 FOLLOWER]: Leader pre-election won for term 1
I20260608 12:49:45.911463 29481 raft_consensus.cc:493] T 2bc7202b0d9643829ea3ae9c8d2ecb74 P 36863371e4a34b97a49227a3506c8358 [term 0 FOLLOWER]: Starting leader election (no leader contacted us within the election timeout)
I20260608 12:49:45.911840 29481 raft_consensus.cc:3060] T 2bc7202b0d9643829ea3ae9c8d2ecb74 P 36863371e4a34b97a49227a3506c8358 [term 0 FOLLOWER]: Advancing to term 1
I20260608 12:49:45.912781 29334 leader_election.cc:304] T b82de4bc12cb4d2faaec7b276bca117e P 36863371e4a34b97a49227a3506c8358 [CANDIDATE]: Term 1 election: Election decided. Result: candidate won. Election summary: received 2 responses out of 3 voters: 2 yes votes; 0 no votes. yes voters: 36863371e4a34b97a49227a3506c8358, 658d9872b3eb4738853e04ef0bfe43bc; no voters: 
I20260608 12:49:45.903580 29469 raft_consensus.cc:2804] T 4d3a9979b88948c6b4809d33a2a86e31 P 658d9872b3eb4738853e04ef0bfe43bc [term 1 FOLLOWER]: Leader election won for term 1
I20260608 12:49:45.915621 29469 raft_consensus.cc:697] T 4d3a9979b88948c6b4809d33a2a86e31 P 658d9872b3eb4738853e04ef0bfe43bc [term 1 LEADER]: Becoming Leader. State: Replica: 658d9872b3eb4738853e04ef0bfe43bc, State: Running, Role: LEADER
I20260608 12:49:45.916530 29469 consensus_queue.cc:237] T 4d3a9979b88948c6b4809d33a2a86e31 P 658d9872b3eb4738853e04ef0bfe43bc [LEADER]: Queue going to LEADER mode. State: All replicated index: 0, Majority replicated index: 0, Committed index: 0, Last appended: 0.0, Last appended by leader: 0, Current term: 1, Majority size: 2, State: 0, Mode: LEADER, active raft config: opid_index: -1 OBSOLETE_local: false peers { permanent_uuid: "c47530653c394e4fbf9b924733acd910" member_type: VOTER last_known_addr { host: "127.24.50.1" port: 45799 } } peers { permanent_uuid: "658d9872b3eb4738853e04ef0bfe43bc" member_type: VOTER last_known_addr { host: "127.24.50.2" port: 41187 } } peers { permanent_uuid: "36863371e4a34b97a49227a3506c8358" member_type: VOTER last_known_addr { host: "127.24.50.3" port: 41027 } }
I20260608 12:49:45.917528 29479 raft_consensus.cc:2804] T b82de4bc12cb4d2faaec7b276bca117e P 36863371e4a34b97a49227a3506c8358 [term 1 FOLLOWER]: Leader election won for term 1
I20260608 12:49:45.918330 29479 raft_consensus.cc:697] T b82de4bc12cb4d2faaec7b276bca117e P 36863371e4a34b97a49227a3506c8358 [term 1 LEADER]: Becoming Leader. State: Replica: 36863371e4a34b97a49227a3506c8358, State: Running, Role: LEADER
I20260608 12:49:45.919543 29481 raft_consensus.cc:515] T 2bc7202b0d9643829ea3ae9c8d2ecb74 P 36863371e4a34b97a49227a3506c8358 [term 1 FOLLOWER]: Starting leader election with config: opid_index: -1 OBSOLETE_local: false peers { permanent_uuid: "c47530653c394e4fbf9b924733acd910" member_type: VOTER last_known_addr { host: "127.24.50.1" port: 45799 } } peers { permanent_uuid: "658d9872b3eb4738853e04ef0bfe43bc" member_type: VOTER last_known_addr { host: "127.24.50.2" port: 41187 } } peers { permanent_uuid: "36863371e4a34b97a49227a3506c8358" member_type: VOTER last_known_addr { host: "127.24.50.3" port: 41027 } }
I20260608 12:49:45.921180 29421 leader_election.cc:290] T 5a01e98668534b6db119515dd887594e P c47530653c394e4fbf9b924733acd910 [CANDIDATE]: Term 1 pre-election: Requested pre-vote from peers 658d9872b3eb4738853e04ef0bfe43bc (127.24.50.2:41187), 36863371e4a34b97a49227a3506c8358 (127.24.50.3:41027)
I20260608 12:49:45.922495 29296 tablet_service.cc:1917] Received RequestConsensusVote() RPC: tablet_id: "5a01e98668534b6db119515dd887594e" candidate_uuid: "c47530653c394e4fbf9b924733acd910" candidate_term: 1 candidate_status { last_received { term: 0 index: 0 } } ignore_live_leader: false dest_uuid: "658d9872b3eb4738853e04ef0bfe43bc" is_pre_election: true
I20260608 12:49:45.923049 29222 tablet_service.cc:1917] Received RequestConsensusVote() RPC: tablet_id: "2bc7202b0d9643829ea3ae9c8d2ecb74" candidate_uuid: "36863371e4a34b97a49227a3506c8358" candidate_term: 1 candidate_status { last_received { term: 0 index: 0 } } ignore_live_leader: false dest_uuid: "c47530653c394e4fbf9b924733acd910"
I20260608 12:49:45.923473 29296 raft_consensus.cc:2468] T 5a01e98668534b6db119515dd887594e P 658d9872b3eb4738853e04ef0bfe43bc [term 0 FOLLOWER]: Leader pre-election vote request: Granting yes vote for candidate c47530653c394e4fbf9b924733acd910 in term 0.
I20260608 12:49:45.923866 29222 raft_consensus.cc:3060] T 2bc7202b0d9643829ea3ae9c8d2ecb74 P c47530653c394e4fbf9b924733acd910 [term 0 FOLLOWER]: Advancing to term 1
I20260608 12:49:45.925992 29369 tablet_service.cc:1917] Received RequestConsensusVote() RPC: tablet_id: "5a01e98668534b6db119515dd887594e" candidate_uuid: "c47530653c394e4fbf9b924733acd910" candidate_term: 1 candidate_status { last_received { term: 0 index: 0 } } ignore_live_leader: false dest_uuid: "36863371e4a34b97a49227a3506c8358" is_pre_election: true
I20260608 12:49:45.919579 29479 consensus_queue.cc:237] T b82de4bc12cb4d2faaec7b276bca117e P 36863371e4a34b97a49227a3506c8358 [LEADER]: Queue going to LEADER mode. State: All replicated index: 0, Majority replicated index: 0, Committed index: 0, Last appended: 0.0, Last appended by leader: 0, Current term: 1, Majority size: 2, State: 0, Mode: LEADER, active raft config: opid_index: -1 OBSOLETE_local: false peers { permanent_uuid: "c47530653c394e4fbf9b924733acd910" member_type: VOTER last_known_addr { host: "127.24.50.1" port: 45799 } } peers { permanent_uuid: "658d9872b3eb4738853e04ef0bfe43bc" member_type: VOTER last_known_addr { host: "127.24.50.2" port: 41187 } } peers { permanent_uuid: "36863371e4a34b97a49227a3506c8358" member_type: VOTER last_known_addr { host: "127.24.50.3" port: 41027 } }
I20260608 12:49:45.944783 29185 leader_election.cc:304] T 5a01e98668534b6db119515dd887594e P c47530653c394e4fbf9b924733acd910 [CANDIDATE]: Term 1 pre-election: Election decided. Result: candidate won. Election summary: received 2 responses out of 3 voters: 2 yes votes; 0 no votes. yes voters: 658d9872b3eb4738853e04ef0bfe43bc, c47530653c394e4fbf9b924733acd910; no voters: 
I20260608 12:49:45.945698 29427 raft_consensus.cc:2804] T 5a01e98668534b6db119515dd887594e P c47530653c394e4fbf9b924733acd910 [term 0 FOLLOWER]: Leader pre-election won for term 1
I20260608 12:49:45.946202 29427 raft_consensus.cc:493] T 5a01e98668534b6db119515dd887594e P c47530653c394e4fbf9b924733acd910 [term 0 FOLLOWER]: Starting leader election (no leader contacted us within the election timeout)
I20260608 12:49:45.946667 29427 raft_consensus.cc:3060] T 5a01e98668534b6db119515dd887594e P c47530653c394e4fbf9b924733acd910 [term 0 FOLLOWER]: Advancing to term 1
I20260608 12:49:45.952123 29427 raft_consensus.cc:515] T 5a01e98668534b6db119515dd887594e P c47530653c394e4fbf9b924733acd910 [term 1 FOLLOWER]: Starting leader election with config: opid_index: -1 OBSOLETE_local: false peers { permanent_uuid: "c47530653c394e4fbf9b924733acd910" member_type: VOTER last_known_addr { host: "127.24.50.1" port: 45799 } } peers { permanent_uuid: "658d9872b3eb4738853e04ef0bfe43bc" member_type: VOTER last_known_addr { host: "127.24.50.2" port: 41187 } } peers { permanent_uuid: "36863371e4a34b97a49227a3506c8358" member_type: VOTER last_known_addr { host: "127.24.50.3" port: 41027 } }
I20260608 12:49:45.953572 29450 consensus_queue.cc:1048] T ff1f42e1a4e34bffa952c8c0c1794dd2 P c47530653c394e4fbf9b924733acd910 [LEADER]: Connected to new peer: Peer: permanent_uuid: "658d9872b3eb4738853e04ef0bfe43bc" member_type: VOTER last_known_addr { host: "127.24.50.2" port: 41187 }, Status: LMP_MISMATCH, Last received: 0.0, Next index: 1, Last known committed idx: 0, Time since last communication: 0.003s
I20260608 12:49:45.957223 29481 leader_election.cc:290] T 2bc7202b0d9643829ea3ae9c8d2ecb74 P 36863371e4a34b97a49227a3506c8358 [CANDIDATE]: Term 1 election: Requested vote from peers c47530653c394e4fbf9b924733acd910 (127.24.50.1:45799), 658d9872b3eb4738853e04ef0bfe43bc (127.24.50.2:41187)
I20260608 12:49:45.961150 29295 tablet_service.cc:1917] Received RequestConsensusVote() RPC: tablet_id: "2bc7202b0d9643829ea3ae9c8d2ecb74" candidate_uuid: "36863371e4a34b97a49227a3506c8358" candidate_term: 1 candidate_status { last_received { term: 0 index: 0 } } ignore_live_leader: false dest_uuid: "658d9872b3eb4738853e04ef0bfe43bc"
I20260608 12:49:45.963071 29295 raft_consensus.cc:3060] T 2bc7202b0d9643829ea3ae9c8d2ecb74 P 658d9872b3eb4738853e04ef0bfe43bc [term 0 FOLLOWER]: Advancing to term 1
W20260608 12:49:45.963487 29188 leader_election.cc:343] T 5a01e98668534b6db119515dd887594e P c47530653c394e4fbf9b924733acd910 [CANDIDATE]: Term 1 pre-election: Tablet error from VoteRequest() call to peer 36863371e4a34b97a49227a3506c8358 (127.24.50.3:41027): Illegal state: must be running to vote when last-logged opid is not known
I20260608 12:49:45.966355 29222 raft_consensus.cc:2468] T 2bc7202b0d9643829ea3ae9c8d2ecb74 P c47530653c394e4fbf9b924733acd910 [term 1 FOLLOWER]: Leader election vote request: Granting yes vote for candidate 36863371e4a34b97a49227a3506c8358 in term 1.
I20260608 12:49:45.974251 29416 tablet_bootstrap.cc:492] T e8eec49f6d8949f0af2caceafdbeb45b P 36863371e4a34b97a49227a3506c8358: No bootstrap required, opened a new log
I20260608 12:49:45.974926 29416 ts_tablet_manager.cc:1403] T e8eec49f6d8949f0af2caceafdbeb45b P 36863371e4a34b97a49227a3506c8358: Time spent bootstrapping tablet: real 0.100s	user 0.016s	sys 0.014s
I20260608 12:49:45.999354 29295 raft_consensus.cc:2468] T 2bc7202b0d9643829ea3ae9c8d2ecb74 P 658d9872b3eb4738853e04ef0bfe43bc [term 1 FOLLOWER]: Leader election vote request: Granting yes vote for candidate 36863371e4a34b97a49227a3506c8358 in term 1.
I20260608 12:49:45.996651 29334 leader_election.cc:304] T 2bc7202b0d9643829ea3ae9c8d2ecb74 P 36863371e4a34b97a49227a3506c8358 [CANDIDATE]: Term 1 election: Election decided. Result: candidate won. Election summary: received 2 responses out of 3 voters: 2 yes votes; 0 no votes. yes voters: 36863371e4a34b97a49227a3506c8358, c47530653c394e4fbf9b924733acd910; no voters: 
W20260608 12:49:46.001987 29188 consensus_peers.cc:597] T e8eec49f6d8949f0af2caceafdbeb45b P c47530653c394e4fbf9b924733acd910 -> Peer 36863371e4a34b97a49227a3506c8358 (127.24.50.3:41027): Couldn't send request to peer 36863371e4a34b97a49227a3506c8358. Error code: TABLET_NOT_RUNNING (12). Status: Illegal state: Tablet not RUNNING: BOOTSTRAPPING. This is attempt 1: this message will repeat every 5th retry.
I20260608 12:49:46.015376 29450 consensus_queue.cc:1048] T e8eec49f6d8949f0af2caceafdbeb45b P c47530653c394e4fbf9b924733acd910 [LEADER]: Connected to new peer: Peer: permanent_uuid: "658d9872b3eb4738853e04ef0bfe43bc" member_type: VOTER last_known_addr { host: "127.24.50.2" port: 41187 }, Status: LMP_MISMATCH, Last received: 0.0, Next index: 1, Last known committed idx: 0, Time since last communication: 0.001s
I20260608 12:49:46.016441 29118 catalog_manager.cc:5696] T 5519dbe6d3f04ffc81fa02abc88d38b3 P c47530653c394e4fbf9b924733acd910 reported cstate change: term changed from 0 to 1, leader changed from <none> to c47530653c394e4fbf9b924733acd910 (127.24.50.1). New cstate: current_term: 1 leader_uuid: "c47530653c394e4fbf9b924733acd910" committed_config { opid_index: -1 OBSOLETE_local: false peers { permanent_uuid: "c47530653c394e4fbf9b924733acd910" member_type: VOTER last_known_addr { host: "127.24.50.1" port: 45799 } health_report { overall_health: HEALTHY } } peers { permanent_uuid: "658d9872b3eb4738853e04ef0bfe43bc" member_type: VOTER last_known_addr { host: "127.24.50.2" port: 41187 } health_report { overall_health: UNKNOWN } } peers { permanent_uuid: "36863371e4a34b97a49227a3506c8358" member_type: VOTER last_known_addr { host: "127.24.50.3" port: 41027 } health_report { overall_health: UNKNOWN } } }
I20260608 12:49:46.025651 29120 catalog_manager.cc:5696] T 4d3a9979b88948c6b4809d33a2a86e31 P 658d9872b3eb4738853e04ef0bfe43bc reported cstate change: term changed from 0 to 1, leader changed from <none> to 658d9872b3eb4738853e04ef0bfe43bc (127.24.50.2). New cstate: current_term: 1 leader_uuid: "658d9872b3eb4738853e04ef0bfe43bc" committed_config { opid_index: -1 OBSOLETE_local: false peers { permanent_uuid: "c47530653c394e4fbf9b924733acd910" member_type: VOTER last_known_addr { host: "127.24.50.1" port: 45799 } health_report { overall_health: UNKNOWN } } peers { permanent_uuid: "658d9872b3eb4738853e04ef0bfe43bc" member_type: VOTER last_known_addr { host: "127.24.50.2" port: 41187 } health_report { overall_health: HEALTHY } } peers { permanent_uuid: "36863371e4a34b97a49227a3506c8358" member_type: VOTER last_known_addr { host: "127.24.50.3" port: 41027 } health_report { overall_health: UNKNOWN } } }
I20260608 12:49:46.023744 29427 leader_election.cc:290] T 5a01e98668534b6db119515dd887594e P c47530653c394e4fbf9b924733acd910 [CANDIDATE]: Term 1 election: Requested vote from peers 658d9872b3eb4738853e04ef0bfe43bc (127.24.50.2:41187), 36863371e4a34b97a49227a3506c8358 (127.24.50.3:41027)
I20260608 12:49:46.027082 29479 raft_consensus.cc:2804] T 2bc7202b0d9643829ea3ae9c8d2ecb74 P 36863371e4a34b97a49227a3506c8358 [term 1 FOLLOWER]: Leader election won for term 1
I20260608 12:49:46.036299 29295 tablet_service.cc:1917] Received RequestConsensusVote() RPC: tablet_id: "5a01e98668534b6db119515dd887594e" candidate_uuid: "c47530653c394e4fbf9b924733acd910" candidate_term: 1 candidate_status { last_received { term: 0 index: 0 } } ignore_live_leader: false dest_uuid: "658d9872b3eb4738853e04ef0bfe43bc"
I20260608 12:49:46.030493 29368 tablet_service.cc:1917] Received RequestConsensusVote() RPC: tablet_id: "5a01e98668534b6db119515dd887594e" candidate_uuid: "c47530653c394e4fbf9b924733acd910" candidate_term: 1 candidate_status { last_received { term: 0 index: 0 } } ignore_live_leader: false dest_uuid: "36863371e4a34b97a49227a3506c8358"
I20260608 12:49:46.036983 29295 raft_consensus.cc:3060] T 5a01e98668534b6db119515dd887594e P 658d9872b3eb4738853e04ef0bfe43bc [term 0 FOLLOWER]: Advancing to term 1
I20260608 12:49:46.030200 29416 raft_consensus.cc:359] T e8eec49f6d8949f0af2caceafdbeb45b P 36863371e4a34b97a49227a3506c8358 [term 0 FOLLOWER]: Replica starting. Triggering 0 pending ops. Active config: opid_index: -1 OBSOLETE_local: false peers { permanent_uuid: "c47530653c394e4fbf9b924733acd910" member_type: VOTER last_known_addr { host: "127.24.50.1" port: 45799 } } peers { permanent_uuid: "658d9872b3eb4738853e04ef0bfe43bc" member_type: VOTER last_known_addr { host: "127.24.50.2" port: 41187 } } peers { permanent_uuid: "36863371e4a34b97a49227a3506c8358" member_type: VOTER last_known_addr { host: "127.24.50.3" port: 41027 } }
I20260608 12:49:46.037761 29416 raft_consensus.cc:385] T e8eec49f6d8949f0af2caceafdbeb45b P 36863371e4a34b97a49227a3506c8358 [term 0 FOLLOWER]: Consensus starting up: Expiring failure detector timer to make a prompt election more likely
I20260608 12:49:46.038091 29416 raft_consensus.cc:740] T e8eec49f6d8949f0af2caceafdbeb45b P 36863371e4a34b97a49227a3506c8358 [term 0 FOLLOWER]: Becoming Follower/Learner. State: Replica: 36863371e4a34b97a49227a3506c8358, State: Initialized, Role: FOLLOWER
I20260608 12:49:46.038848 29416 consensus_queue.cc:260] T e8eec49f6d8949f0af2caceafdbeb45b P 36863371e4a34b97a49227a3506c8358 [NON_LEADER]: Queue going to NON_LEADER mode. State: All replicated index: 0, Majority replicated index: 0, Committed index: 0, Last appended: 0.0, Last appended by leader: 0, Current term: 0, Majority size: -1, State: 0, Mode: NON_LEADER, active raft config: opid_index: -1 OBSOLETE_local: false peers { permanent_uuid: "c47530653c394e4fbf9b924733acd910" member_type: VOTER last_known_addr { host: "127.24.50.1" port: 45799 } } peers { permanent_uuid: "658d9872b3eb4738853e04ef0bfe43bc" member_type: VOTER last_known_addr { host: "127.24.50.2" port: 41187 } } peers { permanent_uuid: "36863371e4a34b97a49227a3506c8358" member_type: VOTER last_known_addr { host: "127.24.50.3" port: 41027 } }
I20260608 12:49:46.041113 29416 ts_tablet_manager.cc:1434] T e8eec49f6d8949f0af2caceafdbeb45b P 36863371e4a34b97a49227a3506c8358: Time spent starting tablet: real 0.066s	user 0.007s	sys 0.002s
I20260608 12:49:46.042184 29416 tablet_bootstrap.cc:492] T 6febcea6605045d2a38a5118a1e8dd0d P 36863371e4a34b97a49227a3506c8358: Bootstrap starting.
I20260608 12:49:46.036489 29479 raft_consensus.cc:697] T 2bc7202b0d9643829ea3ae9c8d2ecb74 P 36863371e4a34b97a49227a3506c8358 [term 1 LEADER]: Becoming Leader. State: Replica: 36863371e4a34b97a49227a3506c8358, State: Running, Role: LEADER
I20260608 12:49:46.043103 29479 consensus_queue.cc:237] T 2bc7202b0d9643829ea3ae9c8d2ecb74 P 36863371e4a34b97a49227a3506c8358 [LEADER]: Queue going to LEADER mode. State: All replicated index: 0, Majority replicated index: 0, Committed index: 0, Last appended: 0.0, Last appended by leader: 0, Current term: 1, Majority size: 2, State: 0, Mode: LEADER, active raft config: opid_index: -1 OBSOLETE_local: false peers { permanent_uuid: "c47530653c394e4fbf9b924733acd910" member_type: VOTER last_known_addr { host: "127.24.50.1" port: 45799 } } peers { permanent_uuid: "658d9872b3eb4738853e04ef0bfe43bc" member_type: VOTER last_known_addr { host: "127.24.50.2" port: 41187 } } peers { permanent_uuid: "36863371e4a34b97a49227a3506c8358" member_type: VOTER last_known_addr { host: "127.24.50.3" port: 41027 } }
W20260608 12:49:46.044512 29188 leader_election.cc:343] T 5a01e98668534b6db119515dd887594e P c47530653c394e4fbf9b924733acd910 [CANDIDATE]: Term 1 election: Tablet error from VoteRequest() call to peer 36863371e4a34b97a49227a3506c8358 (127.24.50.3:41027): Illegal state: must be running to vote when last-logged opid is not known
I20260608 12:49:46.044678 29119 catalog_manager.cc:5696] T b82de4bc12cb4d2faaec7b276bca117e P 36863371e4a34b97a49227a3506c8358 reported cstate change: term changed from 0 to 1, leader changed from <none> to 36863371e4a34b97a49227a3506c8358 (127.24.50.3). New cstate: current_term: 1 leader_uuid: "36863371e4a34b97a49227a3506c8358" committed_config { opid_index: -1 OBSOLETE_local: false peers { permanent_uuid: "c47530653c394e4fbf9b924733acd910" member_type: VOTER last_known_addr { host: "127.24.50.1" port: 45799 } health_report { overall_health: UNKNOWN } } peers { permanent_uuid: "658d9872b3eb4738853e04ef0bfe43bc" member_type: VOTER last_known_addr { host: "127.24.50.2" port: 41187 } health_report { overall_health: UNKNOWN } } peers { permanent_uuid: "36863371e4a34b97a49227a3506c8358" member_type: VOTER last_known_addr { host: "127.24.50.3" port: 41027 } health_report { overall_health: HEALTHY } } }
I20260608 12:49:46.031980 29421 consensus_queue.cc:1048] T ff1f42e1a4e34bffa952c8c0c1794dd2 P c47530653c394e4fbf9b924733acd910 [LEADER]: Connected to new peer: Peer: permanent_uuid: "36863371e4a34b97a49227a3506c8358" member_type: VOTER last_known_addr { host: "127.24.50.3" port: 41027 }, Status: LMP_MISMATCH, Last received: 0.0, Next index: 1, Last known committed idx: 0, Time since last communication: 0.000s
I20260608 12:49:46.047873 29416 tablet_bootstrap.cc:654] T 6febcea6605045d2a38a5118a1e8dd0d P 36863371e4a34b97a49227a3506c8358: Neither blocks nor log segments found. Creating new log.
I20260608 12:49:46.060266 29416 tablet_bootstrap.cc:492] T 6febcea6605045d2a38a5118a1e8dd0d P 36863371e4a34b97a49227a3506c8358: No bootstrap required, opened a new log
I20260608 12:49:46.061278 29416 ts_tablet_manager.cc:1403] T 6febcea6605045d2a38a5118a1e8dd0d P 36863371e4a34b97a49227a3506c8358: Time spent bootstrapping tablet: real 0.019s	user 0.011s	sys 0.007s
I20260608 12:49:46.064494 29416 raft_consensus.cc:359] T 6febcea6605045d2a38a5118a1e8dd0d P 36863371e4a34b97a49227a3506c8358 [term 0 FOLLOWER]: Replica starting. Triggering 0 pending ops. Active config: opid_index: -1 OBSOLETE_local: false peers { permanent_uuid: "c47530653c394e4fbf9b924733acd910" member_type: VOTER last_known_addr { host: "127.24.50.1" port: 45799 } } peers { permanent_uuid: "658d9872b3eb4738853e04ef0bfe43bc" member_type: VOTER last_known_addr { host: "127.24.50.2" port: 41187 } } peers { permanent_uuid: "36863371e4a34b97a49227a3506c8358" member_type: VOTER last_known_addr { host: "127.24.50.3" port: 41027 } }
I20260608 12:49:46.065372 29416 raft_consensus.cc:385] T 6febcea6605045d2a38a5118a1e8dd0d P 36863371e4a34b97a49227a3506c8358 [term 0 FOLLOWER]: Consensus starting up: Expiring failure detector timer to make a prompt election more likely
I20260608 12:49:46.065708 29416 raft_consensus.cc:740] T 6febcea6605045d2a38a5118a1e8dd0d P 36863371e4a34b97a49227a3506c8358 [term 0 FOLLOWER]: Becoming Follower/Learner. State: Replica: 36863371e4a34b97a49227a3506c8358, State: Initialized, Role: FOLLOWER
I20260608 12:49:46.066465 29416 consensus_queue.cc:260] T 6febcea6605045d2a38a5118a1e8dd0d P 36863371e4a34b97a49227a3506c8358 [NON_LEADER]: Queue going to NON_LEADER mode. State: All replicated index: 0, Majority replicated index: 0, Committed index: 0, Last appended: 0.0, Last appended by leader: 0, Current term: 0, Majority size: -1, State: 0, Mode: NON_LEADER, active raft config: opid_index: -1 OBSOLETE_local: false peers { permanent_uuid: "c47530653c394e4fbf9b924733acd910" member_type: VOTER last_known_addr { host: "127.24.50.1" port: 45799 } } peers { permanent_uuid: "658d9872b3eb4738853e04ef0bfe43bc" member_type: VOTER last_known_addr { host: "127.24.50.2" port: 41187 } } peers { permanent_uuid: "36863371e4a34b97a49227a3506c8358" member_type: VOTER last_known_addr { host: "127.24.50.3" port: 41027 } }
I20260608 12:49:46.068786 29416 ts_tablet_manager.cc:1434] T 6febcea6605045d2a38a5118a1e8dd0d P 36863371e4a34b97a49227a3506c8358: Time spent starting tablet: real 0.007s	user 0.006s	sys 0.000s
I20260608 12:49:46.069957 29416 tablet_bootstrap.cc:492] T 4d3a9979b88948c6b4809d33a2a86e31 P 36863371e4a34b97a49227a3506c8358: Bootstrap starting.
I20260608 12:49:46.075089 29421 consensus_queue.cc:1048] T 68d837b140084d30a7248f111651dd34 P c47530653c394e4fbf9b924733acd910 [LEADER]: Connected to new peer: Peer: permanent_uuid: "36863371e4a34b97a49227a3506c8358" member_type: VOTER last_known_addr { host: "127.24.50.3" port: 41027 }, Status: LMP_MISMATCH, Last received: 0.0, Next index: 1, Last known committed idx: 0, Time since last communication: 0.000s
I20260608 12:49:46.076283 29416 tablet_bootstrap.cc:654] T 4d3a9979b88948c6b4809d33a2a86e31 P 36863371e4a34b97a49227a3506c8358: Neither blocks nor log segments found. Creating new log.
I20260608 12:49:46.088325 29416 tablet_bootstrap.cc:492] T 4d3a9979b88948c6b4809d33a2a86e31 P 36863371e4a34b97a49227a3506c8358: No bootstrap required, opened a new log
I20260608 12:49:46.088914 29416 ts_tablet_manager.cc:1403] T 4d3a9979b88948c6b4809d33a2a86e31 P 36863371e4a34b97a49227a3506c8358: Time spent bootstrapping tablet: real 0.019s	user 0.007s	sys 0.010s
I20260608 12:49:46.092360 29416 raft_consensus.cc:359] T 4d3a9979b88948c6b4809d33a2a86e31 P 36863371e4a34b97a49227a3506c8358 [term 0 FOLLOWER]: Replica starting. Triggering 0 pending ops. Active config: opid_index: -1 OBSOLETE_local: false peers { permanent_uuid: "c47530653c394e4fbf9b924733acd910" member_type: VOTER last_known_addr { host: "127.24.50.1" port: 45799 } } peers { permanent_uuid: "658d9872b3eb4738853e04ef0bfe43bc" member_type: VOTER last_known_addr { host: "127.24.50.2" port: 41187 } } peers { permanent_uuid: "36863371e4a34b97a49227a3506c8358" member_type: VOTER last_known_addr { host: "127.24.50.3" port: 41027 } }
I20260608 12:49:46.093351 29416 raft_consensus.cc:385] T 4d3a9979b88948c6b4809d33a2a86e31 P 36863371e4a34b97a49227a3506c8358 [term 0 FOLLOWER]: Consensus starting up: Expiring failure detector timer to make a prompt election more likely
I20260608 12:49:46.093698 29416 raft_consensus.cc:740] T 4d3a9979b88948c6b4809d33a2a86e31 P 36863371e4a34b97a49227a3506c8358 [term 0 FOLLOWER]: Becoming Follower/Learner. State: Replica: 36863371e4a34b97a49227a3506c8358, State: Initialized, Role: FOLLOWER
I20260608 12:49:46.094645 29416 consensus_queue.cc:260] T 4d3a9979b88948c6b4809d33a2a86e31 P 36863371e4a34b97a49227a3506c8358 [NON_LEADER]: Queue going to NON_LEADER mode. State: All replicated index: 0, Majority replicated index: 0, Committed index: 0, Last appended: 0.0, Last appended by leader: 0, Current term: 0, Majority size: -1, State: 0, Mode: NON_LEADER, active raft config: opid_index: -1 OBSOLETE_local: false peers { permanent_uuid: "c47530653c394e4fbf9b924733acd910" member_type: VOTER last_known_addr { host: "127.24.50.1" port: 45799 } } peers { permanent_uuid: "658d9872b3eb4738853e04ef0bfe43bc" member_type: VOTER last_known_addr { host: "127.24.50.2" port: 41187 } } peers { permanent_uuid: "36863371e4a34b97a49227a3506c8358" member_type: VOTER last_known_addr { host: "127.24.50.3" port: 41027 } }
I20260608 12:49:46.097322 29416 ts_tablet_manager.cc:1434] T 4d3a9979b88948c6b4809d33a2a86e31 P 36863371e4a34b97a49227a3506c8358: Time spent starting tablet: real 0.008s	user 0.005s	sys 0.001s
I20260608 12:49:46.098562 29416 tablet_bootstrap.cc:492] T 5a01e98668534b6db119515dd887594e P 36863371e4a34b97a49227a3506c8358: Bootstrap starting.
I20260608 12:49:46.104959 29416 tablet_bootstrap.cc:654] T 5a01e98668534b6db119515dd887594e P 36863371e4a34b97a49227a3506c8358: Neither blocks nor log segments found. Creating new log.
I20260608 12:49:46.105331 29295 raft_consensus.cc:2468] T 5a01e98668534b6db119515dd887594e P 658d9872b3eb4738853e04ef0bfe43bc [term 1 FOLLOWER]: Leader election vote request: Granting yes vote for candidate c47530653c394e4fbf9b924733acd910 in term 1.
I20260608 12:49:46.111615 29294 raft_consensus.cc:3060] T 68d837b140084d30a7248f111651dd34 P 658d9872b3eb4738853e04ef0bfe43bc [term 0 FOLLOWER]: Advancing to term 1
I20260608 12:49:46.116322 29416 tablet_bootstrap.cc:492] T 5a01e98668534b6db119515dd887594e P 36863371e4a34b97a49227a3506c8358: No bootstrap required, opened a new log
I20260608 12:49:46.116885 29416 ts_tablet_manager.cc:1403] T 5a01e98668534b6db119515dd887594e P 36863371e4a34b97a49227a3506c8358: Time spent bootstrapping tablet: real 0.019s	user 0.014s	sys 0.003s
I20260608 12:49:46.119767 29416 raft_consensus.cc:359] T 5a01e98668534b6db119515dd887594e P 36863371e4a34b97a49227a3506c8358 [term 0 FOLLOWER]: Replica starting. Triggering 0 pending ops. Active config: opid_index: -1 OBSOLETE_local: false peers { permanent_uuid: "c47530653c394e4fbf9b924733acd910" member_type: VOTER last_known_addr { host: "127.24.50.1" port: 45799 } } peers { permanent_uuid: "658d9872b3eb4738853e04ef0bfe43bc" member_type: VOTER last_known_addr { host: "127.24.50.2" port: 41187 } } peers { permanent_uuid: "36863371e4a34b97a49227a3506c8358" member_type: VOTER last_known_addr { host: "127.24.50.3" port: 41027 } }
I20260608 12:49:46.120568 29416 raft_consensus.cc:385] T 5a01e98668534b6db119515dd887594e P 36863371e4a34b97a49227a3506c8358 [term 0 FOLLOWER]: Consensus starting up: Expiring failure detector timer to make a prompt election more likely
I20260608 12:49:46.120983 29416 raft_consensus.cc:740] T 5a01e98668534b6db119515dd887594e P 36863371e4a34b97a49227a3506c8358 [term 0 FOLLOWER]: Becoming Follower/Learner. State: Replica: 36863371e4a34b97a49227a3506c8358, State: Initialized, Role: FOLLOWER
I20260608 12:49:46.120435 29120 catalog_manager.cc:5696] T 2bc7202b0d9643829ea3ae9c8d2ecb74 P 36863371e4a34b97a49227a3506c8358 reported cstate change: term changed from 0 to 1, leader changed from <none> to 36863371e4a34b97a49227a3506c8358 (127.24.50.3). New cstate: current_term: 1 leader_uuid: "36863371e4a34b97a49227a3506c8358" committed_config { opid_index: -1 OBSOLETE_local: false peers { permanent_uuid: "c47530653c394e4fbf9b924733acd910" member_type: VOTER last_known_addr { host: "127.24.50.1" port: 45799 } health_report { overall_health: UNKNOWN } } peers { permanent_uuid: "658d9872b3eb4738853e04ef0bfe43bc" member_type: VOTER last_known_addr { host: "127.24.50.2" port: 41187 } health_report { overall_health: UNKNOWN } } peers { permanent_uuid: "36863371e4a34b97a49227a3506c8358" member_type: VOTER last_known_addr { host: "127.24.50.3" port: 41027 } health_report { overall_health: HEALTHY } } }
I20260608 12:49:46.121906 29416 consensus_queue.cc:260] T 5a01e98668534b6db119515dd887594e P 36863371e4a34b97a49227a3506c8358 [NON_LEADER]: Queue going to NON_LEADER mode. State: All replicated index: 0, Majority replicated index: 0, Committed index: 0, Last appended: 0.0, Last appended by leader: 0, Current term: 0, Majority size: -1, State: 0, Mode: NON_LEADER, active raft config: opid_index: -1 OBSOLETE_local: false peers { permanent_uuid: "c47530653c394e4fbf9b924733acd910" member_type: VOTER last_known_addr { host: "127.24.50.1" port: 45799 } } peers { permanent_uuid: "658d9872b3eb4738853e04ef0bfe43bc" member_type: VOTER last_known_addr { host: "127.24.50.2" port: 41187 } } peers { permanent_uuid: "36863371e4a34b97a49227a3506c8358" member_type: VOTER last_known_addr { host: "127.24.50.3" port: 41027 } }
I20260608 12:49:46.124329 29416 ts_tablet_manager.cc:1434] T 5a01e98668534b6db119515dd887594e P 36863371e4a34b97a49227a3506c8358: Time spent starting tablet: real 0.007s	user 0.007s	sys 0.000s
I20260608 12:49:46.126745 29421 consensus_queue.cc:1048] T 68d837b140084d30a7248f111651dd34 P c47530653c394e4fbf9b924733acd910 [LEADER]: Connected to new peer: Peer: permanent_uuid: "658d9872b3eb4738853e04ef0bfe43bc" member_type: VOTER last_known_addr { host: "127.24.50.2" port: 41187 }, Status: LMP_MISMATCH, Last received: 0.0, Next index: 1, Last known committed idx: 0, Time since last communication: 0.000s
I20260608 12:49:46.127836 29185 leader_election.cc:304] T 5a01e98668534b6db119515dd887594e P c47530653c394e4fbf9b924733acd910 [CANDIDATE]: Term 1 election: Election decided. Result: candidate won. Election summary: received 3 responses out of 3 voters: 2 yes votes; 1 no votes. yes voters: 658d9872b3eb4738853e04ef0bfe43bc, c47530653c394e4fbf9b924733acd910; no voters: 36863371e4a34b97a49227a3506c8358
I20260608 12:49:46.128918 29450 raft_consensus.cc:2804] T 5a01e98668534b6db119515dd887594e P c47530653c394e4fbf9b924733acd910 [term 1 FOLLOWER]: Leader election won for term 1
I20260608 12:49:46.129408 29450 raft_consensus.cc:697] T 5a01e98668534b6db119515dd887594e P c47530653c394e4fbf9b924733acd910 [term 1 LEADER]: Becoming Leader. State: Replica: c47530653c394e4fbf9b924733acd910, State: Running, Role: LEADER
I20260608 12:49:46.130257 29450 consensus_queue.cc:237] T 5a01e98668534b6db119515dd887594e P c47530653c394e4fbf9b924733acd910 [LEADER]: Queue going to LEADER mode. State: All replicated index: 0, Majority replicated index: 0, Committed index: 0, Last appended: 0.0, Last appended by leader: 0, Current term: 1, Majority size: 2, State: 0, Mode: LEADER, active raft config: opid_index: -1 OBSOLETE_local: false peers { permanent_uuid: "c47530653c394e4fbf9b924733acd910" member_type: VOTER last_known_addr { host: "127.24.50.1" port: 45799 } } peers { permanent_uuid: "658d9872b3eb4738853e04ef0bfe43bc" member_type: VOTER last_known_addr { host: "127.24.50.2" port: 41187 } } peers { permanent_uuid: "36863371e4a34b97a49227a3506c8358" member_type: VOTER last_known_addr { host: "127.24.50.3" port: 41027 } }
I20260608 12:49:46.155959 29119 catalog_manager.cc:5696] T 5a01e98668534b6db119515dd887594e P c47530653c394e4fbf9b924733acd910 reported cstate change: term changed from 0 to 1, leader changed from <none> to c47530653c394e4fbf9b924733acd910 (127.24.50.1). New cstate: current_term: 1 leader_uuid: "c47530653c394e4fbf9b924733acd910" committed_config { opid_index: -1 OBSOLETE_local: false peers { permanent_uuid: "c47530653c394e4fbf9b924733acd910" member_type: VOTER last_known_addr { host: "127.24.50.1" port: 45799 } health_report { overall_health: HEALTHY } } peers { permanent_uuid: "658d9872b3eb4738853e04ef0bfe43bc" member_type: VOTER last_known_addr { host: "127.24.50.2" port: 41187 } health_report { overall_health: UNKNOWN } } peers { permanent_uuid: "36863371e4a34b97a49227a3506c8358" member_type: VOTER last_known_addr { host: "127.24.50.3" port: 41027 } health_report { overall_health: UNKNOWN } } }
I20260608 12:49:46.248402 29369 raft_consensus.cc:3060] T 6febcea6605045d2a38a5118a1e8dd0d P 36863371e4a34b97a49227a3506c8358 [term 0 FOLLOWER]: Advancing to term 1
I20260608 12:49:46.254424 29469 consensus_queue.cc:1048] T 6febcea6605045d2a38a5118a1e8dd0d P 658d9872b3eb4738853e04ef0bfe43bc [LEADER]: Connected to new peer: Peer: permanent_uuid: "36863371e4a34b97a49227a3506c8358" member_type: VOTER last_known_addr { host: "127.24.50.3" port: 41027 }, Status: LMP_MISMATCH, Last received: 0.0, Next index: 1, Last known committed idx: 0, Time since last communication: 0.000s
I20260608 12:49:46.266252 29469 consensus_queue.cc:1048] T 6febcea6605045d2a38a5118a1e8dd0d P 658d9872b3eb4738853e04ef0bfe43bc [LEADER]: Connected to new peer: Peer: permanent_uuid: "c47530653c394e4fbf9b924733acd910" member_type: VOTER last_known_addr { host: "127.24.50.1" port: 45799 }, Status: LMP_MISMATCH, Last received: 0.0, Next index: 1, Last known committed idx: 0, Time since last communication: 0.000s
I20260608 12:49:46.282675 29469 consensus_queue.cc:1048] T ea2104a3904f4a32a01b082fc34b4b07 P 658d9872b3eb4738853e04ef0bfe43bc [LEADER]: Connected to new peer: Peer: permanent_uuid: "36863371e4a34b97a49227a3506c8358" member_type: VOTER last_known_addr { host: "127.24.50.3" port: 41027 }, Status: LMP_MISMATCH, Last received: 0.0, Next index: 1, Last known committed idx: 0, Time since last communication: 0.000s
I20260608 12:49:46.294747 29469 consensus_queue.cc:1048] T ea2104a3904f4a32a01b082fc34b4b07 P 658d9872b3eb4738853e04ef0bfe43bc [LEADER]: Connected to new peer: Peer: permanent_uuid: "c47530653c394e4fbf9b924733acd910" member_type: VOTER last_known_addr { host: "127.24.50.1" port: 45799 }, Status: LMP_MISMATCH, Last received: 0.0, Next index: 1, Last known committed idx: 0, Time since last communication: 0.000s
I20260608 12:49:46.356796 29450 consensus_queue.cc:1048] T 5519dbe6d3f04ffc81fa02abc88d38b3 P c47530653c394e4fbf9b924733acd910 [LEADER]: Connected to new peer: Peer: permanent_uuid: "658d9872b3eb4738853e04ef0bfe43bc" member_type: VOTER last_known_addr { host: "127.24.50.2" port: 41187 }, Status: LMP_MISMATCH, Last received: 0.0, Next index: 1, Last known committed idx: 0, Time since last communication: 0.000s
I20260608 12:49:46.374313 29491 consensus_queue.cc:1048] T 5519dbe6d3f04ffc81fa02abc88d38b3 P c47530653c394e4fbf9b924733acd910 [LEADER]: Connected to new peer: Peer: permanent_uuid: "36863371e4a34b97a49227a3506c8358" member_type: VOTER last_known_addr { host: "127.24.50.3" port: 41027 }, Status: LMP_MISMATCH, Last received: 0.0, Next index: 1, Last known committed idx: 0, Time since last communication: 0.000s
I20260608 12:49:46.399163 29368 raft_consensus.cc:3060] T e8eec49f6d8949f0af2caceafdbeb45b P 36863371e4a34b97a49227a3506c8358 [term 0 FOLLOWER]: Advancing to term 1
I20260608 12:49:46.401479 29479 raft_consensus.cc:493] T 4d3a9979b88948c6b4809d33a2a86e31 P 36863371e4a34b97a49227a3506c8358 [term 0 FOLLOWER]: Starting pre-election (no leader contacted us within the election timeout)
I20260608 12:49:46.402048 29479 raft_consensus.cc:515] T 4d3a9979b88948c6b4809d33a2a86e31 P 36863371e4a34b97a49227a3506c8358 [term 0 FOLLOWER]: Starting pre-election with config: opid_index: -1 OBSOLETE_local: false peers { permanent_uuid: "c47530653c394e4fbf9b924733acd910" member_type: VOTER last_known_addr { host: "127.24.50.1" port: 45799 } } peers { permanent_uuid: "658d9872b3eb4738853e04ef0bfe43bc" member_type: VOTER last_known_addr { host: "127.24.50.2" port: 41187 } } peers { permanent_uuid: "36863371e4a34b97a49227a3506c8358" member_type: VOTER last_known_addr { host: "127.24.50.3" port: 41027 } }
I20260608 12:49:46.404335 29479 leader_election.cc:290] T 4d3a9979b88948c6b4809d33a2a86e31 P 36863371e4a34b97a49227a3506c8358 [CANDIDATE]: Term 1 pre-election: Requested pre-vote from peers c47530653c394e4fbf9b924733acd910 (127.24.50.1:45799), 658d9872b3eb4738853e04ef0bfe43bc (127.24.50.2:41187)
I20260608 12:49:46.405807 29295 tablet_service.cc:1917] Received RequestConsensusVote() RPC: tablet_id: "4d3a9979b88948c6b4809d33a2a86e31" candidate_uuid: "36863371e4a34b97a49227a3506c8358" candidate_term: 1 candidate_status { last_received { term: 0 index: 0 } } ignore_live_leader: false dest_uuid: "658d9872b3eb4738853e04ef0bfe43bc" is_pre_election: true
I20260608 12:49:46.429759 29491 consensus_queue.cc:1048] T b05658383ca74de29ab78f83b09ffb65 P c47530653c394e4fbf9b924733acd910 [LEADER]: Connected to new peer: Peer: permanent_uuid: "36863371e4a34b97a49227a3506c8358" member_type: VOTER last_known_addr { host: "127.24.50.3" port: 41027 }, Status: LMP_MISMATCH, Last received: 0.0, Next index: 1, Last known committed idx: 0, Time since last communication: 0.000s
I20260608 12:49:46.446031 29506 consensus_queue.cc:1048] T 4d3a9979b88948c6b4809d33a2a86e31 P 658d9872b3eb4738853e04ef0bfe43bc [LEADER]: Connected to new peer: Peer: permanent_uuid: "c47530653c394e4fbf9b924733acd910" member_type: VOTER last_known_addr { host: "127.24.50.1" port: 45799 }, Status: LMP_MISMATCH, Last received: 0.0, Next index: 1, Last known committed idx: 0, Time since last communication: 0.000s
I20260608 12:49:46.436281 29222 tablet_service.cc:1917] Received RequestConsensusVote() RPC: tablet_id: "4d3a9979b88948c6b4809d33a2a86e31" candidate_uuid: "36863371e4a34b97a49227a3506c8358" candidate_term: 1 candidate_status { last_received { term: 0 index: 0 } } ignore_live_leader: false dest_uuid: "c47530653c394e4fbf9b924733acd910" is_pre_election: true
I20260608 12:49:46.462821 29479 consensus_queue.cc:1048] T b82de4bc12cb4d2faaec7b276bca117e P 36863371e4a34b97a49227a3506c8358 [LEADER]: Connected to new peer: Peer: permanent_uuid: "c47530653c394e4fbf9b924733acd910" member_type: VOTER last_known_addr { host: "127.24.50.1" port: 45799 }, Status: LMP_MISMATCH, Last received: 0.0, Next index: 1, Last known committed idx: 0, Time since last communication: 0.000s
W20260608 12:49:46.468408 29513 log.cc:927] Time spent T 5519dbe6d3f04ffc81fa02abc88d38b3 P 36863371e4a34b97a49227a3506c8358: Append to log took a long time: real 0.052s	user 0.000s	sys 0.001s
I20260608 12:49:46.475312 29456 consensus_queue.cc:1048] T b05658383ca74de29ab78f83b09ffb65 P c47530653c394e4fbf9b924733acd910 [LEADER]: Connected to new peer: Peer: permanent_uuid: "658d9872b3eb4738853e04ef0bfe43bc" member_type: VOTER last_known_addr { host: "127.24.50.2" port: 41187 }, Status: LMP_MISMATCH, Last received: 0.0, Next index: 1, Last known committed idx: 0, Time since last communication: 0.001s
I20260608 12:49:46.475339 29369 raft_consensus.cc:3060] T 4d3a9979b88948c6b4809d33a2a86e31 P 36863371e4a34b97a49227a3506c8358 [term 0 FOLLOWER]: Advancing to term 1
I20260608 12:49:46.502727 29334 leader_election.cc:304] T 4d3a9979b88948c6b4809d33a2a86e31 P 36863371e4a34b97a49227a3506c8358 [CANDIDATE]: Term 1 pre-election: Election decided. Result: candidate lost. Election summary: received 3 responses out of 3 voters: 1 yes votes; 2 no votes. yes voters: 36863371e4a34b97a49227a3506c8358; no voters: 658d9872b3eb4738853e04ef0bfe43bc, c47530653c394e4fbf9b924733acd910
I20260608 12:49:46.531800 29479 raft_consensus.cc:2749] T 4d3a9979b88948c6b4809d33a2a86e31 P 36863371e4a34b97a49227a3506c8358 [term 1 FOLLOWER]: Leader pre-election lost for term 1. Reason: could not achieve majority
I20260608 12:49:46.556664 29371 raft_consensus.cc:3060] T 5a01e98668534b6db119515dd887594e P 36863371e4a34b97a49227a3506c8358 [term 0 FOLLOWER]: Advancing to term 1
I20260608 12:49:46.564946 29469 consensus_queue.cc:1048] T 4d3a9979b88948c6b4809d33a2a86e31 P 658d9872b3eb4738853e04ef0bfe43bc [LEADER]: Connected to new peer: Peer: permanent_uuid: "36863371e4a34b97a49227a3506c8358" member_type: VOTER last_known_addr { host: "127.24.50.3" port: 41027 }, Status: LMP_MISMATCH, Last received: 0.0, Next index: 1, Last known committed idx: 0, Time since last communication: 0.000s
I20260608 12:49:46.577613 29456 consensus_queue.cc:1048] T 5a01e98668534b6db119515dd887594e P c47530653c394e4fbf9b924733acd910 [LEADER]: Connected to new peer: Peer: permanent_uuid: "658d9872b3eb4738853e04ef0bfe43bc" member_type: VOTER last_known_addr { host: "127.24.50.2" port: 41187 }, Status: LMP_MISMATCH, Last received: 0.0, Next index: 1, Last known committed idx: 0, Time since last communication: 0.000s
I20260608 12:49:46.589917 29479 raft_consensus.cc:493] T 5a01e98668534b6db119515dd887594e P 36863371e4a34b97a49227a3506c8358 [term 1 FOLLOWER]: Starting pre-election (no leader contacted us within the election timeout)
I20260608 12:49:46.590476 29479 raft_consensus.cc:515] T 5a01e98668534b6db119515dd887594e P 36863371e4a34b97a49227a3506c8358 [term 1 FOLLOWER]: Starting pre-election with config: opid_index: -1 OBSOLETE_local: false peers { permanent_uuid: "c47530653c394e4fbf9b924733acd910" member_type: VOTER last_known_addr { host: "127.24.50.1" port: 45799 } } peers { permanent_uuid: "658d9872b3eb4738853e04ef0bfe43bc" member_type: VOTER last_known_addr { host: "127.24.50.2" port: 41187 } } peers { permanent_uuid: "36863371e4a34b97a49227a3506c8358" member_type: VOTER last_known_addr { host: "127.24.50.3" port: 41027 } }
I20260608 12:49:46.597249 29479 leader_election.cc:290] T 5a01e98668534b6db119515dd887594e P 36863371e4a34b97a49227a3506c8358 [CANDIDATE]: Term 2 pre-election: Requested pre-vote from peers c47530653c394e4fbf9b924733acd910 (127.24.50.1:45799), 658d9872b3eb4738853e04ef0bfe43bc (127.24.50.2:41187)
I20260608 12:49:46.598110 29450 consensus_queue.cc:1048] T 5a01e98668534b6db119515dd887594e P c47530653c394e4fbf9b924733acd910 [LEADER]: Connected to new peer: Peer: permanent_uuid: "36863371e4a34b97a49227a3506c8358" member_type: VOTER last_known_addr { host: "127.24.50.3" port: 41027 }, Status: LMP_MISMATCH, Last received: 0.0, Next index: 1, Last known committed idx: 0, Time since last communication: 0.000s
I20260608 12:49:46.617789 29479 consensus_queue.cc:1048] T 2bc7202b0d9643829ea3ae9c8d2ecb74 P 36863371e4a34b97a49227a3506c8358 [LEADER]: Connected to new peer: Peer: permanent_uuid: "c47530653c394e4fbf9b924733acd910" member_type: VOTER last_known_addr { host: "127.24.50.1" port: 45799 }, Status: LMP_MISMATCH, Last received: 0.0, Next index: 1, Last known committed idx: 0, Time since last communication: 0.000s
I20260608 12:49:46.621767 29220 tablet_service.cc:1917] Received RequestConsensusVote() RPC: tablet_id: "5a01e98668534b6db119515dd887594e" candidate_uuid: "36863371e4a34b97a49227a3506c8358" candidate_term: 2 candidate_status { last_received { term: 0 index: 0 } } ignore_live_leader: false dest_uuid: "c47530653c394e4fbf9b924733acd910" is_pre_election: true
I20260608 12:49:46.628435 29294 tablet_service.cc:1917] Received RequestConsensusVote() RPC: tablet_id: "5a01e98668534b6db119515dd887594e" candidate_uuid: "36863371e4a34b97a49227a3506c8358" candidate_term: 2 candidate_status { last_received { term: 0 index: 0 } } ignore_live_leader: false dest_uuid: "658d9872b3eb4738853e04ef0bfe43bc" is_pre_election: true
I20260608 12:49:46.640280 29479 consensus_queue.cc:1048] T b82de4bc12cb4d2faaec7b276bca117e P 36863371e4a34b97a49227a3506c8358 [LEADER]: Connected to new peer: Peer: permanent_uuid: "658d9872b3eb4738853e04ef0bfe43bc" member_type: VOTER last_known_addr { host: "127.24.50.2" port: 41187 }, Status: LMP_MISMATCH, Last received: 0.0, Next index: 1, Last known committed idx: 0, Time since last communication: 0.000s
I20260608 12:49:46.651877 29334 leader_election.cc:304] T 5a01e98668534b6db119515dd887594e P 36863371e4a34b97a49227a3506c8358 [CANDIDATE]: Term 2 pre-election: Election decided. Result: candidate lost. Election summary: received 3 responses out of 3 voters: 1 yes votes; 2 no votes. yes voters: 36863371e4a34b97a49227a3506c8358; no voters: 658d9872b3eb4738853e04ef0bfe43bc, c47530653c394e4fbf9b924733acd910
I20260608 12:49:46.653431 29521 raft_consensus.cc:2749] T 5a01e98668534b6db119515dd887594e P 36863371e4a34b97a49227a3506c8358 [term 1 FOLLOWER]: Leader pre-election lost for term 2. Reason: could not achieve majority
