I20260608 12:49:41.589282 29661 consensus_queue.cc:260] T 047eb04a08b6431a89a8eeccc96e57f9 P e03ef56ec7c74eedbb0f8966eb8a6abe [NON_LEADER]: Queue going to NON_LEADER mode. State: All replicated index: 0, Majority replicated index: 0, Committed index: 0, Last appended: 0.0, Last appended by leader: 0, Current term: 0, Majority size: -1, State: 0, Mode: NON_LEADER, active raft config: opid_index: -1 OBSOLETE_local: false peers { permanent_uuid: "59562f1bd44540c1bd0f8f84eef2905b" member_type: VOTER last_known_addr { host: "127.24.106.129" port: 37459 } } peers { permanent_uuid: "def0bbecacd54a6d8d153826ee948327" member_type: VOTER last_known_addr { host: "127.24.106.130" port: 43961 } } peers { permanent_uuid: "e03ef56ec7c74eedbb0f8966eb8a6abe" member_type: VOTER last_known_addr { host: "127.24.106.131" port: 38215 } }
I20260608 12:49:41.591415 29655 tablet_bootstrap.cc:654] T 269a2c9dd22d4a7b8206c75d10cd61b1 P 59562f1bd44540c1bd0f8f84eef2905b: Neither blocks nor log segments found. Creating new log.
I20260608 12:49:41.591586 29661 ts_tablet_manager.cc:1434] T 047eb04a08b6431a89a8eeccc96e57f9 P e03ef56ec7c74eedbb0f8966eb8a6abe: Time spent starting tablet: real 0.007s	user 0.005s	sys 0.003s
I20260608 12:49:41.593725 29661 tablet_bootstrap.cc:492] T 269a2c9dd22d4a7b8206c75d10cd61b1 P e03ef56ec7c74eedbb0f8966eb8a6abe: Bootstrap starting.
I20260608 12:49:41.593855 29656 ts_tablet_manager.cc:1434] T 9e329062ee0f41d3abb3c29868ff2b8c P def0bbecacd54a6d8d153826ee948327: Time spent starting tablet: real 0.018s	user 0.007s	sys 0.000s
I20260608 12:49:41.599393 29656 tablet_bootstrap.cc:492] T 43d9d4847ca24819812ff4ed3b8e43a7 P def0bbecacd54a6d8d153826ee948327: Bootstrap starting.
I20260608 12:49:41.604049 29661 tablet_bootstrap.cc:654] T 269a2c9dd22d4a7b8206c75d10cd61b1 P e03ef56ec7c74eedbb0f8966eb8a6abe: Neither blocks nor log segments found. Creating new log.
I20260608 12:49:41.619915 29656 tablet_bootstrap.cc:654] T 43d9d4847ca24819812ff4ed3b8e43a7 P def0bbecacd54a6d8d153826ee948327: Neither blocks nor log segments found. Creating new log.
I20260608 12:49:41.630851 29655 tablet_bootstrap.cc:492] T 269a2c9dd22d4a7b8206c75d10cd61b1 P 59562f1bd44540c1bd0f8f84eef2905b: No bootstrap required, opened a new log
I20260608 12:49:41.630986 29661 tablet_bootstrap.cc:492] T 269a2c9dd22d4a7b8206c75d10cd61b1 P e03ef56ec7c74eedbb0f8966eb8a6abe: No bootstrap required, opened a new log
I20260608 12:49:41.631444 29655 ts_tablet_manager.cc:1403] T 269a2c9dd22d4a7b8206c75d10cd61b1 P 59562f1bd44540c1bd0f8f84eef2905b: Time spent bootstrapping tablet: real 0.048s	user 0.024s	sys 0.020s
I20260608 12:49:41.631486 29656 tablet_bootstrap.cc:492] T 43d9d4847ca24819812ff4ed3b8e43a7 P def0bbecacd54a6d8d153826ee948327: No bootstrap required, opened a new log
I20260608 12:49:41.631542 29661 ts_tablet_manager.cc:1403] T 269a2c9dd22d4a7b8206c75d10cd61b1 P e03ef56ec7c74eedbb0f8966eb8a6abe: Time spent bootstrapping tablet: real 0.038s	user 0.015s	sys 0.019s
I20260608 12:49:41.632444 29656 ts_tablet_manager.cc:1403] T 43d9d4847ca24819812ff4ed3b8e43a7 P def0bbecacd54a6d8d153826ee948327: Time spent bootstrapping tablet: real 0.033s	user 0.009s	sys 0.007s
I20260608 12:49:41.635226 29655 raft_consensus.cc:359] T 269a2c9dd22d4a7b8206c75d10cd61b1 P 59562f1bd44540c1bd0f8f84eef2905b [term 0 FOLLOWER]: Replica starting. Triggering 0 pending ops. Active config: opid_index: -1 OBSOLETE_local: false peers { permanent_uuid: "59562f1bd44540c1bd0f8f84eef2905b" member_type: VOTER last_known_addr { host: "127.24.106.129" port: 37459 } } peers { permanent_uuid: "def0bbecacd54a6d8d153826ee948327" member_type: VOTER last_known_addr { host: "127.24.106.130" port: 43961 } } peers { permanent_uuid: "e03ef56ec7c74eedbb0f8966eb8a6abe" member_type: VOTER last_known_addr { host: "127.24.106.131" port: 38215 } }
I20260608 12:49:41.635490 29661 raft_consensus.cc:359] T 269a2c9dd22d4a7b8206c75d10cd61b1 P e03ef56ec7c74eedbb0f8966eb8a6abe [term 0 FOLLOWER]: Replica starting. Triggering 0 pending ops. Active config: opid_index: -1 OBSOLETE_local: false peers { permanent_uuid: "59562f1bd44540c1bd0f8f84eef2905b" member_type: VOTER last_known_addr { host: "127.24.106.129" port: 37459 } } peers { permanent_uuid: "def0bbecacd54a6d8d153826ee948327" member_type: VOTER last_known_addr { host: "127.24.106.130" port: 43961 } } peers { permanent_uuid: "e03ef56ec7c74eedbb0f8966eb8a6abe" member_type: VOTER last_known_addr { host: "127.24.106.131" port: 38215 } }
I20260608 12:49:41.636062 29655 raft_consensus.cc:385] T 269a2c9dd22d4a7b8206c75d10cd61b1 P 59562f1bd44540c1bd0f8f84eef2905b [term 0 FOLLOWER]: Consensus starting up: Expiring failure detector timer to make a prompt election more likely
I20260608 12:49:41.635694 29656 raft_consensus.cc:359] T 43d9d4847ca24819812ff4ed3b8e43a7 P def0bbecacd54a6d8d153826ee948327 [term 0 FOLLOWER]: Replica starting. Triggering 0 pending ops. Active config: opid_index: -1 OBSOLETE_local: false peers { permanent_uuid: "59562f1bd44540c1bd0f8f84eef2905b" member_type: VOTER last_known_addr { host: "127.24.106.129" port: 37459 } } peers { permanent_uuid: "def0bbecacd54a6d8d153826ee948327" member_type: VOTER last_known_addr { host: "127.24.106.130" port: 43961 } } peers { permanent_uuid: "e03ef56ec7c74eedbb0f8966eb8a6abe" member_type: VOTER last_known_addr { host: "127.24.106.131" port: 38215 } }
I20260608 12:49:41.636286 29661 raft_consensus.cc:385] T 269a2c9dd22d4a7b8206c75d10cd61b1 P e03ef56ec7c74eedbb0f8966eb8a6abe [term 0 FOLLOWER]: Consensus starting up: Expiring failure detector timer to make a prompt election more likely
I20260608 12:49:41.636462 29655 raft_consensus.cc:740] T 269a2c9dd22d4a7b8206c75d10cd61b1 P 59562f1bd44540c1bd0f8f84eef2905b [term 0 FOLLOWER]: Becoming Follower/Learner. State: Replica: 59562f1bd44540c1bd0f8f84eef2905b, State: Initialized, Role: FOLLOWER
I20260608 12:49:41.636674 29656 raft_consensus.cc:385] T 43d9d4847ca24819812ff4ed3b8e43a7 P def0bbecacd54a6d8d153826ee948327 [term 0 FOLLOWER]: Consensus starting up: Expiring failure detector timer to make a prompt election more likely
I20260608 12:49:41.636679 29661 raft_consensus.cc:740] T 269a2c9dd22d4a7b8206c75d10cd61b1 P e03ef56ec7c74eedbb0f8966eb8a6abe [term 0 FOLLOWER]: Becoming Follower/Learner. State: Replica: e03ef56ec7c74eedbb0f8966eb8a6abe, State: Initialized, Role: FOLLOWER
I20260608 12:49:41.637359 29656 raft_consensus.cc:740] T 43d9d4847ca24819812ff4ed3b8e43a7 P def0bbecacd54a6d8d153826ee948327 [term 0 FOLLOWER]: Becoming Follower/Learner. State: Replica: def0bbecacd54a6d8d153826ee948327, State: Initialized, Role: FOLLOWER
I20260608 12:49:41.637605 29655 consensus_queue.cc:260] T 269a2c9dd22d4a7b8206c75d10cd61b1 P 59562f1bd44540c1bd0f8f84eef2905b [NON_LEADER]: Queue going to NON_LEADER mode. State: All replicated index: 0, Majority replicated index: 0, Committed index: 0, Last appended: 0.0, Last appended by leader: 0, Current term: 0, Majority size: -1, State: 0, Mode: NON_LEADER, active raft config: opid_index: -1 OBSOLETE_local: false peers { permanent_uuid: "59562f1bd44540c1bd0f8f84eef2905b" member_type: VOTER last_known_addr { host: "127.24.106.129" port: 37459 } } peers { permanent_uuid: "def0bbecacd54a6d8d153826ee948327" member_type: VOTER last_known_addr { host: "127.24.106.130" port: 43961 } } peers { permanent_uuid: "e03ef56ec7c74eedbb0f8966eb8a6abe" member_type: VOTER last_known_addr { host: "127.24.106.131" port: 38215 } }
I20260608 12:49:41.637841 29661 consensus_queue.cc:260] T 269a2c9dd22d4a7b8206c75d10cd61b1 P e03ef56ec7c74eedbb0f8966eb8a6abe [NON_LEADER]: Queue going to NON_LEADER mode. State: All replicated index: 0, Majority replicated index: 0, Committed index: 0, Last appended: 0.0, Last appended by leader: 0, Current term: 0, Majority size: -1, State: 0, Mode: NON_LEADER, active raft config: opid_index: -1 OBSOLETE_local: false peers { permanent_uuid: "59562f1bd44540c1bd0f8f84eef2905b" member_type: VOTER last_known_addr { host: "127.24.106.129" port: 37459 } } peers { permanent_uuid: "def0bbecacd54a6d8d153826ee948327" member_type: VOTER last_known_addr { host: "127.24.106.130" port: 43961 } } peers { permanent_uuid: "e03ef56ec7c74eedbb0f8966eb8a6abe" member_type: VOTER last_known_addr { host: "127.24.106.131" port: 38215 } }
I20260608 12:49:41.640398 29661 ts_tablet_manager.cc:1434] T 269a2c9dd22d4a7b8206c75d10cd61b1 P e03ef56ec7c74eedbb0f8966eb8a6abe: Time spent starting tablet: real 0.008s	user 0.006s	sys 0.000s
I20260608 12:49:41.641430 29661 tablet_bootstrap.cc:492] T 42c6d493dea3498e82b172c979077e73 P e03ef56ec7c74eedbb0f8966eb8a6abe: Bootstrap starting.
I20260608 12:49:41.644960 29655 ts_tablet_manager.cc:1434] T 269a2c9dd22d4a7b8206c75d10cd61b1 P 59562f1bd44540c1bd0f8f84eef2905b: Time spent starting tablet: real 0.013s	user 0.003s	sys 0.003s
I20260608 12:49:41.646066 29655 tablet_bootstrap.cc:492] T d1d3697ceaa9430890e481392253a9a0 P 59562f1bd44540c1bd0f8f84eef2905b: Bootstrap starting.
I20260608 12:49:41.648332 29661 tablet_bootstrap.cc:654] T 42c6d493dea3498e82b172c979077e73 P e03ef56ec7c74eedbb0f8966eb8a6abe: Neither blocks nor log segments found. Creating new log.
I20260608 12:49:41.638528 29656 consensus_queue.cc:260] T 43d9d4847ca24819812ff4ed3b8e43a7 P def0bbecacd54a6d8d153826ee948327 [NON_LEADER]: Queue going to NON_LEADER mode. State: All replicated index: 0, Majority replicated index: 0, Committed index: 0, Last appended: 0.0, Last appended by leader: 0, Current term: 0, Majority size: -1, State: 0, Mode: NON_LEADER, active raft config: opid_index: -1 OBSOLETE_local: false peers { permanent_uuid: "59562f1bd44540c1bd0f8f84eef2905b" member_type: VOTER last_known_addr { host: "127.24.106.129" port: 37459 } } peers { permanent_uuid: "def0bbecacd54a6d8d153826ee948327" member_type: VOTER last_known_addr { host: "127.24.106.130" port: 43961 } } peers { permanent_uuid: "e03ef56ec7c74eedbb0f8966eb8a6abe" member_type: VOTER last_known_addr { host: "127.24.106.131" port: 38215 } }
I20260608 12:49:41.658499 29660 raft_consensus.cc:493] T edd2621af9384754a238d0f3622f4971 P 59562f1bd44540c1bd0f8f84eef2905b [term 0 FOLLOWER]: Starting pre-election (no leader contacted us within the election timeout)
I20260608 12:49:41.659118 29660 raft_consensus.cc:515] T edd2621af9384754a238d0f3622f4971 P 59562f1bd44540c1bd0f8f84eef2905b [term 0 FOLLOWER]: Starting pre-election with config: opid_index: -1 OBSOLETE_local: false peers { permanent_uuid: "59562f1bd44540c1bd0f8f84eef2905b" member_type: VOTER last_known_addr { host: "127.24.106.129" port: 37459 } } peers { permanent_uuid: "def0bbecacd54a6d8d153826ee948327" member_type: VOTER last_known_addr { host: "127.24.106.130" port: 43961 } } peers { permanent_uuid: "e03ef56ec7c74eedbb0f8966eb8a6abe" member_type: VOTER last_known_addr { host: "127.24.106.131" port: 38215 } }
I20260608 12:49:41.662209 29660 leader_election.cc:290] T edd2621af9384754a238d0f3622f4971 P 59562f1bd44540c1bd0f8f84eef2905b [CANDIDATE]: Term 1 pre-election: Requested pre-vote from peers def0bbecacd54a6d8d153826ee948327 (127.24.106.130:43961), e03ef56ec7c74eedbb0f8966eb8a6abe (127.24.106.131:38215)
I20260608 12:49:41.665784 29667 raft_consensus.cc:493] T 269a2c9dd22d4a7b8206c75d10cd61b1 P e03ef56ec7c74eedbb0f8966eb8a6abe [term 0 FOLLOWER]: Starting pre-election (no leader contacted us within the election timeout)
I20260608 12:49:41.666318 29667 raft_consensus.cc:515] T 269a2c9dd22d4a7b8206c75d10cd61b1 P e03ef56ec7c74eedbb0f8966eb8a6abe [term 0 FOLLOWER]: Starting pre-election with config: opid_index: -1 OBSOLETE_local: false peers { permanent_uuid: "59562f1bd44540c1bd0f8f84eef2905b" member_type: VOTER last_known_addr { host: "127.24.106.129" port: 37459 } } peers { permanent_uuid: "def0bbecacd54a6d8d153826ee948327" member_type: VOTER last_known_addr { host: "127.24.106.130" port: 43961 } } peers { permanent_uuid: "e03ef56ec7c74eedbb0f8966eb8a6abe" member_type: VOTER last_known_addr { host: "127.24.106.131" port: 38215 } }
I20260608 12:49:41.668358 29656 ts_tablet_manager.cc:1434] T 43d9d4847ca24819812ff4ed3b8e43a7 P def0bbecacd54a6d8d153826ee948327: Time spent starting tablet: real 0.035s	user 0.005s	sys 0.002s
I20260608 12:49:41.671478 29655 tablet_bootstrap.cc:654] T d1d3697ceaa9430890e481392253a9a0 P 59562f1bd44540c1bd0f8f84eef2905b: Neither blocks nor log segments found. Creating new log.
I20260608 12:49:41.676901 29667 leader_election.cc:290] T 269a2c9dd22d4a7b8206c75d10cd61b1 P e03ef56ec7c74eedbb0f8966eb8a6abe [CANDIDATE]: Term 1 pre-election: Requested pre-vote from peers 59562f1bd44540c1bd0f8f84eef2905b (127.24.106.129:37459), def0bbecacd54a6d8d153826ee948327 (127.24.106.130:43961)
I20260608 12:49:41.677412 29656 tablet_bootstrap.cc:492] T 047eb04a08b6431a89a8eeccc96e57f9 P def0bbecacd54a6d8d153826ee948327: Bootstrap starting.
I20260608 12:49:41.683616 29655 tablet_bootstrap.cc:492] T d1d3697ceaa9430890e481392253a9a0 P 59562f1bd44540c1bd0f8f84eef2905b: No bootstrap required, opened a new log
I20260608 12:49:41.684273 29655 ts_tablet_manager.cc:1403] T d1d3697ceaa9430890e481392253a9a0 P 59562f1bd44540c1bd0f8f84eef2905b: Time spent bootstrapping tablet: real 0.038s	user 0.016s	sys 0.003s
I20260608 12:49:41.688100 29656 tablet_bootstrap.cc:654] T 047eb04a08b6431a89a8eeccc96e57f9 P def0bbecacd54a6d8d153826ee948327: Neither blocks nor log segments found. Creating new log.
I20260608 12:49:41.687879 29655 raft_consensus.cc:359] T d1d3697ceaa9430890e481392253a9a0 P 59562f1bd44540c1bd0f8f84eef2905b [term 0 FOLLOWER]: Replica starting. Triggering 0 pending ops. Active config: opid_index: -1 OBSOLETE_local: false peers { permanent_uuid: "59562f1bd44540c1bd0f8f84eef2905b" member_type: VOTER last_known_addr { host: "127.24.106.129" port: 37459 } } peers { permanent_uuid: "def0bbecacd54a6d8d153826ee948327" member_type: VOTER last_known_addr { host: "127.24.106.130" port: 43961 } } peers { permanent_uuid: "e03ef56ec7c74eedbb0f8966eb8a6abe" member_type: VOTER last_known_addr { host: "127.24.106.131" port: 38215 } }
I20260608 12:49:41.688942 29655 raft_consensus.cc:385] T d1d3697ceaa9430890e481392253a9a0 P 59562f1bd44540c1bd0f8f84eef2905b [term 0 FOLLOWER]: Consensus starting up: Expiring failure detector timer to make a prompt election more likely
I20260608 12:49:41.689339 29655 raft_consensus.cc:740] T d1d3697ceaa9430890e481392253a9a0 P 59562f1bd44540c1bd0f8f84eef2905b [term 0 FOLLOWER]: Becoming Follower/Learner. State: Replica: 59562f1bd44540c1bd0f8f84eef2905b, State: Initialized, Role: FOLLOWER
I20260608 12:49:41.690559 29655 consensus_queue.cc:260] T d1d3697ceaa9430890e481392253a9a0 P 59562f1bd44540c1bd0f8f84eef2905b [NON_LEADER]: Queue going to NON_LEADER mode. State: All replicated index: 0, Majority replicated index: 0, Committed index: 0, Last appended: 0.0, Last appended by leader: 0, Current term: 0, Majority size: -1, State: 0, Mode: NON_LEADER, active raft config: opid_index: -1 OBSOLETE_local: false peers { permanent_uuid: "59562f1bd44540c1bd0f8f84eef2905b" member_type: VOTER last_known_addr { host: "127.24.106.129" port: 37459 } } peers { permanent_uuid: "def0bbecacd54a6d8d153826ee948327" member_type: VOTER last_known_addr { host: "127.24.106.130" port: 43961 } } peers { permanent_uuid: "e03ef56ec7c74eedbb0f8966eb8a6abe" member_type: VOTER last_known_addr { host: "127.24.106.131" port: 38215 } }
I20260608 12:49:41.701376 29655 ts_tablet_manager.cc:1434] T d1d3697ceaa9430890e481392253a9a0 P 59562f1bd44540c1bd0f8f84eef2905b: Time spent starting tablet: real 0.017s	user 0.007s	sys 0.000s
I20260608 12:49:41.709988 29655 tablet_bootstrap.cc:492] T 768336738e7849f5837d77978f8ac183 P 59562f1bd44540c1bd0f8f84eef2905b: Bootstrap starting.
I20260608 12:49:41.713999 29661 tablet_bootstrap.cc:492] T 42c6d493dea3498e82b172c979077e73 P e03ef56ec7c74eedbb0f8966eb8a6abe: No bootstrap required, opened a new log
I20260608 12:49:41.714841 29661 ts_tablet_manager.cc:1403] T 42c6d493dea3498e82b172c979077e73 P e03ef56ec7c74eedbb0f8966eb8a6abe: Time spent bootstrapping tablet: real 0.074s	user 0.015s	sys 0.007s
I20260608 12:49:41.717137 29655 tablet_bootstrap.cc:654] T 768336738e7849f5837d77978f8ac183 P 59562f1bd44540c1bd0f8f84eef2905b: Neither blocks nor log segments found. Creating new log.
I20260608 12:49:41.792147 29659 raft_consensus.cc:493] T 6b30cbb48e954536aa78520e2e0842eb P def0bbecacd54a6d8d153826ee948327 [term 0 FOLLOWER]: Starting pre-election (no leader contacted us within the election timeout)
I20260608 12:49:41.793951 29659 raft_consensus.cc:515] T 6b30cbb48e954536aa78520e2e0842eb P def0bbecacd54a6d8d153826ee948327 [term 0 FOLLOWER]: Starting pre-election with config: opid_index: -1 OBSOLETE_local: false peers { permanent_uuid: "59562f1bd44540c1bd0f8f84eef2905b" member_type: VOTER last_known_addr { host: "127.24.106.129" port: 37459 } } peers { permanent_uuid: "e03ef56ec7c74eedbb0f8966eb8a6abe" member_type: VOTER last_known_addr { host: "127.24.106.131" port: 38215 } } peers { permanent_uuid: "def0bbecacd54a6d8d153826ee948327" member_type: VOTER last_known_addr { host: "127.24.106.130" port: 43961 } }
I20260608 12:49:41.799904 29659 leader_election.cc:290] T 6b30cbb48e954536aa78520e2e0842eb P def0bbecacd54a6d8d153826ee948327 [CANDIDATE]: Term 1 pre-election: Requested pre-vote from peers 59562f1bd44540c1bd0f8f84eef2905b (127.24.106.129:37459), e03ef56ec7c74eedbb0f8966eb8a6abe (127.24.106.131:38215)
I20260608 12:49:41.764885 29661 raft_consensus.cc:359] T 42c6d493dea3498e82b172c979077e73 P e03ef56ec7c74eedbb0f8966eb8a6abe [term 0 FOLLOWER]: Replica starting. Triggering 0 pending ops. Active config: opid_index: -1 OBSOLETE_local: false peers { permanent_uuid: "59562f1bd44540c1bd0f8f84eef2905b" member_type: VOTER last_known_addr { host: "127.24.106.129" port: 37459 } } peers { permanent_uuid: "def0bbecacd54a6d8d153826ee948327" member_type: VOTER last_known_addr { host: "127.24.106.130" port: 43961 } } peers { permanent_uuid: "e03ef56ec7c74eedbb0f8966eb8a6abe" member_type: VOTER last_known_addr { host: "127.24.106.131" port: 38215 } }
I20260608 12:49:41.802004 29661 raft_consensus.cc:385] T 42c6d493dea3498e82b172c979077e73 P e03ef56ec7c74eedbb0f8966eb8a6abe [term 0 FOLLOWER]: Consensus starting up: Expiring failure detector timer to make a prompt election more likely
I20260608 12:49:41.802403 29661 raft_consensus.cc:740] T 42c6d493dea3498e82b172c979077e73 P e03ef56ec7c74eedbb0f8966eb8a6abe [term 0 FOLLOWER]: Becoming Follower/Learner. State: Replica: e03ef56ec7c74eedbb0f8966eb8a6abe, State: Initialized, Role: FOLLOWER
I20260608 12:49:41.807278 29661 consensus_queue.cc:260] T 42c6d493dea3498e82b172c979077e73 P e03ef56ec7c74eedbb0f8966eb8a6abe [NON_LEADER]: Queue going to NON_LEADER mode. State: All replicated index: 0, Majority replicated index: 0, Committed index: 0, Last appended: 0.0, Last appended by leader: 0, Current term: 0, Majority size: -1, State: 0, Mode: NON_LEADER, active raft config: opid_index: -1 OBSOLETE_local: false peers { permanent_uuid: "59562f1bd44540c1bd0f8f84eef2905b" member_type: VOTER last_known_addr { host: "127.24.106.129" port: 37459 } } peers { permanent_uuid: "def0bbecacd54a6d8d153826ee948327" member_type: VOTER last_known_addr { host: "127.24.106.130" port: 43961 } } peers { permanent_uuid: "e03ef56ec7c74eedbb0f8966eb8a6abe" member_type: VOTER last_known_addr { host: "127.24.106.131" port: 38215 } }
I20260608 12:49:41.793792 29610 tablet_service.cc:1917] Received RequestConsensusVote() RPC: tablet_id: "edd2621af9384754a238d0f3622f4971" candidate_uuid: "59562f1bd44540c1bd0f8f84eef2905b" candidate_term: 1 candidate_status { last_received { term: 0 index: 0 } } ignore_live_leader: false dest_uuid: "e03ef56ec7c74eedbb0f8966eb8a6abe" is_pre_election: true
I20260608 12:49:41.820336 29661 ts_tablet_manager.cc:1434] T 42c6d493dea3498e82b172c979077e73 P e03ef56ec7c74eedbb0f8966eb8a6abe: Time spent starting tablet: real 0.105s	user 0.012s	sys 0.000s
I20260608 12:49:41.822614 29661 tablet_bootstrap.cc:492] T e16b685ccf364616855936e54e7d86ee P e03ef56ec7c74eedbb0f8966eb8a6abe: Bootstrap starting.
I20260608 12:49:41.824591 29461 tablet_service.cc:1917] Received RequestConsensusVote() RPC: tablet_id: "269a2c9dd22d4a7b8206c75d10cd61b1" candidate_uuid: "e03ef56ec7c74eedbb0f8966eb8a6abe" candidate_term: 1 candidate_status { last_received { term: 0 index: 0 } } ignore_live_leader: false dest_uuid: "59562f1bd44540c1bd0f8f84eef2905b" is_pre_election: true
I20260608 12:49:41.825610 29461 raft_consensus.cc:2468] T 269a2c9dd22d4a7b8206c75d10cd61b1 P 59562f1bd44540c1bd0f8f84eef2905b [term 0 FOLLOWER]: Leader pre-election vote request: Granting yes vote for candidate e03ef56ec7c74eedbb0f8966eb8a6abe in term 0.
I20260608 12:49:41.827512 29573 leader_election.cc:304] T 269a2c9dd22d4a7b8206c75d10cd61b1 P e03ef56ec7c74eedbb0f8966eb8a6abe [CANDIDATE]: Term 1 pre-election: Election decided. Result: candidate won. Election summary: received 2 responses out of 3 voters: 2 yes votes; 0 no votes. yes voters: 59562f1bd44540c1bd0f8f84eef2905b, e03ef56ec7c74eedbb0f8966eb8a6abe; no voters: 
I20260608 12:49:41.829360 29667 raft_consensus.cc:2804] T 269a2c9dd22d4a7b8206c75d10cd61b1 P e03ef56ec7c74eedbb0f8966eb8a6abe [term 0 FOLLOWER]: Leader pre-election won for term 1
I20260608 12:49:41.829918 29667 raft_consensus.cc:493] T 269a2c9dd22d4a7b8206c75d10cd61b1 P e03ef56ec7c74eedbb0f8966eb8a6abe [term 0 FOLLOWER]: Starting leader election (no leader contacted us within the election timeout)
I20260608 12:49:41.830432 29667 raft_consensus.cc:3060] T 269a2c9dd22d4a7b8206c75d10cd61b1 P e03ef56ec7c74eedbb0f8966eb8a6abe [term 0 FOLLOWER]: Advancing to term 1
I20260608 12:49:41.839236 29656 tablet_bootstrap.cc:492] T 047eb04a08b6431a89a8eeccc96e57f9 P def0bbecacd54a6d8d153826ee948327: No bootstrap required, opened a new log
I20260608 12:49:41.839912 29655 tablet_bootstrap.cc:492] T 768336738e7849f5837d77978f8ac183 P 59562f1bd44540c1bd0f8f84eef2905b: No bootstrap required, opened a new log
I20260608 12:49:41.840133 29656 ts_tablet_manager.cc:1403] T 047eb04a08b6431a89a8eeccc96e57f9 P def0bbecacd54a6d8d153826ee948327: Time spent bootstrapping tablet: real 0.163s	user 0.035s	sys 0.052s
I20260608 12:49:41.841182 29655 ts_tablet_manager.cc:1403] T 768336738e7849f5837d77978f8ac183 P 59562f1bd44540c1bd0f8f84eef2905b: Time spent bootstrapping tablet: real 0.131s	user 0.039s	sys 0.031s
I20260608 12:49:41.847373 29536 tablet_service.cc:1917] Received RequestConsensusVote() RPC: tablet_id: "269a2c9dd22d4a7b8206c75d10cd61b1" candidate_uuid: "e03ef56ec7c74eedbb0f8966eb8a6abe" candidate_term: 1 candidate_status { last_received { term: 0 index: 0 } } ignore_live_leader: false dest_uuid: "def0bbecacd54a6d8d153826ee948327" is_pre_election: true
W20260608 12:49:41.847656 29426 leader_election.cc:343] T edd2621af9384754a238d0f3622f4971 P 59562f1bd44540c1bd0f8f84eef2905b [CANDIDATE]: Term 1 pre-election: Tablet error from VoteRequest() call to peer e03ef56ec7c74eedbb0f8966eb8a6abe (127.24.106.131:38215): Illegal state: must be running to vote when last-logged opid is not known
W20260608 12:49:41.850332 29573 leader_election.cc:343] T 269a2c9dd22d4a7b8206c75d10cd61b1 P e03ef56ec7c74eedbb0f8966eb8a6abe [CANDIDATE]: Term 1 pre-election: Tablet error from VoteRequest() call to peer def0bbecacd54a6d8d153826ee948327 (127.24.106.130:43961): Illegal state: must be running to vote when last-logged opid is not known
I20260608 12:49:41.852896 29661 tablet_bootstrap.cc:654] T e16b685ccf364616855936e54e7d86ee P e03ef56ec7c74eedbb0f8966eb8a6abe: Neither blocks nor log segments found. Creating new log.
I20260608 12:49:41.854063 29660 raft_consensus.cc:493] T 42c6d493dea3498e82b172c979077e73 P 59562f1bd44540c1bd0f8f84eef2905b [term 0 FOLLOWER]: Starting pre-election (no leader contacted us within the election timeout)
I20260608 12:49:41.854920 29660 raft_consensus.cc:515] T 42c6d493dea3498e82b172c979077e73 P 59562f1bd44540c1bd0f8f84eef2905b [term 0 FOLLOWER]: Starting pre-election with config: opid_index: -1 OBSOLETE_local: false peers { permanent_uuid: "59562f1bd44540c1bd0f8f84eef2905b" member_type: VOTER last_known_addr { host: "127.24.106.129" port: 37459 } } peers { permanent_uuid: "def0bbecacd54a6d8d153826ee948327" member_type: VOTER last_known_addr { host: "127.24.106.130" port: 43961 } } peers { permanent_uuid: "e03ef56ec7c74eedbb0f8966eb8a6abe" member_type: VOTER last_known_addr { host: "127.24.106.131" port: 38215 } }
I20260608 12:49:41.857679 29660 leader_election.cc:290] T 42c6d493dea3498e82b172c979077e73 P 59562f1bd44540c1bd0f8f84eef2905b [CANDIDATE]: Term 1 pre-election: Requested pre-vote from peers def0bbecacd54a6d8d153826ee948327 (127.24.106.130:43961), e03ef56ec7c74eedbb0f8966eb8a6abe (127.24.106.131:38215)
I20260608 12:49:41.845197 29656 raft_consensus.cc:359] T 047eb04a08b6431a89a8eeccc96e57f9 P def0bbecacd54a6d8d153826ee948327 [term 0 FOLLOWER]: Replica starting. Triggering 0 pending ops. Active config: opid_index: -1 OBSOLETE_local: false peers { permanent_uuid: "59562f1bd44540c1bd0f8f84eef2905b" member_type: VOTER last_known_addr { host: "127.24.106.129" port: 37459 } } peers { permanent_uuid: "def0bbecacd54a6d8d153826ee948327" member_type: VOTER last_known_addr { host: "127.24.106.130" port: 43961 } } peers { permanent_uuid: "e03ef56ec7c74eedbb0f8966eb8a6abe" member_type: VOTER last_known_addr { host: "127.24.106.131" port: 38215 } }
I20260608 12:49:41.858502 29656 raft_consensus.cc:385] T 047eb04a08b6431a89a8eeccc96e57f9 P def0bbecacd54a6d8d153826ee948327 [term 0 FOLLOWER]: Consensus starting up: Expiring failure detector timer to make a prompt election more likely
I20260608 12:49:41.859167 29610 tablet_service.cc:1917] Received RequestConsensusVote() RPC: tablet_id: "42c6d493dea3498e82b172c979077e73" candidate_uuid: "59562f1bd44540c1bd0f8f84eef2905b" candidate_term: 1 candidate_status { last_received { term: 0 index: 0 } } ignore_live_leader: false dest_uuid: "e03ef56ec7c74eedbb0f8966eb8a6abe" is_pre_election: true
I20260608 12:49:41.862293 29656 raft_consensus.cc:740] T 047eb04a08b6431a89a8eeccc96e57f9 P def0bbecacd54a6d8d153826ee948327 [term 0 FOLLOWER]: Becoming Follower/Learner. State: Replica: def0bbecacd54a6d8d153826ee948327, State: Initialized, Role: FOLLOWER
I20260608 12:49:41.861555 29667 raft_consensus.cc:515] T 269a2c9dd22d4a7b8206c75d10cd61b1 P e03ef56ec7c74eedbb0f8966eb8a6abe [term 1 FOLLOWER]: Starting leader election with config: opid_index: -1 OBSOLETE_local: false peers { permanent_uuid: "59562f1bd44540c1bd0f8f84eef2905b" member_type: VOTER last_known_addr { host: "127.24.106.129" port: 37459 } } peers { permanent_uuid: "def0bbecacd54a6d8d153826ee948327" member_type: VOTER last_known_addr { host: "127.24.106.130" port: 43961 } } peers { permanent_uuid: "e03ef56ec7c74eedbb0f8966eb8a6abe" member_type: VOTER last_known_addr { host: "127.24.106.131" port: 38215 } }
I20260608 12:49:41.862525 29610 raft_consensus.cc:2468] T 42c6d493dea3498e82b172c979077e73 P e03ef56ec7c74eedbb0f8966eb8a6abe [term 0 FOLLOWER]: Leader pre-election vote request: Granting yes vote for candidate 59562f1bd44540c1bd0f8f84eef2905b in term 0.
I20260608 12:49:41.864316 29426 leader_election.cc:304] T 42c6d493dea3498e82b172c979077e73 P 59562f1bd44540c1bd0f8f84eef2905b [CANDIDATE]: Term 1 pre-election: Election decided. Result: candidate won. Election summary: received 2 responses out of 3 voters: 2 yes votes; 0 no votes. yes voters: 59562f1bd44540c1bd0f8f84eef2905b, e03ef56ec7c74eedbb0f8966eb8a6abe; no voters: 
I20260608 12:49:41.865051 29536 tablet_service.cc:1917] Received RequestConsensusVote() RPC: tablet_id: "edd2621af9384754a238d0f3622f4971" candidate_uuid: "59562f1bd44540c1bd0f8f84eef2905b" candidate_term: 1 candidate_status { last_received { term: 0 index: 0 } } ignore_live_leader: false dest_uuid: "def0bbecacd54a6d8d153826ee948327" is_pre_election: true
I20260608 12:49:41.867061 29660 raft_consensus.cc:2804] T 42c6d493dea3498e82b172c979077e73 P 59562f1bd44540c1bd0f8f84eef2905b [term 0 FOLLOWER]: Leader pre-election won for term 1
I20260608 12:49:41.869024 29660 raft_consensus.cc:493] T 42c6d493dea3498e82b172c979077e73 P 59562f1bd44540c1bd0f8f84eef2905b [term 0 FOLLOWER]: Starting leader election (no leader contacted us within the election timeout)
I20260608 12:49:41.867025 29655 raft_consensus.cc:359] T 768336738e7849f5837d77978f8ac183 P 59562f1bd44540c1bd0f8f84eef2905b [term 0 FOLLOWER]: Replica starting. Triggering 0 pending ops. Active config: opid_index: -1 OBSOLETE_local: false peers { permanent_uuid: "59562f1bd44540c1bd0f8f84eef2905b" member_type: VOTER last_known_addr { host: "127.24.106.129" port: 37459 } } peers { permanent_uuid: "def0bbecacd54a6d8d153826ee948327" member_type: VOTER last_known_addr { host: "127.24.106.130" port: 43961 } } peers { permanent_uuid: "e03ef56ec7c74eedbb0f8966eb8a6abe" member_type: VOTER last_known_addr { host: "127.24.106.131" port: 38215 } }
I20260608 12:49:41.869625 29660 raft_consensus.cc:3060] T 42c6d493dea3498e82b172c979077e73 P 59562f1bd44540c1bd0f8f84eef2905b [term 0 FOLLOWER]: Advancing to term 1
I20260608 12:49:41.869920 29655 raft_consensus.cc:385] T 768336738e7849f5837d77978f8ac183 P 59562f1bd44540c1bd0f8f84eef2905b [term 0 FOLLOWER]: Consensus starting up: Expiring failure detector timer to make a prompt election more likely
I20260608 12:49:41.870359 29655 raft_consensus.cc:740] T 768336738e7849f5837d77978f8ac183 P 59562f1bd44540c1bd0f8f84eef2905b [term 0 FOLLOWER]: Becoming Follower/Learner. State: Replica: 59562f1bd44540c1bd0f8f84eef2905b, State: Initialized, Role: FOLLOWER
I20260608 12:49:41.871021 29610 tablet_service.cc:1917] Received RequestConsensusVote() RPC: tablet_id: "6b30cbb48e954536aa78520e2e0842eb" candidate_uuid: "def0bbecacd54a6d8d153826ee948327" candidate_term: 1 candidate_status { last_received { term: 0 index: 0 } } ignore_live_leader: false dest_uuid: "e03ef56ec7c74eedbb0f8966eb8a6abe" is_pre_election: true
I20260608 12:49:41.871867 29461 tablet_service.cc:1917] Received RequestConsensusVote() RPC: tablet_id: "269a2c9dd22d4a7b8206c75d10cd61b1" candidate_uuid: "e03ef56ec7c74eedbb0f8966eb8a6abe" candidate_term: 1 candidate_status { last_received { term: 0 index: 0 } } ignore_live_leader: false dest_uuid: "59562f1bd44540c1bd0f8f84eef2905b"
I20260608 12:49:41.872637 29461 raft_consensus.cc:3060] T 269a2c9dd22d4a7b8206c75d10cd61b1 P 59562f1bd44540c1bd0f8f84eef2905b [term 0 FOLLOWER]: Advancing to term 1
I20260608 12:49:41.872424 29656 consensus_queue.cc:260] T 047eb04a08b6431a89a8eeccc96e57f9 P def0bbecacd54a6d8d153826ee948327 [NON_LEADER]: Queue going to NON_LEADER mode. State: All replicated index: 0, Majority replicated index: 0, Committed index: 0, Last appended: 0.0, Last appended by leader: 0, Current term: 0, Majority size: -1, State: 0, Mode: NON_LEADER, active raft config: opid_index: -1 OBSOLETE_local: false peers { permanent_uuid: "59562f1bd44540c1bd0f8f84eef2905b" member_type: VOTER last_known_addr { host: "127.24.106.129" port: 37459 } } peers { permanent_uuid: "def0bbecacd54a6d8d153826ee948327" member_type: VOTER last_known_addr { host: "127.24.106.130" port: 43961 } } peers { permanent_uuid: "e03ef56ec7c74eedbb0f8966eb8a6abe" member_type: VOTER last_known_addr { host: "127.24.106.131" port: 38215 } }
I20260608 12:49:41.871259 29655 consensus_queue.cc:260] T 768336738e7849f5837d77978f8ac183 P 59562f1bd44540c1bd0f8f84eef2905b [NON_LEADER]: Queue going to NON_LEADER mode. State: All replicated index: 0, Majority replicated index: 0, Committed index: 0, Last appended: 0.0, Last appended by leader: 0, Current term: 0, Majority size: -1, State: 0, Mode: NON_LEADER, active raft config: opid_index: -1 OBSOLETE_local: false peers { permanent_uuid: "59562f1bd44540c1bd0f8f84eef2905b" member_type: VOTER last_known_addr { host: "127.24.106.129" port: 37459 } } peers { permanent_uuid: "def0bbecacd54a6d8d153826ee948327" member_type: VOTER last_known_addr { host: "127.24.106.130" port: 43961 } } peers { permanent_uuid: "e03ef56ec7c74eedbb0f8966eb8a6abe" member_type: VOTER last_known_addr { host: "127.24.106.131" port: 38215 } }
I20260608 12:49:41.871874 29610 raft_consensus.cc:2468] T 6b30cbb48e954536aa78520e2e0842eb P e03ef56ec7c74eedbb0f8966eb8a6abe [term 0 FOLLOWER]: Leader pre-election vote request: Granting yes vote for candidate def0bbecacd54a6d8d153826ee948327 in term 0.
I20260608 12:49:41.881057 29656 ts_tablet_manager.cc:1434] T 047eb04a08b6431a89a8eeccc96e57f9 P def0bbecacd54a6d8d153826ee948327: Time spent starting tablet: real 0.040s	user 0.010s	sys 0.000s
I20260608 12:49:41.883158 29656 tablet_bootstrap.cc:492] T bdd79f99d22a49f3b19d823597426c9d P def0bbecacd54a6d8d153826ee948327: Bootstrap starting.
I20260608 12:49:41.883134 29501 leader_election.cc:304] T 6b30cbb48e954536aa78520e2e0842eb P def0bbecacd54a6d8d153826ee948327 [CANDIDATE]: Term 1 pre-election: Election decided. Result: candidate won. Election summary: received 2 responses out of 3 voters: 2 yes votes; 0 no votes. yes voters: def0bbecacd54a6d8d153826ee948327, e03ef56ec7c74eedbb0f8966eb8a6abe; no voters: 
I20260608 12:49:41.884866 29659 raft_consensus.cc:2804] T 6b30cbb48e954536aa78520e2e0842eb P def0bbecacd54a6d8d153826ee948327 [term 0 FOLLOWER]: Leader pre-election won for term 1
I20260608 12:49:41.885360 29659 raft_consensus.cc:493] T 6b30cbb48e954536aa78520e2e0842eb P def0bbecacd54a6d8d153826ee948327 [term 0 FOLLOWER]: Starting leader election (no leader contacted us within the election timeout)
I20260608 12:49:41.885810 29659 raft_consensus.cc:3060] T 6b30cbb48e954536aa78520e2e0842eb P def0bbecacd54a6d8d153826ee948327 [term 0 FOLLOWER]: Advancing to term 1
I20260608 12:49:41.887403 29536 tablet_service.cc:1917] Received RequestConsensusVote() RPC: tablet_id: "269a2c9dd22d4a7b8206c75d10cd61b1" candidate_uuid: "e03ef56ec7c74eedbb0f8966eb8a6abe" candidate_term: 1 candidate_status { last_received { term: 0 index: 0 } } ignore_live_leader: false dest_uuid: "def0bbecacd54a6d8d153826ee948327"
W20260608 12:49:41.889149 29573 leader_election.cc:343] T 269a2c9dd22d4a7b8206c75d10cd61b1 P e03ef56ec7c74eedbb0f8966eb8a6abe [CANDIDATE]: Term 1 election: Tablet error from VoteRequest() call to peer def0bbecacd54a6d8d153826ee948327 (127.24.106.130:43961): Illegal state: must be running to vote when last-logged opid is not known
I20260608 12:49:41.889891 29667 leader_election.cc:290] T 269a2c9dd22d4a7b8206c75d10cd61b1 P e03ef56ec7c74eedbb0f8966eb8a6abe [CANDIDATE]: Term 1 election: Requested vote from peers 59562f1bd44540c1bd0f8f84eef2905b (127.24.106.129:37459), def0bbecacd54a6d8d153826ee948327 (127.24.106.130:43961)
I20260608 12:49:41.895444 29536 tablet_service.cc:1917] Received RequestConsensusVote() RPC: tablet_id: "42c6d493dea3498e82b172c979077e73" candidate_uuid: "59562f1bd44540c1bd0f8f84eef2905b" candidate_term: 1 candidate_status { last_received { term: 0 index: 0 } } ignore_live_leader: false dest_uuid: "def0bbecacd54a6d8d153826ee948327" is_pre_election: true
I20260608 12:49:41.896481 29536 raft_consensus.cc:2468] T 42c6d493dea3498e82b172c979077e73 P def0bbecacd54a6d8d153826ee948327 [term 0 FOLLOWER]: Leader pre-election vote request: Granting yes vote for candidate 59562f1bd44540c1bd0f8f84eef2905b in term 0.
W20260608 12:49:41.903777 29424 leader_election.cc:343] T edd2621af9384754a238d0f3622f4971 P 59562f1bd44540c1bd0f8f84eef2905b [CANDIDATE]: Term 1 pre-election: Tablet error from VoteRequest() call to peer def0bbecacd54a6d8d153826ee948327 (127.24.106.130:43961): Illegal state: must be running to vote when last-logged opid is not known
I20260608 12:49:41.904469 29424 leader_election.cc:304] T edd2621af9384754a238d0f3622f4971 P 59562f1bd44540c1bd0f8f84eef2905b [CANDIDATE]: Term 1 pre-election: Election decided. Result: candidate lost. Election summary: received 3 responses out of 3 voters: 1 yes votes; 2 no votes. yes voters: 59562f1bd44540c1bd0f8f84eef2905b; no voters: def0bbecacd54a6d8d153826ee948327, e03ef56ec7c74eedbb0f8966eb8a6abe
I20260608 12:49:41.923413 29689 raft_consensus.cc:493] T d1d3697ceaa9430890e481392253a9a0 P 59562f1bd44540c1bd0f8f84eef2905b [term 0 FOLLOWER]: Starting pre-election (no leader contacted us within the election timeout)
I20260608 12:49:41.924257 29689 raft_consensus.cc:515] T d1d3697ceaa9430890e481392253a9a0 P 59562f1bd44540c1bd0f8f84eef2905b [term 0 FOLLOWER]: Starting pre-election with config: opid_index: -1 OBSOLETE_local: false peers { permanent_uuid: "59562f1bd44540c1bd0f8f84eef2905b" member_type: VOTER last_known_addr { host: "127.24.106.129" port: 37459 } } peers { permanent_uuid: "def0bbecacd54a6d8d153826ee948327" member_type: VOTER last_known_addr { host: "127.24.106.130" port: 43961 } } peers { permanent_uuid: "e03ef56ec7c74eedbb0f8966eb8a6abe" member_type: VOTER last_known_addr { host: "127.24.106.131" port: 38215 } }
I20260608 12:49:41.930213 29694 raft_consensus.cc:493] T 43d9d4847ca24819812ff4ed3b8e43a7 P def0bbecacd54a6d8d153826ee948327 [term 0 FOLLOWER]: Starting pre-election (no leader contacted us within the election timeout)
I20260608 12:49:41.930614 29689 leader_election.cc:290] T d1d3697ceaa9430890e481392253a9a0 P 59562f1bd44540c1bd0f8f84eef2905b [CANDIDATE]: Term 1 pre-election: Requested pre-vote from peers def0bbecacd54a6d8d153826ee948327 (127.24.106.130:43961), e03ef56ec7c74eedbb0f8966eb8a6abe (127.24.106.131:38215)
I20260608 12:49:41.933030 29689 raft_consensus.cc:2749] T edd2621af9384754a238d0f3622f4971 P 59562f1bd44540c1bd0f8f84eef2905b [term 0 FOLLOWER]: Leader pre-election lost for term 1. Reason: could not achieve majority
I20260608 12:49:41.933697 29693 raft_consensus.cc:493] T 643300564a364562bb74440d20c65c1f P def0bbecacd54a6d8d153826ee948327 [term 0 FOLLOWER]: Starting pre-election (no leader contacted us within the election timeout)
I20260608 12:49:41.934670 29693 raft_consensus.cc:515] T 643300564a364562bb74440d20c65c1f P def0bbecacd54a6d8d153826ee948327 [term 0 FOLLOWER]: Starting pre-election with config: opid_index: -1 OBSOLETE_local: false peers { permanent_uuid: "59562f1bd44540c1bd0f8f84eef2905b" member_type: VOTER last_known_addr { host: "127.24.106.129" port: 37459 } } peers { permanent_uuid: "def0bbecacd54a6d8d153826ee948327" member_type: VOTER last_known_addr { host: "127.24.106.130" port: 43961 } } peers { permanent_uuid: "e03ef56ec7c74eedbb0f8966eb8a6abe" member_type: VOTER last_known_addr { host: "127.24.106.131" port: 38215 } }
I20260608 12:49:41.937021 29655 ts_tablet_manager.cc:1434] T 768336738e7849f5837d77978f8ac183 P 59562f1bd44540c1bd0f8f84eef2905b: Time spent starting tablet: real 0.095s	user 0.014s	sys 0.033s
I20260608 12:49:41.938853 29693 leader_election.cc:290] T 643300564a364562bb74440d20c65c1f P def0bbecacd54a6d8d153826ee948327 [CANDIDATE]: Term 1 pre-election: Requested pre-vote from peers 59562f1bd44540c1bd0f8f84eef2905b (127.24.106.129:37459), e03ef56ec7c74eedbb0f8966eb8a6abe (127.24.106.131:38215)
I20260608 12:49:41.941202 29693 raft_consensus.cc:493] T 9e329062ee0f41d3abb3c29868ff2b8c P def0bbecacd54a6d8d153826ee948327 [term 0 FOLLOWER]: Starting pre-election (no leader contacted us within the election timeout)
I20260608 12:49:41.941352 29609 tablet_service.cc:1917] Received RequestConsensusVote() RPC: tablet_id: "643300564a364562bb74440d20c65c1f" candidate_uuid: "def0bbecacd54a6d8d153826ee948327" candidate_term: 1 candidate_status { last_received { term: 0 index: 0 } } ignore_live_leader: false dest_uuid: "e03ef56ec7c74eedbb0f8966eb8a6abe" is_pre_election: true
I20260608 12:49:41.942142 29693 raft_consensus.cc:515] T 9e329062ee0f41d3abb3c29868ff2b8c P def0bbecacd54a6d8d153826ee948327 [term 0 FOLLOWER]: Starting pre-election with config: opid_index: -1 OBSOLETE_local: false peers { permanent_uuid: "59562f1bd44540c1bd0f8f84eef2905b" member_type: VOTER last_known_addr { host: "127.24.106.129" port: 37459 } } peers { permanent_uuid: "def0bbecacd54a6d8d153826ee948327" member_type: VOTER last_known_addr { host: "127.24.106.130" port: 43961 } } peers { permanent_uuid: "e03ef56ec7c74eedbb0f8966eb8a6abe" member_type: VOTER last_known_addr { host: "127.24.106.131" port: 38215 } }
W20260608 12:49:41.943424 29501 leader_election.cc:343] T 643300564a364562bb74440d20c65c1f P def0bbecacd54a6d8d153826ee948327 [CANDIDATE]: Term 1 pre-election: Tablet error from VoteRequest() call to peer e03ef56ec7c74eedbb0f8966eb8a6abe (127.24.106.131:38215): Illegal state: must be running to vote when last-logged opid is not known
I20260608 12:49:41.940258 29660 raft_consensus.cc:515] T 42c6d493dea3498e82b172c979077e73 P 59562f1bd44540c1bd0f8f84eef2905b [term 1 FOLLOWER]: Starting leader election with config: opid_index: -1 OBSOLETE_local: false peers { permanent_uuid: "59562f1bd44540c1bd0f8f84eef2905b" member_type: VOTER last_known_addr { host: "127.24.106.129" port: 37459 } } peers { permanent_uuid: "def0bbecacd54a6d8d153826ee948327" member_type: VOTER last_known_addr { host: "127.24.106.130" port: 43961 } } peers { permanent_uuid: "e03ef56ec7c74eedbb0f8966eb8a6abe" member_type: VOTER last_known_addr { host: "127.24.106.131" port: 38215 } }
I20260608 12:49:41.945084 29693 leader_election.cc:290] T 9e329062ee0f41d3abb3c29868ff2b8c P def0bbecacd54a6d8d153826ee948327 [CANDIDATE]: Term 1 pre-election: Requested pre-vote from peers 59562f1bd44540c1bd0f8f84eef2905b (127.24.106.129:37459), e03ef56ec7c74eedbb0f8966eb8a6abe (127.24.106.131:38215)
I20260608 12:49:41.934116 29694 raft_consensus.cc:515] T 43d9d4847ca24819812ff4ed3b8e43a7 P def0bbecacd54a6d8d153826ee948327 [term 0 FOLLOWER]: Starting pre-election with config: opid_index: -1 OBSOLETE_local: false peers { permanent_uuid: "59562f1bd44540c1bd0f8f84eef2905b" member_type: VOTER last_known_addr { host: "127.24.106.129" port: 37459 } } peers { permanent_uuid: "def0bbecacd54a6d8d153826ee948327" member_type: VOTER last_known_addr { host: "127.24.106.130" port: 43961 } } peers { permanent_uuid: "e03ef56ec7c74eedbb0f8966eb8a6abe" member_type: VOTER last_known_addr { host: "127.24.106.131" port: 38215 } }
I20260608 12:49:41.946249 29609 tablet_service.cc:1917] Received RequestConsensusVote() RPC: tablet_id: "9e329062ee0f41d3abb3c29868ff2b8c" candidate_uuid: "def0bbecacd54a6d8d153826ee948327" candidate_term: 1 candidate_status { last_received { term: 0 index: 0 } } ignore_live_leader: false dest_uuid: "e03ef56ec7c74eedbb0f8966eb8a6abe" is_pre_election: true
W20260608 12:49:41.948083 29501 leader_election.cc:343] T 9e329062ee0f41d3abb3c29868ff2b8c P def0bbecacd54a6d8d153826ee948327 [CANDIDATE]: Term 1 pre-election: Tablet error from VoteRequest() call to peer e03ef56ec7c74eedbb0f8966eb8a6abe (127.24.106.131:38215): Illegal state: must be running to vote when last-logged opid is not known
I20260608 12:49:41.949206 29694 leader_election.cc:290] T 43d9d4847ca24819812ff4ed3b8e43a7 P def0bbecacd54a6d8d153826ee948327 [CANDIDATE]: Term 1 pre-election: Requested pre-vote from peers 59562f1bd44540c1bd0f8f84eef2905b (127.24.106.129:37459), e03ef56ec7c74eedbb0f8966eb8a6abe (127.24.106.131:38215)
I20260608 12:49:41.950320 29609 tablet_service.cc:1917] Received RequestConsensusVote() RPC: tablet_id: "43d9d4847ca24819812ff4ed3b8e43a7" candidate_uuid: "def0bbecacd54a6d8d153826ee948327" candidate_term: 1 candidate_status { last_received { term: 0 index: 0 } } ignore_live_leader: false dest_uuid: "e03ef56ec7c74eedbb0f8966eb8a6abe" is_pre_election: true
W20260608 12:49:41.951635 29501 leader_election.cc:343] T 43d9d4847ca24819812ff4ed3b8e43a7 P def0bbecacd54a6d8d153826ee948327 [CANDIDATE]: Term 1 pre-election: Tablet error from VoteRequest() call to peer e03ef56ec7c74eedbb0f8966eb8a6abe (127.24.106.131:38215): Illegal state: must be running to vote when last-logged opid is not known
I20260608 12:49:41.952765 29660 leader_election.cc:290] T 42c6d493dea3498e82b172c979077e73 P 59562f1bd44540c1bd0f8f84eef2905b [CANDIDATE]: Term 1 election: Requested vote from peers def0bbecacd54a6d8d153826ee948327 (127.24.106.130:43961), e03ef56ec7c74eedbb0f8966eb8a6abe (127.24.106.131:38215)
I20260608 12:49:41.954362 29609 tablet_service.cc:1917] Received RequestConsensusVote() RPC: tablet_id: "42c6d493dea3498e82b172c979077e73" candidate_uuid: "59562f1bd44540c1bd0f8f84eef2905b" candidate_term: 1 candidate_status { last_received { term: 0 index: 0 } } ignore_live_leader: false dest_uuid: "e03ef56ec7c74eedbb0f8966eb8a6abe"
I20260608 12:49:41.954969 29609 raft_consensus.cc:3060] T 42c6d493dea3498e82b172c979077e73 P e03ef56ec7c74eedbb0f8966eb8a6abe [term 0 FOLLOWER]: Advancing to term 1
I20260608 12:49:41.930857 29610 tablet_service.cc:1917] Received RequestConsensusVote() RPC: tablet_id: "d1d3697ceaa9430890e481392253a9a0" candidate_uuid: "59562f1bd44540c1bd0f8f84eef2905b" candidate_term: 1 candidate_status { last_received { term: 0 index: 0 } } ignore_live_leader: false dest_uuid: "e03ef56ec7c74eedbb0f8966eb8a6abe" is_pre_election: true
I20260608 12:49:41.938535 29655 tablet_bootstrap.cc:492] T e16b685ccf364616855936e54e7d86ee P 59562f1bd44540c1bd0f8f84eef2905b: Bootstrap starting.
I20260608 12:49:41.946513 29659 raft_consensus.cc:515] T 6b30cbb48e954536aa78520e2e0842eb P def0bbecacd54a6d8d153826ee948327 [term 1 FOLLOWER]: Starting leader election with config: opid_index: -1 OBSOLETE_local: false peers { permanent_uuid: "59562f1bd44540c1bd0f8f84eef2905b" member_type: VOTER last_known_addr { host: "127.24.106.129" port: 37459 } } peers { permanent_uuid: "e03ef56ec7c74eedbb0f8966eb8a6abe" member_type: VOTER last_known_addr { host: "127.24.106.131" port: 38215 } } peers { permanent_uuid: "def0bbecacd54a6d8d153826ee948327" member_type: VOTER last_known_addr { host: "127.24.106.130" port: 43961 } }
I20260608 12:49:41.962083 29656 tablet_bootstrap.cc:654] T bdd79f99d22a49f3b19d823597426c9d P def0bbecacd54a6d8d153826ee948327: Neither blocks nor log segments found. Creating new log.
I20260608 12:49:41.962330 29659 leader_election.cc:290] T 6b30cbb48e954536aa78520e2e0842eb P def0bbecacd54a6d8d153826ee948327 [CANDIDATE]: Term 1 election: Requested vote from peers 59562f1bd44540c1bd0f8f84eef2905b (127.24.106.129:37459), e03ef56ec7c74eedbb0f8966eb8a6abe (127.24.106.131:38215)
W20260608 12:49:41.962838 29426 leader_election.cc:343] T d1d3697ceaa9430890e481392253a9a0 P 59562f1bd44540c1bd0f8f84eef2905b [CANDIDATE]: Term 1 pre-election: Tablet error from VoteRequest() call to peer e03ef56ec7c74eedbb0f8966eb8a6abe (127.24.106.131:38215): Illegal state: must be running to vote when last-logged opid is not known
I20260608 12:49:41.963837 29667 raft_consensus.cc:493] T 047eb04a08b6431a89a8eeccc96e57f9 P e03ef56ec7c74eedbb0f8966eb8a6abe [term 0 FOLLOWER]: Starting pre-election (no leader contacted us within the election timeout)
I20260608 12:49:41.958148 29661 tablet_bootstrap.cc:492] T e16b685ccf364616855936e54e7d86ee P e03ef56ec7c74eedbb0f8966eb8a6abe: No bootstrap required, opened a new log
I20260608 12:49:41.964571 29610 tablet_service.cc:1917] Received RequestConsensusVote() RPC: tablet_id: "6b30cbb48e954536aa78520e2e0842eb" candidate_uuid: "def0bbecacd54a6d8d153826ee948327" candidate_term: 1 candidate_status { last_received { term: 0 index: 0 } } ignore_live_leader: false dest_uuid: "e03ef56ec7c74eedbb0f8966eb8a6abe"
I20260608 12:49:41.964418 29667 raft_consensus.cc:515] T 047eb04a08b6431a89a8eeccc96e57f9 P e03ef56ec7c74eedbb0f8966eb8a6abe [term 0 FOLLOWER]: Starting pre-election with config: opid_index: -1 OBSOLETE_local: false peers { permanent_uuid: "59562f1bd44540c1bd0f8f84eef2905b" member_type: VOTER last_known_addr { host: "127.24.106.129" port: 37459 } } peers { permanent_uuid: "def0bbecacd54a6d8d153826ee948327" member_type: VOTER last_known_addr { host: "127.24.106.130" port: 43961 } } peers { permanent_uuid: "e03ef56ec7c74eedbb0f8966eb8a6abe" member_type: VOTER last_known_addr { host: "127.24.106.131" port: 38215 } }
I20260608 12:49:41.964823 29661 ts_tablet_manager.cc:1403] T e16b685ccf364616855936e54e7d86ee P e03ef56ec7c74eedbb0f8966eb8a6abe: Time spent bootstrapping tablet: real 0.143s	user 0.008s	sys 0.019s
I20260608 12:49:41.965157 29610 raft_consensus.cc:3060] T 6b30cbb48e954536aa78520e2e0842eb P e03ef56ec7c74eedbb0f8966eb8a6abe [term 0 FOLLOWER]: Advancing to term 1
I20260608 12:49:41.966717 29667 leader_election.cc:290] T 047eb04a08b6431a89a8eeccc96e57f9 P e03ef56ec7c74eedbb0f8966eb8a6abe [CANDIDATE]: Term 1 pre-election: Requested pre-vote from peers 59562f1bd44540c1bd0f8f84eef2905b (127.24.106.129:37459), def0bbecacd54a6d8d153826ee948327 (127.24.106.130:43961)
I20260608 12:49:41.968747 29536 tablet_service.cc:1917] Received RequestConsensusVote() RPC: tablet_id: "047eb04a08b6431a89a8eeccc96e57f9" candidate_uuid: "e03ef56ec7c74eedbb0f8966eb8a6abe" candidate_term: 1 candidate_status { last_received { term: 0 index: 0 } } ignore_live_leader: false dest_uuid: "def0bbecacd54a6d8d153826ee948327" is_pre_election: true
I20260608 12:49:41.969403 29536 raft_consensus.cc:2468] T 047eb04a08b6431a89a8eeccc96e57f9 P def0bbecacd54a6d8d153826ee948327 [term 0 FOLLOWER]: Leader pre-election vote request: Granting yes vote for candidate e03ef56ec7c74eedbb0f8966eb8a6abe in term 0.
I20260608 12:49:41.970839 29573 leader_election.cc:304] T 047eb04a08b6431a89a8eeccc96e57f9 P e03ef56ec7c74eedbb0f8966eb8a6abe [CANDIDATE]: Term 1 pre-election: Election decided. Result: candidate won. Election summary: received 2 responses out of 3 voters: 2 yes votes; 0 no votes. yes voters: def0bbecacd54a6d8d153826ee948327, e03ef56ec7c74eedbb0f8966eb8a6abe; no voters: 
I20260608 12:49:41.971752 29667 raft_consensus.cc:2804] T 047eb04a08b6431a89a8eeccc96e57f9 P e03ef56ec7c74eedbb0f8966eb8a6abe [term 0 FOLLOWER]: Leader pre-election won for term 1
I20260608 12:49:41.972160 29667 raft_consensus.cc:493] T 047eb04a08b6431a89a8eeccc96e57f9 P e03ef56ec7c74eedbb0f8966eb8a6abe [term 0 FOLLOWER]: Starting leader election (no leader contacted us within the election timeout)
I20260608 12:49:41.972517 29667 raft_consensus.cc:3060] T 047eb04a08b6431a89a8eeccc96e57f9 P e03ef56ec7c74eedbb0f8966eb8a6abe [term 0 FOLLOWER]: Advancing to term 1
