I20260608 12:47:44.882431 24828 fs_report.cc:389] FS layout report
--------------------
wal directory: /tmp/dist-test-task1LCa2B/test-tmp/auto_rebalancer-test.0.AutoRebalancerTest.AutoRebalancingTurnOffAndOn.1780922855775634-24828-0/minicluster-data/ts-3-root
metadata directory: /tmp/dist-test-task1LCa2B/test-tmp/auto_rebalancer-test.0.AutoRebalancerTest.AutoRebalancingTurnOffAndOn.1780922855775634-24828-0/minicluster-data/ts-3-root
1 data directories: /tmp/dist-test-task1LCa2B/test-tmp/auto_rebalancer-test.0.AutoRebalancerTest.AutoRebalancingTurnOffAndOn.1780922855775634-24828-0/minicluster-data/ts-3-root/data
Total live blocks: 0
Total live bytes: 0
Total live bytes (after alignment): 0
Total number of LBM containers: 0 (0 full)
Did not check for missing blocks
Did not check for orphaned blocks
Total full LBM containers with extra space: 0 (0 repaired)
Total full LBM container extra space in bytes: 0 (0 repaired)
Total incomplete LBM containers: 0 (0 repaired)
Total LBM partial records: 0 (0 repaired)
Total corrupted LBM metadata records in RocksDB: 0 (0 repaired)
I20260608 12:47:44.890635 25734 raft_consensus.cc:493] T 29b685751295412e83cc0ce50311567e P d6fc295ab6c14237ad62ec15099169cd [term 0 FOLLOWER]: Starting pre-election (no leader contacted us within the election timeout)
I20260608 12:47:44.891184 25734 raft_consensus.cc:515] T 29b685751295412e83cc0ce50311567e P d6fc295ab6c14237ad62ec15099169cd [term 0 FOLLOWER]: Starting pre-election with config: opid_index: -1 OBSOLETE_local: false peers { permanent_uuid: "f613070b284945528f6684bacb715706" member_type: VOTER last_known_addr { host: "127.24.63.1" port: 41203 } } peers { permanent_uuid: "7303216a9e69422493172bc9b17e69f9" member_type: VOTER last_known_addr { host: "127.24.63.2" port: 42759 } } peers { permanent_uuid: "d6fc295ab6c14237ad62ec15099169cd" member_type: VOTER last_known_addr { host: "127.24.63.3" port: 35691 } }
I20260608 12:47:44.893291 25734 leader_election.cc:290] T 29b685751295412e83cc0ce50311567e P d6fc295ab6c14237ad62ec15099169cd [CANDIDATE]: Term 1 pre-election: Requested pre-vote from peers f613070b284945528f6684bacb715706 (127.24.63.1:41203), 7303216a9e69422493172bc9b17e69f9 (127.24.63.2:42759)
I20260608 12:47:44.894272 25496 tablet_service.cc:1917] Received RequestConsensusVote() RPC: tablet_id: "29b685751295412e83cc0ce50311567e" candidate_uuid: "d6fc295ab6c14237ad62ec15099169cd" candidate_term: 1 candidate_status { last_received { term: 0 index: 0 } } ignore_live_leader: false dest_uuid: "f613070b284945528f6684bacb715706" is_pre_election: true
I20260608 12:47:44.894438 25568 tablet_service.cc:1917] Received RequestConsensusVote() RPC: tablet_id: "29b685751295412e83cc0ce50311567e" candidate_uuid: "d6fc295ab6c14237ad62ec15099169cd" candidate_term: 1 candidate_status { last_received { term: 0 index: 0 } } ignore_live_leader: false dest_uuid: "7303216a9e69422493172bc9b17e69f9" is_pre_election: true
I20260608 12:47:44.895231 25496 raft_consensus.cc:2393] T 29b685751295412e83cc0ce50311567e P f613070b284945528f6684bacb715706 [term 1 FOLLOWER]: Leader pre-election vote request: Denying vote to candidate d6fc295ab6c14237ad62ec15099169cd in current term 1: Already voted for candidate 7303216a9e69422493172bc9b17e69f9 in this term.
I20260608 12:47:44.896358 25609 leader_election.cc:304] T 29b685751295412e83cc0ce50311567e P d6fc295ab6c14237ad62ec15099169cd [CANDIDATE]: Term 1 pre-election: Election decided. Result: candidate lost. Election summary: received 3 responses out of 3 voters: 1 yes votes; 2 no votes. yes voters: d6fc295ab6c14237ad62ec15099169cd; no voters: 7303216a9e69422493172bc9b17e69f9, f613070b284945528f6684bacb715706
I20260608 12:47:44.897240 25734 raft_consensus.cc:3060] T 29b685751295412e83cc0ce50311567e P d6fc295ab6c14237ad62ec15099169cd [term 0 FOLLOWER]: Advancing to term 1
I20260608 12:47:44.902351 25734 raft_consensus.cc:2749] T 29b685751295412e83cc0ce50311567e P d6fc295ab6c14237ad62ec15099169cd [term 1 FOLLOWER]: Leader pre-election lost for term 1. Reason: could not achieve majority
I20260608 12:47:44.913511 25698 consensus_queue.cc:1048] T 1f7afd7bda2e4e93a6ee2eddc47ba37c P f613070b284945528f6684bacb715706 [LEADER]: Connected to new peer: Peer: permanent_uuid: "7303216a9e69422493172bc9b17e69f9" member_type: VOTER last_known_addr { host: "127.24.63.2" port: 42759 }, Status: LMP_MISMATCH, Last received: 0.0, Next index: 1, Last known committed idx: 0, Time since last communication: 0.000s
I20260608 12:47:44.920749 25734 consensus_queue.cc:1048] T 1007880ca9844be3b77fe694474b4392 P d6fc295ab6c14237ad62ec15099169cd [LEADER]: Connected to new peer: Peer: permanent_uuid: "7303216a9e69422493172bc9b17e69f9" member_type: VOTER last_known_addr { host: "127.24.63.2" port: 42759 }, Status: LMP_MISMATCH, Last received: 0.0, Next index: 1, Last known committed idx: 0, Time since last communication: 0.000s
I20260608 12:47:44.921175 24828 rpc_server.cc:225] running with OpenSSL 1.1.1  11 Sep 2018
I20260608 12:47:44.922972 24828 kserver.cc:163] Server-wide thread pool size limit: 3276
I20260608 12:47:44.932777 25698 consensus_queue.cc:1048] T 1f7afd7bda2e4e93a6ee2eddc47ba37c P f613070b284945528f6684bacb715706 [LEADER]: Connected to new peer: Peer: permanent_uuid: "d6fc295ab6c14237ad62ec15099169cd" member_type: VOTER last_known_addr { host: "127.24.63.3" port: 35691 }, Status: LMP_MISMATCH, Last received: 0.0, Next index: 1, Last known committed idx: 0, Time since last communication: 0.000s
I20260608 12:47:44.932015 25496 raft_consensus.cc:1240] T 6e357533f2de478fa2e7a007da514a06 P f613070b284945528f6684bacb715706 [term 2 FOLLOWER]: Rejecting Update request from peer 7303216a9e69422493172bc9b17e69f9 for earlier term 1. Current term is 2. Ops: []
I20260608 12:47:44.936769 25728 consensus_queue.cc:1059] T 6e357533f2de478fa2e7a007da514a06 P 7303216a9e69422493172bc9b17e69f9 [LEADER]: Peer responded invalid term: Peer: permanent_uuid: "f613070b284945528f6684bacb715706" member_type: VOTER last_known_addr { host: "127.24.63.1" port: 41203 }, Status: INVALID_TERM, Last received: 0.0, Next index: 1, Last known committed idx: 0, Time since last communication: 0.000s
I20260608 12:47:44.937767 25728 raft_consensus.cc:3055] T 6e357533f2de478fa2e7a007da514a06 P 7303216a9e69422493172bc9b17e69f9 [term 1 LEADER]: Stepping down as leader of term 1
I20260608 12:47:44.938233 25728 raft_consensus.cc:740] T 6e357533f2de478fa2e7a007da514a06 P 7303216a9e69422493172bc9b17e69f9 [term 1 LEADER]: Becoming Follower/Learner. State: Replica: 7303216a9e69422493172bc9b17e69f9, State: Running, Role: LEADER
I20260608 12:47:44.939368 25728 consensus_queue.cc:260] T 6e357533f2de478fa2e7a007da514a06 P 7303216a9e69422493172bc9b17e69f9 [NON_LEADER]: Queue going to NON_LEADER mode. State: All replicated index: 0, Majority replicated index: 0, Committed index: 0, Last appended: 1.1, Last appended by leader: 1, Current term: 1, Majority size: -1, State: 0, Mode: NON_LEADER, active raft config: opid_index: -1 OBSOLETE_local: false peers { permanent_uuid: "f613070b284945528f6684bacb715706" member_type: VOTER last_known_addr { host: "127.24.63.1" port: 41203 } } peers { permanent_uuid: "7303216a9e69422493172bc9b17e69f9" member_type: VOTER last_known_addr { host: "127.24.63.2" port: 42759 } } peers { permanent_uuid: "d6fc295ab6c14237ad62ec15099169cd" member_type: VOTER last_known_addr { host: "127.24.63.3" port: 35691 } }
I20260608 12:47:44.944113 24828 txn_system_client.cc:432] TxnSystemClient initialization is disabled...
I20260608 12:47:44.949811 24828 ts_tablet_manager.cc:585] Loaded tablet metadata (0 total tablets, 0 live tablets)
I20260608 12:47:44.950222 24828 ts_tablet_manager.cc:531] Time spent load tablet metadata: real 0.000s	user 0.001s	sys 0.000s
I20260608 12:47:44.950656 24828 ts_tablet_manager.cc:616] Registered 0 tablets
I20260608 12:47:44.950999 24828 ts_tablet_manager.cc:595] Time spent register tablets: real 0.000s	user 0.000s	sys 0.000s
I20260608 12:47:44.953136 25728 raft_consensus.cc:3060] T 6e357533f2de478fa2e7a007da514a06 P 7303216a9e69422493172bc9b17e69f9 [term 1 FOLLOWER]: Advancing to term 2
I20260608 12:47:44.973488 25737 consensus_queue.cc:1048] T 1007880ca9844be3b77fe694474b4392 P d6fc295ab6c14237ad62ec15099169cd [LEADER]: Connected to new peer: Peer: permanent_uuid: "f613070b284945528f6684bacb715706" member_type: VOTER last_known_addr { host: "127.24.63.1" port: 41203 }, Status: LMP_MISMATCH, Last received: 0.0, Next index: 1, Last known committed idx: 0, Time since last communication: 0.001s
I20260608 12:47:44.981350 25728 consensus_queue.cc:1048] T 29b685751295412e83cc0ce50311567e P 7303216a9e69422493172bc9b17e69f9 [LEADER]: Connected to new peer: Peer: permanent_uuid: "d6fc295ab6c14237ad62ec15099169cd" member_type: VOTER last_known_addr { host: "127.24.63.3" port: 35691 }, Status: LMP_MISMATCH, Last received: 0.0, Next index: 1, Last known committed idx: 0, Time since last communication: 0.000s
I20260608 12:47:45.016852 25726 consensus_queue.cc:1048] T 29b685751295412e83cc0ce50311567e P 7303216a9e69422493172bc9b17e69f9 [LEADER]: Connected to new peer: Peer: permanent_uuid: "f613070b284945528f6684bacb715706" member_type: VOTER last_known_addr { host: "127.24.63.1" port: 41203 }, Status: LMP_MISMATCH, Last received: 0.0, Next index: 1, Last known committed idx: 0, Time since last communication: 0.000s
I20260608 12:47:45.058363 25568 raft_consensus.cc:1275] T 6e357533f2de478fa2e7a007da514a06 P 7303216a9e69422493172bc9b17e69f9 [term 2 FOLLOWER]: Refusing update from remote peer d6fc295ab6c14237ad62ec15099169cd: Log matching property violated. Preceding OpId in replica: term: 1 index: 1. Preceding OpId from leader: term: 2 index: 1. (term mismatch)
I20260608 12:47:45.058773 25568 pending_rounds.cc:85] T 6e357533f2de478fa2e7a007da514a06 P 7303216a9e69422493172bc9b17e69f9: Aborting all ops after (but not including) 0
I20260608 12:47:45.059072 25568 pending_rounds.cc:107] T 6e357533f2de478fa2e7a007da514a06 P 7303216a9e69422493172bc9b17e69f9: Aborting uncommitted NO_OP operation due to leader change: 1.1
I20260608 12:47:45.059334 25568 raft_consensus.cc:2889] T 6e357533f2de478fa2e7a007da514a06 P 7303216a9e69422493172bc9b17e69f9 [term 2 FOLLOWER]: NO_OP replication failed: Aborted: Op aborted by new leader
I20260608 12:47:45.060876 25737 consensus_queue.cc:1048] T 6e357533f2de478fa2e7a007da514a06 P d6fc295ab6c14237ad62ec15099169cd [LEADER]: Connected to new peer: Peer: permanent_uuid: "7303216a9e69422493172bc9b17e69f9" member_type: VOTER last_known_addr { host: "127.24.63.2" port: 42759 }, Status: LMP_MISMATCH, Last received: 0.0, Next index: 1, Last known committed idx: 0, Time since last communication: 0.000s
I20260608 12:47:45.066063 24828 rpc_server.cc:307] RPC server started. Bound to: 127.24.63.4:44939
I20260608 12:47:45.066172 25832 acceptor_pool.cc:272] collecting diagnostics on the listening RPC socket 127.24.63.4:44939 every 8 connection(s)
I20260608 12:47:45.075328 25496 raft_consensus.cc:1275] T 6e357533f2de478fa2e7a007da514a06 P f613070b284945528f6684bacb715706 [term 2 FOLLOWER]: Refusing update from remote peer d6fc295ab6c14237ad62ec15099169cd: Log matching property violated. Preceding OpId in replica: term: 0 index: 0. Preceding OpId from leader: term: 2 index: 1. (index mismatch)
I20260608 12:47:45.078617 25733 consensus_queue.cc:1048] T 6e357533f2de478fa2e7a007da514a06 P d6fc295ab6c14237ad62ec15099169cd [LEADER]: Connected to new peer: Peer: permanent_uuid: "f613070b284945528f6684bacb715706" member_type: VOTER last_known_addr { host: "127.24.63.1" port: 41203 }, Status: LMP_MISMATCH, Last received: 0.0, Next index: 1, Last known committed idx: 0, Time since last communication: 0.000s
I20260608 12:47:45.083597 25733 consensus_queue.cc:1048] T 6c0ef38aaff2458b8ced57bbec66a807 P d6fc295ab6c14237ad62ec15099169cd [LEADER]: Connected to new peer: Peer: permanent_uuid: "7303216a9e69422493172bc9b17e69f9" member_type: VOTER last_known_addr { host: "127.24.63.2" port: 42759 }, Status: LMP_MISMATCH, Last received: 0.0, Next index: 1, Last known committed idx: 0, Time since last communication: 0.001s
I20260608 12:47:45.102454 25726 consensus_queue.cc:1048] T ead1304ec63b4da685e50ed7e3d76940 P 7303216a9e69422493172bc9b17e69f9 [LEADER]: Connected to new peer: Peer: permanent_uuid: "f613070b284945528f6684bacb715706" member_type: VOTER last_known_addr { host: "127.24.63.1" port: 41203 }, Status: LMP_MISMATCH, Last received: 0.0, Next index: 1, Last known committed idx: 0, Time since last communication: 0.000s
I20260608 12:47:45.115321 25727 consensus_queue.cc:1048] T ead1304ec63b4da685e50ed7e3d76940 P 7303216a9e69422493172bc9b17e69f9 [LEADER]: Connected to new peer: Peer: permanent_uuid: "d6fc295ab6c14237ad62ec15099169cd" member_type: VOTER last_known_addr { host: "127.24.63.3" port: 35691 }, Status: LMP_MISMATCH, Last received: 0.0, Next index: 1, Last known committed idx: 0, Time since last communication: 0.001s
I20260608 12:47:45.121261 25833 heartbeater.cc:344] Connected to a master server at 127.24.63.62:33841
I20260608 12:47:45.121773 25833 heartbeater.cc:461] Registering TS with master...
I20260608 12:47:45.122792 25833 heartbeater.cc:507] Master 127.24.63.62:33841 requested a full tablet report, sending...
I20260608 12:47:45.124711 25722 consensus_queue.cc:1048] T 6c0ef38aaff2458b8ced57bbec66a807 P d6fc295ab6c14237ad62ec15099169cd [LEADER]: Connected to new peer: Peer: permanent_uuid: "f613070b284945528f6684bacb715706" member_type: VOTER last_known_addr { host: "127.24.63.1" port: 41203 }, Status: LMP_MISMATCH, Last received: 0.0, Next index: 1, Last known committed idx: 0, Time since last communication: 0.000s
I20260608 12:47:45.131115 25392 ts_manager.cc:194] Registered new tserver with Master: 194f2855e00d44f88a4f58ceab3bba7e (127.24.63.4:44939)
I20260608 12:47:45.133180 25392 master_service.cc:502] Signed X509 certificate for tserver {username='slave'} at 127.0.0.1:34414
I20260608 12:47:45.153136 25732 consensus_queue.cc:1048] T 441973e23f554145a90e8cfc76c73d48 P f613070b284945528f6684bacb715706 [LEADER]: Connected to new peer: Peer: permanent_uuid: "7303216a9e69422493172bc9b17e69f9" member_type: VOTER last_known_addr { host: "127.24.63.2" port: 42759 }, Status: LMP_MISMATCH, Last received: 0.0, Next index: 1, Last known committed idx: 0, Time since last communication: 0.000s
I20260608 12:47:45.169700 25732 consensus_queue.cc:1048] T 441973e23f554145a90e8cfc76c73d48 P f613070b284945528f6684bacb715706 [LEADER]: Connected to new peer: Peer: permanent_uuid: "d6fc295ab6c14237ad62ec15099169cd" member_type: VOTER last_known_addr { host: "127.24.63.3" port: 35691 }, Status: LMP_MISMATCH, Last received: 0.0, Next index: 1, Last known committed idx: 0, Time since last communication: 0.000s
I20260608 12:47:45.193279 25722 consensus_queue.cc:1048] T 9927f28d338c4dffa5c3311369c9b91c P d6fc295ab6c14237ad62ec15099169cd [LEADER]: Connected to new peer: Peer: permanent_uuid: "7303216a9e69422493172bc9b17e69f9" member_type: VOTER last_known_addr { host: "127.24.63.2" port: 42759 }, Status: LMP_MISMATCH, Last received: 0.0, Next index: 1, Last known committed idx: 0, Time since last communication: 0.000s
I20260608 12:47:45.205346 25722 consensus_queue.cc:1048] T 9927f28d338c4dffa5c3311369c9b91c P d6fc295ab6c14237ad62ec15099169cd [LEADER]: Connected to new peer: Peer: permanent_uuid: "f613070b284945528f6684bacb715706" member_type: VOTER last_known_addr { host: "127.24.63.1" port: 41203 }, Status: LMP_MISMATCH, Last received: 0.0, Next index: 1, Last known committed idx: 0, Time since last communication: 0.000s
I20260608 12:47:46.136706 25833 heartbeater.cc:499] Master 127.24.63.62:33841 was elected leader, sending a full tablet report...
I20260608 12:47:46.140715 25448 auto_leader_rebalancer.cc:140] leader rebalance for table test-workload
I20260608 12:47:46.168516 25646 tablet_service.cc:2072] Received LeaderStepDown RPC: tablet_id: "9927f28d338c4dffa5c3311369c9b91c"
dest_uuid: "d6fc295ab6c14237ad62ec15099169cd"
mode: GRACEFUL
new_leader_uuid: "f613070b284945528f6684bacb715706"
 from {username='slave'} at 127.0.0.1:50114
I20260608 12:47:46.169770 25646 raft_consensus.cc:606] T 9927f28d338c4dffa5c3311369c9b91c P d6fc295ab6c14237ad62ec15099169cd [term 1 LEADER]: Received request to transfer leadership to TS f613070b284945528f6684bacb715706
I20260608 12:47:46.172003 25448 auto_leader_rebalancer.cc:388] table: test-workload, leader rebalance finish, leader transfer count: 1
I20260608 12:47:46.172793 25448 auto_leader_rebalancer.cc:451] All tables' leader rebalancing finished this round
I20260608 12:47:46.331627 25737 raft_consensus.cc:993] T 9927f28d338c4dffa5c3311369c9b91c P d6fc295ab6c14237ad62ec15099169cd: : Instructing follower f613070b284945528f6684bacb715706 to start an election
I20260608 12:47:46.332396 25733 raft_consensus.cc:1081] T 9927f28d338c4dffa5c3311369c9b91c P d6fc295ab6c14237ad62ec15099169cd [term 1 LEADER]: Signalling peer f613070b284945528f6684bacb715706 to start an election
I20260608 12:47:46.334443 25494 tablet_service.cc:2044] Received Run Leader Election RPC: tablet_id: "9927f28d338c4dffa5c3311369c9b91c"
dest_uuid: "f613070b284945528f6684bacb715706"
 from {username='slave'} at 127.0.0.1:51598
I20260608 12:47:46.335006 25494 raft_consensus.cc:493] T 9927f28d338c4dffa5c3311369c9b91c P f613070b284945528f6684bacb715706 [term 1 FOLLOWER]: Starting forced leader election (received explicit request)
I20260608 12:47:46.335359 25494 raft_consensus.cc:3060] T 9927f28d338c4dffa5c3311369c9b91c P f613070b284945528f6684bacb715706 [term 1 FOLLOWER]: Advancing to term 2
I20260608 12:47:46.341188 25494 raft_consensus.cc:515] T 9927f28d338c4dffa5c3311369c9b91c P f613070b284945528f6684bacb715706 [term 2 FOLLOWER]: Starting forced leader election with config: opid_index: -1 OBSOLETE_local: false peers { permanent_uuid: "f613070b284945528f6684bacb715706" member_type: VOTER last_known_addr { host: "127.24.63.1" port: 41203 } } peers { permanent_uuid: "7303216a9e69422493172bc9b17e69f9" member_type: VOTER last_known_addr { host: "127.24.63.2" port: 42759 } } peers { permanent_uuid: "d6fc295ab6c14237ad62ec15099169cd" member_type: VOTER last_known_addr { host: "127.24.63.3" port: 35691 } }
I20260608 12:47:46.343407 25494 leader_election.cc:290] T 9927f28d338c4dffa5c3311369c9b91c P f613070b284945528f6684bacb715706 [CANDIDATE]: Term 2 election: Requested vote from peers 7303216a9e69422493172bc9b17e69f9 (127.24.63.2:42759), d6fc295ab6c14237ad62ec15099169cd (127.24.63.3:35691)
I20260608 12:47:46.344599 25568 tablet_service.cc:1917] Received RequestConsensusVote() RPC: tablet_id: "9927f28d338c4dffa5c3311369c9b91c" candidate_uuid: "f613070b284945528f6684bacb715706" candidate_term: 2 candidate_status { last_received { term: 1 index: 1 } } ignore_live_leader: true dest_uuid: "7303216a9e69422493172bc9b17e69f9"
I20260608 12:47:46.344750 25646 tablet_service.cc:1917] Received RequestConsensusVote() RPC: tablet_id: "9927f28d338c4dffa5c3311369c9b91c" candidate_uuid: "f613070b284945528f6684bacb715706" candidate_term: 2 candidate_status { last_received { term: 1 index: 1 } } ignore_live_leader: true dest_uuid: "d6fc295ab6c14237ad62ec15099169cd"
I20260608 12:47:46.345355 25568 raft_consensus.cc:3060] T 9927f28d338c4dffa5c3311369c9b91c P 7303216a9e69422493172bc9b17e69f9 [term 1 FOLLOWER]: Advancing to term 2
I20260608 12:47:46.345444 25646 raft_consensus.cc:3055] T 9927f28d338c4dffa5c3311369c9b91c P d6fc295ab6c14237ad62ec15099169cd [term 1 LEADER]: Stepping down as leader of term 1
I20260608 12:47:46.345866 25646 raft_consensus.cc:740] T 9927f28d338c4dffa5c3311369c9b91c P d6fc295ab6c14237ad62ec15099169cd [term 1 LEADER]: Becoming Follower/Learner. State: Replica: d6fc295ab6c14237ad62ec15099169cd, State: Running, Role: LEADER
I20260608 12:47:46.346742 25646 consensus_queue.cc:260] T 9927f28d338c4dffa5c3311369c9b91c P d6fc295ab6c14237ad62ec15099169cd [NON_LEADER]: Queue going to NON_LEADER mode. State: All replicated index: 0, Majority replicated index: 1, Committed index: 1, Last appended: 1.1, Last appended by leader: 1, Current term: 1, Majority size: -1, State: 0, Mode: NON_LEADER, active raft config: opid_index: -1 OBSOLETE_local: false peers { permanent_uuid: "f613070b284945528f6684bacb715706" member_type: VOTER last_known_addr { host: "127.24.63.1" port: 41203 } } peers { permanent_uuid: "7303216a9e69422493172bc9b17e69f9" member_type: VOTER last_known_addr { host: "127.24.63.2" port: 42759 } } peers { permanent_uuid: "d6fc295ab6c14237ad62ec15099169cd" member_type: VOTER last_known_addr { host: "127.24.63.3" port: 35691 } }
I20260608 12:47:46.347918 25646 raft_consensus.cc:3060] T 9927f28d338c4dffa5c3311369c9b91c P d6fc295ab6c14237ad62ec15099169cd [term 1 FOLLOWER]: Advancing to term 2
I20260608 12:47:46.351166 25568 raft_consensus.cc:2468] T 9927f28d338c4dffa5c3311369c9b91c P 7303216a9e69422493172bc9b17e69f9 [term 2 FOLLOWER]: Leader election vote request: Granting yes vote for candidate f613070b284945528f6684bacb715706 in term 2.
I20260608 12:47:46.352747 25463 leader_election.cc:304] T 9927f28d338c4dffa5c3311369c9b91c P f613070b284945528f6684bacb715706 [CANDIDATE]: Term 2 election: Election decided. Result: candidate won. Election summary: received 2 responses out of 3 voters: 2 yes votes; 0 no votes. yes voters: 7303216a9e69422493172bc9b17e69f9, f613070b284945528f6684bacb715706; no voters: 
I20260608 12:47:46.353677 25646 raft_consensus.cc:2468] T 9927f28d338c4dffa5c3311369c9b91c P d6fc295ab6c14237ad62ec15099169cd [term 2 FOLLOWER]: Leader election vote request: Granting yes vote for candidate f613070b284945528f6684bacb715706 in term 2.
I20260608 12:47:46.353840 25732 raft_consensus.cc:2804] T 9927f28d338c4dffa5c3311369c9b91c P f613070b284945528f6684bacb715706 [term 2 FOLLOWER]: Leader election won for term 2
I20260608 12:47:46.355226 25732 raft_consensus.cc:697] T 9927f28d338c4dffa5c3311369c9b91c P f613070b284945528f6684bacb715706 [term 2 LEADER]: Becoming Leader. State: Replica: f613070b284945528f6684bacb715706, State: Running, Role: LEADER
I20260608 12:47:46.356812 25732 consensus_queue.cc:237] T 9927f28d338c4dffa5c3311369c9b91c P f613070b284945528f6684bacb715706 [LEADER]: Queue going to LEADER mode. State: All replicated index: 0, Majority replicated index: 1, Committed index: 1, Last appended: 1.1, Last appended by leader: 1, Current term: 2, Majority size: 2, State: 0, Mode: LEADER, active raft config: opid_index: -1 OBSOLETE_local: false peers { permanent_uuid: "f613070b284945528f6684bacb715706" member_type: VOTER last_known_addr { host: "127.24.63.1" port: 41203 } } peers { permanent_uuid: "7303216a9e69422493172bc9b17e69f9" member_type: VOTER last_known_addr { host: "127.24.63.2" port: 42759 } } peers { permanent_uuid: "d6fc295ab6c14237ad62ec15099169cd" member_type: VOTER last_known_addr { host: "127.24.63.3" port: 35691 } }
I20260608 12:47:46.365707 25394 catalog_manager.cc:5696] T 9927f28d338c4dffa5c3311369c9b91c P f613070b284945528f6684bacb715706 reported cstate change: term changed from 1 to 2, leader changed from d6fc295ab6c14237ad62ec15099169cd (127.24.63.3) to f613070b284945528f6684bacb715706 (127.24.63.1). New cstate: current_term: 2 leader_uuid: "f613070b284945528f6684bacb715706" committed_config { opid_index: -1 OBSOLETE_local: false peers { permanent_uuid: "f613070b284945528f6684bacb715706" member_type: VOTER last_known_addr { host: "127.24.63.1" port: 41203 } health_report { overall_health: HEALTHY } } peers { permanent_uuid: "7303216a9e69422493172bc9b17e69f9" member_type: VOTER last_known_addr { host: "127.24.63.2" port: 42759 } health_report { overall_health: UNKNOWN } } peers { permanent_uuid: "d6fc295ab6c14237ad62ec15099169cd" member_type: VOTER last_known_addr { host: "127.24.63.3" port: 35691 } health_report { overall_health: UNKNOWN } } }
I20260608 12:47:46.757540 25646 raft_consensus.cc:1275] T 9927f28d338c4dffa5c3311369c9b91c P d6fc295ab6c14237ad62ec15099169cd [term 2 FOLLOWER]: Refusing update from remote peer f613070b284945528f6684bacb715706: Log matching property violated. Preceding OpId in replica: term: 1 index: 1. Preceding OpId from leader: term: 2 index: 2. (index mismatch)
I20260608 12:47:46.758972 25732 consensus_queue.cc:1048] T 9927f28d338c4dffa5c3311369c9b91c P f613070b284945528f6684bacb715706 [LEADER]: Connected to new peer: Peer: permanent_uuid: "d6fc295ab6c14237ad62ec15099169cd" member_type: VOTER last_known_addr { host: "127.24.63.3" port: 35691 }, Status: LMP_MISMATCH, Last received: 0.0, Next index: 2, Last known committed idx: 1, Time since last communication: 0.000s
I20260608 12:47:46.775377 25568 raft_consensus.cc:1275] T 9927f28d338c4dffa5c3311369c9b91c P 7303216a9e69422493172bc9b17e69f9 [term 2 FOLLOWER]: Refusing update from remote peer f613070b284945528f6684bacb715706: Log matching property violated. Preceding OpId in replica: term: 1 index: 1. Preceding OpId from leader: term: 2 index: 2. (index mismatch)
I20260608 12:47:46.777655 25859 consensus_queue.cc:1048] T 9927f28d338c4dffa5c3311369c9b91c P f613070b284945528f6684bacb715706 [LEADER]: Connected to new peer: Peer: permanent_uuid: "7303216a9e69422493172bc9b17e69f9" member_type: VOTER last_known_addr { host: "127.24.63.2" port: 42759 }, Status: LMP_MISMATCH, Last received: 0.0, Next index: 2, Last known committed idx: 1, Time since last communication: 0.001s
I20260608 12:47:48.173898 25448 auto_leader_rebalancer.cc:140] leader rebalance for table test-workload
I20260608 12:47:48.183801 25448 auto_leader_rebalancer.cc:388] table: test-workload, leader rebalance finish, leader transfer count: 0
I20260608 12:47:48.184468 25448 auto_leader_rebalancer.cc:451] All tables' leader rebalancing finished this round
I20260608 12:47:50.171277 25494 consensus_queue.cc:237] T 441973e23f554145a90e8cfc76c73d48 P f613070b284945528f6684bacb715706 [LEADER]: Queue going to LEADER mode. State: All replicated index: 0, Majority replicated index: 1, Committed index: 1, Last appended: 1.1, Last appended by leader: 0, Current term: 1, Majority size: 2, State: 0, Mode: LEADER, active raft config: opid_index: 2 OBSOLETE_local: false peers { permanent_uuid: "f613070b284945528f6684bacb715706" member_type: VOTER last_known_addr { host: "127.24.63.1" port: 41203 } } peers { permanent_uuid: "7303216a9e69422493172bc9b17e69f9" member_type: VOTER last_known_addr { host: "127.24.63.2" port: 42759 } attrs { replace: true } } peers { permanent_uuid: "d6fc295ab6c14237ad62ec15099169cd" member_type: VOTER last_known_addr { host: "127.24.63.3" port: 35691 } } peers { permanent_uuid: "194f2855e00d44f88a4f58ceab3bba7e" member_type: NON_VOTER last_known_addr { host: "127.24.63.4" port: 44939 } attrs { promote: true } }
I20260608 12:47:50.180905 25644 raft_consensus.cc:1275] T 441973e23f554145a90e8cfc76c73d48 P d6fc295ab6c14237ad62ec15099169cd [term 1 FOLLOWER]: Refusing update from remote peer f613070b284945528f6684bacb715706: Log matching property violated. Preceding OpId in replica: term: 1 index: 1. Preceding OpId from leader: term: 1 index: 2. (index mismatch)
I20260608 12:47:50.181916 25568 raft_consensus.cc:1275] T 441973e23f554145a90e8cfc76c73d48 P 7303216a9e69422493172bc9b17e69f9 [term 1 FOLLOWER]: Refusing update from remote peer f613070b284945528f6684bacb715706: Log matching property violated. Preceding OpId in replica: term: 1 index: 1. Preceding OpId from leader: term: 1 index: 2. (index mismatch)
I20260608 12:47:50.182945 25865 consensus_queue.cc:1048] T 441973e23f554145a90e8cfc76c73d48 P f613070b284945528f6684bacb715706 [LEADER]: Connected to new peer: Peer: permanent_uuid: "d6fc295ab6c14237ad62ec15099169cd" member_type: VOTER last_known_addr { host: "127.24.63.3" port: 35691 }, Status: LMP_MISMATCH, Last received: 0.0, Next index: 2, Last known committed idx: 1, Time since last communication: 0.000s
I20260608 12:47:50.185518 25448 auto_leader_rebalancer.cc:140] leader rebalance for table test-workload
I20260608 12:47:50.189528 25865 consensus_queue.cc:1048] T 441973e23f554145a90e8cfc76c73d48 P f613070b284945528f6684bacb715706 [LEADER]: Connected to new peer: Peer: permanent_uuid: "7303216a9e69422493172bc9b17e69f9" member_type: VOTER last_known_addr { host: "127.24.63.2" port: 42759 } attrs { replace: true }, Status: LMP_MISMATCH, Last received: 0.0, Next index: 2, Last known committed idx: 1, Time since last communication: 0.000s
I20260608 12:47:50.199061 25448 auto_leader_rebalancer.cc:388] table: test-workload, leader rebalance finish, leader transfer count: 0
I20260608 12:47:50.200065 25644 raft_consensus.cc:2955] T 441973e23f554145a90e8cfc76c73d48 P d6fc295ab6c14237ad62ec15099169cd [term 1 FOLLOWER]: Committing config change with OpId 1.2: config changed from index -1 to 2, NON_VOTER 194f2855e00d44f88a4f58ceab3bba7e (127.24.63.4) added. New config: { opid_index: 2 OBSOLETE_local: false peers { permanent_uuid: "f613070b284945528f6684bacb715706" member_type: VOTER last_known_addr { host: "127.24.63.1" port: 41203 } } peers { permanent_uuid: "7303216a9e69422493172bc9b17e69f9" member_type: VOTER last_known_addr { host: "127.24.63.2" port: 42759 } attrs { replace: true } } peers { permanent_uuid: "d6fc295ab6c14237ad62ec15099169cd" member_type: VOTER last_known_addr { host: "127.24.63.3" port: 35691 } } peers { permanent_uuid: "194f2855e00d44f88a4f58ceab3bba7e" member_type: NON_VOTER last_known_addr { host: "127.24.63.4" port: 44939 } attrs { promote: true } } }
I20260608 12:47:50.198383 25872 raft_consensus.cc:2955] T 441973e23f554145a90e8cfc76c73d48 P f613070b284945528f6684bacb715706 [term 1 LEADER]: Committing config change with OpId 1.2: config changed from index -1 to 2, NON_VOTER 194f2855e00d44f88a4f58ceab3bba7e (127.24.63.4) added. New config: { opid_index: 2 OBSOLETE_local: false peers { permanent_uuid: "f613070b284945528f6684bacb715706" member_type: VOTER last_known_addr { host: "127.24.63.1" port: 41203 } } peers { permanent_uuid: "7303216a9e69422493172bc9b17e69f9" member_type: VOTER last_known_addr { host: "127.24.63.2" port: 42759 } attrs { replace: true } } peers { permanent_uuid: "d6fc295ab6c14237ad62ec15099169cd" member_type: VOTER last_known_addr { host: "127.24.63.3" port: 35691 } } peers { permanent_uuid: "194f2855e00d44f88a4f58ceab3bba7e" member_type: NON_VOTER last_known_addr { host: "127.24.63.4" port: 44939 } attrs { promote: true } } }
I20260608 12:47:50.200042 25448 auto_leader_rebalancer.cc:451] All tables' leader rebalancing finished this round
W20260608 12:47:50.212812 25461 consensus_peers.cc:597] T 441973e23f554145a90e8cfc76c73d48 P f613070b284945528f6684bacb715706 -> Peer 194f2855e00d44f88a4f58ceab3bba7e (127.24.63.4:44939): Couldn't send request to peer 194f2855e00d44f88a4f58ceab3bba7e. Error code: TABLET_NOT_FOUND (6). Status: Not found: Tablet not found: 441973e23f554145a90e8cfc76c73d48. This is attempt 1: this message will repeat every 5th retry.
I20260608 12:47:50.218719 25394 catalog_manager.cc:5696] T 441973e23f554145a90e8cfc76c73d48 P f613070b284945528f6684bacb715706 reported cstate change: config changed from index -1 to 2, NON_VOTER 194f2855e00d44f88a4f58ceab3bba7e (127.24.63.4) added. New cstate: current_term: 1 leader_uuid: "f613070b284945528f6684bacb715706" committed_config { opid_index: 2 OBSOLETE_local: false peers { permanent_uuid: "f613070b284945528f6684bacb715706" member_type: VOTER last_known_addr { host: "127.24.63.1" port: 41203 } health_report { overall_health: HEALTHY } } peers { permanent_uuid: "7303216a9e69422493172bc9b17e69f9" member_type: VOTER last_known_addr { host: "127.24.63.2" port: 42759 } attrs { replace: true } health_report { overall_health: UNKNOWN } } peers { permanent_uuid: "d6fc295ab6c14237ad62ec15099169cd" member_type: VOTER last_known_addr { host: "127.24.63.3" port: 35691 } health_report { overall_health: HEALTHY } } peers { permanent_uuid: "194f2855e00d44f88a4f58ceab3bba7e" member_type: NON_VOTER last_known_addr { host: "127.24.63.4" port: 44939 } attrs { promote: true } health_report { overall_health: UNKNOWN } } }
I20260608 12:47:50.223053 25568 raft_consensus.cc:2955] T 441973e23f554145a90e8cfc76c73d48 P 7303216a9e69422493172bc9b17e69f9 [term 1 FOLLOWER]: Committing config change with OpId 1.2: config changed from index -1 to 2, NON_VOTER 194f2855e00d44f88a4f58ceab3bba7e (127.24.63.4) added. New config: { opid_index: 2 OBSOLETE_local: false peers { permanent_uuid: "f613070b284945528f6684bacb715706" member_type: VOTER last_known_addr { host: "127.24.63.1" port: 41203 } } peers { permanent_uuid: "7303216a9e69422493172bc9b17e69f9" member_type: VOTER last_known_addr { host: "127.24.63.2" port: 42759 } attrs { replace: true } } peers { permanent_uuid: "d6fc295ab6c14237ad62ec15099169cd" member_type: VOTER last_known_addr { host: "127.24.63.3" port: 35691 } } peers { permanent_uuid: "194f2855e00d44f88a4f58ceab3bba7e" member_type: NON_VOTER last_known_addr { host: "127.24.63.4" port: 44939 } attrs { promote: true } } }
I20260608 12:47:50.237488 25644 consensus_queue.cc:237] T 1007880ca9844be3b77fe694474b4392 P d6fc295ab6c14237ad62ec15099169cd [LEADER]: Queue going to LEADER mode. State: All replicated index: 0, Majority replicated index: 1, Committed index: 1, Last appended: 1.1, Last appended by leader: 0, Current term: 1, Majority size: 2, State: 0, Mode: LEADER, active raft config: opid_index: 2 OBSOLETE_local: false peers { permanent_uuid: "f613070b284945528f6684bacb715706" member_type: VOTER last_known_addr { host: "127.24.63.1" port: 41203 } attrs { replace: true } } peers { permanent_uuid: "7303216a9e69422493172bc9b17e69f9" member_type: VOTER last_known_addr { host: "127.24.63.2" port: 42759 } } peers { permanent_uuid: "d6fc295ab6c14237ad62ec15099169cd" member_type: VOTER last_known_addr { host: "127.24.63.3" port: 35691 } } peers { permanent_uuid: "194f2855e00d44f88a4f58ceab3bba7e" member_type: NON_VOTER last_known_addr { host: "127.24.63.4" port: 44939 } attrs { promote: true } }
I20260608 12:47:50.249910 25568 raft_consensus.cc:1275] T 1007880ca9844be3b77fe694474b4392 P 7303216a9e69422493172bc9b17e69f9 [term 1 FOLLOWER]: Refusing update from remote peer d6fc295ab6c14237ad62ec15099169cd: Log matching property violated. Preceding OpId in replica: term: 1 index: 1. Preceding OpId from leader: term: 1 index: 2. (index mismatch)
I20260608 12:47:50.250839 25494 raft_consensus.cc:1275] T 1007880ca9844be3b77fe694474b4392 P f613070b284945528f6684bacb715706 [term 1 FOLLOWER]: Refusing update from remote peer d6fc295ab6c14237ad62ec15099169cd: Log matching property violated. Preceding OpId in replica: term: 1 index: 1. Preceding OpId from leader: term: 1 index: 2. (index mismatch)
I20260608 12:47:50.251735 25733 consensus_queue.cc:1048] T 1007880ca9844be3b77fe694474b4392 P d6fc295ab6c14237ad62ec15099169cd [LEADER]: Connected to new peer: Peer: permanent_uuid: "7303216a9e69422493172bc9b17e69f9" member_type: VOTER last_known_addr { host: "127.24.63.2" port: 42759 }, Status: LMP_MISMATCH, Last received: 0.0, Next index: 2, Last known committed idx: 1, Time since last communication: 0.000s
I20260608 12:47:50.253132 25881 consensus_queue.cc:1048] T 1007880ca9844be3b77fe694474b4392 P d6fc295ab6c14237ad62ec15099169cd [LEADER]: Connected to new peer: Peer: permanent_uuid: "f613070b284945528f6684bacb715706" member_type: VOTER last_known_addr { host: "127.24.63.1" port: 41203 } attrs { replace: true }, Status: LMP_MISMATCH, Last received: 0.0, Next index: 2, Last known committed idx: 1, Time since last communication: 0.001s
W20260608 12:47:50.268218 25610 consensus_peers.cc:597] T 1007880ca9844be3b77fe694474b4392 P d6fc295ab6c14237ad62ec15099169cd -> Peer 194f2855e00d44f88a4f58ceab3bba7e (127.24.63.4:44939): Couldn't send request to peer 194f2855e00d44f88a4f58ceab3bba7e. Error code: TABLET_NOT_FOUND (6). Status: Not found: Tablet not found: 1007880ca9844be3b77fe694474b4392. This is attempt 1: this message will repeat every 5th retry.
I20260608 12:47:50.275102 25881 raft_consensus.cc:2955] T 1007880ca9844be3b77fe694474b4392 P d6fc295ab6c14237ad62ec15099169cd [term 1 LEADER]: Committing config change with OpId 1.2: config changed from index -1 to 2, NON_VOTER 194f2855e00d44f88a4f58ceab3bba7e (127.24.63.4) added. New config: { opid_index: 2 OBSOLETE_local: false peers { permanent_uuid: "f613070b284945528f6684bacb715706" member_type: VOTER last_known_addr { host: "127.24.63.1" port: 41203 } attrs { replace: true } } peers { permanent_uuid: "7303216a9e69422493172bc9b17e69f9" member_type: VOTER last_known_addr { host: "127.24.63.2" port: 42759 } } peers { permanent_uuid: "d6fc295ab6c14237ad62ec15099169cd" member_type: VOTER last_known_addr { host: "127.24.63.3" port: 35691 } } peers { permanent_uuid: "194f2855e00d44f88a4f58ceab3bba7e" member_type: NON_VOTER last_known_addr { host: "127.24.63.4" port: 44939 } attrs { promote: true } } }
I20260608 12:47:50.276402 25494 raft_consensus.cc:2955] T 1007880ca9844be3b77fe694474b4392 P f613070b284945528f6684bacb715706 [term 1 FOLLOWER]: Committing config change with OpId 1.2: config changed from index -1 to 2, NON_VOTER 194f2855e00d44f88a4f58ceab3bba7e (127.24.63.4) added. New config: { opid_index: 2 OBSOLETE_local: false peers { permanent_uuid: "f613070b284945528f6684bacb715706" member_type: VOTER last_known_addr { host: "127.24.63.1" port: 41203 } attrs { replace: true } } peers { permanent_uuid: "7303216a9e69422493172bc9b17e69f9" member_type: VOTER last_known_addr { host: "127.24.63.2" port: 42759 } } peers { permanent_uuid: "d6fc295ab6c14237ad62ec15099169cd" member_type: VOTER last_known_addr { host: "127.24.63.3" port: 35691 } } peers { permanent_uuid: "194f2855e00d44f88a4f58ceab3bba7e" member_type: NON_VOTER last_known_addr { host: "127.24.63.4" port: 44939 } attrs { promote: true } } }
I20260608 12:47:50.277352 25568 raft_consensus.cc:2955] T 1007880ca9844be3b77fe694474b4392 P 7303216a9e69422493172bc9b17e69f9 [term 1 FOLLOWER]: Committing config change with OpId 1.2: config changed from index -1 to 2, NON_VOTER 194f2855e00d44f88a4f58ceab3bba7e (127.24.63.4) added. New config: { opid_index: 2 OBSOLETE_local: false peers { permanent_uuid: "f613070b284945528f6684bacb715706" member_type: VOTER last_known_addr { host: "127.24.63.1" port: 41203 } attrs { replace: true } } peers { permanent_uuid: "7303216a9e69422493172bc9b17e69f9" member_type: VOTER last_known_addr { host: "127.24.63.2" port: 42759 } } peers { permanent_uuid: "d6fc295ab6c14237ad62ec15099169cd" member_type: VOTER last_known_addr { host: "127.24.63.3" port: 35691 } } peers { permanent_uuid: "194f2855e00d44f88a4f58ceab3bba7e" member_type: NON_VOTER last_known_addr { host: "127.24.63.4" port: 44939 } attrs { promote: true } } }
I20260608 12:47:50.294529 25392 catalog_manager.cc:5696] T 1007880ca9844be3b77fe694474b4392 P d6fc295ab6c14237ad62ec15099169cd reported cstate change: config changed from index -1 to 2, NON_VOTER 194f2855e00d44f88a4f58ceab3bba7e (127.24.63.4) added. New cstate: current_term: 1 leader_uuid: "d6fc295ab6c14237ad62ec15099169cd" committed_config { opid_index: 2 OBSOLETE_local: false peers { permanent_uuid: "f613070b284945528f6684bacb715706" member_type: VOTER last_known_addr { host: "127.24.63.1" port: 41203 } attrs { replace: true } health_report { overall_health: HEALTHY } } peers { permanent_uuid: "7303216a9e69422493172bc9b17e69f9" member_type: VOTER last_known_addr { host: "127.24.63.2" port: 42759 } health_report { overall_health: HEALTHY } } peers { permanent_uuid: "d6fc295ab6c14237ad62ec15099169cd" member_type: VOTER last_known_addr { host: "127.24.63.3" port: 35691 } health_report { overall_health: HEALTHY } } peers { permanent_uuid: "194f2855e00d44f88a4f58ceab3bba7e" member_type: NON_VOTER last_known_addr { host: "127.24.63.4" port: 44939 } attrs { promote: true } health_report { overall_health: UNKNOWN } } }
I20260608 12:47:50.304422 25568 consensus_queue.cc:237] T ead1304ec63b4da685e50ed7e3d76940 P 7303216a9e69422493172bc9b17e69f9 [LEADER]: Queue going to LEADER mode. State: All replicated index: 0, Majority replicated index: 1, Committed index: 1, Last appended: 1.1, Last appended by leader: 0, Current term: 1, Majority size: 2, State: 0, Mode: LEADER, active raft config: opid_index: 2 OBSOLETE_local: false peers { permanent_uuid: "7303216a9e69422493172bc9b17e69f9" member_type: VOTER last_known_addr { host: "127.24.63.2" port: 42759 } } peers { permanent_uuid: "f613070b284945528f6684bacb715706" member_type: VOTER last_known_addr { host: "127.24.63.1" port: 41203 } } peers { permanent_uuid: "d6fc295ab6c14237ad62ec15099169cd" member_type: VOTER last_known_addr { host: "127.24.63.3" port: 35691 } attrs { replace: true } } peers { permanent_uuid: "194f2855e00d44f88a4f58ceab3bba7e" member_type: NON_VOTER last_known_addr { host: "127.24.63.4" port: 44939 } attrs { promote: true } }
I20260608 12:47:50.322338 25644 raft_consensus.cc:1275] T ead1304ec63b4da685e50ed7e3d76940 P d6fc295ab6c14237ad62ec15099169cd [term 1 FOLLOWER]: Refusing update from remote peer 7303216a9e69422493172bc9b17e69f9: Log matching property violated. Preceding OpId in replica: term: 1 index: 1. Preceding OpId from leader: term: 1 index: 2. (index mismatch)
I20260608 12:47:50.324497 25728 consensus_queue.cc:1048] T ead1304ec63b4da685e50ed7e3d76940 P 7303216a9e69422493172bc9b17e69f9 [LEADER]: Connected to new peer: Peer: permanent_uuid: "d6fc295ab6c14237ad62ec15099169cd" member_type: VOTER last_known_addr { host: "127.24.63.3" port: 35691 } attrs { replace: true }, Status: LMP_MISMATCH, Last received: 0.0, Next index: 2, Last known committed idx: 1, Time since last communication: 0.001s
I20260608 12:47:50.328187 25494 raft_consensus.cc:1275] T ead1304ec63b4da685e50ed7e3d76940 P f613070b284945528f6684bacb715706 [term 1 FOLLOWER]: Refusing update from remote peer 7303216a9e69422493172bc9b17e69f9: Log matching property violated. Preceding OpId in replica: term: 1 index: 1. Preceding OpId from leader: term: 1 index: 2. (index mismatch)
I20260608 12:47:50.330008 25728 consensus_queue.cc:1048] T ead1304ec63b4da685e50ed7e3d76940 P 7303216a9e69422493172bc9b17e69f9 [LEADER]: Connected to new peer: Peer: permanent_uuid: "f613070b284945528f6684bacb715706" member_type: VOTER last_known_addr { host: "127.24.63.1" port: 41203 }, Status: LMP_MISMATCH, Last received: 0.0, Next index: 2, Last known committed idx: 1, Time since last communication: 0.000s
W20260608 12:47:50.334525 25536 consensus_peers.cc:597] T ead1304ec63b4da685e50ed7e3d76940 P 7303216a9e69422493172bc9b17e69f9 -> Peer 194f2855e00d44f88a4f58ceab3bba7e (127.24.63.4:44939): Couldn't send request to peer 194f2855e00d44f88a4f58ceab3bba7e. Error code: TABLET_NOT_FOUND (6). Status: Not found: Tablet not found: ead1304ec63b4da685e50ed7e3d76940. This is attempt 1: this message will repeat every 5th retry.
I20260608 12:47:50.339706 25888 raft_consensus.cc:2955] T ead1304ec63b4da685e50ed7e3d76940 P 7303216a9e69422493172bc9b17e69f9 [term 1 LEADER]: Committing config change with OpId 1.2: config changed from index -1 to 2, NON_VOTER 194f2855e00d44f88a4f58ceab3bba7e (127.24.63.4) added. New config: { opid_index: 2 OBSOLETE_local: false peers { permanent_uuid: "7303216a9e69422493172bc9b17e69f9" member_type: VOTER last_known_addr { host: "127.24.63.2" port: 42759 } } peers { permanent_uuid: "f613070b284945528f6684bacb715706" member_type: VOTER last_known_addr { host: "127.24.63.1" port: 41203 } } peers { permanent_uuid: "d6fc295ab6c14237ad62ec15099169cd" member_type: VOTER last_known_addr { host: "127.24.63.3" port: 35691 } attrs { replace: true } } peers { permanent_uuid: "194f2855e00d44f88a4f58ceab3bba7e" member_type: NON_VOTER last_known_addr { host: "127.24.63.4" port: 44939 } attrs { promote: true } } }
I20260608 12:47:50.341457 25494 raft_consensus.cc:2955] T ead1304ec63b4da685e50ed7e3d76940 P f613070b284945528f6684bacb715706 [term 1 FOLLOWER]: Committing config change with OpId 1.2: config changed from index -1 to 2, NON_VOTER 194f2855e00d44f88a4f58ceab3bba7e (127.24.63.4) added. New config: { opid_index: 2 OBSOLETE_local: false peers { permanent_uuid: "7303216a9e69422493172bc9b17e69f9" member_type: VOTER last_known_addr { host: "127.24.63.2" port: 42759 } } peers { permanent_uuid: "f613070b284945528f6684bacb715706" member_type: VOTER last_known_addr { host: "127.24.63.1" port: 41203 } } peers { permanent_uuid: "d6fc295ab6c14237ad62ec15099169cd" member_type: VOTER last_known_addr { host: "127.24.63.3" port: 35691 } attrs { replace: true } } peers { permanent_uuid: "194f2855e00d44f88a4f58ceab3bba7e" member_type: NON_VOTER last_known_addr { host: "127.24.63.4" port: 44939 } attrs { promote: true } } }
I20260608 12:47:50.343189 25644 raft_consensus.cc:2955] T ead1304ec63b4da685e50ed7e3d76940 P d6fc295ab6c14237ad62ec15099169cd [term 1 FOLLOWER]: Committing config change with OpId 1.2: config changed from index -1 to 2, NON_VOTER 194f2855e00d44f88a4f58ceab3bba7e (127.24.63.4) added. New config: { opid_index: 2 OBSOLETE_local: false peers { permanent_uuid: "7303216a9e69422493172bc9b17e69f9" member_type: VOTER last_known_addr { host: "127.24.63.2" port: 42759 } } peers { permanent_uuid: "f613070b284945528f6684bacb715706" member_type: VOTER last_known_addr { host: "127.24.63.1" port: 41203 } } peers { permanent_uuid: "d6fc295ab6c14237ad62ec15099169cd" member_type: VOTER last_known_addr { host: "127.24.63.3" port: 35691 } attrs { replace: true } } peers { permanent_uuid: "194f2855e00d44f88a4f58ceab3bba7e" member_type: NON_VOTER last_known_addr { host: "127.24.63.4" port: 44939 } attrs { promote: true } } }
I20260608 12:47:50.355430 25394 catalog_manager.cc:5696] T ead1304ec63b4da685e50ed7e3d76940 P f613070b284945528f6684bacb715706 reported cstate change: config changed from index -1 to 2, NON_VOTER 194f2855e00d44f88a4f58ceab3bba7e (127.24.63.4) added. New cstate: current_term: 1 leader_uuid: "7303216a9e69422493172bc9b17e69f9" committed_config { opid_index: 2 OBSOLETE_local: false peers { permanent_uuid: "7303216a9e69422493172bc9b17e69f9" member_type: VOTER last_known_addr { host: "127.24.63.2" port: 42759 } } peers { permanent_uuid: "f613070b284945528f6684bacb715706" member_type: VOTER last_known_addr { host: "127.24.63.1" port: 41203 } } peers { permanent_uuid: "d6fc295ab6c14237ad62ec15099169cd" member_type: VOTER last_known_addr { host: "127.24.63.3" port: 35691 } attrs { replace: true } } peers { permanent_uuid: "194f2855e00d44f88a4f58ceab3bba7e" member_type: NON_VOTER last_known_addr { host: "127.24.63.4" port: 44939 } attrs { promote: true } } }
I20260608 12:47:50.361462 25568 consensus_queue.cc:237] T 29b685751295412e83cc0ce50311567e P 7303216a9e69422493172bc9b17e69f9 [LEADER]: Queue going to LEADER mode. State: All replicated index: 0, Majority replicated index: 1, Committed index: 1, Last appended: 1.1, Last appended by leader: 0, Current term: 1, Majority size: 2, State: 0, Mode: LEADER, active raft config: opid_index: 2 OBSOLETE_local: false peers { permanent_uuid: "f613070b284945528f6684bacb715706" member_type: VOTER last_known_addr { host: "127.24.63.1" port: 41203 } attrs { replace: true } } peers { permanent_uuid: "7303216a9e69422493172bc9b17e69f9" member_type: VOTER last_known_addr { host: "127.24.63.2" port: 42759 } } peers { permanent_uuid: "d6fc295ab6c14237ad62ec15099169cd" member_type: VOTER last_known_addr { host: "127.24.63.3" port: 35691 } } peers { permanent_uuid: "194f2855e00d44f88a4f58ceab3bba7e" member_type: NON_VOTER last_known_addr { host: "127.24.63.4" port: 44939 } attrs { promote: true } }
W20260608 12:47:50.373936 25536 consensus_peers.cc:597] T 29b685751295412e83cc0ce50311567e P 7303216a9e69422493172bc9b17e69f9 -> Peer 194f2855e00d44f88a4f58ceab3bba7e (127.24.63.4:44939): Couldn't send request to peer 194f2855e00d44f88a4f58ceab3bba7e. Error code: TABLET_NOT_FOUND (6). Status: Not found: Tablet not found: 29b685751295412e83cc0ce50311567e. This is attempt 1: this message will repeat every 5th retry.
I20260608 12:47:50.375612 25494 raft_consensus.cc:1275] T 29b685751295412e83cc0ce50311567e P f613070b284945528f6684bacb715706 [term 1 FOLLOWER]: Refusing update from remote peer 7303216a9e69422493172bc9b17e69f9: Log matching property violated. Preceding OpId in replica: term: 1 index: 1. Preceding OpId from leader: term: 1 index: 2. (index mismatch)
I20260608 12:47:50.375612 25644 raft_consensus.cc:1275] T 29b685751295412e83cc0ce50311567e P d6fc295ab6c14237ad62ec15099169cd [term 1 FOLLOWER]: Refusing update from remote peer 7303216a9e69422493172bc9b17e69f9: Log matching property violated. Preceding OpId in replica: term: 1 index: 1. Preceding OpId from leader: term: 1 index: 2. (index mismatch)
I20260608 12:47:50.377933 25892 consensus_queue.cc:1048] T 29b685751295412e83cc0ce50311567e P 7303216a9e69422493172bc9b17e69f9 [LEADER]: Connected to new peer: Peer: permanent_uuid: "f613070b284945528f6684bacb715706" member_type: VOTER last_known_addr { host: "127.24.63.1" port: 41203 } attrs { replace: true }, Status: LMP_MISMATCH, Last received: 0.0, Next index: 2, Last known committed idx: 1, Time since last communication: 0.001s
I20260608 12:47:50.378867 25888 consensus_queue.cc:1048] T 29b685751295412e83cc0ce50311567e P 7303216a9e69422493172bc9b17e69f9 [LEADER]: Connected to new peer: Peer: permanent_uuid: "d6fc295ab6c14237ad62ec15099169cd" member_type: VOTER last_known_addr { host: "127.24.63.3" port: 35691 }, Status: LMP_MISMATCH, Last received: 0.0, Next index: 2, Last known committed idx: 1, Time since last communication: 0.000s
