wal directory: /tmp/dist-test-task7QAr0E/test-tmp/auto_rebalancer-test.0.AutoRebalancerTest.MovesScheduledIfAddTserver.1780922855352440-24759-0/minicluster-data/ts-0-root
metadata directory: /tmp/dist-test-task7QAr0E/test-tmp/auto_rebalancer-test.0.AutoRebalancerTest.MovesScheduledIfAddTserver.1780922855352440-24759-0/minicluster-data/ts-0-root
1 data directories: /tmp/dist-test-task7QAr0E/test-tmp/auto_rebalancer-test.0.AutoRebalancerTest.MovesScheduledIfAddTserver.1780922855352440-24759-0/minicluster-data/ts-0-root/data
Total live blocks: 0
Total live bytes: 0
Total live bytes (after alignment): 0
Total number of LBM containers: 0 (0 full)
Did not check for missing blocks
Did not check for orphaned blocks
Total full LBM containers with extra space: 0 (0 repaired)
Total full LBM container extra space in bytes: 0 (0 repaired)
Total incomplete LBM containers: 0 (0 repaired)
Total LBM partial records: 0 (0 repaired)
Total corrupted LBM metadata records in RocksDB: 0 (0 repaired)
I20260608 12:47:57.708674 24759 rpc_server.cc:225] running with OpenSSL 1.1.1  11 Sep 2018
I20260608 12:47:57.709859 24759 kserver.cc:163] Server-wide thread pool size limit: 3276
I20260608 12:47:57.711330 24759 txn_system_client.cc:432] TxnSystemClient initialization is disabled...
I20260608 12:47:57.713583 24759 ts_tablet_manager.cc:585] Loaded tablet metadata (0 total tablets, 0 live tablets)
I20260608 12:47:57.713811 24759 ts_tablet_manager.cc:531] Time spent load tablet metadata: real 0.000s	user 0.000s	sys 0.000s
I20260608 12:47:57.714057 24759 ts_tablet_manager.cc:616] Registered 0 tablets
I20260608 12:47:57.714229 24759 ts_tablet_manager.cc:595] Time spent register tablets: real 0.000s	user 0.000s	sys 0.000s
I20260608 12:47:57.753928 24759 rpc_server.cc:307] RPC server started. Bound to: 127.24.45.193:45741
I20260608 12:47:57.754038 26547 acceptor_pool.cc:272] collecting diagnostics on the listening RPC socket 127.24.45.193:45741 every 8 connection(s)
I20260608 12:47:57.759413 24759 file_cache.cc:492] Constructed file cache file cache with capacity 419430
W20260608 12:47:57.767233 26552 instance_detector.cc:116] could not retrieve AWS instance metadata: Network error: curl error: HTTP response code said error: The requested URL returned error: 404
W20260608 12:47:57.770087 26553 instance_detector.cc:116] could not retrieve Azure instance metadata: Network error: curl error: HTTP response code said error: The requested URL returned error: 404
W20260608 12:47:57.770192 26555 instance_detector.cc:116] could not retrieve OpenStack instance metadata: Network error: curl error: HTTP response code said error: The requested URL returned error: 404
I20260608 12:47:57.770607 24759 server_base.cc:1061] running on GCE node
I20260608 12:47:57.771664 24759 hybrid_clock.cc:584] initializing the hybrid clock with 'system_unsync' time source
W20260608 12:47:57.771893 24759 system_unsync_time.cc:38] NTP support is disabled. Clock error bounds will not be accurate. This configuration is not suitable for distributed clusters.
I20260608 12:47:57.772095 24759 hybrid_clock.cc:648] HybridClock initialized: now 1780922877772076 us; error 0 us; skew 500 ppm
I20260608 12:47:57.772666 24759 server_base.cc:861] Flag tcmalloc_max_total_thread_cache_bytes is not working since tcmalloc is not enabled.
I20260608 12:47:57.775383 24759 webserver.cc:533] Webserver started at http://127.24.45.194:46307/ using document root <none> and password file <none>
I20260608 12:47:57.775909 24759 fs_manager.cc:362] Metadata directory not provided
I20260608 12:47:57.776121 24759 fs_manager.cc:368] Using write-ahead log directory (fs_wal_dir) as metadata directory
I20260608 12:47:57.776508 24759 server_base.cc:909] This appears to be a new deployment of Kudu; creating new FS layout
I20260608 12:47:57.777835 26548 heartbeater.cc:344] Connected to a master server at 127.24.45.254:34283
I20260608 12:47:57.777979 24759 fs_manager.cc:1068] Generated new instance metadata in path /tmp/dist-test-task7QAr0E/test-tmp/auto_rebalancer-test.0.AutoRebalancerTest.MovesScheduledIfAddTserver.1780922855352440-24759-0/minicluster-data/ts-1-root/instance:
uuid: "c374ae83a1c14e92ab303f150574b118"
format_stamp: "Formatted at 2026-06-08 12:47:57 on dist-test-slave-7vxk"
I20260608 12:47:57.778209 26548 heartbeater.cc:461] Registering TS with master...
I20260608 12:47:57.778990 26548 heartbeater.cc:507] Master 127.24.45.254:34283 requested a full tablet report, sending...
I20260608 12:47:57.781299 26421 ts_manager.cc:194] Registered new tserver with Master: c757a8fe762c4cad9cc6b9564f53f51a (127.24.45.193:45741)
I20260608 12:47:57.783746 26421 master_service.cc:502] Signed X509 certificate for tserver {username='slave'} at 127.0.0.1:33624
I20260608 12:47:57.783857 24759 fs_manager.cc:696] Time spent creating directory manager: real 0.005s	user 0.000s	sys 0.007s
I20260608 12:47:57.787691 26560 log_block_manager.cc:4031] Time spent loading block containers with low live blocks: real 0.000s	user 0.000s	sys 0.000s
I20260608 12:47:57.788472 24759 fs_manager.cc:730] Time spent opening block manager: real 0.002s	user 0.000s	sys 0.003s
I20260608 12:47:57.788712 24759 fs_manager.cc:647] Opened local filesystem: /tmp/dist-test-task7QAr0E/test-tmp/auto_rebalancer-test.0.AutoRebalancerTest.MovesScheduledIfAddTserver.1780922855352440-24759-0/minicluster-data/ts-1-root
uuid: "c374ae83a1c14e92ab303f150574b118"
format_stamp: "Formatted at 2026-06-08 12:47:57 on dist-test-slave-7vxk"
I20260608 12:47:57.788946 24759 fs_report.cc:389] FS layout report
--------------------
wal directory: /tmp/dist-test-task7QAr0E/test-tmp/auto_rebalancer-test.0.AutoRebalancerTest.MovesScheduledIfAddTserver.1780922855352440-24759-0/minicluster-data/ts-1-root
metadata directory: /tmp/dist-test-task7QAr0E/test-tmp/auto_rebalancer-test.0.AutoRebalancerTest.MovesScheduledIfAddTserver.1780922855352440-24759-0/minicluster-data/ts-1-root
1 data directories: /tmp/dist-test-task7QAr0E/test-tmp/auto_rebalancer-test.0.AutoRebalancerTest.MovesScheduledIfAddTserver.1780922855352440-24759-0/minicluster-data/ts-1-root/data
Total live blocks: 0
Total live bytes: 0
Total live bytes (after alignment): 0
Total number of LBM containers: 0 (0 full)
Did not check for missing blocks
Did not check for orphaned blocks
Total full LBM containers with extra space: 0 (0 repaired)
Total full LBM container extra space in bytes: 0 (0 repaired)
Total incomplete LBM containers: 0 (0 repaired)
Total LBM partial records: 0 (0 repaired)
Total corrupted LBM metadata records in RocksDB: 0 (0 repaired)
I20260608 12:47:57.802838 24759 rpc_server.cc:225] running with OpenSSL 1.1.1  11 Sep 2018
I20260608 12:47:57.804035 24759 kserver.cc:163] Server-wide thread pool size limit: 3276
I20260608 12:47:57.805416 24759 txn_system_client.cc:432] TxnSystemClient initialization is disabled...
I20260608 12:47:57.807698 24759 ts_tablet_manager.cc:585] Loaded tablet metadata (0 total tablets, 0 live tablets)
I20260608 12:47:57.807915 24759 ts_tablet_manager.cc:531] Time spent load tablet metadata: real 0.000s	user 0.000s	sys 0.000s
I20260608 12:47:57.808187 24759 ts_tablet_manager.cc:616] Registered 0 tablets
I20260608 12:47:57.808357 24759 ts_tablet_manager.cc:595] Time spent register tablets: real 0.000s	user 0.000s	sys 0.000s
I20260608 12:47:57.847848 24759 rpc_server.cc:307] RPC server started. Bound to: 127.24.45.194:40315
I20260608 12:47:57.847966 26622 acceptor_pool.cc:272] collecting diagnostics on the listening RPC socket 127.24.45.194:40315 every 8 connection(s)
I20260608 12:47:57.852818 24759 file_cache.cc:492] Constructed file cache file cache with capacity 419430
W20260608 12:47:57.860297 26626 instance_detector.cc:116] could not retrieve AWS instance metadata: Network error: curl error: HTTP response code said error: The requested URL returned error: 404
W20260608 12:47:57.862304 26627 instance_detector.cc:116] could not retrieve Azure instance metadata: Network error: curl error: HTTP response code said error: The requested URL returned error: 404
I20260608 12:47:57.864912 24759 server_base.cc:1061] running on GCE node
W20260608 12:47:57.864928 26629 instance_detector.cc:116] could not retrieve OpenStack instance metadata: Network error: curl error: HTTP response code said error: The requested URL returned error: 404
I20260608 12:47:57.866133 24759 hybrid_clock.cc:584] initializing the hybrid clock with 'system_unsync' time source
W20260608 12:47:57.866375 24759 system_unsync_time.cc:38] NTP support is disabled. Clock error bounds will not be accurate. This configuration is not suitable for distributed clusters.
I20260608 12:47:57.866585 24759 hybrid_clock.cc:648] HybridClock initialized: now 1780922877866566 us; error 0 us; skew 500 ppm
I20260608 12:47:57.866761 26623 heartbeater.cc:344] Connected to a master server at 127.24.45.254:34283
I20260608 12:47:57.867170 26623 heartbeater.cc:461] Registering TS with master...
I20260608 12:47:57.867395 24759 server_base.cc:861] Flag tcmalloc_max_total_thread_cache_bytes is not working since tcmalloc is not enabled.
I20260608 12:47:57.868101 26623 heartbeater.cc:507] Master 127.24.45.254:34283 requested a full tablet report, sending...
I20260608 12:47:57.870221 24759 webserver.cc:533] Webserver started at http://127.24.45.195:42007/ using document root <none> and password file <none>
I20260608 12:47:57.870620 26421 ts_manager.cc:194] Registered new tserver with Master: c374ae83a1c14e92ab303f150574b118 (127.24.45.194:40315)
I20260608 12:47:57.870939 24759 fs_manager.cc:362] Metadata directory not provided
I20260608 12:47:57.871274 24759 fs_manager.cc:368] Using write-ahead log directory (fs_wal_dir) as metadata directory
I20260608 12:47:57.871603 24759 server_base.cc:909] This appears to be a new deployment of Kudu; creating new FS layout
I20260608 12:47:57.872488 26421 master_service.cc:502] Signed X509 certificate for tserver {username='slave'} at 127.0.0.1:33640
I20260608 12:47:57.873148 24759 fs_manager.cc:1068] Generated new instance metadata in path /tmp/dist-test-task7QAr0E/test-tmp/auto_rebalancer-test.0.AutoRebalancerTest.MovesScheduledIfAddTserver.1780922855352440-24759-0/minicluster-data/ts-2-root/instance:
uuid: "30add6a623c54c16911516c4efb9529a"
format_stamp: "Formatted at 2026-06-08 12:47:57 on dist-test-slave-7vxk"
I20260608 12:47:57.878181 24759 fs_manager.cc:696] Time spent creating directory manager: real 0.004s	user 0.006s	sys 0.000s
I20260608 12:47:57.881513 26634 log_block_manager.cc:4031] Time spent loading block containers with low live blocks: real 0.000s	user 0.000s	sys 0.000s
I20260608 12:47:57.882330 24759 fs_manager.cc:730] Time spent opening block manager: real 0.002s	user 0.000s	sys 0.002s
I20260608 12:47:57.882663 24759 fs_manager.cc:647] Opened local filesystem: /tmp/dist-test-task7QAr0E/test-tmp/auto_rebalancer-test.0.AutoRebalancerTest.MovesScheduledIfAddTserver.1780922855352440-24759-0/minicluster-data/ts-2-root
uuid: "30add6a623c54c16911516c4efb9529a"
format_stamp: "Formatted at 2026-06-08 12:47:57 on dist-test-slave-7vxk"
I20260608 12:47:57.882956 24759 fs_report.cc:389] FS layout report
--------------------
wal directory: /tmp/dist-test-task7QAr0E/test-tmp/auto_rebalancer-test.0.AutoRebalancerTest.MovesScheduledIfAddTserver.1780922855352440-24759-0/minicluster-data/ts-2-root
metadata directory: /tmp/dist-test-task7QAr0E/test-tmp/auto_rebalancer-test.0.AutoRebalancerTest.MovesScheduledIfAddTserver.1780922855352440-24759-0/minicluster-data/ts-2-root
1 data directories: /tmp/dist-test-task7QAr0E/test-tmp/auto_rebalancer-test.0.AutoRebalancerTest.MovesScheduledIfAddTserver.1780922855352440-24759-0/minicluster-data/ts-2-root/data
Total live blocks: 0
Total live bytes: 0
Total live bytes (after alignment): 0
Total number of LBM containers: 0 (0 full)
Did not check for missing blocks
Did not check for orphaned blocks
Total full LBM containers with extra space: 0 (0 repaired)
Total full LBM container extra space in bytes: 0 (0 repaired)
Total incomplete LBM containers: 0 (0 repaired)
Total LBM partial records: 0 (0 repaired)
Total corrupted LBM metadata records in RocksDB: 0 (0 repaired)
I20260608 12:47:57.898551 24759 rpc_server.cc:225] running with OpenSSL 1.1.1  11 Sep 2018
I20260608 12:47:57.899894 24759 kserver.cc:163] Server-wide thread pool size limit: 3276
I20260608 12:47:57.901302 24759 txn_system_client.cc:432] TxnSystemClient initialization is disabled...
I20260608 12:47:57.903719 24759 ts_tablet_manager.cc:585] Loaded tablet metadata (0 total tablets, 0 live tablets)
I20260608 12:47:57.903900 24759 ts_tablet_manager.cc:531] Time spent load tablet metadata: real 0.000s	user 0.000s	sys 0.000s
I20260608 12:47:57.904192 24759 ts_tablet_manager.cc:616] Registered 0 tablets
I20260608 12:47:57.904358 24759 ts_tablet_manager.cc:595] Time spent register tablets: real 0.000s	user 0.000s	sys 0.000s
I20260608 12:47:57.944120 24759 rpc_server.cc:307] RPC server started. Bound to: 127.24.45.195:42009
I20260608 12:47:57.944242 26696 acceptor_pool.cc:272] collecting diagnostics on the listening RPC socket 127.24.45.195:42009 every 8 connection(s)
I20260608 12:47:57.958521 26697 heartbeater.cc:344] Connected to a master server at 127.24.45.254:34283
I20260608 12:47:57.958961 26697 heartbeater.cc:461] Registering TS with master...
I20260608 12:47:57.959740 26697 heartbeater.cc:507] Master 127.24.45.254:34283 requested a full tablet report, sending...
I20260608 12:47:57.961690 26421 ts_manager.cc:194] Registered new tserver with Master: 30add6a623c54c16911516c4efb9529a (127.24.45.195:42009)
I20260608 12:47:57.962278 24759 internal_mini_cluster.cc:371] 3 TS(s) registered with all masters after 0.014639305s
I20260608 12:47:57.963047 26421 master_service.cc:502] Signed X509 certificate for tserver {username='slave'} at 127.0.0.1:33656
I20260608 12:47:58.786368 26548 heartbeater.cc:499] Master 127.24.45.254:34283 was elected leader, sending a full tablet report...
I20260608 12:47:58.875401 26623 heartbeater.cc:499] Master 127.24.45.254:34283 was elected leader, sending a full tablet report...
I20260608 12:47:58.965564 26697 heartbeater.cc:499] Master 127.24.45.254:34283 was elected leader, sending a full tablet report...
I20260608 12:47:59.020645 26421 catalog_manager.cc:2282] Servicing CreateTable request from {username='slave'} at 127.0.0.1:33658:
name: "test-workload"
schema {
  columns {
    name: "key"
    type: INT32
    is_key: true
    is_nullable: false
    encoding: AUTO_ENCODING
    compression: DEFAULT_COMPRESSION
    cfile_block_size: 0
    immutable: false
  }
  columns {
    name: "int_val"
    type: INT32
    is_key: false
    is_nullable: false
    encoding: AUTO_ENCODING
    compression: DEFAULT_COMPRESSION
    cfile_block_size: 0
    immutable: false
  }
  columns {
    name: "string_val"
    type: STRING
    is_key: false
    is_nullable: true
    encoding: AUTO_ENCODING
    compression: DEFAULT_COMPRESSION
    cfile_block_size: 0
    immutable: false
  }
}
num_replicas: 3
split_rows_range_bounds {
  rows: "\004\001\000\377\377\377?""\004\001\000\377\377\377?"
  indirect_data: """"
}
partition_schema {
  range_schema {
    columns {
      name: "key"
    }
  }
}
W20260608 12:47:59.022830 26421 catalog_manager.cc:7076] The number of live tablet servers is not enough to re-replicate a tablet replica of the newly created table test-workload in case of a server failure: 4 tablet servers would be needed, 3 are available. Consider bringing up more tablet servers.
I20260608 12:47:59.089800 26588 tablet_service.cc:1511] Processing CreateTablet for tablet e71b6b217a234618b7c551c100ca50d8 (DEFAULT_TABLE table=test-workload [id=eecdaf5b3701490fae9fa76ead06810b]), partition=RANGE (key) PARTITION VALUES < 1073741823
I20260608 12:47:59.091476 26588 data_dirs.cc:400] Could only allocate 1 dirs of requested 3 for tablet e71b6b217a234618b7c551c100ca50d8. 1 dirs total, 0 dirs full, 0 dirs failed
I20260608 12:47:59.098353 26587 tablet_service.cc:1511] Processing CreateTablet for tablet 32548f2454e14fe3a5daaa1d5de7accc (DEFAULT_TABLE table=test-workload [id=eecdaf5b3701490fae9fa76ead06810b]), partition=RANGE (key) PARTITION 1073741823 <= VALUES
I20260608 12:47:59.099776 26587 data_dirs.cc:400] Could only allocate 1 dirs of requested 3 for tablet 32548f2454e14fe3a5daaa1d5de7accc. 1 dirs total, 0 dirs full, 0 dirs failed
I20260608 12:47:59.100975 26512 tablet_service.cc:1511] Processing CreateTablet for tablet 32548f2454e14fe3a5daaa1d5de7accc (DEFAULT_TABLE table=test-workload [id=eecdaf5b3701490fae9fa76ead06810b]), partition=RANGE (key) PARTITION 1073741823 <= VALUES
I20260608 12:47:59.101389 26662 tablet_service.cc:1511] Processing CreateTablet for tablet e71b6b217a234618b7c551c100ca50d8 (DEFAULT_TABLE table=test-workload [id=eecdaf5b3701490fae9fa76ead06810b]), partition=RANGE (key) PARTITION VALUES < 1073741823
I20260608 12:47:59.102356 26512 data_dirs.cc:400] Could only allocate 1 dirs of requested 3 for tablet 32548f2454e14fe3a5daaa1d5de7accc. 1 dirs total, 0 dirs full, 0 dirs failed
I20260608 12:47:59.102660 26662 data_dirs.cc:400] Could only allocate 1 dirs of requested 3 for tablet e71b6b217a234618b7c551c100ca50d8. 1 dirs total, 0 dirs full, 0 dirs failed
I20260608 12:47:59.105676 26513 tablet_service.cc:1511] Processing CreateTablet for tablet e71b6b217a234618b7c551c100ca50d8 (DEFAULT_TABLE table=test-workload [id=eecdaf5b3701490fae9fa76ead06810b]), partition=RANGE (key) PARTITION VALUES < 1073741823
I20260608 12:47:59.105676 26661 tablet_service.cc:1511] Processing CreateTablet for tablet 32548f2454e14fe3a5daaa1d5de7accc (DEFAULT_TABLE table=test-workload [id=eecdaf5b3701490fae9fa76ead06810b]), partition=RANGE (key) PARTITION 1073741823 <= VALUES
I20260608 12:47:59.106968 26513 data_dirs.cc:400] Could only allocate 1 dirs of requested 3 for tablet e71b6b217a234618b7c551c100ca50d8. 1 dirs total, 0 dirs full, 0 dirs failed
I20260608 12:47:59.106982 26661 data_dirs.cc:400] Could only allocate 1 dirs of requested 3 for tablet 32548f2454e14fe3a5daaa1d5de7accc. 1 dirs total, 0 dirs full, 0 dirs failed
I20260608 12:47:59.125653 26717 tablet_bootstrap.cc:492] T e71b6b217a234618b7c551c100ca50d8 P c374ae83a1c14e92ab303f150574b118: Bootstrap starting.
I20260608 12:47:59.127242 26718 tablet_bootstrap.cc:492] T 32548f2454e14fe3a5daaa1d5de7accc P c757a8fe762c4cad9cc6b9564f53f51a: Bootstrap starting.
I20260608 12:47:59.133656 26717 tablet_bootstrap.cc:654] T e71b6b217a234618b7c551c100ca50d8 P c374ae83a1c14e92ab303f150574b118: Neither blocks nor log segments found. Creating new log.
I20260608 12:47:59.133661 26718 tablet_bootstrap.cc:654] T 32548f2454e14fe3a5daaa1d5de7accc P c757a8fe762c4cad9cc6b9564f53f51a: Neither blocks nor log segments found. Creating new log.
I20260608 12:47:59.147218 26718 tablet_bootstrap.cc:492] T 32548f2454e14fe3a5daaa1d5de7accc P c757a8fe762c4cad9cc6b9564f53f51a: No bootstrap required, opened a new log
I20260608 12:47:59.148042 26718 ts_tablet_manager.cc:1403] T 32548f2454e14fe3a5daaa1d5de7accc P c757a8fe762c4cad9cc6b9564f53f51a: Time spent bootstrapping tablet: real 0.021s	user 0.016s	sys 0.003s
I20260608 12:47:59.148931 26719 tablet_bootstrap.cc:492] T e71b6b217a234618b7c551c100ca50d8 P 30add6a623c54c16911516c4efb9529a: Bootstrap starting.
I20260608 12:47:59.151782 26717 tablet_bootstrap.cc:492] T e71b6b217a234618b7c551c100ca50d8 P c374ae83a1c14e92ab303f150574b118: No bootstrap required, opened a new log
I20260608 12:47:59.151438 26718 raft_consensus.cc:359] T 32548f2454e14fe3a5daaa1d5de7accc P c757a8fe762c4cad9cc6b9564f53f51a [term 0 FOLLOWER]: Replica starting. Triggering 0 pending ops. Active config: opid_index: -1 OBSOLETE_local: false peers { permanent_uuid: "c757a8fe762c4cad9cc6b9564f53f51a" member_type: VOTER last_known_addr { host: "127.24.45.193" port: 45741 } } peers { permanent_uuid: "c374ae83a1c14e92ab303f150574b118" member_type: VOTER last_known_addr { host: "127.24.45.194" port: 40315 } } peers { permanent_uuid: "30add6a623c54c16911516c4efb9529a" member_type: VOTER last_known_addr { host: "127.24.45.195" port: 42009 } }
I20260608 12:47:59.152271 26717 ts_tablet_manager.cc:1403] T e71b6b217a234618b7c551c100ca50d8 P c374ae83a1c14e92ab303f150574b118: Time spent bootstrapping tablet: real 0.027s	user 0.015s	sys 0.009s
I20260608 12:47:59.152221 26718 raft_consensus.cc:385] T 32548f2454e14fe3a5daaa1d5de7accc P c757a8fe762c4cad9cc6b9564f53f51a [term 0 FOLLOWER]: Consensus starting up: Expiring failure detector timer to make a prompt election more likely
I20260608 12:47:59.152770 26718 raft_consensus.cc:740] T 32548f2454e14fe3a5daaa1d5de7accc P c757a8fe762c4cad9cc6b9564f53f51a [term 0 FOLLOWER]: Becoming Follower/Learner. State: Replica: c757a8fe762c4cad9cc6b9564f53f51a, State: Initialized, Role: FOLLOWER
I20260608 12:47:59.153613 26718 consensus_queue.cc:260] T 32548f2454e14fe3a5daaa1d5de7accc P c757a8fe762c4cad9cc6b9564f53f51a [NON_LEADER]: Queue going to NON_LEADER mode. State: All replicated index: 0, Majority replicated index: 0, Committed index: 0, Last appended: 0.0, Last appended by leader: 0, Current term: 0, Majority size: -1, State: 0, Mode: NON_LEADER, active raft config: opid_index: -1 OBSOLETE_local: false peers { permanent_uuid: "c757a8fe762c4cad9cc6b9564f53f51a" member_type: VOTER last_known_addr { host: "127.24.45.193" port: 45741 } } peers { permanent_uuid: "c374ae83a1c14e92ab303f150574b118" member_type: VOTER last_known_addr { host: "127.24.45.194" port: 40315 } } peers { permanent_uuid: "30add6a623c54c16911516c4efb9529a" member_type: VOTER last_known_addr { host: "127.24.45.195" port: 42009 } }
I20260608 12:47:59.155277 26719 tablet_bootstrap.cc:654] T e71b6b217a234618b7c551c100ca50d8 P 30add6a623c54c16911516c4efb9529a: Neither blocks nor log segments found. Creating new log.
I20260608 12:47:59.155678 26717 raft_consensus.cc:359] T e71b6b217a234618b7c551c100ca50d8 P c374ae83a1c14e92ab303f150574b118 [term 0 FOLLOWER]: Replica starting. Triggering 0 pending ops. Active config: opid_index: -1 OBSOLETE_local: false peers { permanent_uuid: "c757a8fe762c4cad9cc6b9564f53f51a" member_type: VOTER last_known_addr { host: "127.24.45.193" port: 45741 } } peers { permanent_uuid: "c374ae83a1c14e92ab303f150574b118" member_type: VOTER last_known_addr { host: "127.24.45.194" port: 40315 } } peers { permanent_uuid: "30add6a623c54c16911516c4efb9529a" member_type: VOTER last_known_addr { host: "127.24.45.195" port: 42009 } }
I20260608 12:47:59.156682 26717 raft_consensus.cc:385] T e71b6b217a234618b7c551c100ca50d8 P c374ae83a1c14e92ab303f150574b118 [term 0 FOLLOWER]: Consensus starting up: Expiring failure detector timer to make a prompt election more likely
I20260608 12:47:59.157104 26717 raft_consensus.cc:740] T e71b6b217a234618b7c551c100ca50d8 P c374ae83a1c14e92ab303f150574b118 [term 0 FOLLOWER]: Becoming Follower/Learner. State: Replica: c374ae83a1c14e92ab303f150574b118, State: Initialized, Role: FOLLOWER
I20260608 12:47:59.157943 26717 consensus_queue.cc:260] T e71b6b217a234618b7c551c100ca50d8 P c374ae83a1c14e92ab303f150574b118 [NON_LEADER]: Queue going to NON_LEADER mode. State: All replicated index: 0, Majority replicated index: 0, Committed index: 0, Last appended: 0.0, Last appended by leader: 0, Current term: 0, Majority size: -1, State: 0, Mode: NON_LEADER, active raft config: opid_index: -1 OBSOLETE_local: false peers { permanent_uuid: "c757a8fe762c4cad9cc6b9564f53f51a" member_type: VOTER last_known_addr { host: "127.24.45.193" port: 45741 } } peers { permanent_uuid: "c374ae83a1c14e92ab303f150574b118" member_type: VOTER last_known_addr { host: "127.24.45.194" port: 40315 } } peers { permanent_uuid: "30add6a623c54c16911516c4efb9529a" member_type: VOTER last_known_addr { host: "127.24.45.195" port: 42009 } }
I20260608 12:47:59.159889 26718 ts_tablet_manager.cc:1434] T 32548f2454e14fe3a5daaa1d5de7accc P c757a8fe762c4cad9cc6b9564f53f51a: Time spent starting tablet: real 0.011s	user 0.009s	sys 0.000s
I20260608 12:47:59.160938 26718 tablet_bootstrap.cc:492] T e71b6b217a234618b7c551c100ca50d8 P c757a8fe762c4cad9cc6b9564f53f51a: Bootstrap starting.
I20260608 12:47:59.161260 26719 tablet_bootstrap.cc:492] T e71b6b217a234618b7c551c100ca50d8 P 30add6a623c54c16911516c4efb9529a: No bootstrap required, opened a new log
I20260608 12:47:59.161763 26719 ts_tablet_manager.cc:1403] T e71b6b217a234618b7c551c100ca50d8 P 30add6a623c54c16911516c4efb9529a: Time spent bootstrapping tablet: real 0.013s	user 0.006s	sys 0.006s
I20260608 12:47:59.164958 26719 raft_consensus.cc:359] T e71b6b217a234618b7c551c100ca50d8 P 30add6a623c54c16911516c4efb9529a [term 0 FOLLOWER]: Replica starting. Triggering 0 pending ops. Active config: opid_index: -1 OBSOLETE_local: false peers { permanent_uuid: "c757a8fe762c4cad9cc6b9564f53f51a" member_type: VOTER last_known_addr { host: "127.24.45.193" port: 45741 } } peers { permanent_uuid: "c374ae83a1c14e92ab303f150574b118" member_type: VOTER last_known_addr { host: "127.24.45.194" port: 40315 } } peers { permanent_uuid: "30add6a623c54c16911516c4efb9529a" member_type: VOTER last_known_addr { host: "127.24.45.195" port: 42009 } }
I20260608 12:47:59.165802 26719 raft_consensus.cc:385] T e71b6b217a234618b7c551c100ca50d8 P 30add6a623c54c16911516c4efb9529a [term 0 FOLLOWER]: Consensus starting up: Expiring failure detector timer to make a prompt election more likely
I20260608 12:47:59.166148 26719 raft_consensus.cc:740] T e71b6b217a234618b7c551c100ca50d8 P 30add6a623c54c16911516c4efb9529a [term 0 FOLLOWER]: Becoming Follower/Learner. State: Replica: 30add6a623c54c16911516c4efb9529a, State: Initialized, Role: FOLLOWER
I20260608 12:47:59.166955 26719 consensus_queue.cc:260] T e71b6b217a234618b7c551c100ca50d8 P 30add6a623c54c16911516c4efb9529a [NON_LEADER]: Queue going to NON_LEADER mode. State: All replicated index: 0, Majority replicated index: 0, Committed index: 0, Last appended: 0.0, Last appended by leader: 0, Current term: 0, Majority size: -1, State: 0, Mode: NON_LEADER, active raft config: opid_index: -1 OBSOLETE_local: false peers { permanent_uuid: "c757a8fe762c4cad9cc6b9564f53f51a" member_type: VOTER last_known_addr { host: "127.24.45.193" port: 45741 } } peers { permanent_uuid: "c374ae83a1c14e92ab303f150574b118" member_type: VOTER last_known_addr { host: "127.24.45.194" port: 40315 } } peers { permanent_uuid: "30add6a623c54c16911516c4efb9529a" member_type: VOTER last_known_addr { host: "127.24.45.195" port: 42009 } }
I20260608 12:47:59.168219 26718 tablet_bootstrap.cc:654] T e71b6b217a234618b7c551c100ca50d8 P c757a8fe762c4cad9cc6b9564f53f51a: Neither blocks nor log segments found. Creating new log.
I20260608 12:47:59.181695 26717 ts_tablet_manager.cc:1434] T e71b6b217a234618b7c551c100ca50d8 P c374ae83a1c14e92ab303f150574b118: Time spent starting tablet: real 0.029s	user 0.007s	sys 0.022s
I20260608 12:47:59.182600 26719 ts_tablet_manager.cc:1434] T e71b6b217a234618b7c551c100ca50d8 P 30add6a623c54c16911516c4efb9529a: Time spent starting tablet: real 0.020s	user 0.014s	sys 0.004s
I20260608 12:47:59.182945 26717 tablet_bootstrap.cc:492] T 32548f2454e14fe3a5daaa1d5de7accc P c374ae83a1c14e92ab303f150574b118: Bootstrap starting.
I20260608 12:47:59.183729 26719 tablet_bootstrap.cc:492] T 32548f2454e14fe3a5daaa1d5de7accc P 30add6a623c54c16911516c4efb9529a: Bootstrap starting.
I20260608 12:47:59.188524 26718 tablet_bootstrap.cc:492] T e71b6b217a234618b7c551c100ca50d8 P c757a8fe762c4cad9cc6b9564f53f51a: No bootstrap required, opened a new log
I20260608 12:47:59.189086 26718 ts_tablet_manager.cc:1403] T e71b6b217a234618b7c551c100ca50d8 P c757a8fe762c4cad9cc6b9564f53f51a: Time spent bootstrapping tablet: real 0.028s	user 0.012s	sys 0.009s
I20260608 12:47:59.190553 26717 tablet_bootstrap.cc:654] T 32548f2454e14fe3a5daaa1d5de7accc P c374ae83a1c14e92ab303f150574b118: Neither blocks nor log segments found. Creating new log.
I20260608 12:47:59.190949 26719 tablet_bootstrap.cc:654] T 32548f2454e14fe3a5daaa1d5de7accc P 30add6a623c54c16911516c4efb9529a: Neither blocks nor log segments found. Creating new log.
I20260608 12:47:59.192322 26718 raft_consensus.cc:359] T e71b6b217a234618b7c551c100ca50d8 P c757a8fe762c4cad9cc6b9564f53f51a [term 0 FOLLOWER]: Replica starting. Triggering 0 pending ops. Active config: opid_index: -1 OBSOLETE_local: false peers { permanent_uuid: "c757a8fe762c4cad9cc6b9564f53f51a" member_type: VOTER last_known_addr { host: "127.24.45.193" port: 45741 } } peers { permanent_uuid: "c374ae83a1c14e92ab303f150574b118" member_type: VOTER last_known_addr { host: "127.24.45.194" port: 40315 } } peers { permanent_uuid: "30add6a623c54c16911516c4efb9529a" member_type: VOTER last_known_addr { host: "127.24.45.195" port: 42009 } }
I20260608 12:47:59.193148 26718 raft_consensus.cc:385] T e71b6b217a234618b7c551c100ca50d8 P c757a8fe762c4cad9cc6b9564f53f51a [term 0 FOLLOWER]: Consensus starting up: Expiring failure detector timer to make a prompt election more likely
I20260608 12:47:59.193567 26718 raft_consensus.cc:740] T e71b6b217a234618b7c551c100ca50d8 P c757a8fe762c4cad9cc6b9564f53f51a [term 0 FOLLOWER]: Becoming Follower/Learner. State: Replica: c757a8fe762c4cad9cc6b9564f53f51a, State: Initialized, Role: FOLLOWER
I20260608 12:47:59.194689 26718 consensus_queue.cc:260] T e71b6b217a234618b7c551c100ca50d8 P c757a8fe762c4cad9cc6b9564f53f51a [NON_LEADER]: Queue going to NON_LEADER mode. State: All replicated index: 0, Majority replicated index: 0, Committed index: 0, Last appended: 0.0, Last appended by leader: 0, Current term: 0, Majority size: -1, State: 0, Mode: NON_LEADER, active raft config: opid_index: -1 OBSOLETE_local: false peers { permanent_uuid: "c757a8fe762c4cad9cc6b9564f53f51a" member_type: VOTER last_known_addr { host: "127.24.45.193" port: 45741 } } peers { permanent_uuid: "c374ae83a1c14e92ab303f150574b118" member_type: VOTER last_known_addr { host: "127.24.45.194" port: 40315 } } peers { permanent_uuid: "30add6a623c54c16911516c4efb9529a" member_type: VOTER last_known_addr { host: "127.24.45.195" port: 42009 } }
I20260608 12:47:59.198104 26718 ts_tablet_manager.cc:1434] T e71b6b217a234618b7c551c100ca50d8 P c757a8fe762c4cad9cc6b9564f53f51a: Time spent starting tablet: real 0.009s	user 0.003s	sys 0.004s
I20260608 12:47:59.204070 26717 tablet_bootstrap.cc:492] T 32548f2454e14fe3a5daaa1d5de7accc P c374ae83a1c14e92ab303f150574b118: No bootstrap required, opened a new log
I20260608 12:47:59.204664 26717 ts_tablet_manager.cc:1403] T 32548f2454e14fe3a5daaa1d5de7accc P c374ae83a1c14e92ab303f150574b118: Time spent bootstrapping tablet: real 0.022s	user 0.012s	sys 0.008s
I20260608 12:47:59.207473 26719 tablet_bootstrap.cc:492] T 32548f2454e14fe3a5daaa1d5de7accc P 30add6a623c54c16911516c4efb9529a: No bootstrap required, opened a new log
I20260608 12:47:59.208042 26719 ts_tablet_manager.cc:1403] T 32548f2454e14fe3a5daaa1d5de7accc P 30add6a623c54c16911516c4efb9529a: Time spent bootstrapping tablet: real 0.025s	user 0.014s	sys 0.007s
I20260608 12:47:59.207897 26717 raft_consensus.cc:359] T 32548f2454e14fe3a5daaa1d5de7accc P c374ae83a1c14e92ab303f150574b118 [term 0 FOLLOWER]: Replica starting. Triggering 0 pending ops. Active config: opid_index: -1 OBSOLETE_local: false peers { permanent_uuid: "c757a8fe762c4cad9cc6b9564f53f51a" member_type: VOTER last_known_addr { host: "127.24.45.193" port: 45741 } } peers { permanent_uuid: "c374ae83a1c14e92ab303f150574b118" member_type: VOTER last_known_addr { host: "127.24.45.194" port: 40315 } } peers { permanent_uuid: "30add6a623c54c16911516c4efb9529a" member_type: VOTER last_known_addr { host: "127.24.45.195" port: 42009 } }
I20260608 12:47:59.208689 26717 raft_consensus.cc:385] T 32548f2454e14fe3a5daaa1d5de7accc P c374ae83a1c14e92ab303f150574b118 [term 0 FOLLOWER]: Consensus starting up: Expiring failure detector timer to make a prompt election more likely
I20260608 12:47:59.209056 26717 raft_consensus.cc:740] T 32548f2454e14fe3a5daaa1d5de7accc P c374ae83a1c14e92ab303f150574b118 [term 0 FOLLOWER]: Becoming Follower/Learner. State: Replica: c374ae83a1c14e92ab303f150574b118, State: Initialized, Role: FOLLOWER
I20260608 12:47:59.209882 26717 consensus_queue.cc:260] T 32548f2454e14fe3a5daaa1d5de7accc P c374ae83a1c14e92ab303f150574b118 [NON_LEADER]: Queue going to NON_LEADER mode. State: All replicated index: 0, Majority replicated index: 0, Committed index: 0, Last appended: 0.0, Last appended by leader: 0, Current term: 0, Majority size: -1, State: 0, Mode: NON_LEADER, active raft config: opid_index: -1 OBSOLETE_local: false peers { permanent_uuid: "c757a8fe762c4cad9cc6b9564f53f51a" member_type: VOTER last_known_addr { host: "127.24.45.193" port: 45741 } } peers { permanent_uuid: "c374ae83a1c14e92ab303f150574b118" member_type: VOTER last_known_addr { host: "127.24.45.194" port: 40315 } } peers { permanent_uuid: "30add6a623c54c16911516c4efb9529a" member_type: VOTER last_known_addr { host: "127.24.45.195" port: 42009 } }
I20260608 12:47:59.211239 26719 raft_consensus.cc:359] T 32548f2454e14fe3a5daaa1d5de7accc P 30add6a623c54c16911516c4efb9529a [term 0 FOLLOWER]: Replica starting. Triggering 0 pending ops. Active config: opid_index: -1 OBSOLETE_local: false peers { permanent_uuid: "c757a8fe762c4cad9cc6b9564f53f51a" member_type: VOTER last_known_addr { host: "127.24.45.193" port: 45741 } } peers { permanent_uuid: "c374ae83a1c14e92ab303f150574b118" member_type: VOTER last_known_addr { host: "127.24.45.194" port: 40315 } } peers { permanent_uuid: "30add6a623c54c16911516c4efb9529a" member_type: VOTER last_known_addr { host: "127.24.45.195" port: 42009 } }
I20260608 12:47:59.212013 26719 raft_consensus.cc:385] T 32548f2454e14fe3a5daaa1d5de7accc P 30add6a623c54c16911516c4efb9529a [term 0 FOLLOWER]: Consensus starting up: Expiring failure detector timer to make a prompt election more likely
I20260608 12:47:59.212144 26717 ts_tablet_manager.cc:1434] T 32548f2454e14fe3a5daaa1d5de7accc P c374ae83a1c14e92ab303f150574b118: Time spent starting tablet: real 0.007s	user 0.006s	sys 0.000s
I20260608 12:47:59.212355 26719 raft_consensus.cc:740] T 32548f2454e14fe3a5daaa1d5de7accc P 30add6a623c54c16911516c4efb9529a [term 0 FOLLOWER]: Becoming Follower/Learner. State: Replica: 30add6a623c54c16911516c4efb9529a, State: Initialized, Role: FOLLOWER
I20260608 12:47:59.213197 26719 consensus_queue.cc:260] T 32548f2454e14fe3a5daaa1d5de7accc P 30add6a623c54c16911516c4efb9529a [NON_LEADER]: Queue going to NON_LEADER mode. State: All replicated index: 0, Majority replicated index: 0, Committed index: 0, Last appended: 0.0, Last appended by leader: 0, Current term: 0, Majority size: -1, State: 0, Mode: NON_LEADER, active raft config: opid_index: -1 OBSOLETE_local: false peers { permanent_uuid: "c757a8fe762c4cad9cc6b9564f53f51a" member_type: VOTER last_known_addr { host: "127.24.45.193" port: 45741 } } peers { permanent_uuid: "c374ae83a1c14e92ab303f150574b118" member_type: VOTER last_known_addr { host: "127.24.45.194" port: 40315 } } peers { permanent_uuid: "30add6a623c54c16911516c4efb9529a" member_type: VOTER last_known_addr { host: "127.24.45.195" port: 42009 } }
I20260608 12:47:59.214833 26719 ts_tablet_manager.cc:1434] T 32548f2454e14fe3a5daaa1d5de7accc P 30add6a623c54c16911516c4efb9529a: Time spent starting tablet: real 0.006s	user 0.004s	sys 0.000s
I20260608 12:47:59.261626 26725 raft_consensus.cc:493] T 32548f2454e14fe3a5daaa1d5de7accc P 30add6a623c54c16911516c4efb9529a [term 0 FOLLOWER]: Starting pre-election (no leader contacted us within the election timeout)
I20260608 12:47:59.262056 26725 raft_consensus.cc:515] T 32548f2454e14fe3a5daaa1d5de7accc P 30add6a623c54c16911516c4efb9529a [term 0 FOLLOWER]: Starting pre-election with config: opid_index: -1 OBSOLETE_local: false peers { permanent_uuid: "c757a8fe762c4cad9cc6b9564f53f51a" member_type: VOTER last_known_addr { host: "127.24.45.193" port: 45741 } } peers { permanent_uuid: "c374ae83a1c14e92ab303f150574b118" member_type: VOTER last_known_addr { host: "127.24.45.194" port: 40315 } } peers { permanent_uuid: "30add6a623c54c16911516c4efb9529a" member_type: VOTER last_known_addr { host: "127.24.45.195" port: 42009 } }
I20260608 12:47:59.264273 26725 leader_election.cc:290] T 32548f2454e14fe3a5daaa1d5de7accc P 30add6a623c54c16911516c4efb9529a [CANDIDATE]: Term 1 pre-election: Requested pre-vote from peers c757a8fe762c4cad9cc6b9564f53f51a (127.24.45.193:45741), c374ae83a1c14e92ab303f150574b118 (127.24.45.194:40315)
I20260608 12:47:59.271595 26725 raft_consensus.cc:493] T e71b6b217a234618b7c551c100ca50d8 P 30add6a623c54c16911516c4efb9529a [term 0 FOLLOWER]: Starting pre-election (no leader contacted us within the election timeout)
I20260608 12:47:59.272095 26725 raft_consensus.cc:515] T e71b6b217a234618b7c551c100ca50d8 P 30add6a623c54c16911516c4efb9529a [term 0 FOLLOWER]: Starting pre-election with config: opid_index: -1 OBSOLETE_local: false peers { permanent_uuid: "c757a8fe762c4cad9cc6b9564f53f51a" member_type: VOTER last_known_addr { host: "127.24.45.193" port: 45741 } } peers { permanent_uuid: "c374ae83a1c14e92ab303f150574b118" member_type: VOTER last_known_addr { host: "127.24.45.194" port: 40315 } } peers { permanent_uuid: "30add6a623c54c16911516c4efb9529a" member_type: VOTER last_known_addr { host: "127.24.45.195" port: 42009 } }
I20260608 12:47:59.274375 26725 leader_election.cc:290] T e71b6b217a234618b7c551c100ca50d8 P 30add6a623c54c16911516c4efb9529a [CANDIDATE]: Term 1 pre-election: Requested pre-vote from peers c757a8fe762c4cad9cc6b9564f53f51a (127.24.45.193:45741), c374ae83a1c14e92ab303f150574b118 (127.24.45.194:40315)
I20260608 12:47:59.277120 26523 tablet_service.cc:1917] Received RequestConsensusVote() RPC: tablet_id: "32548f2454e14fe3a5daaa1d5de7accc" candidate_uuid: "30add6a623c54c16911516c4efb9529a" candidate_term: 1 candidate_status { last_received { term: 0 index: 0 } } ignore_live_leader: false dest_uuid: "c757a8fe762c4cad9cc6b9564f53f51a" is_pre_election: true
I20260608 12:47:59.277346 26598 tablet_service.cc:1917] Received RequestConsensusVote() RPC: tablet_id: "32548f2454e14fe3a5daaa1d5de7accc" candidate_uuid: "30add6a623c54c16911516c4efb9529a" candidate_term: 1 candidate_status { last_received { term: 0 index: 0 } } ignore_live_leader: false dest_uuid: "c374ae83a1c14e92ab303f150574b118" is_pre_election: true
I20260608 12:47:59.277552 26522 tablet_service.cc:1917] Received RequestConsensusVote() RPC: tablet_id: "e71b6b217a234618b7c551c100ca50d8" candidate_uuid: "30add6a623c54c16911516c4efb9529a" candidate_term: 1 candidate_status { last_received { term: 0 index: 0 } } ignore_live_leader: false dest_uuid: "c757a8fe762c4cad9cc6b9564f53f51a" is_pre_election: true
I20260608 12:47:59.277771 26597 tablet_service.cc:1917] Received RequestConsensusVote() RPC: tablet_id: "e71b6b217a234618b7c551c100ca50d8" candidate_uuid: "30add6a623c54c16911516c4efb9529a" candidate_term: 1 candidate_status { last_received { term: 0 index: 0 } } ignore_live_leader: false dest_uuid: "c374ae83a1c14e92ab303f150574b118" is_pre_election: true
I20260608 12:47:59.278016 26523 raft_consensus.cc:2468] T 32548f2454e14fe3a5daaa1d5de7accc P c757a8fe762c4cad9cc6b9564f53f51a [term 0 FOLLOWER]: Leader pre-election vote request: Granting yes vote for candidate 30add6a623c54c16911516c4efb9529a in term 0.
I20260608 12:47:59.278110 26598 raft_consensus.cc:2468] T 32548f2454e14fe3a5daaa1d5de7accc P c374ae83a1c14e92ab303f150574b118 [term 0 FOLLOWER]: Leader pre-election vote request: Granting yes vote for candidate 30add6a623c54c16911516c4efb9529a in term 0.
I20260608 12:47:59.278420 26522 raft_consensus.cc:2468] T e71b6b217a234618b7c551c100ca50d8 P c757a8fe762c4cad9cc6b9564f53f51a [term 0 FOLLOWER]: Leader pre-election vote request: Granting yes vote for candidate 30add6a623c54c16911516c4efb9529a in term 0.
I20260608 12:47:59.278481 26597 raft_consensus.cc:2468] T e71b6b217a234618b7c551c100ca50d8 P c374ae83a1c14e92ab303f150574b118 [term 0 FOLLOWER]: Leader pre-election vote request: Granting yes vote for candidate 30add6a623c54c16911516c4efb9529a in term 0.
I20260608 12:47:59.279748 26637 leader_election.cc:304] T 32548f2454e14fe3a5daaa1d5de7accc P 30add6a623c54c16911516c4efb9529a [CANDIDATE]: Term 1 pre-election: Election decided. Result: candidate won. Election summary: received 2 responses out of 3 voters: 2 yes votes; 0 no votes. yes voters: 30add6a623c54c16911516c4efb9529a, c757a8fe762c4cad9cc6b9564f53f51a; no voters: 
I20260608 12:47:59.280455 26725 raft_consensus.cc:2804] T 32548f2454e14fe3a5daaa1d5de7accc P 30add6a623c54c16911516c4efb9529a [term 0 FOLLOWER]: Leader pre-election won for term 1
I20260608 12:47:59.280668 26638 leader_election.cc:304] T e71b6b217a234618b7c551c100ca50d8 P 30add6a623c54c16911516c4efb9529a [CANDIDATE]: Term 1 pre-election: Election decided. Result: candidate won. Election summary: received 2 responses out of 3 voters: 2 yes votes; 0 no votes. yes voters: 30add6a623c54c16911516c4efb9529a, c374ae83a1c14e92ab303f150574b118; no voters: 
I20260608 12:47:59.280845 26725 raft_consensus.cc:493] T 32548f2454e14fe3a5daaa1d5de7accc P 30add6a623c54c16911516c4efb9529a [term 0 FOLLOWER]: Starting leader election (no leader contacted us within the election timeout)
I20260608 12:47:59.281293 26725 raft_consensus.cc:3060] T 32548f2454e14fe3a5daaa1d5de7accc P 30add6a623c54c16911516c4efb9529a [term 0 FOLLOWER]: Advancing to term 1
I20260608 12:47:59.282728 26731 raft_consensus.cc:2804] T e71b6b217a234618b7c551c100ca50d8 P 30add6a623c54c16911516c4efb9529a [term 0 FOLLOWER]: Leader pre-election won for term 1
I20260608 12:47:59.283121 26731 raft_consensus.cc:493] T e71b6b217a234618b7c551c100ca50d8 P 30add6a623c54c16911516c4efb9529a [term 0 FOLLOWER]: Starting leader election (no leader contacted us within the election timeout)
I20260608 12:47:59.283456 26731 raft_consensus.cc:3060] T e71b6b217a234618b7c551c100ca50d8 P 30add6a623c54c16911516c4efb9529a [term 0 FOLLOWER]: Advancing to term 1
I20260608 12:47:59.286881 26725 raft_consensus.cc:515] T 32548f2454e14fe3a5daaa1d5de7accc P 30add6a623c54c16911516c4efb9529a [term 1 FOLLOWER]: Starting leader election with config: opid_index: -1 OBSOLETE_local: false peers { permanent_uuid: "c757a8fe762c4cad9cc6b9564f53f51a" member_type: VOTER last_known_addr { host: "127.24.45.193" port: 45741 } } peers { permanent_uuid: "c374ae83a1c14e92ab303f150574b118" member_type: VOTER last_known_addr { host: "127.24.45.194" port: 40315 } } peers { permanent_uuid: "30add6a623c54c16911516c4efb9529a" member_type: VOTER last_known_addr { host: "127.24.45.195" port: 42009 } }
I20260608 12:47:59.288727 26725 leader_election.cc:290] T 32548f2454e14fe3a5daaa1d5de7accc P 30add6a623c54c16911516c4efb9529a [CANDIDATE]: Term 1 election: Requested vote from peers c757a8fe762c4cad9cc6b9564f53f51a (127.24.45.193:45741), c374ae83a1c14e92ab303f150574b118 (127.24.45.194:40315)
I20260608 12:47:59.288455 26731 raft_consensus.cc:515] T e71b6b217a234618b7c551c100ca50d8 P 30add6a623c54c16911516c4efb9529a [term 1 FOLLOWER]: Starting leader election with config: opid_index: -1 OBSOLETE_local: false peers { permanent_uuid: "c757a8fe762c4cad9cc6b9564f53f51a" member_type: VOTER last_known_addr { host: "127.24.45.193" port: 45741 } } peers { permanent_uuid: "c374ae83a1c14e92ab303f150574b118" member_type: VOTER last_known_addr { host: "127.24.45.194" port: 40315 } } peers { permanent_uuid: "30add6a623c54c16911516c4efb9529a" member_type: VOTER last_known_addr { host: "127.24.45.195" port: 42009 } }
I20260608 12:47:59.289497 26522 tablet_service.cc:1917] Received RequestConsensusVote() RPC: tablet_id: "32548f2454e14fe3a5daaa1d5de7accc" candidate_uuid: "30add6a623c54c16911516c4efb9529a" candidate_term: 1 candidate_status { last_received { term: 0 index: 0 } } ignore_live_leader: false dest_uuid: "c757a8fe762c4cad9cc6b9564f53f51a"
I20260608 12:47:59.290083 26522 raft_consensus.cc:3060] T 32548f2454e14fe3a5daaa1d5de7accc P c757a8fe762c4cad9cc6b9564f53f51a [term 0 FOLLOWER]: Advancing to term 1
I20260608 12:47:59.290098 26597 tablet_service.cc:1917] Received RequestConsensusVote() RPC: tablet_id: "32548f2454e14fe3a5daaa1d5de7accc" candidate_uuid: "30add6a623c54c16911516c4efb9529a" candidate_term: 1 candidate_status { last_received { term: 0 index: 0 } } ignore_live_leader: false dest_uuid: "c374ae83a1c14e92ab303f150574b118"
I20260608 12:47:59.290729 26731 leader_election.cc:290] T e71b6b217a234618b7c551c100ca50d8 P 30add6a623c54c16911516c4efb9529a [CANDIDATE]: Term 1 election: Requested vote from peers c757a8fe762c4cad9cc6b9564f53f51a (127.24.45.193:45741), c374ae83a1c14e92ab303f150574b118 (127.24.45.194:40315)
I20260608 12:47:59.290923 26597 raft_consensus.cc:3060] T 32548f2454e14fe3a5daaa1d5de7accc P c374ae83a1c14e92ab303f150574b118 [term 0 FOLLOWER]: Advancing to term 1
I20260608 12:47:59.291620 26523 tablet_service.cc:1917] Received RequestConsensusVote() RPC: tablet_id: "e71b6b217a234618b7c551c100ca50d8" candidate_uuid: "30add6a623c54c16911516c4efb9529a" candidate_term: 1 candidate_status { last_received { term: 0 index: 0 } } ignore_live_leader: false dest_uuid: "c757a8fe762c4cad9cc6b9564f53f51a"
I20260608 12:47:59.292213 26523 raft_consensus.cc:3060] T e71b6b217a234618b7c551c100ca50d8 P c757a8fe762c4cad9cc6b9564f53f51a [term 0 FOLLOWER]: Advancing to term 1
I20260608 12:47:59.292513 26598 tablet_service.cc:1917] Received RequestConsensusVote() RPC: tablet_id: "e71b6b217a234618b7c551c100ca50d8" candidate_uuid: "30add6a623c54c16911516c4efb9529a" candidate_term: 1 candidate_status { last_received { term: 0 index: 0 } } ignore_live_leader: false dest_uuid: "c374ae83a1c14e92ab303f150574b118"
I20260608 12:47:59.293011 26598 raft_consensus.cc:3060] T e71b6b217a234618b7c551c100ca50d8 P c374ae83a1c14e92ab303f150574b118 [term 0 FOLLOWER]: Advancing to term 1
I20260608 12:47:59.297384 26522 raft_consensus.cc:2468] T 32548f2454e14fe3a5daaa1d5de7accc P c757a8fe762c4cad9cc6b9564f53f51a [term 1 FOLLOWER]: Leader election vote request: Granting yes vote for candidate 30add6a623c54c16911516c4efb9529a in term 1.
I20260608 12:47:59.298931 26598 raft_consensus.cc:2468] T e71b6b217a234618b7c551c100ca50d8 P c374ae83a1c14e92ab303f150574b118 [term 1 FOLLOWER]: Leader election vote request: Granting yes vote for candidate 30add6a623c54c16911516c4efb9529a in term 1.
I20260608 12:47:59.299664 26637 leader_election.cc:304] T 32548f2454e14fe3a5daaa1d5de7accc P 30add6a623c54c16911516c4efb9529a [CANDIDATE]: Term 1 election: Election decided. Result: candidate won. Election summary: received 2 responses out of 3 voters: 2 yes votes; 0 no votes. yes voters: 30add6a623c54c16911516c4efb9529a, c757a8fe762c4cad9cc6b9564f53f51a; no voters: 
I20260608 12:47:59.300101 26638 leader_election.cc:304] T e71b6b217a234618b7c551c100ca50d8 P 30add6a623c54c16911516c4efb9529a [CANDIDATE]: Term 1 election: Election decided. Result: candidate won. Election summary: received 2 responses out of 3 voters: 2 yes votes; 0 no votes. yes voters: 30add6a623c54c16911516c4efb9529a, c374ae83a1c14e92ab303f150574b118; no voters: 
I20260608 12:47:59.299252 26523 raft_consensus.cc:2468] T e71b6b217a234618b7c551c100ca50d8 P c757a8fe762c4cad9cc6b9564f53f51a [term 1 FOLLOWER]: Leader election vote request: Granting yes vote for candidate 30add6a623c54c16911516c4efb9529a in term 1.
I20260608 12:47:59.300500 26731 raft_consensus.cc:2804] T 32548f2454e14fe3a5daaa1d5de7accc P 30add6a623c54c16911516c4efb9529a [term 1 FOLLOWER]: Leader election won for term 1
I20260608 12:47:59.300987 26725 raft_consensus.cc:2804] T e71b6b217a234618b7c551c100ca50d8 P 30add6a623c54c16911516c4efb9529a [term 1 FOLLOWER]: Leader election won for term 1
I20260608 12:47:59.301882 26597 raft_consensus.cc:2468] T 32548f2454e14fe3a5daaa1d5de7accc P c374ae83a1c14e92ab303f150574b118 [term 1 FOLLOWER]: Leader election vote request: Granting yes vote for candidate 30add6a623c54c16911516c4efb9529a in term 1.
I20260608 12:47:59.303004 26725 raft_consensus.cc:697] T e71b6b217a234618b7c551c100ca50d8 P 30add6a623c54c16911516c4efb9529a [term 1 LEADER]: Becoming Leader. State: Replica: 30add6a623c54c16911516c4efb9529a, State: Running, Role: LEADER
I20260608 12:47:59.303606 26731 raft_consensus.cc:697] T 32548f2454e14fe3a5daaa1d5de7accc P 30add6a623c54c16911516c4efb9529a [term 1 LEADER]: Becoming Leader. State: Replica: 30add6a623c54c16911516c4efb9529a, State: Running, Role: LEADER
I20260608 12:47:59.304263 26725 consensus_queue.cc:237] T e71b6b217a234618b7c551c100ca50d8 P 30add6a623c54c16911516c4efb9529a [LEADER]: Queue going to LEADER mode. State: All replicated index: 0, Majority replicated index: 0, Committed index: 0, Last appended: 0.0, Last appended by leader: 0, Current term: 1, Majority size: 2, State: 0, Mode: LEADER, active raft config: opid_index: -1 OBSOLETE_local: false peers { permanent_uuid: "c757a8fe762c4cad9cc6b9564f53f51a" member_type: VOTER last_known_addr { host: "127.24.45.193" port: 45741 } } peers { permanent_uuid: "c374ae83a1c14e92ab303f150574b118" member_type: VOTER last_known_addr { host: "127.24.45.194" port: 40315 } } peers { permanent_uuid: "30add6a623c54c16911516c4efb9529a" member_type: VOTER last_known_addr { host: "127.24.45.195" port: 42009 } }
I20260608 12:47:59.304556 26731 consensus_queue.cc:237] T 32548f2454e14fe3a5daaa1d5de7accc P 30add6a623c54c16911516c4efb9529a [LEADER]: Queue going to LEADER mode. State: All replicated index: 0, Majority replicated index: 0, Committed index: 0, Last appended: 0.0, Last appended by leader: 0, Current term: 1, Majority size: 2, State: 0, Mode: LEADER, active raft config: opid_index: -1 OBSOLETE_local: false peers { permanent_uuid: "c757a8fe762c4cad9cc6b9564f53f51a" member_type: VOTER last_known_addr { host: "127.24.45.193" port: 45741 } } peers { permanent_uuid: "c374ae83a1c14e92ab303f150574b118" member_type: VOTER last_known_addr { host: "127.24.45.194" port: 40315 } } peers { permanent_uuid: "30add6a623c54c16911516c4efb9529a" member_type: VOTER last_known_addr { host: "127.24.45.195" port: 42009 } }
