I20260608 12:48:13.036235 26876 consensus_queue.cc:237] T 6922c6120bd241ab82c30d9cb731dda7 P e5eeff29cb3e4659ae8decd24c685e81 [LEADER]: Queue going to LEADER mode. State: All replicated index: 0, Majority replicated index: 2, Committed index: 2, Last appended: 2.2, Last appended by leader: 1, Current term: 2, Majority size: 2, State: 0, Mode: LEADER, active raft config: opid_index: 3 OBSOLETE_local: false peers { permanent_uuid: "e5eeff29cb3e4659ae8decd24c685e81" member_type: VOTER last_known_addr { host: "127.24.117.129" port: 36549 } } peers { permanent_uuid: "9cff46df26234730bba9dc69776396cd" member_type: VOTER last_known_addr { host: "127.24.117.130" port: 34411 } attrs { replace: true } } peers { permanent_uuid: "a42b64034a05405ea049a23e2f3fc36c" member_type: VOTER last_known_addr { host: "127.24.117.131" port: 34149 } } peers { permanent_uuid: "47e2f097441540fd9313ef4291330079" member_type: NON_VOTER last_known_addr { host: "127.24.117.132" port: 37293 } attrs { promote: true } }
I20260608 12:48:13.044157 27025 raft_consensus.cc:1275] T 6922c6120bd241ab82c30d9cb731dda7 P a42b64034a05405ea049a23e2f3fc36c [term 2 FOLLOWER]: Refusing update from remote peer e5eeff29cb3e4659ae8decd24c685e81: Log matching property violated. Preceding OpId in replica: term: 2 index: 2. Preceding OpId from leader: term: 2 index: 3. (index mismatch)
I20260608 12:48:13.044893 26951 raft_consensus.cc:1275] T 6922c6120bd241ab82c30d9cb731dda7 P 9cff46df26234730bba9dc69776396cd [term 2 FOLLOWER]: Refusing update from remote peer e5eeff29cb3e4659ae8decd24c685e81: Log matching property violated. Preceding OpId in replica: term: 2 index: 2. Preceding OpId from leader: term: 2 index: 3. (index mismatch)
I20260608 12:48:13.046392 27199 consensus_queue.cc:1048] T 6922c6120bd241ab82c30d9cb731dda7 P e5eeff29cb3e4659ae8decd24c685e81 [LEADER]: Connected to new peer: Peer: permanent_uuid: "a42b64034a05405ea049a23e2f3fc36c" member_type: VOTER last_known_addr { host: "127.24.117.131" port: 34149 }, Status: LMP_MISMATCH, Last received: 0.0, Next index: 3, Last known committed idx: 2, Time since last communication: 0.001s
I20260608 12:48:13.047726 27116 consensus_queue.cc:1048] T 6922c6120bd241ab82c30d9cb731dda7 P e5eeff29cb3e4659ae8decd24c685e81 [LEADER]: Connected to new peer: Peer: permanent_uuid: "9cff46df26234730bba9dc69776396cd" member_type: VOTER last_known_addr { host: "127.24.117.130" port: 34411 } attrs { replace: true }, Status: LMP_MISMATCH, Last received: 0.0, Next index: 3, Last known committed idx: 2, Time since last communication: 0.001s
I20260608 12:48:13.057835 27116 raft_consensus.cc:2955] T 6922c6120bd241ab82c30d9cb731dda7 P e5eeff29cb3e4659ae8decd24c685e81 [term 2 LEADER]: Committing config change with OpId 2.3: config changed from index -1 to 3, NON_VOTER 47e2f097441540fd9313ef4291330079 (127.24.117.132) added. New config: { opid_index: 3 OBSOLETE_local: false peers { permanent_uuid: "e5eeff29cb3e4659ae8decd24c685e81" member_type: VOTER last_known_addr { host: "127.24.117.129" port: 36549 } } peers { permanent_uuid: "9cff46df26234730bba9dc69776396cd" member_type: VOTER last_known_addr { host: "127.24.117.130" port: 34411 } attrs { replace: true } } peers { permanent_uuid: "a42b64034a05405ea049a23e2f3fc36c" member_type: VOTER last_known_addr { host: "127.24.117.131" port: 34149 } } peers { permanent_uuid: "47e2f097441540fd9313ef4291330079" member_type: NON_VOTER last_known_addr { host: "127.24.117.132" port: 37293 } attrs { promote: true } } }
I20260608 12:48:13.059706 26951 raft_consensus.cc:2955] T 6922c6120bd241ab82c30d9cb731dda7 P 9cff46df26234730bba9dc69776396cd [term 2 FOLLOWER]: Committing config change with OpId 2.3: config changed from index -1 to 3, NON_VOTER 47e2f097441540fd9313ef4291330079 (127.24.117.132) added. New config: { opid_index: 3 OBSOLETE_local: false peers { permanent_uuid: "e5eeff29cb3e4659ae8decd24c685e81" member_type: VOTER last_known_addr { host: "127.24.117.129" port: 36549 } } peers { permanent_uuid: "9cff46df26234730bba9dc69776396cd" member_type: VOTER last_known_addr { host: "127.24.117.130" port: 34411 } attrs { replace: true } } peers { permanent_uuid: "a42b64034a05405ea049a23e2f3fc36c" member_type: VOTER last_known_addr { host: "127.24.117.131" port: 34149 } } peers { permanent_uuid: "47e2f097441540fd9313ef4291330079" member_type: NON_VOTER last_known_addr { host: "127.24.117.132" port: 37293 } attrs { promote: true } } }
I20260608 12:48:13.060966 27025 raft_consensus.cc:2955] T 6922c6120bd241ab82c30d9cb731dda7 P a42b64034a05405ea049a23e2f3fc36c [term 2 FOLLOWER]: Committing config change with OpId 2.3: config changed from index -1 to 3, NON_VOTER 47e2f097441540fd9313ef4291330079 (127.24.117.132) added. New config: { opid_index: 3 OBSOLETE_local: false peers { permanent_uuid: "e5eeff29cb3e4659ae8decd24c685e81" member_type: VOTER last_known_addr { host: "127.24.117.129" port: 36549 } } peers { permanent_uuid: "9cff46df26234730bba9dc69776396cd" member_type: VOTER last_known_addr { host: "127.24.117.130" port: 34411 } attrs { replace: true } } peers { permanent_uuid: "a42b64034a05405ea049a23e2f3fc36c" member_type: VOTER last_known_addr { host: "127.24.117.131" port: 34149 } } peers { permanent_uuid: "47e2f097441540fd9313ef4291330079" member_type: NON_VOTER last_known_addr { host: "127.24.117.132" port: 37293 } attrs { promote: true } } }
W20260608 12:48:13.064597 26841 consensus_peers.cc:597] T 6922c6120bd241ab82c30d9cb731dda7 P e5eeff29cb3e4659ae8decd24c685e81 -> Peer 47e2f097441540fd9313ef4291330079 (127.24.117.132:37293): Couldn't send request to peer 47e2f097441540fd9313ef4291330079. Error code: TABLET_NOT_FOUND (6). Status: Not found: Tablet not found: 6922c6120bd241ab82c30d9cb731dda7. This is attempt 1: this message will repeat every 5th retry.
I20260608 12:48:13.073027 26773 catalog_manager.cc:5696] T 6922c6120bd241ab82c30d9cb731dda7 P 9cff46df26234730bba9dc69776396cd reported cstate change: config changed from index -1 to 3, NON_VOTER 47e2f097441540fd9313ef4291330079 (127.24.117.132) added. New cstate: current_term: 2 leader_uuid: "e5eeff29cb3e4659ae8decd24c685e81" committed_config { opid_index: 3 OBSOLETE_local: false peers { permanent_uuid: "e5eeff29cb3e4659ae8decd24c685e81" member_type: VOTER last_known_addr { host: "127.24.117.129" port: 36549 } } peers { permanent_uuid: "9cff46df26234730bba9dc69776396cd" member_type: VOTER last_known_addr { host: "127.24.117.130" port: 34411 } attrs { replace: true } } peers { permanent_uuid: "a42b64034a05405ea049a23e2f3fc36c" member_type: VOTER last_known_addr { host: "127.24.117.131" port: 34149 } } peers { permanent_uuid: "47e2f097441540fd9313ef4291330079" member_type: NON_VOTER last_known_addr { host: "127.24.117.132" port: 37293 } attrs { promote: true } } }
I20260608 12:48:13.202468 27192 heartbeater.cc:499] Master 127.24.117.190:43543 was elected leader, sending a full tablet report...
I20260608 12:48:13.503527 27210 ts_tablet_manager.cc:933] T 6922c6120bd241ab82c30d9cb731dda7 P 47e2f097441540fd9313ef4291330079: Initiating tablet copy from peer e5eeff29cb3e4659ae8decd24c685e81 (127.24.117.129:36549)
I20260608 12:48:13.505473 27210 tablet_copy_client.cc:323] T 6922c6120bd241ab82c30d9cb731dda7 P 47e2f097441540fd9313ef4291330079: tablet copy: Beginning tablet copy session from remote peer at address 127.24.117.129:36549
I20260608 12:48:13.517668 26886 tablet_copy_service.cc:140] P e5eeff29cb3e4659ae8decd24c685e81: Received BeginTabletCopySession request for tablet 6922c6120bd241ab82c30d9cb731dda7 from peer 47e2f097441540fd9313ef4291330079 ({username='slave'} at 127.0.0.1:46892)
I20260608 12:48:13.518185 26886 tablet_copy_service.cc:161] P e5eeff29cb3e4659ae8decd24c685e81: Beginning new tablet copy session on tablet 6922c6120bd241ab82c30d9cb731dda7 from peer 47e2f097441540fd9313ef4291330079 at {username='slave'} at 127.0.0.1:46892: session id = 47e2f097441540fd9313ef4291330079-6922c6120bd241ab82c30d9cb731dda7
I20260608 12:48:13.524480 26886 tablet_copy_source_session.cc:215] T 6922c6120bd241ab82c30d9cb731dda7 P e5eeff29cb3e4659ae8decd24c685e81: Tablet Copy: opened 0 blocks and 1 log segments
I20260608 12:48:13.527462 27210 data_dirs.cc:400] Could only allocate 1 dirs of requested 3 for tablet 6922c6120bd241ab82c30d9cb731dda7. 1 dirs total, 0 dirs full, 0 dirs failed
I20260608 12:48:13.542806 27210 tablet_copy_client.cc:806] T 6922c6120bd241ab82c30d9cb731dda7 P 47e2f097441540fd9313ef4291330079: tablet copy: Starting download of 0 data blocks...
I20260608 12:48:13.543507 27210 tablet_copy_client.cc:670] T 6922c6120bd241ab82c30d9cb731dda7 P 47e2f097441540fd9313ef4291330079: tablet copy: Starting download of 1 WAL segments...
I20260608 12:48:13.546979 27210 tablet_copy_client.cc:538] T 6922c6120bd241ab82c30d9cb731dda7 P 47e2f097441540fd9313ef4291330079: tablet copy: Tablet Copy complete. Replacing tablet superblock.
I20260608 12:48:13.552960 27210 tablet_bootstrap.cc:492] T 6922c6120bd241ab82c30d9cb731dda7 P 47e2f097441540fd9313ef4291330079: Bootstrap starting.
I20260608 12:48:13.570588 27210 tablet_bootstrap.cc:492] T 6922c6120bd241ab82c30d9cb731dda7 P 47e2f097441540fd9313ef4291330079: Bootstrap replayed 1/1 log segments. Stats: ops{read=3 overwritten=0 applied=3 ignored=0} inserts{seen=0 ignored=0} mutations{seen=0 ignored=0} orphaned_commits=0. Pending: 0 replicates
I20260608 12:48:13.571269 27210 tablet_bootstrap.cc:492] T 6922c6120bd241ab82c30d9cb731dda7 P 47e2f097441540fd9313ef4291330079: Bootstrap complete.
I20260608 12:48:13.571799 27210 ts_tablet_manager.cc:1403] T 6922c6120bd241ab82c30d9cb731dda7 P 47e2f097441540fd9313ef4291330079: Time spent bootstrapping tablet: real 0.019s	user 0.011s	sys 0.004s
I20260608 12:48:13.574064 27210 raft_consensus.cc:359] T 6922c6120bd241ab82c30d9cb731dda7 P 47e2f097441540fd9313ef4291330079 [term 2 LEARNER]: Replica starting. Triggering 0 pending ops. Active config: opid_index: 3 OBSOLETE_local: false peers { permanent_uuid: "e5eeff29cb3e4659ae8decd24c685e81" member_type: VOTER last_known_addr { host: "127.24.117.129" port: 36549 } } peers { permanent_uuid: "9cff46df26234730bba9dc69776396cd" member_type: VOTER last_known_addr { host: "127.24.117.130" port: 34411 } attrs { replace: true } } peers { permanent_uuid: "a42b64034a05405ea049a23e2f3fc36c" member_type: VOTER last_known_addr { host: "127.24.117.131" port: 34149 } } peers { permanent_uuid: "47e2f097441540fd9313ef4291330079" member_type: NON_VOTER last_known_addr { host: "127.24.117.132" port: 37293 } attrs { promote: true } }
I20260608 12:48:13.574656 27210 raft_consensus.cc:740] T 6922c6120bd241ab82c30d9cb731dda7 P 47e2f097441540fd9313ef4291330079 [term 2 LEARNER]: Becoming Follower/Learner. State: Replica: 47e2f097441540fd9313ef4291330079, State: Initialized, Role: LEARNER
I20260608 12:48:13.575173 27210 consensus_queue.cc:260] T 6922c6120bd241ab82c30d9cb731dda7 P 47e2f097441540fd9313ef4291330079 [NON_LEADER]: Queue going to NON_LEADER mode. State: All replicated index: 0, Majority replicated index: 0, Committed index: 3, Last appended: 2.3, Last appended by leader: 3, Current term: 0, Majority size: -1, State: 0, Mode: NON_LEADER, active raft config: opid_index: 3 OBSOLETE_local: false peers { permanent_uuid: "e5eeff29cb3e4659ae8decd24c685e81" member_type: VOTER last_known_addr { host: "127.24.117.129" port: 36549 } } peers { permanent_uuid: "9cff46df26234730bba9dc69776396cd" member_type: VOTER last_known_addr { host: "127.24.117.130" port: 34411 } attrs { replace: true } } peers { permanent_uuid: "a42b64034a05405ea049a23e2f3fc36c" member_type: VOTER last_known_addr { host: "127.24.117.131" port: 34149 } } peers { permanent_uuid: "47e2f097441540fd9313ef4291330079" member_type: NON_VOTER last_known_addr { host: "127.24.117.132" port: 37293 } attrs { promote: true } }
I20260608 12:48:13.577643 27210 ts_tablet_manager.cc:1434] T 6922c6120bd241ab82c30d9cb731dda7 P 47e2f097441540fd9313ef4291330079: Time spent starting tablet: real 0.006s	user 0.004s	sys 0.004s
I20260608 12:48:13.579634 26886 tablet_copy_service.cc:342] P e5eeff29cb3e4659ae8decd24c685e81: Request end of tablet copy session 47e2f097441540fd9313ef4291330079-6922c6120bd241ab82c30d9cb731dda7 received from {username='slave'} at 127.0.0.1:46892
I20260608 12:48:13.580092 26886 tablet_copy_service.cc:434] P e5eeff29cb3e4659ae8decd24c685e81: ending tablet copy session 47e2f097441540fd9313ef4291330079-6922c6120bd241ab82c30d9cb731dda7 on tablet 6922c6120bd241ab82c30d9cb731dda7 with peer 47e2f097441540fd9313ef4291330079
I20260608 12:48:13.924208 27167 raft_consensus.cc:1217] T 6922c6120bd241ab82c30d9cb731dda7 P 47e2f097441540fd9313ef4291330079 [term 2 LEARNER]: Deduplicated request from leader. Original: 2.2->[2.3-2.3]   Dedup: 2.3->[]
I20260608 12:48:13.995119 26827 auto_leader_rebalancer.cc:140] leader rebalance for table test-workload
I20260608 12:48:13.998142 26827 auto_leader_rebalancer.cc:388] table: test-workload, leader rebalance finish, leader transfer count: 0
I20260608 12:48:13.998597 26827 auto_leader_rebalancer.cc:451] All tables' leader rebalancing finished this round
I20260608 12:48:14.301272 27216 raft_consensus.cc:1064] T 6922c6120bd241ab82c30d9cb731dda7 P e5eeff29cb3e4659ae8decd24c685e81: attempting to promote NON_VOTER 47e2f097441540fd9313ef4291330079 to VOTER
I20260608 12:48:14.303210 27216 consensus_queue.cc:237] T 6922c6120bd241ab82c30d9cb731dda7 P e5eeff29cb3e4659ae8decd24c685e81 [LEADER]: Queue going to LEADER mode. State: All replicated index: 0, Majority replicated index: 3, Committed index: 3, Last appended: 2.3, Last appended by leader: 1, Current term: 2, Majority size: 3, State: 0, Mode: LEADER, active raft config: opid_index: 4 OBSOLETE_local: false peers { permanent_uuid: "e5eeff29cb3e4659ae8decd24c685e81" member_type: VOTER last_known_addr { host: "127.24.117.129" port: 36549 } } peers { permanent_uuid: "9cff46df26234730bba9dc69776396cd" member_type: VOTER last_known_addr { host: "127.24.117.130" port: 34411 } attrs { replace: true } } peers { permanent_uuid: "a42b64034a05405ea049a23e2f3fc36c" member_type: VOTER last_known_addr { host: "127.24.117.131" port: 34149 } } peers { permanent_uuid: "47e2f097441540fd9313ef4291330079" member_type: VOTER last_known_addr { host: "127.24.117.132" port: 37293 } attrs { promote: false } }
I20260608 12:48:14.309516 27167 raft_consensus.cc:1275] T 6922c6120bd241ab82c30d9cb731dda7 P 47e2f097441540fd9313ef4291330079 [term 2 LEARNER]: Refusing update from remote peer e5eeff29cb3e4659ae8decd24c685e81: Log matching property violated. Preceding OpId in replica: term: 2 index: 3. Preceding OpId from leader: term: 2 index: 4. (index mismatch)
I20260608 12:48:14.310211 26951 raft_consensus.cc:1275] T 6922c6120bd241ab82c30d9cb731dda7 P 9cff46df26234730bba9dc69776396cd [term 2 FOLLOWER]: Refusing update from remote peer e5eeff29cb3e4659ae8decd24c685e81: Log matching property violated. Preceding OpId in replica: term: 2 index: 3. Preceding OpId from leader: term: 2 index: 4. (index mismatch)
I20260608 12:48:14.310211 27025 raft_consensus.cc:1275] T 6922c6120bd241ab82c30d9cb731dda7 P a42b64034a05405ea049a23e2f3fc36c [term 2 FOLLOWER]: Refusing update from remote peer e5eeff29cb3e4659ae8decd24c685e81: Log matching property violated. Preceding OpId in replica: term: 2 index: 3. Preceding OpId from leader: term: 2 index: 4. (index mismatch)
I20260608 12:48:14.311167 27216 consensus_queue.cc:1048] T 6922c6120bd241ab82c30d9cb731dda7 P e5eeff29cb3e4659ae8decd24c685e81 [LEADER]: Connected to new peer: Peer: permanent_uuid: "47e2f097441540fd9313ef4291330079" member_type: VOTER last_known_addr { host: "127.24.117.132" port: 37293 } attrs { promote: false }, Status: LMP_MISMATCH, Last received: 0.0, Next index: 4, Last known committed idx: 3, Time since last communication: 0.000s
I20260608 12:48:14.312172 27215 consensus_queue.cc:1048] T 6922c6120bd241ab82c30d9cb731dda7 P e5eeff29cb3e4659ae8decd24c685e81 [LEADER]: Connected to new peer: Peer: permanent_uuid: "9cff46df26234730bba9dc69776396cd" member_type: VOTER last_known_addr { host: "127.24.117.130" port: 34411 } attrs { replace: true }, Status: LMP_MISMATCH, Last received: 0.0, Next index: 4, Last known committed idx: 3, Time since last communication: 0.000s
I20260608 12:48:14.312933 27116 consensus_queue.cc:1048] T 6922c6120bd241ab82c30d9cb731dda7 P e5eeff29cb3e4659ae8decd24c685e81 [LEADER]: Connected to new peer: Peer: permanent_uuid: "a42b64034a05405ea049a23e2f3fc36c" member_type: VOTER last_known_addr { host: "127.24.117.131" port: 34149 }, Status: LMP_MISMATCH, Last received: 0.0, Next index: 4, Last known committed idx: 3, Time since last communication: 0.000s
I20260608 12:48:14.332098 27215 raft_consensus.cc:2955] T 6922c6120bd241ab82c30d9cb731dda7 P e5eeff29cb3e4659ae8decd24c685e81 [term 2 LEADER]: Committing config change with OpId 2.4: config changed from index 3 to 4, 47e2f097441540fd9313ef4291330079 (127.24.117.132) changed from NON_VOTER to VOTER. New config: { opid_index: 4 OBSOLETE_local: false peers { permanent_uuid: "e5eeff29cb3e4659ae8decd24c685e81" member_type: VOTER last_known_addr { host: "127.24.117.129" port: 36549 } } peers { permanent_uuid: "9cff46df26234730bba9dc69776396cd" member_type: VOTER last_known_addr { host: "127.24.117.130" port: 34411 } attrs { replace: true } } peers { permanent_uuid: "a42b64034a05405ea049a23e2f3fc36c" member_type: VOTER last_known_addr { host: "127.24.117.131" port: 34149 } } peers { permanent_uuid: "47e2f097441540fd9313ef4291330079" member_type: VOTER last_known_addr { host: "127.24.117.132" port: 37293 } attrs { promote: false } } }
I20260608 12:48:14.334362 27025 raft_consensus.cc:2955] T 6922c6120bd241ab82c30d9cb731dda7 P a42b64034a05405ea049a23e2f3fc36c [term 2 FOLLOWER]: Committing config change with OpId 2.4: config changed from index 3 to 4, 47e2f097441540fd9313ef4291330079 (127.24.117.132) changed from NON_VOTER to VOTER. New config: { opid_index: 4 OBSOLETE_local: false peers { permanent_uuid: "e5eeff29cb3e4659ae8decd24c685e81" member_type: VOTER last_known_addr { host: "127.24.117.129" port: 36549 } } peers { permanent_uuid: "9cff46df26234730bba9dc69776396cd" member_type: VOTER last_known_addr { host: "127.24.117.130" port: 34411 } attrs { replace: true } } peers { permanent_uuid: "a42b64034a05405ea049a23e2f3fc36c" member_type: VOTER last_known_addr { host: "127.24.117.131" port: 34149 } } peers { permanent_uuid: "47e2f097441540fd9313ef4291330079" member_type: VOTER last_known_addr { host: "127.24.117.132" port: 37293 } attrs { promote: false } } }
I20260608 12:48:14.335044 26951 raft_consensus.cc:2955] T 6922c6120bd241ab82c30d9cb731dda7 P 9cff46df26234730bba9dc69776396cd [term 2 FOLLOWER]: Committing config change with OpId 2.4: config changed from index 3 to 4, 47e2f097441540fd9313ef4291330079 (127.24.117.132) changed from NON_VOTER to VOTER. New config: { opid_index: 4 OBSOLETE_local: false peers { permanent_uuid: "e5eeff29cb3e4659ae8decd24c685e81" member_type: VOTER last_known_addr { host: "127.24.117.129" port: 36549 } } peers { permanent_uuid: "9cff46df26234730bba9dc69776396cd" member_type: VOTER last_known_addr { host: "127.24.117.130" port: 34411 } attrs { replace: true } } peers { permanent_uuid: "a42b64034a05405ea049a23e2f3fc36c" member_type: VOTER last_known_addr { host: "127.24.117.131" port: 34149 } } peers { permanent_uuid: "47e2f097441540fd9313ef4291330079" member_type: VOTER last_known_addr { host: "127.24.117.132" port: 37293 } attrs { promote: false } } }
I20260608 12:48:14.346040 27167 raft_consensus.cc:2955] T 6922c6120bd241ab82c30d9cb731dda7 P 47e2f097441540fd9313ef4291330079 [term 2 FOLLOWER]: Committing config change with OpId 2.4: config changed from index 3 to 4, 47e2f097441540fd9313ef4291330079 (127.24.117.132) changed from NON_VOTER to VOTER. New config: { opid_index: 4 OBSOLETE_local: false peers { permanent_uuid: "e5eeff29cb3e4659ae8decd24c685e81" member_type: VOTER last_known_addr { host: "127.24.117.129" port: 36549 } } peers { permanent_uuid: "9cff46df26234730bba9dc69776396cd" member_type: VOTER last_known_addr { host: "127.24.117.130" port: 34411 } attrs { replace: true } } peers { permanent_uuid: "a42b64034a05405ea049a23e2f3fc36c" member_type: VOTER last_known_addr { host: "127.24.117.131" port: 34149 } } peers { permanent_uuid: "47e2f097441540fd9313ef4291330079" member_type: VOTER last_known_addr { host: "127.24.117.132" port: 37293 } attrs { promote: false } } }
I20260608 12:48:14.348796 26772 catalog_manager.cc:5696] T 6922c6120bd241ab82c30d9cb731dda7 P 9cff46df26234730bba9dc69776396cd reported cstate change: config changed from index 3 to 4, 47e2f097441540fd9313ef4291330079 (127.24.117.132) changed from NON_VOTER to VOTER. New cstate: current_term: 2 leader_uuid: "e5eeff29cb3e4659ae8decd24c685e81" committed_config { opid_index: 4 OBSOLETE_local: false peers { permanent_uuid: "e5eeff29cb3e4659ae8decd24c685e81" member_type: VOTER last_known_addr { host: "127.24.117.129" port: 36549 } } peers { permanent_uuid: "9cff46df26234730bba9dc69776396cd" member_type: VOTER last_known_addr { host: "127.24.117.130" port: 34411 } attrs { replace: true } } peers { permanent_uuid: "a42b64034a05405ea049a23e2f3fc36c" member_type: VOTER last_known_addr { host: "127.24.117.131" port: 34149 } } peers { permanent_uuid: "47e2f097441540fd9313ef4291330079" member_type: VOTER last_known_addr { host: "127.24.117.132" port: 37293 } attrs { promote: false } } }
I20260608 12:48:14.370867 26876 consensus_queue.cc:237] T 6922c6120bd241ab82c30d9cb731dda7 P e5eeff29cb3e4659ae8decd24c685e81 [LEADER]: Queue going to LEADER mode. State: All replicated index: 0, Majority replicated index: 4, Committed index: 4, Last appended: 2.4, Last appended by leader: 1, Current term: 2, Majority size: 2, State: 0, Mode: LEADER, active raft config: opid_index: 5 OBSOLETE_local: false peers { permanent_uuid: "e5eeff29cb3e4659ae8decd24c685e81" member_type: VOTER last_known_addr { host: "127.24.117.129" port: 36549 } } peers { permanent_uuid: "a42b64034a05405ea049a23e2f3fc36c" member_type: VOTER last_known_addr { host: "127.24.117.131" port: 34149 } } peers { permanent_uuid: "47e2f097441540fd9313ef4291330079" member_type: VOTER last_known_addr { host: "127.24.117.132" port: 37293 } attrs { promote: false } }
I20260608 12:48:14.375735 27167 raft_consensus.cc:1275] T 6922c6120bd241ab82c30d9cb731dda7 P 47e2f097441540fd9313ef4291330079 [term 2 FOLLOWER]: Refusing update from remote peer e5eeff29cb3e4659ae8decd24c685e81: Log matching property violated. Preceding OpId in replica: term: 2 index: 4. Preceding OpId from leader: term: 2 index: 5. (index mismatch)
I20260608 12:48:14.377560 27025 raft_consensus.cc:1275] T 6922c6120bd241ab82c30d9cb731dda7 P a42b64034a05405ea049a23e2f3fc36c [term 2 FOLLOWER]: Refusing update from remote peer e5eeff29cb3e4659ae8decd24c685e81: Log matching property violated. Preceding OpId in replica: term: 2 index: 4. Preceding OpId from leader: term: 2 index: 5. (index mismatch)
I20260608 12:48:14.378970 27215 consensus_queue.cc:1048] T 6922c6120bd241ab82c30d9cb731dda7 P e5eeff29cb3e4659ae8decd24c685e81 [LEADER]: Connected to new peer: Peer: permanent_uuid: "a42b64034a05405ea049a23e2f3fc36c" member_type: VOTER last_known_addr { host: "127.24.117.131" port: 34149 }, Status: LMP_MISMATCH, Last received: 0.0, Next index: 5, Last known committed idx: 4, Time since last communication: 0.000s
I20260608 12:48:14.379913 27216 consensus_queue.cc:1048] T 6922c6120bd241ab82c30d9cb731dda7 P e5eeff29cb3e4659ae8decd24c685e81 [LEADER]: Connected to new peer: Peer: permanent_uuid: "47e2f097441540fd9313ef4291330079" member_type: VOTER last_known_addr { host: "127.24.117.132" port: 37293 } attrs { promote: false }, Status: LMP_MISMATCH, Last received: 0.0, Next index: 5, Last known committed idx: 4, Time since last communication: 0.000s
I20260608 12:48:14.392537 27025 raft_consensus.cc:2955] T 6922c6120bd241ab82c30d9cb731dda7 P a42b64034a05405ea049a23e2f3fc36c [term 2 FOLLOWER]: Committing config change with OpId 2.5: config changed from index 4 to 5, VOTER 9cff46df26234730bba9dc69776396cd (127.24.117.130) evicted. New config: { opid_index: 5 OBSOLETE_local: false peers { permanent_uuid: "e5eeff29cb3e4659ae8decd24c685e81" member_type: VOTER last_known_addr { host: "127.24.117.129" port: 36549 } } peers { permanent_uuid: "a42b64034a05405ea049a23e2f3fc36c" member_type: VOTER last_known_addr { host: "127.24.117.131" port: 34149 } } peers { permanent_uuid: "47e2f097441540fd9313ef4291330079" member_type: VOTER last_known_addr { host: "127.24.117.132" port: 37293 } attrs { promote: false } } }
I20260608 12:48:14.392779 27216 raft_consensus.cc:2955] T 6922c6120bd241ab82c30d9cb731dda7 P e5eeff29cb3e4659ae8decd24c685e81 [term 2 LEADER]: Committing config change with OpId 2.5: config changed from index 4 to 5, VOTER 9cff46df26234730bba9dc69776396cd (127.24.117.130) evicted. New config: { opid_index: 5 OBSOLETE_local: false peers { permanent_uuid: "e5eeff29cb3e4659ae8decd24c685e81" member_type: VOTER last_known_addr { host: "127.24.117.129" port: 36549 } } peers { permanent_uuid: "a42b64034a05405ea049a23e2f3fc36c" member_type: VOTER last_known_addr { host: "127.24.117.131" port: 34149 } } peers { permanent_uuid: "47e2f097441540fd9313ef4291330079" member_type: VOTER last_known_addr { host: "127.24.117.132" port: 37293 } attrs { promote: false } } }
I20260608 12:48:14.393071 27167 raft_consensus.cc:2955] T 6922c6120bd241ab82c30d9cb731dda7 P 47e2f097441540fd9313ef4291330079 [term 2 FOLLOWER]: Committing config change with OpId 2.5: config changed from index 4 to 5, VOTER 9cff46df26234730bba9dc69776396cd (127.24.117.130) evicted. New config: { opid_index: 5 OBSOLETE_local: false peers { permanent_uuid: "e5eeff29cb3e4659ae8decd24c685e81" member_type: VOTER last_known_addr { host: "127.24.117.129" port: 36549 } } peers { permanent_uuid: "a42b64034a05405ea049a23e2f3fc36c" member_type: VOTER last_known_addr { host: "127.24.117.131" port: 34149 } } peers { permanent_uuid: "47e2f097441540fd9313ef4291330079" member_type: VOTER last_known_addr { host: "127.24.117.132" port: 37293 } attrs { promote: false } } }
I20260608 12:48:14.407734 26761 catalog_manager.cc:5209] ChangeConfig:REMOVE_PEER RPC for tablet 6922c6120bd241ab82c30d9cb731dda7 with cas_config_opid_index 4: ChangeConfig:REMOVE_PEER succeeded (attempt 1)
I20260608 12:48:14.408581 26773 catalog_manager.cc:5696] T 6922c6120bd241ab82c30d9cb731dda7 P a42b64034a05405ea049a23e2f3fc36c reported cstate change: config changed from index 4 to 5, VOTER 9cff46df26234730bba9dc69776396cd (127.24.117.130) evicted. New cstate: current_term: 2 leader_uuid: "e5eeff29cb3e4659ae8decd24c685e81" committed_config { opid_index: 5 OBSOLETE_local: false peers { permanent_uuid: "e5eeff29cb3e4659ae8decd24c685e81" member_type: VOTER last_known_addr { host: "127.24.117.129" port: 36549 } } peers { permanent_uuid: "a42b64034a05405ea049a23e2f3fc36c" member_type: VOTER last_known_addr { host: "127.24.117.131" port: 34149 } } peers { permanent_uuid: "47e2f097441540fd9313ef4291330079" member_type: VOTER last_known_addr { host: "127.24.117.132" port: 37293 } attrs { promote: false } } }
I20260608 12:48:14.421716 26941 tablet_service.cc:1558] Processing DeleteTablet for tablet 6922c6120bd241ab82c30d9cb731dda7 with delete_type TABLET_DATA_TOMBSTONED (TS 9cff46df26234730bba9dc69776396cd not found in new config with opid_index 5) from {username='slave'} at 127.0.0.1:59846
I20260608 12:48:14.426966 27226 tablet_replica.cc:333] T 6922c6120bd241ab82c30d9cb731dda7 P 9cff46df26234730bba9dc69776396cd: stopping tablet replica
I20260608 12:48:14.427837 27226 raft_consensus.cc:2243] T 6922c6120bd241ab82c30d9cb731dda7 P 9cff46df26234730bba9dc69776396cd [term 2 FOLLOWER]: Raft consensus shutting down.
I20260608 12:48:14.428539 27226 raft_consensus.cc:2272] T 6922c6120bd241ab82c30d9cb731dda7 P 9cff46df26234730bba9dc69776396cd [term 2 FOLLOWER]: Raft consensus is shut down!
I20260608 12:48:14.431321 27226 ts_tablet_manager.cc:1916] T 6922c6120bd241ab82c30d9cb731dda7 P 9cff46df26234730bba9dc69776396cd: Deleting tablet data with delete state TABLET_DATA_TOMBSTONED
I20260608 12:48:14.442130 27226 ts_tablet_manager.cc:1929] T 6922c6120bd241ab82c30d9cb731dda7 P 9cff46df26234730bba9dc69776396cd: tablet deleted with delete type TABLET_DATA_TOMBSTONED: last-logged OpId 2.4
I20260608 12:48:14.442448 27226 log.cc:1199] T 6922c6120bd241ab82c30d9cb731dda7 P 9cff46df26234730bba9dc69776396cd: Deleting WAL directory at /tmp/dist-test-taskZh69D9/test-tmp/auto_rebalancer-test.0.AutoRebalancerTest.MovesScheduledIfAddTserver.1780922851690009-25046-0/minicluster-data/ts-1-root/wals/6922c6120bd241ab82c30d9cb731dda7
I20260608 12:48:14.444020 26759 catalog_manager.cc:5027] TS 9cff46df26234730bba9dc69776396cd (127.24.117.130:34411): tablet 6922c6120bd241ab82c30d9cb731dda7 (table test-workload [id=e2ff15276b0e411e8a1277e49c07d1bf]) successfully deleted
I20260608 12:48:15.999524 26827 auto_leader_rebalancer.cc:140] leader rebalance for table test-workload
I20260608 12:48:16.001569 26827 auto_leader_rebalancer.cc:388] table: test-workload, leader rebalance finish, leader transfer count: 0
I20260608 12:48:16.001885 26827 auto_leader_rebalancer.cc:451] All tables' leader rebalancing finished this round
I20260608 12:48:18.003001 26827 auto_leader_rebalancer.cc:140] leader rebalance for table test-workload
I20260608 12:48:18.005388 26827 auto_leader_rebalancer.cc:388] table: test-workload, leader rebalance finish, leader transfer count: 0
I20260608 12:48:18.005776 26827 auto_leader_rebalancer.cc:451] All tables' leader rebalancing finished this round
I20260608 12:48:20.006946 26827 auto_leader_rebalancer.cc:140] leader rebalance for table test-workload
I20260608 12:48:20.009393 26827 auto_leader_rebalancer.cc:388] table: test-workload, leader rebalance finish, leader transfer count: 0
I20260608 12:48:20.009799 26827 auto_leader_rebalancer.cc:451] All tables' leader rebalancing finished this round
I20260608 12:48:22.010778 26827 auto_leader_rebalancer.cc:140] leader rebalance for table test-workload
I20260608 12:48:22.012939 26827 auto_leader_rebalancer.cc:388] table: test-workload, leader rebalance finish, leader transfer count: 0
I20260608 12:48:22.013290 26827 auto_leader_rebalancer.cc:451] All tables' leader rebalancing finished this round
I20260608 12:48:24.014428 26827 auto_leader_rebalancer.cc:140] leader rebalance for table test-workload
I20260608 12:48:24.016803 26827 auto_leader_rebalancer.cc:388] table: test-workload, leader rebalance finish, leader transfer count: 0
I20260608 12:48:24.017180 26827 auto_leader_rebalancer.cc:451] All tables' leader rebalancing finished this round
I20260608 12:48:26.018148 26827 auto_leader_rebalancer.cc:140] leader rebalance for table test-workload
I20260608 12:48:26.020435 26827 auto_leader_rebalancer.cc:388] table: test-workload, leader rebalance finish, leader transfer count: 0
I20260608 12:48:26.020828 26827 auto_leader_rebalancer.cc:451] All tables' leader rebalancing finished this round
I20260608 12:48:26.792689 25046 tablet_server.cc:179] TabletServer@127.24.117.129:0 shutting down...
I20260608 12:48:26.817060 25046 ts_tablet_manager.cc:1507] Shutting down tablet manager...
I20260608 12:48:26.817817 25046 tablet_replica.cc:333] T e101698a369a4734b48d633b83518e2e P e5eeff29cb3e4659ae8decd24c685e81: stopping tablet replica
I20260608 12:48:26.818426 25046 raft_consensus.cc:2243] T e101698a369a4734b48d633b83518e2e P e5eeff29cb3e4659ae8decd24c685e81 [term 1 FOLLOWER]: Raft consensus shutting down.
I20260608 12:48:26.818992 25046 raft_consensus.cc:2272] T e101698a369a4734b48d633b83518e2e P e5eeff29cb3e4659ae8decd24c685e81 [term 1 FOLLOWER]: Raft consensus is shut down!
I20260608 12:48:26.821360 25046 tablet_replica.cc:333] T 6922c6120bd241ab82c30d9cb731dda7 P e5eeff29cb3e4659ae8decd24c685e81: stopping tablet replica
I20260608 12:48:26.821854 25046 raft_consensus.cc:2243] T 6922c6120bd241ab82c30d9cb731dda7 P e5eeff29cb3e4659ae8decd24c685e81 [term 2 LEADER]: Raft consensus shutting down.
I20260608 12:48:26.822710 25046 raft_consensus.cc:2272] T 6922c6120bd241ab82c30d9cb731dda7 P e5eeff29cb3e4659ae8decd24c685e81 [term 2 FOLLOWER]: Raft consensus is shut down!
I20260608 12:48:26.845398 25046 tablet_server.cc:196] TabletServer@127.24.117.129:0 shutdown complete.
I20260608 12:48:26.857986 25046 tablet_server.cc:179] TabletServer@127.24.117.130:0 shutting down...
I20260608 12:48:26.879395 25046 ts_tablet_manager.cc:1507] Shutting down tablet manager...
I20260608 12:48:26.880093 25046 tablet_replica.cc:333] T e101698a369a4734b48d633b83518e2e P 9cff46df26234730bba9dc69776396cd: stopping tablet replica
I20260608 12:48:26.880609 25046 raft_consensus.cc:2243] T e101698a369a4734b48d633b83518e2e P 9cff46df26234730bba9dc69776396cd [term 1 LEADER]: Raft consensus shutting down.
I20260608 12:48:26.881517 25046 raft_consensus.cc:2272] T e101698a369a4734b48d633b83518e2e P 9cff46df26234730bba9dc69776396cd [term 1 FOLLOWER]: Raft consensus is shut down!
I20260608 12:48:26.902716 25046 tablet_server.cc:196] TabletServer@127.24.117.130:0 shutdown complete.
I20260608 12:48:26.914434 25046 tablet_server.cc:179] TabletServer@127.24.117.131:0 shutting down...
I20260608 12:48:26.935917 25046 ts_tablet_manager.cc:1507] Shutting down tablet manager...
I20260608 12:48:26.936689 25046 tablet_replica.cc:333] T 6922c6120bd241ab82c30d9cb731dda7 P a42b64034a05405ea049a23e2f3fc36c: stopping tablet replica
I20260608 12:48:26.937268 25046 raft_consensus.cc:2243] T 6922c6120bd241ab82c30d9cb731dda7 P a42b64034a05405ea049a23e2f3fc36c [term 2 FOLLOWER]: Raft consensus shutting down.
I20260608 12:48:26.937944 25046 raft_consensus.cc:2272] T 6922c6120bd241ab82c30d9cb731dda7 P a42b64034a05405ea049a23e2f3fc36c [term 2 FOLLOWER]: Raft consensus is shut down!
I20260608 12:48:26.940011 25046 tablet_replica.cc:333] T e101698a369a4734b48d633b83518e2e P a42b64034a05405ea049a23e2f3fc36c: stopping tablet replica
I20260608 12:48:26.940480 25046 raft_consensus.cc:2243] T e101698a369a4734b48d633b83518e2e P a42b64034a05405ea049a23e2f3fc36c [term 1 FOLLOWER]: Raft consensus shutting down.
I20260608 12:48:26.940876 25046 raft_consensus.cc:2272] T e101698a369a4734b48d633b83518e2e P a42b64034a05405ea049a23e2f3fc36c [term 1 FOLLOWER]: Raft consensus is shut down!
I20260608 12:48:26.961134 25046 tablet_server.cc:196] TabletServer@127.24.117.131:0 shutdown complete.
I20260608 12:48:26.972553 25046 tablet_server.cc:179] TabletServer@127.24.117.132:0 shutting down...
I20260608 12:48:26.993075 25046 ts_tablet_manager.cc:1507] Shutting down tablet manager...
I20260608 12:48:26.993760 25046 tablet_replica.cc:333] T 6922c6120bd241ab82c30d9cb731dda7 P 47e2f097441540fd9313ef4291330079: stopping tablet replica
I20260608 12:48:26.994251 25046 raft_consensus.cc:2243] T 6922c6120bd241ab82c30d9cb731dda7 P 47e2f097441540fd9313ef4291330079 [term 2 FOLLOWER]: Raft consensus shutting down.
I20260608 12:48:26.994884 25046 raft_consensus.cc:2272] T 6922c6120bd241ab82c30d9cb731dda7 P 47e2f097441540fd9313ef4291330079 [term 2 FOLLOWER]: Raft consensus is shut down!
I20260608 12:48:27.013262 25046 tablet_server.cc:196] TabletServer@127.24.117.132:0 shutdown complete.
I20260608 12:48:27.022950 25046 master.cc:562] Master@127.24.117.190:43543 shutting down...
I20260608 12:48:27.038878 25046 raft_consensus.cc:2243] T 00000000000000000000000000000000 P f190cac0524341beb23af1a73aaef5f5 [term 1 LEADER]: Raft consensus shutting down.
I20260608 12:48:27.039465 25046 raft_consensus.cc:2272] T 00000000000000000000000000000000 P f190cac0524341beb23af1a73aaef5f5 [term 1 FOLLOWER]: Raft consensus is shut down!
I20260608 12:48:27.039767 25046 tablet_replica.cc:333] T 00000000000000000000000000000000 P f190cac0524341beb23af1a73aaef5f5: stopping tablet replica
I20260608 12:48:27.058200 25046 master.cc:584] Master@127.24.117.190:43543 shutdown complete.
[       OK ] AutoRebalancerTest.MovesScheduledIfAddTserver (29283 ms)
[ RUN      ] AutoRebalancerTest.NoReplicaMovesIfNoTservers
I20260608 12:48:27.093878 25046 internal_mini_cluster.cc:156] Creating distributed mini masters. Addrs: 127.24.117.190:37121
I20260608 12:48:27.095069 25046 file_cache.cc:492] Constructed file cache file cache with capacity 419430
W20260608 12:48:27.100771 27232 instance_detector.cc:116] could not retrieve AWS instance metadata: Network error: curl error: HTTP response code said error: The requested URL returned error: 404
W20260608 12:48:27.100946 27233 instance_detector.cc:116] could not retrieve Azure instance metadata: Network error: curl error: HTTP response code said error: The requested URL returned error: 404
W20260608 12:48:27.101521 27235 instance_detector.cc:116] could not retrieve OpenStack instance metadata: Network error: curl error: HTTP response code said error: The requested URL returned error: 404
I20260608 12:48:27.102999 25046 server_base.cc:1061] running on GCE node
I20260608 12:48:27.103899 25046 hybrid_clock.cc:584] initializing the hybrid clock with 'system_unsync' time source
W20260608 12:48:27.104111 25046 system_unsync_time.cc:38] NTP support is disabled. Clock error bounds will not be accurate. This configuration is not suitable for distributed clusters.
I20260608 12:48:27.104262 25046 hybrid_clock.cc:648] HybridClock initialized: now 1780922907104245 us; error 0 us; skew 500 ppm
I20260608 12:48:27.104861 25046 server_base.cc:861] Flag tcmalloc_max_total_thread_cache_bytes is not working since tcmalloc is not enabled.
I20260608 12:48:27.107230 25046 webserver.cc:533] Webserver started at http://127.24.117.190:44561/ using document root <none> and password file <none>
I20260608 12:48:27.107740 25046 fs_manager.cc:362] Metadata directory not provided
I20260608 12:48:27.107928 25046 fs_manager.cc:368] Using write-ahead log directory (fs_wal_dir) as metadata directory
I20260608 12:48:27.108180 25046 server_base.cc:909] This appears to be a new deployment of Kudu; creating new FS layout
I20260608 12:48:27.109355 25046 fs_manager.cc:1068] Generated new instance metadata in path /tmp/dist-test-taskZh69D9/test-tmp/auto_rebalancer-test.0.AutoRebalancerTest.NoReplicaMovesIfNoTservers.1780922851690009-25046-0/minicluster-data/master-0-root/instance:
uuid: "613ca81f79e3405b9a4069f79373c697"
format_stamp: "Formatted at 2026-06-08 12:48:27 on dist-test-slave-bvz8"
I20260608 12:48:27.113920 25046 fs_manager.cc:696] Time spent creating directory manager: real 0.004s	user 0.005s	sys 0.000s
I20260608 12:48:27.117307 27240 log_block_manager.cc:4031] Time spent loading block containers with low live blocks: real 0.000s	user 0.000s	sys 0.000s
I20260608 12:48:27.117992 25046 fs_manager.cc:730] Time spent opening block manager: real 0.002s	user 0.000s	sys 0.003s
I20260608 12:48:27.118255 25046 fs_manager.cc:647] Opened local filesystem: /tmp/dist-test-taskZh69D9/test-tmp/auto_rebalancer-test.0.AutoRebalancerTest.NoReplicaMovesIfNoTservers.1780922851690009-25046-0/minicluster-data/master-0-root
uuid: "613ca81f79e3405b9a4069f79373c697"
format_stamp: "Formatted at 2026-06-08 12:48:27 on dist-test-slave-bvz8"
I20260608 12:48:27.118525 25046 fs_report.cc:389] FS layout report
--------------------
wal directory: /tmp/dist-test-taskZh69D9/test-tmp/auto_rebalancer-test.0.AutoRebalancerTest.NoReplicaMovesIfNoTservers.1780922851690009-25046-0/minicluster-data/master-0-root
metadata directory: /tmp/dist-test-taskZh69D9/test-tmp/auto_rebalancer-test.0.AutoRebalancerTest.NoReplicaMovesIfNoTservers.1780922851690009-25046-0/minicluster-data/master-0-root
1 data directories: /tmp/dist-test-taskZh69D9/test-tmp/auto_rebalancer-test.0.AutoRebalancerTest.NoReplicaMovesIfNoTservers.1780922851690009-25046-0/minicluster-data/master-0-root/data
Total live blocks: 0
Total live bytes: 0
Total live bytes (after alignment): 0
Total number of LBM containers: 0 (0 full)
Did not check for missing blocks
Did not check for orphaned blocks
Total full LBM containers with extra space: 0 (0 repaired)
Total full LBM container extra space in bytes: 0 (0 repaired)
Total incomplete LBM containers: 0 (0 repaired)
Total LBM partial records: 0 (0 repaired)
Total corrupted LBM metadata records in RocksDB: 0 (0 repaired)
I20260608 12:48:27.133013 25046 rpc_server.cc:225] running with OpenSSL 1.1.1  11 Sep 2018
I20260608 12:48:27.134276 25046 kserver.cc:163] Server-wide thread pool size limit: 3276
I20260608 12:48:27.171327 25046 rpc_server.cc:307] RPC server started. Bound to: 127.24.117.190:37121
I20260608 12:48:27.171458 27291 acceptor_pool.cc:272] collecting diagnostics on the listening RPC socket 127.24.117.190:37121 every 8 connection(s)
I20260608 12:48:27.175450 27292 data_dirs.cc:400] Could only allocate 1 dirs of requested 3 for tablet 00000000000000000000000000000000. 1 dirs total, 0 dirs full, 0 dirs failed
I20260608 12:48:27.185413 27292 tablet_bootstrap.cc:492] T 00000000000000000000000000000000 P 613ca81f79e3405b9a4069f79373c697: Bootstrap starting.
I20260608 12:48:27.190200 27292 tablet_bootstrap.cc:654] T 00000000000000000000000000000000 P 613ca81f79e3405b9a4069f79373c697: Neither blocks nor log segments found. Creating new log.
I20260608 12:48:27.194303 27292 tablet_bootstrap.cc:492] T 00000000000000000000000000000000 P 613ca81f79e3405b9a4069f79373c697: No bootstrap required, opened a new log
I20260608 12:48:27.196507 27292 raft_consensus.cc:359] T 00000000000000000000000000000000 P 613ca81f79e3405b9a4069f79373c697 [term 0 FOLLOWER]: Replica starting. Triggering 0 pending ops. Active config: opid_index: -1 OBSOLETE_local: true peers { permanent_uuid: "613ca81f79e3405b9a4069f79373c697" member_type: VOTER }
I20260608 12:48:27.196914 27292 raft_consensus.cc:385] T 00000000000000000000000000000000 P 613ca81f79e3405b9a4069f79373c697 [term 0 FOLLOWER]: Consensus starting up: Expiring failure detector timer to make a prompt election more likely
I20260608 12:48:27.197094 27292 raft_consensus.cc:740] T 00000000000000000000000000000000 P 613ca81f79e3405b9a4069f79373c697 [term 0 FOLLOWER]: Becoming Follower/Learner. State: Replica: 613ca81f79e3405b9a4069f79373c697, State: Initialized, Role: FOLLOWER
I20260608 12:48:27.197662 27292 consensus_queue.cc:260] T 00000000000000000000000000000000 P 613ca81f79e3405b9a4069f79373c697 [NON_LEADER]: Queue going to NON_LEADER mode. State: All replicated index: 0, Majority replicated index: 0, Committed index: 0, Last appended: 0.0, Last appended by leader: 0, Current term: 0, Majority size: -1, State: 0, Mode: NON_LEADER, active raft config: opid_index: -1 OBSOLETE_local: true peers { permanent_uuid: "613ca81f79e3405b9a4069f79373c697" member_type: VOTER }
I20260608 12:48:27.198082 27292 raft_consensus.cc:399] T 00000000000000000000000000000000 P 613ca81f79e3405b9a4069f79373c697 [term 0 FOLLOWER]: Only one voter in the Raft config. Triggering election immediately
I20260608 12:48:27.198271 27292 raft_consensus.cc:493] T 00000000000000000000000000000000 P 613ca81f79e3405b9a4069f79373c697 [term 0 FOLLOWER]: Starting leader election (initial election of a single-replica configuration)
I20260608 12:48:27.198489 27292 raft_consensus.cc:3060] T 00000000000000000000000000000000 P 613ca81f79e3405b9a4069f79373c697 [term 0 FOLLOWER]: Advancing to term 1
I20260608 12:48:27.202669 27292 raft_consensus.cc:515] T 00000000000000000000000000000000 P 613ca81f79e3405b9a4069f79373c697 [term 1 FOLLOWER]: Starting leader election with config: opid_index: -1 OBSOLETE_local: true peers { permanent_uuid: "613ca81f79e3405b9a4069f79373c697" member_type: VOTER }
I20260608 12:48:27.203148 27292 leader_election.cc:304] T 00000000000000000000000000000000 P 613ca81f79e3405b9a4069f79373c697 [CANDIDATE]: Term 1 election: Election decided. Result: candidate won. Election summary: received 1 responses out of 1 voters: 1 yes votes; 0 no votes. yes voters: 613ca81f79e3405b9a4069f79373c697; no voters: 
I20260608 12:48:27.204250 27292 leader_election.cc:290] T 00000000000000000000000000000000 P 613ca81f79e3405b9a4069f79373c697 [CANDIDATE]: Term 1 election: Requested vote from peers 
I20260608 12:48:27.204648 27295 raft_consensus.cc:2804] T 00000000000000000000000000000000 P 613ca81f79e3405b9a4069f79373c697 [term 1 FOLLOWER]: Leader election won for term 1
I20260608 12:48:27.205904 27295 raft_consensus.cc:697] T 00000000000000000000000000000000 P 613ca81f79e3405b9a4069f79373c697 [term 1 LEADER]: Becoming Leader. State: Replica: 613ca81f79e3405b9a4069f79373c697, State: Running, Role: LEADER
I20260608 12:48:27.206614 27295 consensus_queue.cc:237] T 00000000000000000000000000000000 P 613ca81f79e3405b9a4069f79373c697 [LEADER]: Queue going to LEADER mode. State: All replicated index: 0, Majority replicated index: 0, Committed index: 0, Last appended: 0.0, Last appended by leader: 0, Current term: 1, Majority size: 1, State: 0, Mode: LEADER, active raft config: opid_index: -1 OBSOLETE_local: true peers { permanent_uuid: "613ca81f79e3405b9a4069f79373c697" member_type: VOTER }
I20260608 12:48:27.207172 27292 sys_catalog.cc:565] T 00000000000000000000000000000000 P 613ca81f79e3405b9a4069f79373c697 [sys.catalog]: configured and running, proceeding with master startup.
I20260608 12:48:27.210949 27296 sys_catalog.cc:455] T 00000000000000000000000000000000 P 613ca81f79e3405b9a4069f79373c697 [sys.catalog]: SysCatalogTable state changed. Reason: RaftConsensus started. Latest consensus state: current_term: 1 leader_uuid: "613ca81f79e3405b9a4069f79373c697" committed_config { opid_index: -1 OBSOLETE_local: true peers { permanent_uuid: "613ca81f79e3405b9a4069f79373c697" member_type: VOTER } }
I20260608 12:48:27.211184 27297 sys_catalog.cc:455] T 00000000000000000000000000000000 P 613ca81f79e3405b9a4069f79373c697 [sys.catalog]: SysCatalogTable state changed. Reason: New leader 613ca81f79e3405b9a4069f79373c697. Latest consensus state: current_term: 1 leader_uuid: "613ca81f79e3405b9a4069f79373c697" committed_config { opid_index: -1 OBSOLETE_local: true peers { permanent_uuid: "613ca81f79e3405b9a4069f79373c697" member_type: VOTER } }
I20260608 12:48:27.211539 27296 sys_catalog.cc:458] T 00000000000000000000000000000000 P 613ca81f79e3405b9a4069f79373c697 [sys.catalog]: This master's current role is: LEADER
I20260608 12:48:27.211750 27297 sys_catalog.cc:458] T 00000000000000000000000000000000 P 613ca81f79e3405b9a4069f79373c697 [sys.catalog]: This master's current role is: LEADER
I20260608 12:48:27.218716 27302 catalog_manager.cc:1510] Loading table and tablet metadata into memory...
I20260608 12:48:27.226261 27302 catalog_manager.cc:1519] Initializing Kudu cluster ID...
I20260608 12:48:27.227252 25046 internal_mini_cluster.cc:184] Waiting to initialize catalog manager on master 0
I20260608 12:48:27.235535 27302 catalog_manager.cc:1382] Generated new cluster ID: 3fbe0ecf5df74f69a927f4b3b8f8a296
I20260608 12:48:27.235836 27302 catalog_manager.cc:1530] Initializing Kudu internal certificate authority...
I20260608 12:48:27.258710 27302 catalog_manager.cc:1405] Generated new certificate authority record
I20260608 12:48:27.260048 27302 catalog_manager.cc:1539] Loading token signing keys...
I20260608 12:48:27.271682 27302 catalog_manager.cc:6069] T 00000000000000000000000000000000 P 613ca81f79e3405b9a4069f79373c697: Generated new TSK 0
I20260608 12:48:27.272298 27302 catalog_manager.cc:1549] Initializing in-progress tserver states...
I20260608 12:48:27.292426 25046 internal_mini_cluster.cc:371] 0 TS(s) registered with all masters after 0.000239474s
I20260608 12:48:39.385726 25046 master.cc:562] Master@127.24.117.190:37121 shutting down...
I20260608 12:48:39.408712 25046 raft_consensus.cc:2243] T 00000000000000000000000000000000 P 613ca81f79e3405b9a4069f79373c697 [term 1 LEADER]: Raft consensus shutting down.
I20260608 12:48:39.409550 25046 raft_consensus.cc:2272] T 00000000000000000000000000000000 P 613ca81f79e3405b9a4069f79373c697 [term 1 FOLLOWER]: Raft consensus is shut down!
I20260608 12:48:39.409945 25046 tablet_replica.cc:333] T 00000000000000000000000000000000 P 613ca81f79e3405b9a4069f79373c697: stopping tablet replica
I20260608 12:48:39.429914 25046 master.cc:584] Master@127.24.117.190:37121 shutdown complete.
[       OK ] AutoRebalancerTest.NoReplicaMovesIfNoTservers (12365 ms)
[ RUN      ] AutoRebalancerTest.NoReplicaMovesIfNoTablets
I20260608 12:48:39.459735 25046 internal_mini_cluster.cc:156] Creating distributed mini masters. Addrs: 127.24.117.190:43913
I20260608 12:48:39.460953 25046 file_cache.cc:492] Constructed file cache file cache with capacity 419430
W20260608 12:48:39.466713 27315 instance_detector.cc:116] could not retrieve AWS instance metadata: Network error: curl error: HTTP response code said error: The requested URL returned error: 404
W20260608 12:48:39.467756 27316 instance_detector.cc:116] could not retrieve Azure instance metadata: Network error: curl error: HTTP response code said error: The requested URL returned error: 404
W20260608 12:48:39.468076 27318 instance_detector.cc:116] could not retrieve OpenStack instance metadata: Network error: curl error: HTTP response code said error: The requested URL returned error: 404
I20260608 12:48:39.468189 25046 server_base.cc:1061] running on GCE node
I20260608 12:48:39.469316 25046 hybrid_clock.cc:584] initializing the hybrid clock with 'system_unsync' time source
W20260608 12:48:39.469489 25046 system_unsync_time.cc:38] NTP support is disabled. Clock error bounds will not be accurate. This configuration is not suitable for distributed clusters.
I20260608 12:48:39.469653 25046 hybrid_clock.cc:648] HybridClock initialized: now 1780922919469635 us; error 0 us; skew 500 ppm
I20260608 12:48:39.470252 25046 server_base.cc:861] Flag tcmalloc_max_total_thread_cache_bytes is not working since tcmalloc is not enabled.
I20260608 12:48:39.472776 25046 webserver.cc:533] Webserver started at http://127.24.117.190:44537/ using document root <none> and password file <none>
I20260608 12:48:39.473245 25046 fs_manager.cc:362] Metadata directory not provided
I20260608 12:48:39.473416 25046 fs_manager.cc:368] Using write-ahead log directory (fs_wal_dir) as metadata directory
