I20260608 12:47:51.220534 26252 sys_catalog.cc:422] member_type: VOTER last_known_addr { host: "127.24.117.190" port: 43339 } has no permanent_uuid. Determining permanent_uuid...
W20260608 12:47:51.222373 26257 instance_detector.cc:116] could not retrieve OpenStack instance metadata: Network error: curl error: HTTP response code said error: The requested URL returned error: 404
I20260608 12:47:51.224367 25046 server_base.cc:1061] running on GCE node
I20260608 12:47:51.225469 25046 hybrid_clock.cc:584] initializing the hybrid clock with 'system_unsync' time source
W20260608 12:47:51.225732 25046 system_unsync_time.cc:38] NTP support is disabled. Clock error bounds will not be accurate. This configuration is not suitable for distributed clusters.
I20260608 12:47:51.225931 25046 hybrid_clock.cc:648] HybridClock initialized: now 1780922871225912 us; error 0 us; skew 500 ppm
I20260608 12:47:51.226724 25046 server_base.cc:861] Flag tcmalloc_max_total_thread_cache_bytes is not working since tcmalloc is not enabled.
I20260608 12:47:51.229359 25046 webserver.cc:533] Webserver started at http://127.24.117.189:38353/ using document root <none> and password file <none>
I20260608 12:47:51.229938 25046 fs_manager.cc:362] Metadata directory not provided
I20260608 12:47:51.230119 25046 fs_manager.cc:368] Using write-ahead log directory (fs_wal_dir) as metadata directory
I20260608 12:47:51.230363 25046 server_base.cc:909] This appears to be a new deployment of Kudu; creating new FS layout
I20260608 12:47:51.231717 25046 fs_manager.cc:1068] Generated new instance metadata in path /tmp/dist-test-taskZh69D9/test-tmp/auto_rebalancer-test.0.AutoRebalancerTest.NextLeaderResumesAutoRebalancing.1780922851690009-25046-0/minicluster-data/master-1-root/instance:
uuid: "fad297c782054cb9b0e8130e44656940"
format_stamp: "Formatted at 2026-06-08 12:47:51 on dist-test-slave-bvz8"
I20260608 12:47:51.236289 25046 fs_manager.cc:696] Time spent creating directory manager: real 0.004s	user 0.006s	sys 0.000s
I20260608 12:47:51.238451 26252 sys_catalog.cc:422] member_type: VOTER last_known_addr { host: "127.24.117.189" port: 41333 } has no permanent_uuid. Determining permanent_uuid...
I20260608 12:47:51.240310 26264 log_block_manager.cc:4031] Time spent loading block containers with low live blocks: real 0.000s	user 0.000s	sys 0.000s
I20260608 12:47:51.241199 25046 fs_manager.cc:730] Time spent opening block manager: real 0.003s	user 0.003s	sys 0.000s
I20260608 12:47:51.241487 25046 fs_manager.cc:647] Opened local filesystem: /tmp/dist-test-taskZh69D9/test-tmp/auto_rebalancer-test.0.AutoRebalancerTest.NextLeaderResumesAutoRebalancing.1780922851690009-25046-0/minicluster-data/master-1-root
uuid: "fad297c782054cb9b0e8130e44656940"
format_stamp: "Formatted at 2026-06-08 12:47:51 on dist-test-slave-bvz8"
I20260608 12:47:51.241762 25046 fs_report.cc:389] FS layout report
--------------------
wal directory: /tmp/dist-test-taskZh69D9/test-tmp/auto_rebalancer-test.0.AutoRebalancerTest.NextLeaderResumesAutoRebalancing.1780922851690009-25046-0/minicluster-data/master-1-root
metadata directory: /tmp/dist-test-taskZh69D9/test-tmp/auto_rebalancer-test.0.AutoRebalancerTest.NextLeaderResumesAutoRebalancing.1780922851690009-25046-0/minicluster-data/master-1-root
1 data directories: /tmp/dist-test-taskZh69D9/test-tmp/auto_rebalancer-test.0.AutoRebalancerTest.NextLeaderResumesAutoRebalancing.1780922851690009-25046-0/minicluster-data/master-1-root/data
Total live blocks: 0
Total live bytes: 0
Total live bytes (after alignment): 0
Total number of LBM containers: 0 (0 full)
Did not check for missing blocks
Did not check for orphaned blocks
Total full LBM containers with extra space: 0 (0 repaired)
Total full LBM container extra space in bytes: 0 (0 repaired)
Total incomplete LBM containers: 0 (0 repaired)
Total LBM partial records: 0 (0 repaired)
Total corrupted LBM metadata records in RocksDB: 0 (0 repaired)
W20260608 12:47:51.244450 26252 consensus_peers.cc:760] Error getting permanent uuid from config peer 127.24.117.189:41333: Network error: Client connection negotiation failed: client connection to 127.24.117.189:41333: connect: Connection refused (error 111)
I20260608 12:47:51.257316 25046 rpc_server.cc:225] running with OpenSSL 1.1.1  11 Sep 2018
I20260608 12:47:51.258540 25046 kserver.cc:163] Server-wide thread pool size limit: 3276
I20260608 12:47:51.272943 26252 consensus_peers.cc:770] Retrying to get permanent uuid for remote peer: member_type: VOTER last_known_addr { host: "127.24.117.189" port: 41333 } attempt: 1
W20260608 12:47:51.278810 26252 consensus_peers.cc:760] Error getting permanent uuid from config peer 127.24.117.189:41333: Network error: Client connection negotiation failed: client connection to 127.24.117.189:41333: connect: Connection refused (error 111)
I20260608 12:47:51.299937 25046 rpc_server.cc:307] RPC server started. Bound to: 127.24.117.189:41333
I20260608 12:47:51.300056 26316 acceptor_pool.cc:272] collecting diagnostics on the listening RPC socket 127.24.117.189:41333 every 8 connection(s)
I20260608 12:47:51.303790 25046 file_cache.cc:492] Constructed file cache file cache with capacity 419430
I20260608 12:47:51.304071 26317 data_dirs.cc:400] Could only allocate 1 dirs of requested 3 for tablet 00000000000000000000000000000000. 1 dirs total, 0 dirs full, 0 dirs failed
W20260608 12:47:51.309201 26319 instance_detector.cc:116] could not retrieve AWS instance metadata: Network error: curl error: HTTP response code said error: The requested URL returned error: 404
W20260608 12:47:51.311154 26320 instance_detector.cc:116] could not retrieve Azure instance metadata: Network error: curl error: HTTP response code said error: The requested URL returned error: 404
I20260608 12:47:51.311133 26317 sys_catalog.cc:422] member_type: VOTER last_known_addr { host: "127.24.117.190" port: 43339 } has no permanent_uuid. Determining permanent_uuid...
W20260608 12:47:51.315059 26322 instance_detector.cc:116] could not retrieve OpenStack instance metadata: Network error: curl error: HTTP response code said error: The requested URL returned error: 404
I20260608 12:47:51.318079 25046 server_base.cc:1061] running on GCE node
I20260608 12:47:51.318825 25046 hybrid_clock.cc:584] initializing the hybrid clock with 'system_unsync' time source
W20260608 12:47:51.319033 25046 system_unsync_time.cc:38] NTP support is disabled. Clock error bounds will not be accurate. This configuration is not suitable for distributed clusters.
I20260608 12:47:51.319191 25046 hybrid_clock.cc:648] HybridClock initialized: now 1780922871319174 us; error 0 us; skew 500 ppm
I20260608 12:47:51.319715 25046 server_base.cc:861] Flag tcmalloc_max_total_thread_cache_bytes is not working since tcmalloc is not enabled.
I20260608 12:47:51.322857 25046 webserver.cc:533] Webserver started at http://127.24.117.188:45231/ using document root <none> and password file <none>
I20260608 12:47:51.323519 25046 fs_manager.cc:362] Metadata directory not provided
I20260608 12:47:51.323696 25046 fs_manager.cc:368] Using write-ahead log directory (fs_wal_dir) as metadata directory
I20260608 12:47:51.323983 25046 server_base.cc:909] This appears to be a new deployment of Kudu; creating new FS layout
I20260608 12:47:51.324301 26317 sys_catalog.cc:422] member_type: VOTER last_known_addr { host: "127.24.117.189" port: 41333 } has no permanent_uuid. Determining permanent_uuid...
I20260608 12:47:51.325119 25046 fs_manager.cc:1068] Generated new instance metadata in path /tmp/dist-test-taskZh69D9/test-tmp/auto_rebalancer-test.0.AutoRebalancerTest.NextLeaderResumesAutoRebalancing.1780922851690009-25046-0/minicluster-data/master-2-root/instance:
uuid: "6a9f8b16b1b14775a7eb525c68d53537"
format_stamp: "Formatted at 2026-06-08 12:47:51 on dist-test-slave-bvz8"
I20260608 12:47:51.330308 26252 consensus_peers.cc:770] Retrying to get permanent uuid for remote peer: member_type: VOTER last_known_addr { host: "127.24.117.189" port: 41333 } attempt: 2
I20260608 12:47:51.330621 25046 fs_manager.cc:696] Time spent creating directory manager: real 0.005s	user 0.005s	sys 0.000s
I20260608 12:47:51.335927 26330 log_block_manager.cc:4031] Time spent loading block containers with low live blocks: real 0.000s	user 0.000s	sys 0.000s
I20260608 12:47:51.337213 25046 fs_manager.cc:730] Time spent opening block manager: real 0.003s	user 0.003s	sys 0.000s
I20260608 12:47:51.337230 26317 sys_catalog.cc:422] member_type: VOTER last_known_addr { host: "127.24.117.188" port: 44161 } has no permanent_uuid. Determining permanent_uuid...
I20260608 12:47:51.337757 25046 fs_manager.cc:647] Opened local filesystem: /tmp/dist-test-taskZh69D9/test-tmp/auto_rebalancer-test.0.AutoRebalancerTest.NextLeaderResumesAutoRebalancing.1780922851690009-25046-0/minicluster-data/master-2-root
uuid: "6a9f8b16b1b14775a7eb525c68d53537"
format_stamp: "Formatted at 2026-06-08 12:47:51 on dist-test-slave-bvz8"
I20260608 12:47:51.338104 25046 fs_report.cc:389] FS layout report
--------------------
wal directory: /tmp/dist-test-taskZh69D9/test-tmp/auto_rebalancer-test.0.AutoRebalancerTest.NextLeaderResumesAutoRebalancing.1780922851690009-25046-0/minicluster-data/master-2-root
metadata directory: /tmp/dist-test-taskZh69D9/test-tmp/auto_rebalancer-test.0.AutoRebalancerTest.NextLeaderResumesAutoRebalancing.1780922851690009-25046-0/minicluster-data/master-2-root
1 data directories: /tmp/dist-test-taskZh69D9/test-tmp/auto_rebalancer-test.0.AutoRebalancerTest.NextLeaderResumesAutoRebalancing.1780922851690009-25046-0/minicluster-data/master-2-root/data
Total live blocks: 0
Total live bytes: 0
Total live bytes (after alignment): 0
Total number of LBM containers: 0 (0 full)
Did not check for missing blocks
Did not check for orphaned blocks
Total full LBM containers with extra space: 0 (0 repaired)
Total full LBM container extra space in bytes: 0 (0 repaired)
Total incomplete LBM containers: 0 (0 repaired)
Total LBM partial records: 0 (0 repaired)
Total corrupted LBM metadata records in RocksDB: 0 (0 repaired)
I20260608 12:47:51.343930 26252 sys_catalog.cc:422] member_type: VOTER last_known_addr { host: "127.24.117.188" port: 44161 } has no permanent_uuid. Determining permanent_uuid...
W20260608 12:47:51.344945 26317 consensus_peers.cc:760] Error getting permanent uuid from config peer 127.24.117.188:44161: Network error: Client connection negotiation failed: client connection to 127.24.117.188:44161: connect: Connection refused (error 111)
W20260608 12:47:51.348908 26252 consensus_peers.cc:760] Error getting permanent uuid from config peer 127.24.117.188:44161: Network error: Client connection negotiation failed: client connection to 127.24.117.188:44161: connect: Connection refused (error 111)
I20260608 12:47:51.354844 25046 rpc_server.cc:225] running with OpenSSL 1.1.1  11 Sep 2018
I20260608 12:47:51.356000 25046 kserver.cc:163] Server-wide thread pool size limit: 3276
I20260608 12:47:51.379503 26317 consensus_peers.cc:770] Retrying to get permanent uuid for remote peer: member_type: VOTER last_known_addr { host: "127.24.117.188" port: 44161 } attempt: 1
I20260608 12:47:51.382405 26252 consensus_peers.cc:770] Retrying to get permanent uuid for remote peer: member_type: VOTER last_known_addr { host: "127.24.117.188" port: 44161 } attempt: 1
W20260608 12:47:51.385522 26317 consensus_peers.cc:760] Error getting permanent uuid from config peer 127.24.117.188:44161: Network error: Client connection negotiation failed: client connection to 127.24.117.188:44161: connect: Connection refused (error 111)
W20260608 12:47:51.387790 26252 consensus_peers.cc:760] Error getting permanent uuid from config peer 127.24.117.188:44161: Network error: Client connection negotiation failed: client connection to 127.24.117.188:44161: connect: Connection refused (error 111)
I20260608 12:47:51.396150 25046 rpc_server.cc:307] RPC server started. Bound to: 127.24.117.188:44161
I20260608 12:47:51.396251 26382 acceptor_pool.cc:272] collecting diagnostics on the listening RPC socket 127.24.117.188:44161 every 8 connection(s)
I20260608 12:47:51.399226 25046 internal_mini_cluster.cc:184] Waiting to initialize catalog manager on master 0
I20260608 12:47:51.400326 26383 data_dirs.cc:400] Could only allocate 1 dirs of requested 3 for tablet 00000000000000000000000000000000. 1 dirs total, 0 dirs full, 0 dirs failed
I20260608 12:47:51.405915 26383 sys_catalog.cc:422] member_type: VOTER last_known_addr { host: "127.24.117.190" port: 43339 } has no permanent_uuid. Determining permanent_uuid...
I20260608 12:47:51.416918 26383 sys_catalog.cc:422] member_type: VOTER last_known_addr { host: "127.24.117.189" port: 41333 } has no permanent_uuid. Determining permanent_uuid...
I20260608 12:47:51.427106 26383 sys_catalog.cc:422] member_type: VOTER last_known_addr { host: "127.24.117.188" port: 44161 } has no permanent_uuid. Determining permanent_uuid...
I20260608 12:47:51.442458 26383 tablet_bootstrap.cc:492] T 00000000000000000000000000000000 P 6a9f8b16b1b14775a7eb525c68d53537: Bootstrap starting.
I20260608 12:47:51.447259 26383 tablet_bootstrap.cc:654] T 00000000000000000000000000000000 P 6a9f8b16b1b14775a7eb525c68d53537: Neither blocks nor log segments found. Creating new log.
I20260608 12:47:51.451416 26383 tablet_bootstrap.cc:492] T 00000000000000000000000000000000 P 6a9f8b16b1b14775a7eb525c68d53537: No bootstrap required, opened a new log
I20260608 12:47:51.453656 26383 raft_consensus.cc:359] T 00000000000000000000000000000000 P 6a9f8b16b1b14775a7eb525c68d53537 [term 0 FOLLOWER]: Replica starting. Triggering 0 pending ops. Active config: opid_index: -1 OBSOLETE_local: false peers { permanent_uuid: "150e5649e07e45cfbb6a2acfa48c0eca" member_type: VOTER last_known_addr { host: "127.24.117.190" port: 43339 } } peers { permanent_uuid: "fad297c782054cb9b0e8130e44656940" member_type: VOTER last_known_addr { host: "127.24.117.189" port: 41333 } } peers { permanent_uuid: "6a9f8b16b1b14775a7eb525c68d53537" member_type: VOTER last_known_addr { host: "127.24.117.188" port: 44161 } }
I20260608 12:47:51.454175 26383 raft_consensus.cc:385] T 00000000000000000000000000000000 P 6a9f8b16b1b14775a7eb525c68d53537 [term 0 FOLLOWER]: Consensus starting up: Expiring failure detector timer to make a prompt election more likely
I20260608 12:47:51.454402 26383 raft_consensus.cc:740] T 00000000000000000000000000000000 P 6a9f8b16b1b14775a7eb525c68d53537 [term 0 FOLLOWER]: Becoming Follower/Learner. State: Replica: 6a9f8b16b1b14775a7eb525c68d53537, State: Initialized, Role: FOLLOWER
I20260608 12:47:51.454980 26383 consensus_queue.cc:260] T 00000000000000000000000000000000 P 6a9f8b16b1b14775a7eb525c68d53537 [NON_LEADER]: Queue going to NON_LEADER mode. State: All replicated index: 0, Majority replicated index: 0, Committed index: 0, Last appended: 0.0, Last appended by leader: 0, Current term: 0, Majority size: -1, State: 0, Mode: NON_LEADER, active raft config: opid_index: -1 OBSOLETE_local: false peers { permanent_uuid: "150e5649e07e45cfbb6a2acfa48c0eca" member_type: VOTER last_known_addr { host: "127.24.117.190" port: 43339 } } peers { permanent_uuid: "fad297c782054cb9b0e8130e44656940" member_type: VOTER last_known_addr { host: "127.24.117.189" port: 41333 } } peers { permanent_uuid: "6a9f8b16b1b14775a7eb525c68d53537" member_type: VOTER last_known_addr { host: "127.24.117.188" port: 44161 } }
I20260608 12:47:51.456614 26388 sys_catalog.cc:455] T 00000000000000000000000000000000 P 6a9f8b16b1b14775a7eb525c68d53537 [sys.catalog]: SysCatalogTable state changed. Reason: RaftConsensus started. Latest consensus state: current_term: 0 committed_config { opid_index: -1 OBSOLETE_local: false peers { permanent_uuid: "150e5649e07e45cfbb6a2acfa48c0eca" member_type: VOTER last_known_addr { host: "127.24.117.190" port: 43339 } } peers { permanent_uuid: "fad297c782054cb9b0e8130e44656940" member_type: VOTER last_known_addr { host: "127.24.117.189" port: 41333 } } peers { permanent_uuid: "6a9f8b16b1b14775a7eb525c68d53537" member_type: VOTER last_known_addr { host: "127.24.117.188" port: 44161 } } }
I20260608 12:47:51.457118 26388 sys_catalog.cc:458] T 00000000000000000000000000000000 P 6a9f8b16b1b14775a7eb525c68d53537 [sys.catalog]: This master's current role is: FOLLOWER
I20260608 12:47:51.457703 26383 sys_catalog.cc:565] T 00000000000000000000000000000000 P 6a9f8b16b1b14775a7eb525c68d53537 [sys.catalog]: configured and running, proceeding with master startup.
I20260608 12:47:51.461041 26317 consensus_peers.cc:770] Retrying to get permanent uuid for remote peer: member_type: VOTER last_known_addr { host: "127.24.117.188" port: 44161 } attempt: 2
I20260608 12:47:51.462700 26252 consensus_peers.cc:770] Retrying to get permanent uuid for remote peer: member_type: VOTER last_known_addr { host: "127.24.117.188" port: 44161 } attempt: 2
W20260608 12:47:51.476151 26400 catalog_manager.cc:1593] T 00000000000000000000000000000000 P 6a9f8b16b1b14775a7eb525c68d53537: loading cluster ID for follower catalog manager: Not found: cluster ID entry not found
W20260608 12:47:51.476531 26400 catalog_manager.cc:883] Not found: cluster ID entry not found: failed to prepare follower catalog manager, will retry
I20260608 12:47:51.479324 26317 tablet_bootstrap.cc:492] T 00000000000000000000000000000000 P fad297c782054cb9b0e8130e44656940: Bootstrap starting.
I20260608 12:47:51.481417 26252 tablet_bootstrap.cc:492] T 00000000000000000000000000000000 P 150e5649e07e45cfbb6a2acfa48c0eca: Bootstrap starting.
I20260608 12:47:51.484129 26317 tablet_bootstrap.cc:654] T 00000000000000000000000000000000 P fad297c782054cb9b0e8130e44656940: Neither blocks nor log segments found. Creating new log.
I20260608 12:47:51.486171 26252 tablet_bootstrap.cc:654] T 00000000000000000000000000000000 P 150e5649e07e45cfbb6a2acfa48c0eca: Neither blocks nor log segments found. Creating new log.
I20260608 12:47:51.488847 26317 tablet_bootstrap.cc:492] T 00000000000000000000000000000000 P fad297c782054cb9b0e8130e44656940: No bootstrap required, opened a new log
I20260608 12:47:51.490484 26252 tablet_bootstrap.cc:492] T 00000000000000000000000000000000 P 150e5649e07e45cfbb6a2acfa48c0eca: No bootstrap required, opened a new log
I20260608 12:47:51.491169 26317 raft_consensus.cc:359] T 00000000000000000000000000000000 P fad297c782054cb9b0e8130e44656940 [term 0 FOLLOWER]: Replica starting. Triggering 0 pending ops. Active config: opid_index: -1 OBSOLETE_local: false peers { permanent_uuid: "150e5649e07e45cfbb6a2acfa48c0eca" member_type: VOTER last_known_addr { host: "127.24.117.190" port: 43339 } } peers { permanent_uuid: "fad297c782054cb9b0e8130e44656940" member_type: VOTER last_known_addr { host: "127.24.117.189" port: 41333 } } peers { permanent_uuid: "6a9f8b16b1b14775a7eb525c68d53537" member_type: VOTER last_known_addr { host: "127.24.117.188" port: 44161 } }
I20260608 12:47:51.491688 26317 raft_consensus.cc:385] T 00000000000000000000000000000000 P fad297c782054cb9b0e8130e44656940 [term 0 FOLLOWER]: Consensus starting up: Expiring failure detector timer to make a prompt election more likely
I20260608 12:47:51.491911 26317 raft_consensus.cc:740] T 00000000000000000000000000000000 P fad297c782054cb9b0e8130e44656940 [term 0 FOLLOWER]: Becoming Follower/Learner. State: Replica: fad297c782054cb9b0e8130e44656940, State: Initialized, Role: FOLLOWER
I20260608 12:47:51.492611 26317 consensus_queue.cc:260] T 00000000000000000000000000000000 P fad297c782054cb9b0e8130e44656940 [NON_LEADER]: Queue going to NON_LEADER mode. State: All replicated index: 0, Majority replicated index: 0, Committed index: 0, Last appended: 0.0, Last appended by leader: 0, Current term: 0, Majority size: -1, State: 0, Mode: NON_LEADER, active raft config: opid_index: -1 OBSOLETE_local: false peers { permanent_uuid: "150e5649e07e45cfbb6a2acfa48c0eca" member_type: VOTER last_known_addr { host: "127.24.117.190" port: 43339 } } peers { permanent_uuid: "fad297c782054cb9b0e8130e44656940" member_type: VOTER last_known_addr { host: "127.24.117.189" port: 41333 } } peers { permanent_uuid: "6a9f8b16b1b14775a7eb525c68d53537" member_type: VOTER last_known_addr { host: "127.24.117.188" port: 44161 } }
I20260608 12:47:51.492754 26252 raft_consensus.cc:359] T 00000000000000000000000000000000 P 150e5649e07e45cfbb6a2acfa48c0eca [term 0 FOLLOWER]: Replica starting. Triggering 0 pending ops. Active config: opid_index: -1 OBSOLETE_local: false peers { permanent_uuid: "150e5649e07e45cfbb6a2acfa48c0eca" member_type: VOTER last_known_addr { host: "127.24.117.190" port: 43339 } } peers { permanent_uuid: "fad297c782054cb9b0e8130e44656940" member_type: VOTER last_known_addr { host: "127.24.117.189" port: 41333 } } peers { permanent_uuid: "6a9f8b16b1b14775a7eb525c68d53537" member_type: VOTER last_known_addr { host: "127.24.117.188" port: 44161 } }
I20260608 12:47:51.493326 26252 raft_consensus.cc:385] T 00000000000000000000000000000000 P 150e5649e07e45cfbb6a2acfa48c0eca [term 0 FOLLOWER]: Consensus starting up: Expiring failure detector timer to make a prompt election more likely
I20260608 12:47:51.493561 26252 raft_consensus.cc:740] T 00000000000000000000000000000000 P 150e5649e07e45cfbb6a2acfa48c0eca [term 0 FOLLOWER]: Becoming Follower/Learner. State: Replica: 150e5649e07e45cfbb6a2acfa48c0eca, State: Initialized, Role: FOLLOWER
I20260608 12:47:51.494211 26252 consensus_queue.cc:260] T 00000000000000000000000000000000 P 150e5649e07e45cfbb6a2acfa48c0eca [NON_LEADER]: Queue going to NON_LEADER mode. State: All replicated index: 0, Majority replicated index: 0, Committed index: 0, Last appended: 0.0, Last appended by leader: 0, Current term: 0, Majority size: -1, State: 0, Mode: NON_LEADER, active raft config: opid_index: -1 OBSOLETE_local: false peers { permanent_uuid: "150e5649e07e45cfbb6a2acfa48c0eca" member_type: VOTER last_known_addr { host: "127.24.117.190" port: 43339 } } peers { permanent_uuid: "fad297c782054cb9b0e8130e44656940" member_type: VOTER last_known_addr { host: "127.24.117.189" port: 41333 } } peers { permanent_uuid: "6a9f8b16b1b14775a7eb525c68d53537" member_type: VOTER last_known_addr { host: "127.24.117.188" port: 44161 } }
I20260608 12:47:51.494743 26403 sys_catalog.cc:455] T 00000000000000000000000000000000 P fad297c782054cb9b0e8130e44656940 [sys.catalog]: SysCatalogTable state changed. Reason: RaftConsensus started. Latest consensus state: current_term: 0 committed_config { opid_index: -1 OBSOLETE_local: false peers { permanent_uuid: "150e5649e07e45cfbb6a2acfa48c0eca" member_type: VOTER last_known_addr { host: "127.24.117.190" port: 43339 } } peers { permanent_uuid: "fad297c782054cb9b0e8130e44656940" member_type: VOTER last_known_addr { host: "127.24.117.189" port: 41333 } } peers { permanent_uuid: "6a9f8b16b1b14775a7eb525c68d53537" member_type: VOTER last_known_addr { host: "127.24.117.188" port: 44161 } } }
I20260608 12:47:51.495523 26403 sys_catalog.cc:458] T 00000000000000000000000000000000 P fad297c782054cb9b0e8130e44656940 [sys.catalog]: This master's current role is: FOLLOWER
I20260608 12:47:51.496208 26317 sys_catalog.cc:565] T 00000000000000000000000000000000 P fad297c782054cb9b0e8130e44656940 [sys.catalog]: configured and running, proceeding with master startup.
I20260608 12:47:51.496294 26404 sys_catalog.cc:455] T 00000000000000000000000000000000 P 150e5649e07e45cfbb6a2acfa48c0eca [sys.catalog]: SysCatalogTable state changed. Reason: RaftConsensus started. Latest consensus state: current_term: 0 committed_config { opid_index: -1 OBSOLETE_local: false peers { permanent_uuid: "150e5649e07e45cfbb6a2acfa48c0eca" member_type: VOTER last_known_addr { host: "127.24.117.190" port: 43339 } } peers { permanent_uuid: "fad297c782054cb9b0e8130e44656940" member_type: VOTER last_known_addr { host: "127.24.117.189" port: 41333 } } peers { permanent_uuid: "6a9f8b16b1b14775a7eb525c68d53537" member_type: VOTER last_known_addr { host: "127.24.117.188" port: 44161 } } }
I20260608 12:47:51.497097 26404 sys_catalog.cc:458] T 00000000000000000000000000000000 P 150e5649e07e45cfbb6a2acfa48c0eca [sys.catalog]: This master's current role is: FOLLOWER
I20260608 12:47:51.497685 26252 sys_catalog.cc:565] T 00000000000000000000000000000000 P 150e5649e07e45cfbb6a2acfa48c0eca [sys.catalog]: configured and running, proceeding with master startup.
I20260608 12:47:51.510874 25046 internal_mini_cluster.cc:184] Waiting to initialize catalog manager on master 1
I20260608 12:47:51.511196 25046 internal_mini_cluster.cc:184] Waiting to initialize catalog manager on master 2
I20260608 12:47:51.513230 25046 file_cache.cc:492] Constructed file cache file cache with capacity 419430
W20260608 12:47:51.513958 26425 catalog_manager.cc:1593] T 00000000000000000000000000000000 P fad297c782054cb9b0e8130e44656940: loading cluster ID for follower catalog manager: Not found: cluster ID entry not found
W20260608 12:47:51.514245 26425 catalog_manager.cc:883] Not found: cluster ID entry not found: failed to prepare follower catalog manager, will retry
W20260608 12:47:51.515087 26426 catalog_manager.cc:1593] T 00000000000000000000000000000000 P 150e5649e07e45cfbb6a2acfa48c0eca: loading cluster ID for follower catalog manager: Not found: cluster ID entry not found
W20260608 12:47:51.515443 26426 catalog_manager.cc:883] Not found: cluster ID entry not found: failed to prepare follower catalog manager, will retry
W20260608 12:47:51.521993 26428 instance_detector.cc:116] could not retrieve Azure instance metadata: Network error: curl error: HTTP response code said error: The requested URL returned error: 404
W20260608 12:47:51.522506 26427 instance_detector.cc:116] could not retrieve AWS instance metadata: Network error: curl error: HTTP response code said error: The requested URL returned error: 404
W20260608 12:47:51.523120 26430 instance_detector.cc:116] could not retrieve OpenStack instance metadata: Network error: curl error: HTTP response code said error: The requested URL returned error: 404
I20260608 12:47:51.523295 25046 server_base.cc:1061] running on GCE node
I20260608 12:47:51.524118 25046 hybrid_clock.cc:584] initializing the hybrid clock with 'system_unsync' time source
W20260608 12:47:51.524320 25046 system_unsync_time.cc:38] NTP support is disabled. Clock error bounds will not be accurate. This configuration is not suitable for distributed clusters.
I20260608 12:47:51.524514 25046 hybrid_clock.cc:648] HybridClock initialized: now 1780922871524500 us; error 0 us; skew 500 ppm
I20260608 12:47:51.525040 25046 server_base.cc:861] Flag tcmalloc_max_total_thread_cache_bytes is not working since tcmalloc is not enabled.
I20260608 12:47:51.527334 25046 webserver.cc:533] Webserver started at http://127.24.117.129:41023/ using document root <none> and password file <none>
I20260608 12:47:51.527794 25046 fs_manager.cc:362] Metadata directory not provided
I20260608 12:47:51.528044 25046 fs_manager.cc:368] Using write-ahead log directory (fs_wal_dir) as metadata directory
I20260608 12:47:51.528404 25046 server_base.cc:909] This appears to be a new deployment of Kudu; creating new FS layout
I20260608 12:47:51.529559 25046 fs_manager.cc:1068] Generated new instance metadata in path /tmp/dist-test-taskZh69D9/test-tmp/auto_rebalancer-test.0.AutoRebalancerTest.NextLeaderResumesAutoRebalancing.1780922851690009-25046-0/minicluster-data/ts-0-root/instance:
uuid: "8507d5e9a4b345bc935329c01b771039"
format_stamp: "Formatted at 2026-06-08 12:47:51 on dist-test-slave-bvz8"
I20260608 12:47:51.534133 25046 fs_manager.cc:696] Time spent creating directory manager: real 0.004s	user 0.005s	sys 0.000s
I20260608 12:47:51.537501 26435 log_block_manager.cc:4031] Time spent loading block containers with low live blocks: real 0.000s	user 0.000s	sys 0.000s
I20260608 12:47:51.538240 25046 fs_manager.cc:730] Time spent opening block manager: real 0.002s	user 0.002s	sys 0.001s
I20260608 12:47:51.538508 25046 fs_manager.cc:647] Opened local filesystem: /tmp/dist-test-taskZh69D9/test-tmp/auto_rebalancer-test.0.AutoRebalancerTest.NextLeaderResumesAutoRebalancing.1780922851690009-25046-0/minicluster-data/ts-0-root
uuid: "8507d5e9a4b345bc935329c01b771039"
format_stamp: "Formatted at 2026-06-08 12:47:51 on dist-test-slave-bvz8"
I20260608 12:47:51.538748 25046 fs_report.cc:389] FS layout report
--------------------
wal directory: /tmp/dist-test-taskZh69D9/test-tmp/auto_rebalancer-test.0.AutoRebalancerTest.NextLeaderResumesAutoRebalancing.1780922851690009-25046-0/minicluster-data/ts-0-root
metadata directory: /tmp/dist-test-taskZh69D9/test-tmp/auto_rebalancer-test.0.AutoRebalancerTest.NextLeaderResumesAutoRebalancing.1780922851690009-25046-0/minicluster-data/ts-0-root
1 data directories: /tmp/dist-test-taskZh69D9/test-tmp/auto_rebalancer-test.0.AutoRebalancerTest.NextLeaderResumesAutoRebalancing.1780922851690009-25046-0/minicluster-data/ts-0-root/data
Total live blocks: 0
Total live bytes: 0
Total live bytes (after alignment): 0
Total number of LBM containers: 0 (0 full)
Did not check for missing blocks
Did not check for orphaned blocks
Total full LBM containers with extra space: 0 (0 repaired)
Total full LBM container extra space in bytes: 0 (0 repaired)
Total incomplete LBM containers: 0 (0 repaired)
Total LBM partial records: 0 (0 repaired)
Total corrupted LBM metadata records in RocksDB: 0 (0 repaired)
I20260608 12:47:51.548264 25046 rpc_server.cc:225] running with OpenSSL 1.1.1  11 Sep 2018
I20260608 12:47:51.549553 25046 kserver.cc:163] Server-wide thread pool size limit: 3276
I20260608 12:47:51.550976 25046 txn_system_client.cc:432] TxnSystemClient initialization is disabled...
I20260608 12:47:51.553403 25046 ts_tablet_manager.cc:585] Loaded tablet metadata (0 total tablets, 0 live tablets)
I20260608 12:47:51.553586 25046 ts_tablet_manager.cc:531] Time spent load tablet metadata: real 0.000s	user 0.000s	sys 0.000s
I20260608 12:47:51.553817 25046 ts_tablet_manager.cc:616] Registered 0 tablets
I20260608 12:47:51.553967 25046 ts_tablet_manager.cc:595] Time spent register tablets: real 0.000s	user 0.000s	sys 0.000s
I20260608 12:47:51.593734 25046 rpc_server.cc:307] RPC server started. Bound to: 127.24.117.129:42071
I20260608 12:47:51.593847 26497 acceptor_pool.cc:272] collecting diagnostics on the listening RPC socket 127.24.117.129:42071 every 8 connection(s)
I20260608 12:47:51.601392 26403 raft_consensus.cc:493] T 00000000000000000000000000000000 P fad297c782054cb9b0e8130e44656940 [term 0 FOLLOWER]: Starting pre-election (no leader contacted us within the election timeout)
I20260608 12:47:51.602000 26403 raft_consensus.cc:515] T 00000000000000000000000000000000 P fad297c782054cb9b0e8130e44656940 [term 0 FOLLOWER]: Starting pre-election with config: opid_index: -1 OBSOLETE_local: false peers { permanent_uuid: "150e5649e07e45cfbb6a2acfa48c0eca" member_type: VOTER last_known_addr { host: "127.24.117.190" port: 43339 } } peers { permanent_uuid: "fad297c782054cb9b0e8130e44656940" member_type: VOTER last_known_addr { host: "127.24.117.189" port: 41333 } } peers { permanent_uuid: "6a9f8b16b1b14775a7eb525c68d53537" member_type: VOTER last_known_addr { host: "127.24.117.188" port: 44161 } }
I20260608 12:47:51.606271 26227 tablet_service.cc:1917] Received RequestConsensusVote() RPC: tablet_id: "00000000000000000000000000000000" candidate_uuid: "fad297c782054cb9b0e8130e44656940" candidate_term: 1 candidate_status { last_received { term: 0 index: 0 } } ignore_live_leader: false dest_uuid: "150e5649e07e45cfbb6a2acfa48c0eca" is_pre_election: true
I20260608 12:47:51.607038 26227 raft_consensus.cc:2468] T 00000000000000000000000000000000 P 150e5649e07e45cfbb6a2acfa48c0eca [term 0 FOLLOWER]: Leader pre-election vote request: Granting yes vote for candidate fad297c782054cb9b0e8130e44656940 in term 0.
I20260608 12:47:51.609623 26358 tablet_service.cc:1917] Received RequestConsensusVote() RPC: tablet_id: "00000000000000000000000000000000" candidate_uuid: "fad297c782054cb9b0e8130e44656940" candidate_term: 1 candidate_status { last_received { term: 0 index: 0 } } ignore_live_leader: false dest_uuid: "6a9f8b16b1b14775a7eb525c68d53537" is_pre_election: true
I20260608 12:47:51.610332 26358 raft_consensus.cc:2468] T 00000000000000000000000000000000 P 6a9f8b16b1b14775a7eb525c68d53537 [term 0 FOLLOWER]: Leader pre-election vote request: Granting yes vote for candidate fad297c782054cb9b0e8130e44656940 in term 0.
I20260608 12:47:51.612469 26266 leader_election.cc:304] T 00000000000000000000000000000000 P fad297c782054cb9b0e8130e44656940 [CANDIDATE]: Term 1 pre-election: Election decided. Result: candidate won. Election summary: received 2 responses out of 3 voters: 2 yes votes; 0 no votes. yes voters: 150e5649e07e45cfbb6a2acfa48c0eca, fad297c782054cb9b0e8130e44656940; no voters: 
I20260608 12:47:51.616916 25046 file_cache.cc:492] Constructed file cache file cache with capacity 419430
I20260608 12:47:51.617214 26403 leader_election.cc:290] T 00000000000000000000000000000000 P fad297c782054cb9b0e8130e44656940 [CANDIDATE]: Term 1 pre-election: Requested pre-vote from peers 150e5649e07e45cfbb6a2acfa48c0eca (127.24.117.190:43339), 6a9f8b16b1b14775a7eb525c68d53537 (127.24.117.188:44161)
I20260608 12:47:51.617815 26403 raft_consensus.cc:2804] T 00000000000000000000000000000000 P fad297c782054cb9b0e8130e44656940 [term 0 FOLLOWER]: Leader pre-election won for term 1
I20260608 12:47:51.618184 26403 raft_consensus.cc:493] T 00000000000000000000000000000000 P fad297c782054cb9b0e8130e44656940 [term 0 FOLLOWER]: Starting leader election (no leader contacted us within the election timeout)
I20260608 12:47:51.619963 26403 raft_consensus.cc:3060] T 00000000000000000000000000000000 P fad297c782054cb9b0e8130e44656940 [term 0 FOLLOWER]: Advancing to term 1
I20260608 12:47:51.632436 26500 heartbeater.cc:344] Connected to a master server at 127.24.117.190:43339
I20260608 12:47:51.631377 26403 raft_consensus.cc:515] T 00000000000000000000000000000000 P fad297c782054cb9b0e8130e44656940 [term 1 FOLLOWER]: Starting leader election with config: opid_index: -1 OBSOLETE_local: false peers { permanent_uuid: "150e5649e07e45cfbb6a2acfa48c0eca" member_type: VOTER last_known_addr { host: "127.24.117.190" port: 43339 } } peers { permanent_uuid: "fad297c782054cb9b0e8130e44656940" member_type: VOTER last_known_addr { host: "127.24.117.189" port: 41333 } } peers { permanent_uuid: "6a9f8b16b1b14775a7eb525c68d53537" member_type: VOTER last_known_addr { host: "127.24.117.188" port: 44161 } }
I20260608 12:47:51.635460 26500 heartbeater.cc:461] Registering TS with master...
W20260608 12:47:51.634670 26506 instance_detector.cc:116] could not retrieve AWS instance metadata: Network error: curl error: HTTP response code said error: The requested URL returned error: 404
I20260608 12:47:51.636621 26498 heartbeater.cc:344] Connected to a master server at 127.24.117.188:44161
I20260608 12:47:51.637223 26499 heartbeater.cc:344] Connected to a master server at 127.24.117.189:41333
I20260608 12:47:51.637398 26500 heartbeater.cc:507] Master 127.24.117.190:43339 requested a full tablet report, sending...
I20260608 12:47:51.637272 26498 heartbeater.cc:461] Registering TS with master...
I20260608 12:47:51.638747 26498 heartbeater.cc:507] Master 127.24.117.188:44161 requested a full tablet report, sending...
I20260608 12:47:51.639262 26358 tablet_service.cc:1917] Received RequestConsensusVote() RPC: tablet_id: "00000000000000000000000000000000" candidate_uuid: "fad297c782054cb9b0e8130e44656940" candidate_term: 1 candidate_status { last_received { term: 0 index: 0 } } ignore_live_leader: false dest_uuid: "6a9f8b16b1b14775a7eb525c68d53537"
I20260608 12:47:51.639892 26358 raft_consensus.cc:3060] T 00000000000000000000000000000000 P 6a9f8b16b1b14775a7eb525c68d53537 [term 0 FOLLOWER]: Advancing to term 1
I20260608 12:47:51.637918 26499 heartbeater.cc:461] Registering TS with master...
W20260608 12:47:51.640772 26507 instance_detector.cc:116] could not retrieve Azure instance metadata: Network error: curl error: HTTP response code said error: The requested URL returned error: 404
I20260608 12:47:51.640988 26217 ts_manager.cc:194] Registered new tserver with Master: 8507d5e9a4b345bc935329c01b771039 (127.24.117.129:42071)
I20260608 12:47:51.641531 26499 heartbeater.cc:507] Master 127.24.117.189:41333 requested a full tablet report, sending...
W20260608 12:47:51.646010 26509 instance_detector.cc:116] could not retrieve OpenStack instance metadata: Network error: curl error: HTTP response code said error: The requested URL returned error: 404
I20260608 12:47:51.646658 25046 server_base.cc:1061] running on GCE node
I20260608 12:47:51.647208 26403 leader_election.cc:290] T 00000000000000000000000000000000 P fad297c782054cb9b0e8130e44656940 [CANDIDATE]: Term 1 election: Requested vote from peers 150e5649e07e45cfbb6a2acfa48c0eca (127.24.117.190:43339), 6a9f8b16b1b14775a7eb525c68d53537 (127.24.117.188:44161)
I20260608 12:47:51.644451 26282 ts_manager.cc:194] Registered new tserver with Master: 8507d5e9a4b345bc935329c01b771039 (127.24.117.129:42071)
I20260608 12:47:51.648473 26358 raft_consensus.cc:2468] T 00000000000000000000000000000000 P 6a9f8b16b1b14775a7eb525c68d53537 [term 1 FOLLOWER]: Leader election vote request: Granting yes vote for candidate fad297c782054cb9b0e8130e44656940 in term 1.
I20260608 12:47:51.649396 25046 hybrid_clock.cc:584] initializing the hybrid clock with 'system_unsync' time source
W20260608 12:47:51.649682 25046 system_unsync_time.cc:38] NTP support is disabled. Clock error bounds will not be accurate. This configuration is not suitable for distributed clusters.
I20260608 12:47:51.649894 25046 hybrid_clock.cc:648] HybridClock initialized: now 1780922871649876 us; error 0 us; skew 500 ppm
I20260608 12:47:51.649825 26269 leader_election.cc:304] T 00000000000000000000000000000000 P fad297c782054cb9b0e8130e44656940 [CANDIDATE]: Term 1 election: Election decided. Result: candidate won. Election summary: received 2 responses out of 3 voters: 2 yes votes; 0 no votes. yes voters: 6a9f8b16b1b14775a7eb525c68d53537, fad297c782054cb9b0e8130e44656940; no voters: 
I20260608 12:47:51.650142 26348 ts_manager.cc:194] Registered new tserver with Master: 8507d5e9a4b345bc935329c01b771039 (127.24.117.129:42071)
I20260608 12:47:51.650816 25046 server_base.cc:861] Flag tcmalloc_max_total_thread_cache_bytes is not working since tcmalloc is not enabled.
I20260608 12:47:51.650818 26403 raft_consensus.cc:2804] T 00000000000000000000000000000000 P fad297c782054cb9b0e8130e44656940 [term 1 FOLLOWER]: Leader election won for term 1
I20260608 12:47:51.651124 26227 tablet_service.cc:1917] Received RequestConsensusVote() RPC: tablet_id: "00000000000000000000000000000000" candidate_uuid: "fad297c782054cb9b0e8130e44656940" candidate_term: 1 candidate_status { last_received { term: 0 index: 0 } } ignore_live_leader: false dest_uuid: "150e5649e07e45cfbb6a2acfa48c0eca"
I20260608 12:47:51.651535 26403 raft_consensus.cc:697] T 00000000000000000000000000000000 P fad297c782054cb9b0e8130e44656940 [term 1 LEADER]: Becoming Leader. State: Replica: fad297c782054cb9b0e8130e44656940, State: Running, Role: LEADER
I20260608 12:47:51.651736 26227 raft_consensus.cc:3060] T 00000000000000000000000000000000 P 150e5649e07e45cfbb6a2acfa48c0eca [term 0 FOLLOWER]: Advancing to term 1
I20260608 12:47:51.652509 26403 consensus_queue.cc:237] T 00000000000000000000000000000000 P fad297c782054cb9b0e8130e44656940 [LEADER]: Queue going to LEADER mode. State: All replicated index: 0, Majority replicated index: 0, Committed index: 0, Last appended: 0.0, Last appended by leader: 0, Current term: 1, Majority size: 2, State: 0, Mode: LEADER, active raft config: opid_index: -1 OBSOLETE_local: false peers { permanent_uuid: "150e5649e07e45cfbb6a2acfa48c0eca" member_type: VOTER last_known_addr { host: "127.24.117.190" port: 43339 } } peers { permanent_uuid: "fad297c782054cb9b0e8130e44656940" member_type: VOTER last_known_addr { host: "127.24.117.189" port: 41333 } } peers { permanent_uuid: "6a9f8b16b1b14775a7eb525c68d53537" member_type: VOTER last_known_addr { host: "127.24.117.188" port: 44161 } }
I20260608 12:47:51.654168 25046 webserver.cc:533] Webserver started at http://127.24.117.130:39409/ using document root <none> and password file <none>
I20260608 12:47:51.654855 25046 fs_manager.cc:362] Metadata directory not provided
I20260608 12:47:51.655073 25046 fs_manager.cc:368] Using write-ahead log directory (fs_wal_dir) as metadata directory
I20260608 12:47:51.655382 25046 server_base.cc:909] This appears to be a new deployment of Kudu; creating new FS layout
I20260608 12:47:51.656672 26227 raft_consensus.cc:2468] T 00000000000000000000000000000000 P 150e5649e07e45cfbb6a2acfa48c0eca [term 1 FOLLOWER]: Leader election vote request: Granting yes vote for candidate fad297c782054cb9b0e8130e44656940 in term 1.
I20260608 12:47:51.657018 25046 fs_manager.cc:1068] Generated new instance metadata in path /tmp/dist-test-taskZh69D9/test-tmp/auto_rebalancer-test.0.AutoRebalancerTest.NextLeaderResumesAutoRebalancing.1780922851690009-25046-0/minicluster-data/ts-1-root/instance:
uuid: "ed66f95c618c4e38a5394130bf47d4b9"
format_stamp: "Formatted at 2026-06-08 12:47:51 on dist-test-slave-bvz8"
I20260608 12:47:51.662750 26505 sys_catalog.cc:455] T 00000000000000000000000000000000 P fad297c782054cb9b0e8130e44656940 [sys.catalog]: SysCatalogTable state changed. Reason: New leader fad297c782054cb9b0e8130e44656940. Latest consensus state: current_term: 1 leader_uuid: "fad297c782054cb9b0e8130e44656940" committed_config { opid_index: -1 OBSOLETE_local: false peers { permanent_uuid: "150e5649e07e45cfbb6a2acfa48c0eca" member_type: VOTER last_known_addr { host: "127.24.117.190" port: 43339 } } peers { permanent_uuid: "fad297c782054cb9b0e8130e44656940" member_type: VOTER last_known_addr { host: "127.24.117.189" port: 41333 } } peers { permanent_uuid: "6a9f8b16b1b14775a7eb525c68d53537" member_type: VOTER last_known_addr { host: "127.24.117.188" port: 44161 } } }
I20260608 12:47:51.663112 25046 fs_manager.cc:696] Time spent creating directory manager: real 0.005s	user 0.005s	sys 0.000s
I20260608 12:47:51.663365 26505 sys_catalog.cc:458] T 00000000000000000000000000000000 P fad297c782054cb9b0e8130e44656940 [sys.catalog]: This master's current role is: LEADER
I20260608 12:47:51.665048 26515 catalog_manager.cc:1510] Loading table and tablet metadata into memory...
I20260608 12:47:51.667712 26516 log_block_manager.cc:4031] Time spent loading block containers with low live blocks: real 0.000s	user 0.000s	sys 0.000s
I20260608 12:47:51.668630 25046 fs_manager.cc:730] Time spent opening block manager: real 0.003s	user 0.003s	sys 0.000s
I20260608 12:47:51.668975 25046 fs_manager.cc:647] Opened local filesystem: /tmp/dist-test-taskZh69D9/test-tmp/auto_rebalancer-test.0.AutoRebalancerTest.NextLeaderResumesAutoRebalancing.1780922851690009-25046-0/minicluster-data/ts-1-root
uuid: "ed66f95c618c4e38a5394130bf47d4b9"
format_stamp: "Formatted at 2026-06-08 12:47:51 on dist-test-slave-bvz8"
I20260608 12:47:51.669322 25046 fs_report.cc:389] FS layout report
--------------------
wal directory: /tmp/dist-test-taskZh69D9/test-tmp/auto_rebalancer-test.0.AutoRebalancerTest.NextLeaderResumesAutoRebalancing.1780922851690009-25046-0/minicluster-data/ts-1-root
metadata directory: /tmp/dist-test-taskZh69D9/test-tmp/auto_rebalancer-test.0.AutoRebalancerTest.NextLeaderResumesAutoRebalancing.1780922851690009-25046-0/minicluster-data/ts-1-root
1 data directories: /tmp/dist-test-taskZh69D9/test-tmp/auto_rebalancer-test.0.AutoRebalancerTest.NextLeaderResumesAutoRebalancing.1780922851690009-25046-0/minicluster-data/ts-1-root/data
Total live blocks: 0
Total live bytes: 0
Total live bytes (after alignment): 0
Total number of LBM containers: 0 (0 full)
Did not check for missing blocks
Did not check for orphaned blocks
Total full LBM containers with extra space: 0 (0 repaired)
Total full LBM container extra space in bytes: 0 (0 repaired)
Total incomplete LBM containers: 0 (0 repaired)
Total LBM partial records: 0 (0 repaired)
Total corrupted LBM metadata records in RocksDB: 0 (0 repaired)
I20260608 12:47:51.671658 26515 catalog_manager.cc:1519] Initializing Kudu cluster ID...
I20260608 12:47:51.681613 26358 raft_consensus.cc:1275] T 00000000000000000000000000000000 P 6a9f8b16b1b14775a7eb525c68d53537 [term 1 FOLLOWER]: Refusing update from remote peer fad297c782054cb9b0e8130e44656940: Log matching property violated. Preceding OpId in replica: term: 0 index: 0. Preceding OpId from leader: term: 1 index: 2. (index mismatch)
I20260608 12:47:51.681613 26227 raft_consensus.cc:1275] T 00000000000000000000000000000000 P 150e5649e07e45cfbb6a2acfa48c0eca [term 1 FOLLOWER]: Refusing update from remote peer fad297c782054cb9b0e8130e44656940: Log matching property violated. Preceding OpId in replica: term: 0 index: 0. Preceding OpId from leader: term: 1 index: 2. (index mismatch)
I20260608 12:47:51.683519 26403 consensus_queue.cc:1048] T 00000000000000000000000000000000 P fad297c782054cb9b0e8130e44656940 [LEADER]: Connected to new peer: Peer: permanent_uuid: "6a9f8b16b1b14775a7eb525c68d53537" member_type: VOTER last_known_addr { host: "127.24.117.188" port: 44161 }, Status: LMP_MISMATCH, Last received: 0.0, Next index: 1, Last known committed idx: 0, Time since last communication: 0.000s
I20260608 12:47:51.684221 26505 consensus_queue.cc:1048] T 00000000000000000000000000000000 P fad297c782054cb9b0e8130e44656940 [LEADER]: Connected to new peer: Peer: permanent_uuid: "150e5649e07e45cfbb6a2acfa48c0eca" member_type: VOTER last_known_addr { host: "127.24.117.190" port: 43339 }, Status: LMP_MISMATCH, Last received: 0.0, Next index: 1, Last known committed idx: 0, Time since last communication: 0.000s
I20260608 12:47:51.686836 25046 rpc_server.cc:225] running with OpenSSL 1.1.1  11 Sep 2018
I20260608 12:47:51.688746 25046 kserver.cc:163] Server-wide thread pool size limit: 3276
I20260608 12:47:51.691468 25046 txn_system_client.cc:432] TxnSystemClient initialization is disabled...
I20260608 12:47:51.693385 26388 sys_catalog.cc:455] T 00000000000000000000000000000000 P 6a9f8b16b1b14775a7eb525c68d53537 [sys.catalog]: SysCatalogTable state changed. Reason: New leader fad297c782054cb9b0e8130e44656940. Latest consensus state: current_term: 1 leader_uuid: "fad297c782054cb9b0e8130e44656940" committed_config { opid_index: -1 OBSOLETE_local: false peers { permanent_uuid: "150e5649e07e45cfbb6a2acfa48c0eca" member_type: VOTER last_known_addr { host: "127.24.117.190" port: 43339 } } peers { permanent_uuid: "fad297c782054cb9b0e8130e44656940" member_type: VOTER last_known_addr { host: "127.24.117.189" port: 41333 } } peers { permanent_uuid: "6a9f8b16b1b14775a7eb525c68d53537" member_type: VOTER last_known_addr { host: "127.24.117.188" port: 44161 } } }
I20260608 12:47:51.694160 26388 sys_catalog.cc:458] T 00000000000000000000000000000000 P 6a9f8b16b1b14775a7eb525c68d53537 [sys.catalog]: This master's current role is: FOLLOWER
I20260608 12:47:51.695758 25046 ts_tablet_manager.cc:585] Loaded tablet metadata (0 total tablets, 0 live tablets)
I20260608 12:47:51.696154 25046 ts_tablet_manager.cc:531] Time spent load tablet metadata: real 0.000s	user 0.001s	sys 0.000s
I20260608 12:47:51.696590 25046 ts_tablet_manager.cc:616] Registered 0 tablets
I20260608 12:47:51.696905 25046 ts_tablet_manager.cc:595] Time spent register tablets: real 0.000s	user 0.000s	sys 0.000s
I20260608 12:47:51.697024 26404 sys_catalog.cc:455] T 00000000000000000000000000000000 P 150e5649e07e45cfbb6a2acfa48c0eca [sys.catalog]: SysCatalogTable state changed. Reason: New leader fad297c782054cb9b0e8130e44656940. Latest consensus state: current_term: 1 leader_uuid: "fad297c782054cb9b0e8130e44656940" committed_config { opid_index: -1 OBSOLETE_local: false peers { permanent_uuid: "150e5649e07e45cfbb6a2acfa48c0eca" member_type: VOTER last_known_addr { host: "127.24.117.190" port: 43339 } } peers { permanent_uuid: "fad297c782054cb9b0e8130e44656940" member_type: VOTER last_known_addr { host: "127.24.117.189" port: 41333 } } peers { permanent_uuid: "6a9f8b16b1b14775a7eb525c68d53537" member_type: VOTER last_known_addr { host: "127.24.117.188" port: 44161 } } }
I20260608 12:47:51.697767 26404 sys_catalog.cc:458] T 00000000000000000000000000000000 P 150e5649e07e45cfbb6a2acfa48c0eca [sys.catalog]: This master's current role is: FOLLOWER
I20260608 12:47:51.709213 26388 sys_catalog.cc:455] T 00000000000000000000000000000000 P 6a9f8b16b1b14775a7eb525c68d53537 [sys.catalog]: SysCatalogTable state changed. Reason: Replicated consensus-only round. Latest consensus state: current_term: 1 leader_uuid: "fad297c782054cb9b0e8130e44656940" committed_config { opid_index: -1 OBSOLETE_local: false peers { permanent_uuid: "150e5649e07e45cfbb6a2acfa48c0eca" member_type: VOTER last_known_addr { host: "127.24.117.190" port: 43339 } } peers { permanent_uuid: "fad297c782054cb9b0e8130e44656940" member_type: VOTER last_known_addr { host: "127.24.117.189" port: 41333 } } peers { permanent_uuid: "6a9f8b16b1b14775a7eb525c68d53537" member_type: VOTER last_known_addr { host: "127.24.117.188" port: 44161 } } }
I20260608 12:47:51.709980 26388 sys_catalog.cc:458] T 00000000000000000000000000000000 P 6a9f8b16b1b14775a7eb525c68d53537 [sys.catalog]: This master's current role is: FOLLOWER
I20260608 12:47:51.713282 26505 sys_catalog.cc:455] T 00000000000000000000000000000000 P fad297c782054cb9b0e8130e44656940 [sys.catalog]: SysCatalogTable state changed. Reason: Peer health change. Latest consensus state: current_term: 1 leader_uuid: "fad297c782054cb9b0e8130e44656940" committed_config { opid_index: -1 OBSOLETE_local: false peers { permanent_uuid: "150e5649e07e45cfbb6a2acfa48c0eca" member_type: VOTER last_known_addr { host: "127.24.117.190" port: 43339 } } peers { permanent_uuid: "fad297c782054cb9b0e8130e44656940" member_type: VOTER last_known_addr { host: "127.24.117.189" port: 41333 } } peers { permanent_uuid: "6a9f8b16b1b14775a7eb525c68d53537" member_type: VOTER last_known_addr { host: "127.24.117.188" port: 44161 } } }
