I20260608 12:49:36.164932 29824 raft_consensus.cc:359] T f84163a605874f09a9df0bc2cb048b8a P 8e8dc42d77454331b652ce75ae85a07a [term 0 FOLLOWER]: Replica starting. Triggering 0 pending ops. Active config: opid_index: -1 OBSOLETE_local: false peers { permanent_uuid: "8e8dc42d77454331b652ce75ae85a07a" member_type: VOTER last_known_addr { host: "127.24.117.129" port: 38207 } } peers { permanent_uuid: "ddeeff74c2c748c495c51b38ba6ed317" member_type: VOTER last_known_addr { host: "127.24.117.130" port: 43657 } } peers { permanent_uuid: "442b2d61bd3c4e398dc41074a4e6a3bf" member_type: VOTER last_known_addr { host: "127.24.117.131" port: 46207 } }
I20260608 12:49:36.165601 29824 raft_consensus.cc:385] T f84163a605874f09a9df0bc2cb048b8a P 8e8dc42d77454331b652ce75ae85a07a [term 0 FOLLOWER]: Consensus starting up: Expiring failure detector timer to make a prompt election more likely
I20260608 12:49:36.165812 29822 tablet_bootstrap.cc:654] T d72a08b1384648f29e5c0e3dd6bea19c P 442b2d61bd3c4e398dc41074a4e6a3bf: Neither blocks nor log segments found. Creating new log.
I20260608 12:49:36.165912 29824 raft_consensus.cc:740] T f84163a605874f09a9df0bc2cb048b8a P 8e8dc42d77454331b652ce75ae85a07a [term 0 FOLLOWER]: Becoming Follower/Learner. State: Replica: 8e8dc42d77454331b652ce75ae85a07a, State: Initialized, Role: FOLLOWER
I20260608 12:49:36.167272 29823 tablet_bootstrap.cc:654] T e7f2fc4b886f4d4191d88b344e2c27d6 P ddeeff74c2c748c495c51b38ba6ed317: Neither blocks nor log segments found. Creating new log.
I20260608 12:49:36.166910 29824 consensus_queue.cc:260] T f84163a605874f09a9df0bc2cb048b8a P 8e8dc42d77454331b652ce75ae85a07a [NON_LEADER]: Queue going to NON_LEADER mode. State: All replicated index: 0, Majority replicated index: 0, Committed index: 0, Last appended: 0.0, Last appended by leader: 0, Current term: 0, Majority size: -1, State: 0, Mode: NON_LEADER, active raft config: opid_index: -1 OBSOLETE_local: false peers { permanent_uuid: "8e8dc42d77454331b652ce75ae85a07a" member_type: VOTER last_known_addr { host: "127.24.117.129" port: 38207 } } peers { permanent_uuid: "ddeeff74c2c748c495c51b38ba6ed317" member_type: VOTER last_known_addr { host: "127.24.117.130" port: 43657 } } peers { permanent_uuid: "442b2d61bd3c4e398dc41074a4e6a3bf" member_type: VOTER last_known_addr { host: "127.24.117.131" port: 46207 } }
W20260608 12:49:36.170730 29803 tablet.cc:2404] T 8fb37a381ba04e789e6f58eacf4b604d P 442b2d61bd3c4e398dc41074a4e6a3bf: Can't schedule compaction. Clean time has not been advanced past its initial value.
I20260608 12:49:36.171209 29824 ts_tablet_manager.cc:1434] T f84163a605874f09a9df0bc2cb048b8a P 8e8dc42d77454331b652ce75ae85a07a: Time spent starting tablet: real 0.009s	user 0.007s	sys 0.000s
I20260608 12:49:36.172290 29824 tablet_bootstrap.cc:492] T fdff874f45ec4dc595e2ee0d56e56345 P 8e8dc42d77454331b652ce75ae85a07a: Bootstrap starting.
I20260608 12:49:36.179318 29824 tablet_bootstrap.cc:654] T fdff874f45ec4dc595e2ee0d56e56345 P 8e8dc42d77454331b652ce75ae85a07a: Neither blocks nor log segments found. Creating new log.
I20260608 12:49:36.195933 29823 tablet_bootstrap.cc:492] T e7f2fc4b886f4d4191d88b344e2c27d6 P ddeeff74c2c748c495c51b38ba6ed317: No bootstrap required, opened a new log
I20260608 12:49:36.196383 29823 ts_tablet_manager.cc:1403] T e7f2fc4b886f4d4191d88b344e2c27d6 P ddeeff74c2c748c495c51b38ba6ed317: Time spent bootstrapping tablet: real 0.036s	user 0.012s	sys 0.019s
I20260608 12:49:36.197420 29822 tablet_bootstrap.cc:492] T d72a08b1384648f29e5c0e3dd6bea19c P 442b2d61bd3c4e398dc41074a4e6a3bf: No bootstrap required, opened a new log
I20260608 12:49:36.197791 29824 tablet_bootstrap.cc:492] T fdff874f45ec4dc595e2ee0d56e56345 P 8e8dc42d77454331b652ce75ae85a07a: No bootstrap required, opened a new log
I20260608 12:49:36.197933 29822 ts_tablet_manager.cc:1403] T d72a08b1384648f29e5c0e3dd6bea19c P 442b2d61bd3c4e398dc41074a4e6a3bf: Time spent bootstrapping tablet: real 0.039s	user 0.031s	sys 0.004s
I20260608 12:49:36.198403 29824 ts_tablet_manager.cc:1403] T fdff874f45ec4dc595e2ee0d56e56345 P 8e8dc42d77454331b652ce75ae85a07a: Time spent bootstrapping tablet: real 0.026s	user 0.006s	sys 0.012s
I20260608 12:49:36.199018 29823 raft_consensus.cc:359] T e7f2fc4b886f4d4191d88b344e2c27d6 P ddeeff74c2c748c495c51b38ba6ed317 [term 0 FOLLOWER]: Replica starting. Triggering 0 pending ops. Active config: opid_index: -1 OBSOLETE_local: false peers { permanent_uuid: "8e8dc42d77454331b652ce75ae85a07a" member_type: VOTER last_known_addr { host: "127.24.117.129" port: 38207 } } peers { permanent_uuid: "ddeeff74c2c748c495c51b38ba6ed317" member_type: VOTER last_known_addr { host: "127.24.117.130" port: 43657 } } peers { permanent_uuid: "442b2d61bd3c4e398dc41074a4e6a3bf" member_type: VOTER last_known_addr { host: "127.24.117.131" port: 46207 } }
I20260608 12:49:36.199589 29823 raft_consensus.cc:385] T e7f2fc4b886f4d4191d88b344e2c27d6 P ddeeff74c2c748c495c51b38ba6ed317 [term 0 FOLLOWER]: Consensus starting up: Expiring failure detector timer to make a prompt election more likely
I20260608 12:49:36.199826 29823 raft_consensus.cc:740] T e7f2fc4b886f4d4191d88b344e2c27d6 P ddeeff74c2c748c495c51b38ba6ed317 [term 0 FOLLOWER]: Becoming Follower/Learner. State: Replica: ddeeff74c2c748c495c51b38ba6ed317, State: Initialized, Role: FOLLOWER
I20260608 12:49:36.200505 29823 consensus_queue.cc:260] T e7f2fc4b886f4d4191d88b344e2c27d6 P ddeeff74c2c748c495c51b38ba6ed317 [NON_LEADER]: Queue going to NON_LEADER mode. State: All replicated index: 0, Majority replicated index: 0, Committed index: 0, Last appended: 0.0, Last appended by leader: 0, Current term: 0, Majority size: -1, State: 0, Mode: NON_LEADER, active raft config: opid_index: -1 OBSOLETE_local: false peers { permanent_uuid: "8e8dc42d77454331b652ce75ae85a07a" member_type: VOTER last_known_addr { host: "127.24.117.129" port: 38207 } } peers { permanent_uuid: "ddeeff74c2c748c495c51b38ba6ed317" member_type: VOTER last_known_addr { host: "127.24.117.130" port: 43657 } } peers { permanent_uuid: "442b2d61bd3c4e398dc41074a4e6a3bf" member_type: VOTER last_known_addr { host: "127.24.117.131" port: 46207 } }
I20260608 12:49:36.201072 29822 raft_consensus.cc:359] T d72a08b1384648f29e5c0e3dd6bea19c P 442b2d61bd3c4e398dc41074a4e6a3bf [term 0 FOLLOWER]: Replica starting. Triggering 0 pending ops. Active config: opid_index: -1 OBSOLETE_local: false peers { permanent_uuid: "8e8dc42d77454331b652ce75ae85a07a" member_type: VOTER last_known_addr { host: "127.24.117.129" port: 38207 } } peers { permanent_uuid: "ddeeff74c2c748c495c51b38ba6ed317" member_type: VOTER last_known_addr { host: "127.24.117.130" port: 43657 } } peers { permanent_uuid: "442b2d61bd3c4e398dc41074a4e6a3bf" member_type: VOTER last_known_addr { host: "127.24.117.131" port: 46207 } }
I20260608 12:49:36.201365 29824 raft_consensus.cc:359] T fdff874f45ec4dc595e2ee0d56e56345 P 8e8dc42d77454331b652ce75ae85a07a [term 0 FOLLOWER]: Replica starting. Triggering 0 pending ops. Active config: opid_index: -1 OBSOLETE_local: false peers { permanent_uuid: "8e8dc42d77454331b652ce75ae85a07a" member_type: VOTER last_known_addr { host: "127.24.117.129" port: 38207 } } peers { permanent_uuid: "ddeeff74c2c748c495c51b38ba6ed317" member_type: VOTER last_known_addr { host: "127.24.117.130" port: 43657 } } peers { permanent_uuid: "442b2d61bd3c4e398dc41074a4e6a3bf" member_type: VOTER last_known_addr { host: "127.24.117.131" port: 46207 } }
I20260608 12:49:36.201891 29822 raft_consensus.cc:385] T d72a08b1384648f29e5c0e3dd6bea19c P 442b2d61bd3c4e398dc41074a4e6a3bf [term 0 FOLLOWER]: Consensus starting up: Expiring failure detector timer to make a prompt election more likely
I20260608 12:49:36.202054 29824 raft_consensus.cc:385] T fdff874f45ec4dc595e2ee0d56e56345 P 8e8dc42d77454331b652ce75ae85a07a [term 0 FOLLOWER]: Consensus starting up: Expiring failure detector timer to make a prompt election more likely
I20260608 12:49:36.202248 29822 raft_consensus.cc:740] T d72a08b1384648f29e5c0e3dd6bea19c P 442b2d61bd3c4e398dc41074a4e6a3bf [term 0 FOLLOWER]: Becoming Follower/Learner. State: Replica: 442b2d61bd3c4e398dc41074a4e6a3bf, State: Initialized, Role: FOLLOWER
I20260608 12:49:36.202406 29824 raft_consensus.cc:740] T fdff874f45ec4dc595e2ee0d56e56345 P 8e8dc42d77454331b652ce75ae85a07a [term 0 FOLLOWER]: Becoming Follower/Learner. State: Replica: 8e8dc42d77454331b652ce75ae85a07a, State: Initialized, Role: FOLLOWER
I20260608 12:49:36.202610 29823 ts_tablet_manager.cc:1434] T e7f2fc4b886f4d4191d88b344e2c27d6 P ddeeff74c2c748c495c51b38ba6ed317: Time spent starting tablet: real 0.006s	user 0.005s	sys 0.000s
I20260608 12:49:36.203102 29822 consensus_queue.cc:260] T d72a08b1384648f29e5c0e3dd6bea19c P 442b2d61bd3c4e398dc41074a4e6a3bf [NON_LEADER]: Queue going to NON_LEADER mode. State: All replicated index: 0, Majority replicated index: 0, Committed index: 0, Last appended: 0.0, Last appended by leader: 0, Current term: 0, Majority size: -1, State: 0, Mode: NON_LEADER, active raft config: opid_index: -1 OBSOLETE_local: false peers { permanent_uuid: "8e8dc42d77454331b652ce75ae85a07a" member_type: VOTER last_known_addr { host: "127.24.117.129" port: 38207 } } peers { permanent_uuid: "ddeeff74c2c748c495c51b38ba6ed317" member_type: VOTER last_known_addr { host: "127.24.117.130" port: 43657 } } peers { permanent_uuid: "442b2d61bd3c4e398dc41074a4e6a3bf" member_type: VOTER last_known_addr { host: "127.24.117.131" port: 46207 } }
I20260608 12:49:36.203262 29824 consensus_queue.cc:260] T fdff874f45ec4dc595e2ee0d56e56345 P 8e8dc42d77454331b652ce75ae85a07a [NON_LEADER]: Queue going to NON_LEADER mode. State: All replicated index: 0, Majority replicated index: 0, Committed index: 0, Last appended: 0.0, Last appended by leader: 0, Current term: 0, Majority size: -1, State: 0, Mode: NON_LEADER, active raft config: opid_index: -1 OBSOLETE_local: false peers { permanent_uuid: "8e8dc42d77454331b652ce75ae85a07a" member_type: VOTER last_known_addr { host: "127.24.117.129" port: 38207 } } peers { permanent_uuid: "ddeeff74c2c748c495c51b38ba6ed317" member_type: VOTER last_known_addr { host: "127.24.117.130" port: 43657 } } peers { permanent_uuid: "442b2d61bd3c4e398dc41074a4e6a3bf" member_type: VOTER last_known_addr { host: "127.24.117.131" port: 46207 } }
I20260608 12:49:36.203717 29823 tablet_bootstrap.cc:492] T e88433d612d341268aced9c7fe3b08c8 P ddeeff74c2c748c495c51b38ba6ed317: Bootstrap starting.
I20260608 12:49:36.205844 29824 ts_tablet_manager.cc:1434] T fdff874f45ec4dc595e2ee0d56e56345 P 8e8dc42d77454331b652ce75ae85a07a: Time spent starting tablet: real 0.007s	user 0.006s	sys 0.000s
I20260608 12:49:36.206871 29824 tablet_bootstrap.cc:492] T c2d35fbeb1544b84bda5b62cc5a4dfd8 P 8e8dc42d77454331b652ce75ae85a07a: Bootstrap starting.
I20260608 12:49:36.211122 29823 tablet_bootstrap.cc:654] T e88433d612d341268aced9c7fe3b08c8 P ddeeff74c2c748c495c51b38ba6ed317: Neither blocks nor log segments found. Creating new log.
I20260608 12:49:36.213848 29824 tablet_bootstrap.cc:654] T c2d35fbeb1544b84bda5b62cc5a4dfd8 P 8e8dc42d77454331b652ce75ae85a07a: Neither blocks nor log segments found. Creating new log.
I20260608 12:49:36.214357 29822 ts_tablet_manager.cc:1434] T d72a08b1384648f29e5c0e3dd6bea19c P 442b2d61bd3c4e398dc41074a4e6a3bf: Time spent starting tablet: real 0.016s	user 0.007s	sys 0.000s
I20260608 12:49:36.215411 29822 tablet_bootstrap.cc:492] T f84163a605874f09a9df0bc2cb048b8a P 442b2d61bd3c4e398dc41074a4e6a3bf: Bootstrap starting.
I20260608 12:49:36.219525 29824 tablet_bootstrap.cc:492] T c2d35fbeb1544b84bda5b62cc5a4dfd8 P 8e8dc42d77454331b652ce75ae85a07a: No bootstrap required, opened a new log
I20260608 12:49:36.220057 29824 ts_tablet_manager.cc:1403] T c2d35fbeb1544b84bda5b62cc5a4dfd8 P 8e8dc42d77454331b652ce75ae85a07a: Time spent bootstrapping tablet: real 0.013s	user 0.007s	sys 0.003s
I20260608 12:49:36.221854 29822 tablet_bootstrap.cc:654] T f84163a605874f09a9df0bc2cb048b8a P 442b2d61bd3c4e398dc41074a4e6a3bf: Neither blocks nor log segments found. Creating new log.
I20260608 12:49:36.223309 29824 raft_consensus.cc:359] T c2d35fbeb1544b84bda5b62cc5a4dfd8 P 8e8dc42d77454331b652ce75ae85a07a [term 0 FOLLOWER]: Replica starting. Triggering 0 pending ops. Active config: opid_index: -1 OBSOLETE_local: false peers { permanent_uuid: "8e8dc42d77454331b652ce75ae85a07a" member_type: VOTER last_known_addr { host: "127.24.117.129" port: 38207 } } peers { permanent_uuid: "ddeeff74c2c748c495c51b38ba6ed317" member_type: VOTER last_known_addr { host: "127.24.117.130" port: 43657 } } peers { permanent_uuid: "442b2d61bd3c4e398dc41074a4e6a3bf" member_type: VOTER last_known_addr { host: "127.24.117.131" port: 46207 } }
I20260608 12:49:36.224045 29824 raft_consensus.cc:385] T c2d35fbeb1544b84bda5b62cc5a4dfd8 P 8e8dc42d77454331b652ce75ae85a07a [term 0 FOLLOWER]: Consensus starting up: Expiring failure detector timer to make a prompt election more likely
I20260608 12:49:36.224323 29824 raft_consensus.cc:740] T c2d35fbeb1544b84bda5b62cc5a4dfd8 P 8e8dc42d77454331b652ce75ae85a07a [term 0 FOLLOWER]: Becoming Follower/Learner. State: Replica: 8e8dc42d77454331b652ce75ae85a07a, State: Initialized, Role: FOLLOWER
I20260608 12:49:36.225279 29824 consensus_queue.cc:260] T c2d35fbeb1544b84bda5b62cc5a4dfd8 P 8e8dc42d77454331b652ce75ae85a07a [NON_LEADER]: Queue going to NON_LEADER mode. State: All replicated index: 0, Majority replicated index: 0, Committed index: 0, Last appended: 0.0, Last appended by leader: 0, Current term: 0, Majority size: -1, State: 0, Mode: NON_LEADER, active raft config: opid_index: -1 OBSOLETE_local: false peers { permanent_uuid: "8e8dc42d77454331b652ce75ae85a07a" member_type: VOTER last_known_addr { host: "127.24.117.129" port: 38207 } } peers { permanent_uuid: "ddeeff74c2c748c495c51b38ba6ed317" member_type: VOTER last_known_addr { host: "127.24.117.130" port: 43657 } } peers { permanent_uuid: "442b2d61bd3c4e398dc41074a4e6a3bf" member_type: VOTER last_known_addr { host: "127.24.117.131" port: 46207 } }
I20260608 12:49:36.228019 29824 ts_tablet_manager.cc:1434] T c2d35fbeb1544b84bda5b62cc5a4dfd8 P 8e8dc42d77454331b652ce75ae85a07a: Time spent starting tablet: real 0.008s	user 0.008s	sys 0.000s
I20260608 12:49:36.229152 29824 tablet_bootstrap.cc:492] T e7f2fc4b886f4d4191d88b344e2c27d6 P 8e8dc42d77454331b652ce75ae85a07a: Bootstrap starting.
I20260608 12:49:36.231971 29830 raft_consensus.cc:493] T 8fb37a381ba04e789e6f58eacf4b604d P 442b2d61bd3c4e398dc41074a4e6a3bf [term 0 FOLLOWER]: Starting pre-election (no leader contacted us within the election timeout)
I20260608 12:49:36.232509 29830 raft_consensus.cc:515] T 8fb37a381ba04e789e6f58eacf4b604d P 442b2d61bd3c4e398dc41074a4e6a3bf [term 0 FOLLOWER]: Starting pre-election with config: opid_index: -1 OBSOLETE_local: false peers { permanent_uuid: "ddeeff74c2c748c495c51b38ba6ed317" member_type: VOTER last_known_addr { host: "127.24.117.130" port: 43657 } } peers { permanent_uuid: "442b2d61bd3c4e398dc41074a4e6a3bf" member_type: VOTER last_known_addr { host: "127.24.117.131" port: 46207 } } peers { permanent_uuid: "8e8dc42d77454331b652ce75ae85a07a" member_type: VOTER last_known_addr { host: "127.24.117.129" port: 38207 } }
I20260608 12:49:36.233726 29822 tablet_bootstrap.cc:492] T f84163a605874f09a9df0bc2cb048b8a P 442b2d61bd3c4e398dc41074a4e6a3bf: No bootstrap required, opened a new log
I20260608 12:49:36.234239 29822 ts_tablet_manager.cc:1403] T f84163a605874f09a9df0bc2cb048b8a P 442b2d61bd3c4e398dc41074a4e6a3bf: Time spent bootstrapping tablet: real 0.019s	user 0.016s	sys 0.000s
I20260608 12:49:36.237526 29822 raft_consensus.cc:359] T f84163a605874f09a9df0bc2cb048b8a P 442b2d61bd3c4e398dc41074a4e6a3bf [term 0 FOLLOWER]: Replica starting. Triggering 0 pending ops. Active config: opid_index: -1 OBSOLETE_local: false peers { permanent_uuid: "8e8dc42d77454331b652ce75ae85a07a" member_type: VOTER last_known_addr { host: "127.24.117.129" port: 38207 } } peers { permanent_uuid: "ddeeff74c2c748c495c51b38ba6ed317" member_type: VOTER last_known_addr { host: "127.24.117.130" port: 43657 } } peers { permanent_uuid: "442b2d61bd3c4e398dc41074a4e6a3bf" member_type: VOTER last_known_addr { host: "127.24.117.131" port: 46207 } }
I20260608 12:49:36.238251 29822 raft_consensus.cc:385] T f84163a605874f09a9df0bc2cb048b8a P 442b2d61bd3c4e398dc41074a4e6a3bf [term 0 FOLLOWER]: Consensus starting up: Expiring failure detector timer to make a prompt election more likely
I20260608 12:49:36.238567 29822 raft_consensus.cc:740] T f84163a605874f09a9df0bc2cb048b8a P 442b2d61bd3c4e398dc41074a4e6a3bf [term 0 FOLLOWER]: Becoming Follower/Learner. State: Replica: 442b2d61bd3c4e398dc41074a4e6a3bf, State: Initialized, Role: FOLLOWER
I20260608 12:49:36.238675 29824 tablet_bootstrap.cc:654] T e7f2fc4b886f4d4191d88b344e2c27d6 P 8e8dc42d77454331b652ce75ae85a07a: Neither blocks nor log segments found. Creating new log.
I20260608 12:49:36.239374 29822 consensus_queue.cc:260] T f84163a605874f09a9df0bc2cb048b8a P 442b2d61bd3c4e398dc41074a4e6a3bf [NON_LEADER]: Queue going to NON_LEADER mode. State: All replicated index: 0, Majority replicated index: 0, Committed index: 0, Last appended: 0.0, Last appended by leader: 0, Current term: 0, Majority size: -1, State: 0, Mode: NON_LEADER, active raft config: opid_index: -1 OBSOLETE_local: false peers { permanent_uuid: "8e8dc42d77454331b652ce75ae85a07a" member_type: VOTER last_known_addr { host: "127.24.117.129" port: 38207 } } peers { permanent_uuid: "ddeeff74c2c748c495c51b38ba6ed317" member_type: VOTER last_known_addr { host: "127.24.117.130" port: 43657 } } peers { permanent_uuid: "442b2d61bd3c4e398dc41074a4e6a3bf" member_type: VOTER last_known_addr { host: "127.24.117.131" port: 46207 } }
I20260608 12:49:36.241153 29830 leader_election.cc:290] T 8fb37a381ba04e789e6f58eacf4b604d P 442b2d61bd3c4e398dc41074a4e6a3bf [CANDIDATE]: Term 1 pre-election: Requested pre-vote from peers ddeeff74c2c748c495c51b38ba6ed317 (127.24.117.130:43657), 8e8dc42d77454331b652ce75ae85a07a (127.24.117.129:38207)
I20260608 12:49:36.248642 29822 ts_tablet_manager.cc:1434] T f84163a605874f09a9df0bc2cb048b8a P 442b2d61bd3c4e398dc41074a4e6a3bf: Time spent starting tablet: real 0.014s	user 0.012s	sys 0.004s
I20260608 12:49:36.249298 29823 tablet_bootstrap.cc:492] T e88433d612d341268aced9c7fe3b08c8 P ddeeff74c2c748c495c51b38ba6ed317: No bootstrap required, opened a new log
I20260608 12:49:36.249867 29822 tablet_bootstrap.cc:492] T fdff874f45ec4dc595e2ee0d56e56345 P 442b2d61bd3c4e398dc41074a4e6a3bf: Bootstrap starting.
I20260608 12:49:36.249852 29823 ts_tablet_manager.cc:1403] T e88433d612d341268aced9c7fe3b08c8 P ddeeff74c2c748c495c51b38ba6ed317: Time spent bootstrapping tablet: real 0.046s	user 0.016s	sys 0.009s
I20260608 12:49:36.255568 29823 raft_consensus.cc:359] T e88433d612d341268aced9c7fe3b08c8 P ddeeff74c2c748c495c51b38ba6ed317 [term 0 FOLLOWER]: Replica starting. Triggering 0 pending ops. Active config: opid_index: -1 OBSOLETE_local: false peers { permanent_uuid: "8e8dc42d77454331b652ce75ae85a07a" member_type: VOTER last_known_addr { host: "127.24.117.129" port: 38207 } } peers { permanent_uuid: "ddeeff74c2c748c495c51b38ba6ed317" member_type: VOTER last_known_addr { host: "127.24.117.130" port: 43657 } } peers { permanent_uuid: "442b2d61bd3c4e398dc41074a4e6a3bf" member_type: VOTER last_known_addr { host: "127.24.117.131" port: 46207 } }
I20260608 12:49:36.259933 29822 tablet_bootstrap.cc:654] T fdff874f45ec4dc595e2ee0d56e56345 P 442b2d61bd3c4e398dc41074a4e6a3bf: Neither blocks nor log segments found. Creating new log.
I20260608 12:49:36.256294 29823 raft_consensus.cc:385] T e88433d612d341268aced9c7fe3b08c8 P ddeeff74c2c748c495c51b38ba6ed317 [term 0 FOLLOWER]: Consensus starting up: Expiring failure detector timer to make a prompt election more likely
I20260608 12:49:36.262710 29824 tablet_bootstrap.cc:492] T e7f2fc4b886f4d4191d88b344e2c27d6 P 8e8dc42d77454331b652ce75ae85a07a: No bootstrap required, opened a new log
I20260608 12:49:36.262701 29823 raft_consensus.cc:740] T e88433d612d341268aced9c7fe3b08c8 P ddeeff74c2c748c495c51b38ba6ed317 [term 0 FOLLOWER]: Becoming Follower/Learner. State: Replica: ddeeff74c2c748c495c51b38ba6ed317, State: Initialized, Role: FOLLOWER
I20260608 12:49:36.263401 29824 ts_tablet_manager.cc:1403] T e7f2fc4b886f4d4191d88b344e2c27d6 P 8e8dc42d77454331b652ce75ae85a07a: Time spent bootstrapping tablet: real 0.035s	user 0.006s	sys 0.023s
I20260608 12:49:36.263870 29823 consensus_queue.cc:260] T e88433d612d341268aced9c7fe3b08c8 P ddeeff74c2c748c495c51b38ba6ed317 [NON_LEADER]: Queue going to NON_LEADER mode. State: All replicated index: 0, Majority replicated index: 0, Committed index: 0, Last appended: 0.0, Last appended by leader: 0, Current term: 0, Majority size: -1, State: 0, Mode: NON_LEADER, active raft config: opid_index: -1 OBSOLETE_local: false peers { permanent_uuid: "8e8dc42d77454331b652ce75ae85a07a" member_type: VOTER last_known_addr { host: "127.24.117.129" port: 38207 } } peers { permanent_uuid: "ddeeff74c2c748c495c51b38ba6ed317" member_type: VOTER last_known_addr { host: "127.24.117.130" port: 43657 } } peers { permanent_uuid: "442b2d61bd3c4e398dc41074a4e6a3bf" member_type: VOTER last_known_addr { host: "127.24.117.131" port: 46207 } }
I20260608 12:49:36.266706 29824 raft_consensus.cc:359] T e7f2fc4b886f4d4191d88b344e2c27d6 P 8e8dc42d77454331b652ce75ae85a07a [term 0 FOLLOWER]: Replica starting. Triggering 0 pending ops. Active config: opid_index: -1 OBSOLETE_local: false peers { permanent_uuid: "8e8dc42d77454331b652ce75ae85a07a" member_type: VOTER last_known_addr { host: "127.24.117.129" port: 38207 } } peers { permanent_uuid: "ddeeff74c2c748c495c51b38ba6ed317" member_type: VOTER last_known_addr { host: "127.24.117.130" port: 43657 } } peers { permanent_uuid: "442b2d61bd3c4e398dc41074a4e6a3bf" member_type: VOTER last_known_addr { host: "127.24.117.131" port: 46207 } }
I20260608 12:49:36.267486 29824 raft_consensus.cc:385] T e7f2fc4b886f4d4191d88b344e2c27d6 P 8e8dc42d77454331b652ce75ae85a07a [term 0 FOLLOWER]: Consensus starting up: Expiring failure detector timer to make a prompt election more likely
I20260608 12:49:36.267773 29824 raft_consensus.cc:740] T e7f2fc4b886f4d4191d88b344e2c27d6 P 8e8dc42d77454331b652ce75ae85a07a [term 0 FOLLOWER]: Becoming Follower/Learner. State: Replica: 8e8dc42d77454331b652ce75ae85a07a, State: Initialized, Role: FOLLOWER
I20260608 12:49:36.267935 29828 raft_consensus.cc:493] T f84163a605874f09a9df0bc2cb048b8a P 8e8dc42d77454331b652ce75ae85a07a [term 0 FOLLOWER]: Starting pre-election (no leader contacted us within the election timeout)
I20260608 12:49:36.268491 29828 raft_consensus.cc:515] T f84163a605874f09a9df0bc2cb048b8a P 8e8dc42d77454331b652ce75ae85a07a [term 0 FOLLOWER]: Starting pre-election with config: opid_index: -1 OBSOLETE_local: false peers { permanent_uuid: "8e8dc42d77454331b652ce75ae85a07a" member_type: VOTER last_known_addr { host: "127.24.117.129" port: 38207 } } peers { permanent_uuid: "ddeeff74c2c748c495c51b38ba6ed317" member_type: VOTER last_known_addr { host: "127.24.117.130" port: 43657 } } peers { permanent_uuid: "442b2d61bd3c4e398dc41074a4e6a3bf" member_type: VOTER last_known_addr { host: "127.24.117.131" port: 46207 } }
I20260608 12:49:36.268702 29824 consensus_queue.cc:260] T e7f2fc4b886f4d4191d88b344e2c27d6 P 8e8dc42d77454331b652ce75ae85a07a [NON_LEADER]: Queue going to NON_LEADER mode. State: All replicated index: 0, Majority replicated index: 0, Committed index: 0, Last appended: 0.0, Last appended by leader: 0, Current term: 0, Majority size: -1, State: 0, Mode: NON_LEADER, active raft config: opid_index: -1 OBSOLETE_local: false peers { permanent_uuid: "8e8dc42d77454331b652ce75ae85a07a" member_type: VOTER last_known_addr { host: "127.24.117.129" port: 38207 } } peers { permanent_uuid: "ddeeff74c2c748c495c51b38ba6ed317" member_type: VOTER last_known_addr { host: "127.24.117.130" port: 43657 } } peers { permanent_uuid: "442b2d61bd3c4e398dc41074a4e6a3bf" member_type: VOTER last_known_addr { host: "127.24.117.131" port: 46207 } }
I20260608 12:49:36.274858 29628 tablet_service.cc:1917] Received RequestConsensusVote() RPC: tablet_id: "8fb37a381ba04e789e6f58eacf4b604d" candidate_uuid: "442b2d61bd3c4e398dc41074a4e6a3bf" candidate_term: 1 candidate_status { last_received { term: 0 index: 0 } } ignore_live_leader: false dest_uuid: "8e8dc42d77454331b652ce75ae85a07a" is_pre_election: true
I20260608 12:49:36.276469 29822 tablet_bootstrap.cc:492] T fdff874f45ec4dc595e2ee0d56e56345 P 442b2d61bd3c4e398dc41074a4e6a3bf: No bootstrap required, opened a new log
I20260608 12:49:36.276963 29822 ts_tablet_manager.cc:1403] T fdff874f45ec4dc595e2ee0d56e56345 P 442b2d61bd3c4e398dc41074a4e6a3bf: Time spent bootstrapping tablet: real 0.027s	user 0.011s	sys 0.005s
W20260608 12:49:36.278352 29740 leader_election.cc:343] T 8fb37a381ba04e789e6f58eacf4b604d P 442b2d61bd3c4e398dc41074a4e6a3bf [CANDIDATE]: Term 1 pre-election: Tablet error from VoteRequest() call to peer 8e8dc42d77454331b652ce75ae85a07a (127.24.117.129:38207): Illegal state: must be running to vote when last-logged opid is not known
I20260608 12:49:36.280411 29822 raft_consensus.cc:359] T fdff874f45ec4dc595e2ee0d56e56345 P 442b2d61bd3c4e398dc41074a4e6a3bf [term 0 FOLLOWER]: Replica starting. Triggering 0 pending ops. Active config: opid_index: -1 OBSOLETE_local: false peers { permanent_uuid: "8e8dc42d77454331b652ce75ae85a07a" member_type: VOTER last_known_addr { host: "127.24.117.129" port: 38207 } } peers { permanent_uuid: "ddeeff74c2c748c495c51b38ba6ed317" member_type: VOTER last_known_addr { host: "127.24.117.130" port: 43657 } } peers { permanent_uuid: "442b2d61bd3c4e398dc41074a4e6a3bf" member_type: VOTER last_known_addr { host: "127.24.117.131" port: 46207 } }
I20260608 12:49:36.281185 29822 raft_consensus.cc:385] T fdff874f45ec4dc595e2ee0d56e56345 P 442b2d61bd3c4e398dc41074a4e6a3bf [term 0 FOLLOWER]: Consensus starting up: Expiring failure detector timer to make a prompt election more likely
I20260608 12:49:36.281474 29822 raft_consensus.cc:740] T fdff874f45ec4dc595e2ee0d56e56345 P 442b2d61bd3c4e398dc41074a4e6a3bf [term 0 FOLLOWER]: Becoming Follower/Learner. State: Replica: 442b2d61bd3c4e398dc41074a4e6a3bf, State: Initialized, Role: FOLLOWER
I20260608 12:49:36.282420 29703 tablet_service.cc:1917] Received RequestConsensusVote() RPC: tablet_id: "8fb37a381ba04e789e6f58eacf4b604d" candidate_uuid: "442b2d61bd3c4e398dc41074a4e6a3bf" candidate_term: 1 candidate_status { last_received { term: 0 index: 0 } } ignore_live_leader: false dest_uuid: "ddeeff74c2c748c495c51b38ba6ed317" is_pre_election: true
I20260608 12:49:36.282307 29822 consensus_queue.cc:260] T fdff874f45ec4dc595e2ee0d56e56345 P 442b2d61bd3c4e398dc41074a4e6a3bf [NON_LEADER]: Queue going to NON_LEADER mode. State: All replicated index: 0, Majority replicated index: 0, Committed index: 0, Last appended: 0.0, Last appended by leader: 0, Current term: 0, Majority size: -1, State: 0, Mode: NON_LEADER, active raft config: opid_index: -1 OBSOLETE_local: false peers { permanent_uuid: "8e8dc42d77454331b652ce75ae85a07a" member_type: VOTER last_known_addr { host: "127.24.117.129" port: 38207 } } peers { permanent_uuid: "ddeeff74c2c748c495c51b38ba6ed317" member_type: VOTER last_known_addr { host: "127.24.117.130" port: 43657 } } peers { permanent_uuid: "442b2d61bd3c4e398dc41074a4e6a3bf" member_type: VOTER last_known_addr { host: "127.24.117.131" port: 46207 } }
I20260608 12:49:36.284101 29828 leader_election.cc:290] T f84163a605874f09a9df0bc2cb048b8a P 8e8dc42d77454331b652ce75ae85a07a [CANDIDATE]: Term 1 pre-election: Requested pre-vote from peers ddeeff74c2c748c495c51b38ba6ed317 (127.24.117.130:43657), 442b2d61bd3c4e398dc41074a4e6a3bf (127.24.117.131:46207)
W20260608 12:49:36.284538 29740 leader_election.cc:343] T 8fb37a381ba04e789e6f58eacf4b604d P 442b2d61bd3c4e398dc41074a4e6a3bf [CANDIDATE]: Term 1 pre-election: Tablet error from VoteRequest() call to peer ddeeff74c2c748c495c51b38ba6ed317 (127.24.117.130:43657): Illegal state: must be running to vote when last-logged opid is not known
I20260608 12:49:36.285617 29740 leader_election.cc:304] T 8fb37a381ba04e789e6f58eacf4b604d P 442b2d61bd3c4e398dc41074a4e6a3bf [CANDIDATE]: Term 1 pre-election: Election decided. Result: candidate lost. Election summary: received 3 responses out of 3 voters: 1 yes votes; 2 no votes. yes voters: 442b2d61bd3c4e398dc41074a4e6a3bf; no voters: 8e8dc42d77454331b652ce75ae85a07a, ddeeff74c2c748c495c51b38ba6ed317
I20260608 12:49:36.286573 29842 raft_consensus.cc:2749] T 8fb37a381ba04e789e6f58eacf4b604d P 442b2d61bd3c4e398dc41074a4e6a3bf [term 0 FOLLOWER]: Leader pre-election lost for term 1. Reason: could not achieve majority
I20260608 12:49:36.289656 29824 ts_tablet_manager.cc:1434] T e7f2fc4b886f4d4191d88b344e2c27d6 P 8e8dc42d77454331b652ce75ae85a07a: Time spent starting tablet: real 0.026s	user 0.010s	sys 0.014s
I20260608 12:49:36.289837 29822 ts_tablet_manager.cc:1434] T fdff874f45ec4dc595e2ee0d56e56345 P 442b2d61bd3c4e398dc41074a4e6a3bf: Time spent starting tablet: real 0.013s	user 0.004s	sys 0.002s
I20260608 12:49:36.290683 29824 tablet_bootstrap.cc:492] T e88433d612d341268aced9c7fe3b08c8 P 8e8dc42d77454331b652ce75ae85a07a: Bootstrap starting.
I20260608 12:49:36.290843 29822 tablet_bootstrap.cc:492] T e88433d612d341268aced9c7fe3b08c8 P 442b2d61bd3c4e398dc41074a4e6a3bf: Bootstrap starting.
I20260608 12:49:36.298022 29822 tablet_bootstrap.cc:654] T e88433d612d341268aced9c7fe3b08c8 P 442b2d61bd3c4e398dc41074a4e6a3bf: Neither blocks nor log segments found. Creating new log.
I20260608 12:49:36.298079 29824 tablet_bootstrap.cc:654] T e88433d612d341268aced9c7fe3b08c8 P 8e8dc42d77454331b652ce75ae85a07a: Neither blocks nor log segments found. Creating new log.
I20260608 12:49:36.302258 29823 ts_tablet_manager.cc:1434] T e88433d612d341268aced9c7fe3b08c8 P ddeeff74c2c748c495c51b38ba6ed317: Time spent starting tablet: real 0.050s	user 0.007s	sys 0.001s
I20260608 12:49:36.306033 29823 tablet_bootstrap.cc:492] T 4f774cf91a444585aeeef342397a62e1 P ddeeff74c2c748c495c51b38ba6ed317: Bootstrap starting.
W20260608 12:49:36.310175 29574 auto_rebalancer.cc:259] Could not retrieve cluster info: Service unavailable: Tablet not running
I20260608 12:49:36.319113 29822 tablet_bootstrap.cc:492] T e88433d612d341268aced9c7fe3b08c8 P 442b2d61bd3c4e398dc41074a4e6a3bf: No bootstrap required, opened a new log
I20260608 12:49:36.319564 29822 ts_tablet_manager.cc:1403] T e88433d612d341268aced9c7fe3b08c8 P 442b2d61bd3c4e398dc41074a4e6a3bf: Time spent bootstrapping tablet: real 0.029s	user 0.019s	sys 0.007s
I20260608 12:49:36.321462 29824 tablet_bootstrap.cc:492] T e88433d612d341268aced9c7fe3b08c8 P 8e8dc42d77454331b652ce75ae85a07a: No bootstrap required, opened a new log
I20260608 12:49:36.321976 29824 ts_tablet_manager.cc:1403] T e88433d612d341268aced9c7fe3b08c8 P 8e8dc42d77454331b652ce75ae85a07a: Time spent bootstrapping tablet: real 0.032s	user 0.017s	sys 0.010s
I20260608 12:49:36.322713 29822 raft_consensus.cc:359] T e88433d612d341268aced9c7fe3b08c8 P 442b2d61bd3c4e398dc41074a4e6a3bf [term 0 FOLLOWER]: Replica starting. Triggering 0 pending ops. Active config: opid_index: -1 OBSOLETE_local: false peers { permanent_uuid: "8e8dc42d77454331b652ce75ae85a07a" member_type: VOTER last_known_addr { host: "127.24.117.129" port: 38207 } } peers { permanent_uuid: "ddeeff74c2c748c495c51b38ba6ed317" member_type: VOTER last_known_addr { host: "127.24.117.130" port: 43657 } } peers { permanent_uuid: "442b2d61bd3c4e398dc41074a4e6a3bf" member_type: VOTER last_known_addr { host: "127.24.117.131" port: 46207 } }
I20260608 12:49:36.323460 29822 raft_consensus.cc:385] T e88433d612d341268aced9c7fe3b08c8 P 442b2d61bd3c4e398dc41074a4e6a3bf [term 0 FOLLOWER]: Consensus starting up: Expiring failure detector timer to make a prompt election more likely
I20260608 12:49:36.323748 29822 raft_consensus.cc:740] T e88433d612d341268aced9c7fe3b08c8 P 442b2d61bd3c4e398dc41074a4e6a3bf [term 0 FOLLOWER]: Becoming Follower/Learner. State: Replica: 442b2d61bd3c4e398dc41074a4e6a3bf, State: Initialized, Role: FOLLOWER
I20260608 12:49:36.324671 29822 consensus_queue.cc:260] T e88433d612d341268aced9c7fe3b08c8 P 442b2d61bd3c4e398dc41074a4e6a3bf [NON_LEADER]: Queue going to NON_LEADER mode. State: All replicated index: 0, Majority replicated index: 0, Committed index: 0, Last appended: 0.0, Last appended by leader: 0, Current term: 0, Majority size: -1, State: 0, Mode: NON_LEADER, active raft config: opid_index: -1 OBSOLETE_local: false peers { permanent_uuid: "8e8dc42d77454331b652ce75ae85a07a" member_type: VOTER last_known_addr { host: "127.24.117.129" port: 38207 } } peers { permanent_uuid: "ddeeff74c2c748c495c51b38ba6ed317" member_type: VOTER last_known_addr { host: "127.24.117.130" port: 43657 } } peers { permanent_uuid: "442b2d61bd3c4e398dc41074a4e6a3bf" member_type: VOTER last_known_addr { host: "127.24.117.131" port: 46207 } }
I20260608 12:49:36.326193 29823 tablet_bootstrap.cc:654] T 4f774cf91a444585aeeef342397a62e1 P ddeeff74c2c748c495c51b38ba6ed317: Neither blocks nor log segments found. Creating new log.
I20260608 12:49:36.327456 29824 raft_consensus.cc:359] T e88433d612d341268aced9c7fe3b08c8 P 8e8dc42d77454331b652ce75ae85a07a [term 0 FOLLOWER]: Replica starting. Triggering 0 pending ops. Active config: opid_index: -1 OBSOLETE_local: false peers { permanent_uuid: "8e8dc42d77454331b652ce75ae85a07a" member_type: VOTER last_known_addr { host: "127.24.117.129" port: 38207 } } peers { permanent_uuid: "ddeeff74c2c748c495c51b38ba6ed317" member_type: VOTER last_known_addr { host: "127.24.117.130" port: 43657 } } peers { permanent_uuid: "442b2d61bd3c4e398dc41074a4e6a3bf" member_type: VOTER last_known_addr { host: "127.24.117.131" port: 46207 } }
I20260608 12:49:36.327975 29777 tablet_service.cc:1917] Received RequestConsensusVote() RPC: tablet_id: "f84163a605874f09a9df0bc2cb048b8a" candidate_uuid: "8e8dc42d77454331b652ce75ae85a07a" candidate_term: 1 candidate_status { last_received { term: 0 index: 0 } } ignore_live_leader: false dest_uuid: "442b2d61bd3c4e398dc41074a4e6a3bf" is_pre_election: true
I20260608 12:49:36.328230 29824 raft_consensus.cc:385] T e88433d612d341268aced9c7fe3b08c8 P 8e8dc42d77454331b652ce75ae85a07a [term 0 FOLLOWER]: Consensus starting up: Expiring failure detector timer to make a prompt election more likely
I20260608 12:49:36.328590 29824 raft_consensus.cc:740] T e88433d612d341268aced9c7fe3b08c8 P 8e8dc42d77454331b652ce75ae85a07a [term 0 FOLLOWER]: Becoming Follower/Learner. State: Replica: 8e8dc42d77454331b652ce75ae85a07a, State: Initialized, Role: FOLLOWER
I20260608 12:49:36.328713 29777 raft_consensus.cc:2468] T f84163a605874f09a9df0bc2cb048b8a P 442b2d61bd3c4e398dc41074a4e6a3bf [term 0 FOLLOWER]: Leader pre-election vote request: Granting yes vote for candidate 8e8dc42d77454331b652ce75ae85a07a in term 0.
I20260608 12:49:36.330339 29594 leader_election.cc:304] T f84163a605874f09a9df0bc2cb048b8a P 8e8dc42d77454331b652ce75ae85a07a [CANDIDATE]: Term 1 pre-election: Election decided. Result: candidate won. Election summary: received 2 responses out of 3 voters: 2 yes votes; 0 no votes. yes voters: 442b2d61bd3c4e398dc41074a4e6a3bf, 8e8dc42d77454331b652ce75ae85a07a; no voters: 
I20260608 12:49:36.331216 29828 raft_consensus.cc:2804] T f84163a605874f09a9df0bc2cb048b8a P 8e8dc42d77454331b652ce75ae85a07a [term 0 FOLLOWER]: Leader pre-election won for term 1
I20260608 12:49:36.331640 29828 raft_consensus.cc:493] T f84163a605874f09a9df0bc2cb048b8a P 8e8dc42d77454331b652ce75ae85a07a [term 0 FOLLOWER]: Starting leader election (no leader contacted us within the election timeout)
I20260608 12:49:36.329505 29824 consensus_queue.cc:260] T e88433d612d341268aced9c7fe3b08c8 P 8e8dc42d77454331b652ce75ae85a07a [NON_LEADER]: Queue going to NON_LEADER mode. State: All replicated index: 0, Majority replicated index: 0, Committed index: 0, Last appended: 0.0, Last appended by leader: 0, Current term: 0, Majority size: -1, State: 0, Mode: NON_LEADER, active raft config: opid_index: -1 OBSOLETE_local: false peers { permanent_uuid: "8e8dc42d77454331b652ce75ae85a07a" member_type: VOTER last_known_addr { host: "127.24.117.129" port: 38207 } } peers { permanent_uuid: "ddeeff74c2c748c495c51b38ba6ed317" member_type: VOTER last_known_addr { host: "127.24.117.130" port: 43657 } } peers { permanent_uuid: "442b2d61bd3c4e398dc41074a4e6a3bf" member_type: VOTER last_known_addr { host: "127.24.117.131" port: 46207 } }
I20260608 12:49:36.331981 29828 raft_consensus.cc:3060] T f84163a605874f09a9df0bc2cb048b8a P 8e8dc42d77454331b652ce75ae85a07a [term 0 FOLLOWER]: Advancing to term 1
I20260608 12:49:36.332190 29703 tablet_service.cc:1917] Received RequestConsensusVote() RPC: tablet_id: "f84163a605874f09a9df0bc2cb048b8a" candidate_uuid: "8e8dc42d77454331b652ce75ae85a07a" candidate_term: 1 candidate_status { last_received { term: 0 index: 0 } } ignore_live_leader: false dest_uuid: "ddeeff74c2c748c495c51b38ba6ed317" is_pre_election: true
I20260608 12:49:36.333767 29824 ts_tablet_manager.cc:1434] T e88433d612d341268aced9c7fe3b08c8 P 8e8dc42d77454331b652ce75ae85a07a: Time spent starting tablet: real 0.011s	user 0.008s	sys 0.000s
W20260608 12:49:36.333770 29591 leader_election.cc:343] T f84163a605874f09a9df0bc2cb048b8a P 8e8dc42d77454331b652ce75ae85a07a [CANDIDATE]: Term 1 pre-election: Tablet error from VoteRequest() call to peer ddeeff74c2c748c495c51b38ba6ed317 (127.24.117.130:43657): Illegal state: must be running to vote when last-logged opid is not known
I20260608 12:49:36.334973 29829 raft_consensus.cc:493] T d72a08b1384648f29e5c0e3dd6bea19c P ddeeff74c2c748c495c51b38ba6ed317 [term 0 FOLLOWER]: Starting pre-election (no leader contacted us within the election timeout)
I20260608 12:49:36.335443 29829 raft_consensus.cc:515] T d72a08b1384648f29e5c0e3dd6bea19c P ddeeff74c2c748c495c51b38ba6ed317 [term 0 FOLLOWER]: Starting pre-election with config: opid_index: -1 OBSOLETE_local: false peers { permanent_uuid: "8e8dc42d77454331b652ce75ae85a07a" member_type: VOTER last_known_addr { host: "127.24.117.129" port: 38207 } } peers { permanent_uuid: "ddeeff74c2c748c495c51b38ba6ed317" member_type: VOTER last_known_addr { host: "127.24.117.130" port: 43657 } } peers { permanent_uuid: "442b2d61bd3c4e398dc41074a4e6a3bf" member_type: VOTER last_known_addr { host: "127.24.117.131" port: 46207 } }
I20260608 12:49:36.338814 29829 leader_election.cc:290] T d72a08b1384648f29e5c0e3dd6bea19c P ddeeff74c2c748c495c51b38ba6ed317 [CANDIDATE]: Term 1 pre-election: Requested pre-vote from peers 8e8dc42d77454331b652ce75ae85a07a (127.24.117.129:38207), 442b2d61bd3c4e398dc41074a4e6a3bf (127.24.117.131:46207)
I20260608 12:49:36.340360 29824 tablet_bootstrap.cc:492] T d72a08b1384648f29e5c0e3dd6bea19c P 8e8dc42d77454331b652ce75ae85a07a: Bootstrap starting.
I20260608 12:49:36.340045 29828 raft_consensus.cc:515] T f84163a605874f09a9df0bc2cb048b8a P 8e8dc42d77454331b652ce75ae85a07a [term 1 FOLLOWER]: Starting leader election with config: opid_index: -1 OBSOLETE_local: false peers { permanent_uuid: "8e8dc42d77454331b652ce75ae85a07a" member_type: VOTER last_known_addr { host: "127.24.117.129" port: 38207 } } peers { permanent_uuid: "ddeeff74c2c748c495c51b38ba6ed317" member_type: VOTER last_known_addr { host: "127.24.117.130" port: 43657 } } peers { permanent_uuid: "442b2d61bd3c4e398dc41074a4e6a3bf" member_type: VOTER last_known_addr { host: "127.24.117.131" port: 46207 } }
I20260608 12:49:36.343976 29822 ts_tablet_manager.cc:1434] T e88433d612d341268aced9c7fe3b08c8 P 442b2d61bd3c4e398dc41074a4e6a3bf: Time spent starting tablet: real 0.024s	user 0.001s	sys 0.004s
I20260608 12:49:36.343827 29777 tablet_service.cc:1917] Received RequestConsensusVote() RPC: tablet_id: "f84163a605874f09a9df0bc2cb048b8a" candidate_uuid: "8e8dc42d77454331b652ce75ae85a07a" candidate_term: 1 candidate_status { last_received { term: 0 index: 0 } } ignore_live_leader: false dest_uuid: "442b2d61bd3c4e398dc41074a4e6a3bf"
I20260608 12:49:36.344453 29777 raft_consensus.cc:3060] T f84163a605874f09a9df0bc2cb048b8a P 442b2d61bd3c4e398dc41074a4e6a3bf [term 0 FOLLOWER]: Advancing to term 1
I20260608 12:49:36.346464 29824 tablet_bootstrap.cc:654] T d72a08b1384648f29e5c0e3dd6bea19c P 8e8dc42d77454331b652ce75ae85a07a: Neither blocks nor log segments found. Creating new log.
I20260608 12:49:36.351227 29777 raft_consensus.cc:2468] T f84163a605874f09a9df0bc2cb048b8a P 442b2d61bd3c4e398dc41074a4e6a3bf [term 1 FOLLOWER]: Leader election vote request: Granting yes vote for candidate 8e8dc42d77454331b652ce75ae85a07a in term 1.
I20260608 12:49:36.351907 29828 leader_election.cc:290] T f84163a605874f09a9df0bc2cb048b8a P 8e8dc42d77454331b652ce75ae85a07a [CANDIDATE]: Term 1 election: Requested vote from peers ddeeff74c2c748c495c51b38ba6ed317 (127.24.117.130:43657), 442b2d61bd3c4e398dc41074a4e6a3bf (127.24.117.131:46207)
I20260608 12:49:36.352406 29594 leader_election.cc:304] T f84163a605874f09a9df0bc2cb048b8a P 8e8dc42d77454331b652ce75ae85a07a [CANDIDATE]: Term 1 election: Election decided. Result: candidate won. Election summary: received 2 responses out of 3 voters: 2 yes votes; 0 no votes. yes voters: 442b2d61bd3c4e398dc41074a4e6a3bf, 8e8dc42d77454331b652ce75ae85a07a; no voters: 
I20260608 12:49:36.354238 29828 raft_consensus.cc:2804] T f84163a605874f09a9df0bc2cb048b8a P 8e8dc42d77454331b652ce75ae85a07a [term 1 FOLLOWER]: Leader election won for term 1
I20260608 12:49:36.354868 29842 raft_consensus.cc:493] T fdff874f45ec4dc595e2ee0d56e56345 P 442b2d61bd3c4e398dc41074a4e6a3bf [term 0 FOLLOWER]: Starting pre-election (no leader contacted us within the election timeout)
I20260608 12:49:36.355332 29822 tablet_bootstrap.cc:492] T c2d35fbeb1544b84bda5b62cc5a4dfd8 P 442b2d61bd3c4e398dc41074a4e6a3bf: Bootstrap starting.
I20260608 12:49:36.355306 29842 raft_consensus.cc:515] T fdff874f45ec4dc595e2ee0d56e56345 P 442b2d61bd3c4e398dc41074a4e6a3bf [term 0 FOLLOWER]: Starting pre-election with config: opid_index: -1 OBSOLETE_local: false peers { permanent_uuid: "8e8dc42d77454331b652ce75ae85a07a" member_type: VOTER last_known_addr { host: "127.24.117.129" port: 38207 } } peers { permanent_uuid: "ddeeff74c2c748c495c51b38ba6ed317" member_type: VOTER last_known_addr { host: "127.24.117.130" port: 43657 } } peers { permanent_uuid: "442b2d61bd3c4e398dc41074a4e6a3bf" member_type: VOTER last_known_addr { host: "127.24.117.131" port: 46207 } }
I20260608 12:49:36.357121 29828 raft_consensus.cc:697] T f84163a605874f09a9df0bc2cb048b8a P 8e8dc42d77454331b652ce75ae85a07a [term 1 LEADER]: Becoming Leader. State: Replica: 8e8dc42d77454331b652ce75ae85a07a, State: Running, Role: LEADER
I20260608 12:49:36.358212 29842 leader_election.cc:290] T fdff874f45ec4dc595e2ee0d56e56345 P 442b2d61bd3c4e398dc41074a4e6a3bf [CANDIDATE]: Term 1 pre-election: Requested pre-vote from peers 8e8dc42d77454331b652ce75ae85a07a (127.24.117.129:38207), ddeeff74c2c748c495c51b38ba6ed317 (127.24.117.130:43657)
I20260608 12:49:36.358004 29828 consensus_queue.cc:237] T f84163a605874f09a9df0bc2cb048b8a P 8e8dc42d77454331b652ce75ae85a07a [LEADER]: Queue going to LEADER mode. State: All replicated index: 0, Majority replicated index: 0, Committed index: 0, Last appended: 0.0, Last appended by leader: 0, Current term: 1, Majority size: 2, State: 0, Mode: LEADER, active raft config: opid_index: -1 OBSOLETE_local: false peers { permanent_uuid: "8e8dc42d77454331b652ce75ae85a07a" member_type: VOTER last_known_addr { host: "127.24.117.129" port: 38207 } } peers { permanent_uuid: "ddeeff74c2c748c495c51b38ba6ed317" member_type: VOTER last_known_addr { host: "127.24.117.130" port: 43657 } } peers { permanent_uuid: "442b2d61bd3c4e398dc41074a4e6a3bf" member_type: VOTER last_known_addr { host: "127.24.117.131" port: 46207 } }
I20260608 12:49:36.360308 29703 tablet_service.cc:1917] Received RequestConsensusVote() RPC: tablet_id: "fdff874f45ec4dc595e2ee0d56e56345" candidate_uuid: "442b2d61bd3c4e398dc41074a4e6a3bf" candidate_term: 1 candidate_status { last_received { term: 0 index: 0 } } ignore_live_leader: false dest_uuid: "ddeeff74c2c748c495c51b38ba6ed317" is_pre_election: true
I20260608 12:49:36.361557 29846 raft_consensus.cc:493] T ba6b749584de452c930c901906553a37 P 8e8dc42d77454331b652ce75ae85a07a [term 0 FOLLOWER]: Starting pre-election (no leader contacted us within the election timeout)
I20260608 12:49:36.362044 29846 raft_consensus.cc:515] T ba6b749584de452c930c901906553a37 P 8e8dc42d77454331b652ce75ae85a07a [term 0 FOLLOWER]: Starting pre-election with config: opid_index: -1 OBSOLETE_local: false peers { permanent_uuid: "8e8dc42d77454331b652ce75ae85a07a" member_type: VOTER last_known_addr { host: "127.24.117.129" port: 38207 } } peers { permanent_uuid: "ddeeff74c2c748c495c51b38ba6ed317" member_type: VOTER last_known_addr { host: "127.24.117.130" port: 43657 } } peers { permanent_uuid: "442b2d61bd3c4e398dc41074a4e6a3bf" member_type: VOTER last_known_addr { host: "127.24.117.131" port: 46207 } }
I20260608 12:49:36.363446 29823 tablet_bootstrap.cc:492] T 4f774cf91a444585aeeef342397a62e1 P ddeeff74c2c748c495c51b38ba6ed317: No bootstrap required, opened a new log
I20260608 12:49:36.364006 29823 ts_tablet_manager.cc:1403] T 4f774cf91a444585aeeef342397a62e1 P ddeeff74c2c748c495c51b38ba6ed317: Time spent bootstrapping tablet: real 0.058s	user 0.014s	sys 0.000s
W20260608 12:49:36.365507 29740 leader_election.cc:343] T fdff874f45ec4dc595e2ee0d56e56345 P 442b2d61bd3c4e398dc41074a4e6a3bf [CANDIDATE]: Term 1 pre-election: Tablet error from VoteRequest() call to peer ddeeff74c2c748c495c51b38ba6ed317 (127.24.117.130:43657): Illegal state: must be running to vote when last-logged opid is not known
I20260608 12:49:36.366979 29628 tablet_service.cc:1917] Received RequestConsensusVote() RPC: tablet_id: "fdff874f45ec4dc595e2ee0d56e56345" candidate_uuid: "442b2d61bd3c4e398dc41074a4e6a3bf" candidate_term: 1 candidate_status { last_received { term: 0 index: 0 } } ignore_live_leader: false dest_uuid: "8e8dc42d77454331b652ce75ae85a07a" is_pre_election: true
I20260608 12:49:36.364339 29846 leader_election.cc:290] T ba6b749584de452c930c901906553a37 P 8e8dc42d77454331b652ce75ae85a07a [CANDIDATE]: Term 1 pre-election: Requested pre-vote from peers ddeeff74c2c748c495c51b38ba6ed317 (127.24.117.130:43657), 442b2d61bd3c4e398dc41074a4e6a3bf (127.24.117.131:46207)
I20260608 12:49:36.367694 29628 raft_consensus.cc:2468] T fdff874f45ec4dc595e2ee0d56e56345 P 8e8dc42d77454331b652ce75ae85a07a [term 0 FOLLOWER]: Leader pre-election vote request: Granting yes vote for candidate 442b2d61bd3c4e398dc41074a4e6a3bf in term 0.
I20260608 12:49:36.368548 29822 tablet_bootstrap.cc:654] T c2d35fbeb1544b84bda5b62cc5a4dfd8 P 442b2d61bd3c4e398dc41074a4e6a3bf: Neither blocks nor log segments found. Creating new log.
I20260608 12:49:36.369429 29740 leader_election.cc:304] T fdff874f45ec4dc595e2ee0d56e56345 P 442b2d61bd3c4e398dc41074a4e6a3bf [CANDIDATE]: Term 1 pre-election: Election decided. Result: candidate won. Election summary: received 3 responses out of 3 voters: 2 yes votes; 1 no votes. yes voters: 442b2d61bd3c4e398dc41074a4e6a3bf, 8e8dc42d77454331b652ce75ae85a07a; no voters: ddeeff74c2c748c495c51b38ba6ed317
I20260608 12:49:36.369585 29829 raft_consensus.cc:493] T e7f2fc4b886f4d4191d88b344e2c27d6 P ddeeff74c2c748c495c51b38ba6ed317 [term 0 FOLLOWER]: Starting pre-election (no leader contacted us within the election timeout)
I20260608 12:49:36.370401 29842 raft_consensus.cc:2804] T fdff874f45ec4dc595e2ee0d56e56345 P 442b2d61bd3c4e398dc41074a4e6a3bf [term 0 FOLLOWER]: Leader pre-election won for term 1
I20260608 12:49:36.370908 29842 raft_consensus.cc:493] T fdff874f45ec4dc595e2ee0d56e56345 P 442b2d61bd3c4e398dc41074a4e6a3bf [term 0 FOLLOWER]: Starting leader election (no leader contacted us within the election timeout)
I20260608 12:49:36.371434 29842 raft_consensus.cc:3060] T fdff874f45ec4dc595e2ee0d56e56345 P 442b2d61bd3c4e398dc41074a4e6a3bf [term 0 FOLLOWER]: Advancing to term 1
I20260608 12:49:36.370954 29829 raft_consensus.cc:515] T e7f2fc4b886f4d4191d88b344e2c27d6 P ddeeff74c2c748c495c51b38ba6ed317 [term 0 FOLLOWER]: Starting pre-election with config: opid_index: -1 OBSOLETE_local: false peers { permanent_uuid: "8e8dc42d77454331b652ce75ae85a07a" member_type: VOTER last_known_addr { host: "127.24.117.129" port: 38207 } } peers { permanent_uuid: "ddeeff74c2c748c495c51b38ba6ed317" member_type: VOTER last_known_addr { host: "127.24.117.130" port: 43657 } } peers { permanent_uuid: "442b2d61bd3c4e398dc41074a4e6a3bf" member_type: VOTER last_known_addr { host: "127.24.117.131" port: 46207 } }
I20260608 12:49:36.373618 29829 leader_election.cc:290] T e7f2fc4b886f4d4191d88b344e2c27d6 P ddeeff74c2c748c495c51b38ba6ed317 [CANDIDATE]: Term 1 pre-election: Requested pre-vote from peers 8e8dc42d77454331b652ce75ae85a07a (127.24.117.129:38207), 442b2d61bd3c4e398dc41074a4e6a3bf (127.24.117.131:46207)
I20260608 12:49:36.367753 29777 tablet_service.cc:1917] Received RequestConsensusVote() RPC: tablet_id: "ba6b749584de452c930c901906553a37" candidate_uuid: "8e8dc42d77454331b652ce75ae85a07a" candidate_term: 1 candidate_status { last_received { term: 0 index: 0 } } ignore_live_leader: false dest_uuid: "442b2d61bd3c4e398dc41074a4e6a3bf" is_pre_election: true
W20260608 12:49:36.375311 29594 leader_election.cc:343] T ba6b749584de452c930c901906553a37 P 8e8dc42d77454331b652ce75ae85a07a [CANDIDATE]: Term 1 pre-election: Tablet error from VoteRequest() call to peer 442b2d61bd3c4e398dc41074a4e6a3bf (127.24.117.131:46207): Illegal state: must be running to vote when last-logged opid is not known
