I20260608 12:48:48.542899 28300 raft_consensus.cc:515] T 7931ac9295c7454dbacd491a3df6ab8a P 183e15d66ae64d0eb03f043328b9aedd [term 1 FOLLOWER]: Starting leader election with config: opid_index: -1 OBSOLETE_local: false peers { permanent_uuid: "183e15d66ae64d0eb03f043328b9aedd" member_type: VOTER last_known_addr { host: "127.24.85.4" port: 37599 } } peers { permanent_uuid: "edcbfcc2016447289dc17fb13bc46850" member_type: VOTER last_known_addr { host: "127.24.85.3" port: 45809 } } peers { permanent_uuid: "0f9348dd2cbf44b79e9f38ba370dd8c4" member_type: VOTER last_known_addr { host: "127.24.85.1" port: 35021 } }
I20260608 12:48:48.544708 28300 leader_election.cc:290] T 7931ac9295c7454dbacd491a3df6ab8a P 183e15d66ae64d0eb03f043328b9aedd [CANDIDATE]: Term 1 election: Requested vote from peers edcbfcc2016447289dc17fb13bc46850 (127.24.85.3:45809), 0f9348dd2cbf44b79e9f38ba370dd8c4 (127.24.85.1:35021)
I20260608 12:48:48.545765 28059 tablet_service.cc:1917] Received RequestConsensusVote() RPC: tablet_id: "7931ac9295c7454dbacd491a3df6ab8a" candidate_uuid: "183e15d66ae64d0eb03f043328b9aedd" candidate_term: 1 candidate_status { last_received { term: 0 index: 0 } } ignore_live_leader: false dest_uuid: "edcbfcc2016447289dc17fb13bc46850"
I20260608 12:48:48.546371 28059 raft_consensus.cc:3060] T 7931ac9295c7454dbacd491a3df6ab8a P edcbfcc2016447289dc17fb13bc46850 [term 0 FOLLOWER]: Advancing to term 1
I20260608 12:48:48.546219 27912 tablet_service.cc:1917] Received RequestConsensusVote() RPC: tablet_id: "7931ac9295c7454dbacd491a3df6ab8a" candidate_uuid: "183e15d66ae64d0eb03f043328b9aedd" candidate_term: 1 candidate_status { last_received { term: 0 index: 0 } } ignore_live_leader: false dest_uuid: "0f9348dd2cbf44b79e9f38ba370dd8c4"
I20260608 12:48:48.548108 27912 raft_consensus.cc:3060] T 7931ac9295c7454dbacd491a3df6ab8a P 0f9348dd2cbf44b79e9f38ba370dd8c4 [term 0 FOLLOWER]: Advancing to term 1
I20260608 12:48:48.552237 28059 raft_consensus.cc:2468] T 7931ac9295c7454dbacd491a3df6ab8a P edcbfcc2016447289dc17fb13bc46850 [term 1 FOLLOWER]: Leader election vote request: Granting yes vote for candidate 183e15d66ae64d0eb03f043328b9aedd in term 1.
I20260608 12:48:48.553505 28179 leader_election.cc:304] T 7931ac9295c7454dbacd491a3df6ab8a P 183e15d66ae64d0eb03f043328b9aedd [CANDIDATE]: Term 1 election: Election decided. Result: candidate won. Election summary: received 2 responses out of 3 voters: 2 yes votes; 0 no votes. yes voters: 183e15d66ae64d0eb03f043328b9aedd, edcbfcc2016447289dc17fb13bc46850; no voters: 
I20260608 12:48:48.554625 28300 raft_consensus.cc:2804] T 7931ac9295c7454dbacd491a3df6ab8a P 183e15d66ae64d0eb03f043328b9aedd [term 1 FOLLOWER]: Leader election won for term 1
I20260608 12:48:48.555238 27912 raft_consensus.cc:2468] T 7931ac9295c7454dbacd491a3df6ab8a P 0f9348dd2cbf44b79e9f38ba370dd8c4 [term 1 FOLLOWER]: Leader election vote request: Granting yes vote for candidate 183e15d66ae64d0eb03f043328b9aedd in term 1.
I20260608 12:48:48.555960 28300 raft_consensus.cc:697] T 7931ac9295c7454dbacd491a3df6ab8a P 183e15d66ae64d0eb03f043328b9aedd [term 1 LEADER]: Becoming Leader. State: Replica: 183e15d66ae64d0eb03f043328b9aedd, State: Running, Role: LEADER
I20260608 12:48:48.556905 28300 consensus_queue.cc:237] T 7931ac9295c7454dbacd491a3df6ab8a P 183e15d66ae64d0eb03f043328b9aedd [LEADER]: Queue going to LEADER mode. State: All replicated index: 0, Majority replicated index: 0, Committed index: 0, Last appended: 0.0, Last appended by leader: 0, Current term: 1, Majority size: 2, State: 0, Mode: LEADER, active raft config: opid_index: -1 OBSOLETE_local: false peers { permanent_uuid: "183e15d66ae64d0eb03f043328b9aedd" member_type: VOTER last_known_addr { host: "127.24.85.4" port: 37599 } } peers { permanent_uuid: "edcbfcc2016447289dc17fb13bc46850" member_type: VOTER last_known_addr { host: "127.24.85.3" port: 45809 } } peers { permanent_uuid: "0f9348dd2cbf44b79e9f38ba370dd8c4" member_type: VOTER last_known_addr { host: "127.24.85.1" port: 35021 } }
W20260608 12:48:48.559377 27863 auto_leader_rebalancer.cc:460] the master instance isn't leader: Service unavailable: Tablet not running
I20260608 12:48:48.564266 27810 catalog_manager.cc:5696] T 7931ac9295c7454dbacd491a3df6ab8a P 183e15d66ae64d0eb03f043328b9aedd reported cstate change: term changed from 0 to 1, leader changed from <none> to 183e15d66ae64d0eb03f043328b9aedd (127.24.85.4). New cstate: current_term: 1 leader_uuid: "183e15d66ae64d0eb03f043328b9aedd" committed_config { opid_index: -1 OBSOLETE_local: false peers { permanent_uuid: "183e15d66ae64d0eb03f043328b9aedd" member_type: VOTER last_known_addr { host: "127.24.85.4" port: 37599 } health_report { overall_health: HEALTHY } } peers { permanent_uuid: "edcbfcc2016447289dc17fb13bc46850" member_type: VOTER last_known_addr { host: "127.24.85.3" port: 45809 } health_report { overall_health: UNKNOWN } } peers { permanent_uuid: "0f9348dd2cbf44b79e9f38ba370dd8c4" member_type: VOTER last_known_addr { host: "127.24.85.1" port: 35021 } health_report { overall_health: UNKNOWN } } }
I20260608 12:48:48.669245 28059 consensus_queue.cc:237] T ebd05530ff334b1480bfe327d4b5e8b1 P edcbfcc2016447289dc17fb13bc46850 [LEADER]: Queue going to LEADER mode. State: All replicated index: 0, Majority replicated index: 1, Committed index: 1, Last appended: 1.1, Last appended by leader: 0, Current term: 1, Majority size: 2, State: 0, Mode: LEADER, active raft config: opid_index: 2 OBSOLETE_local: false peers { permanent_uuid: "0f9348dd2cbf44b79e9f38ba370dd8c4" member_type: VOTER last_known_addr { host: "127.24.85.1" port: 35021 } attrs { replace: true } } peers { permanent_uuid: "1fc9d7fe930b4df783bf808ff347ee55" member_type: VOTER last_known_addr { host: "127.24.85.2" port: 38589 } } peers { permanent_uuid: "edcbfcc2016447289dc17fb13bc46850" member_type: VOTER last_known_addr { host: "127.24.85.3" port: 45809 } } peers { permanent_uuid: "183e15d66ae64d0eb03f043328b9aedd" member_type: NON_VOTER last_known_addr { host: "127.24.85.4" port: 37599 } attrs { promote: true } }
I20260608 12:48:48.676054 27985 raft_consensus.cc:1275] T ebd05530ff334b1480bfe327d4b5e8b1 P 1fc9d7fe930b4df783bf808ff347ee55 [term 1 FOLLOWER]: Refusing update from remote peer edcbfcc2016447289dc17fb13bc46850: Log matching property violated. Preceding OpId in replica: term: 1 index: 1. Preceding OpId from leader: term: 1 index: 2. (index mismatch)
W20260608 12:48:48.676743 28027 consensus_peers.cc:597] T ebd05530ff334b1480bfe327d4b5e8b1 P edcbfcc2016447289dc17fb13bc46850 -> Peer 183e15d66ae64d0eb03f043328b9aedd (127.24.85.4:37599): Couldn't send request to peer 183e15d66ae64d0eb03f043328b9aedd. Error code: TABLET_NOT_FOUND (6). Status: Not found: Tablet not found: ebd05530ff334b1480bfe327d4b5e8b1. This is attempt 1: this message will repeat every 5th retry.
I20260608 12:48:48.677863 28123 consensus_queue.cc:1048] T ebd05530ff334b1480bfe327d4b5e8b1 P edcbfcc2016447289dc17fb13bc46850 [LEADER]: Connected to new peer: Peer: permanent_uuid: "1fc9d7fe930b4df783bf808ff347ee55" member_type: VOTER last_known_addr { host: "127.24.85.2" port: 38589 }, Status: LMP_MISMATCH, Last received: 0.0, Next index: 2, Last known committed idx: 1, Time since last communication: 0.000s
I20260608 12:48:48.678704 27912 raft_consensus.cc:1275] T ebd05530ff334b1480bfe327d4b5e8b1 P 0f9348dd2cbf44b79e9f38ba370dd8c4 [term 1 FOLLOWER]: Refusing update from remote peer edcbfcc2016447289dc17fb13bc46850: Log matching property violated. Preceding OpId in replica: term: 1 index: 1. Preceding OpId from leader: term: 1 index: 2. (index mismatch)
I20260608 12:48:48.680025 28262 consensus_queue.cc:1048] T ebd05530ff334b1480bfe327d4b5e8b1 P edcbfcc2016447289dc17fb13bc46850 [LEADER]: Connected to new peer: Peer: permanent_uuid: "0f9348dd2cbf44b79e9f38ba370dd8c4" member_type: VOTER last_known_addr { host: "127.24.85.1" port: 35021 } attrs { replace: true }, Status: LMP_MISMATCH, Last received: 0.0, Next index: 2, Last known committed idx: 1, Time since last communication: 0.000s
I20260608 12:48:48.686691 28123 raft_consensus.cc:2955] T ebd05530ff334b1480bfe327d4b5e8b1 P edcbfcc2016447289dc17fb13bc46850 [term 1 LEADER]: Committing config change with OpId 1.2: config changed from index -1 to 2, NON_VOTER 183e15d66ae64d0eb03f043328b9aedd (127.24.85.4) added. New config: { opid_index: 2 OBSOLETE_local: false peers { permanent_uuid: "0f9348dd2cbf44b79e9f38ba370dd8c4" member_type: VOTER last_known_addr { host: "127.24.85.1" port: 35021 } attrs { replace: true } } peers { permanent_uuid: "1fc9d7fe930b4df783bf808ff347ee55" member_type: VOTER last_known_addr { host: "127.24.85.2" port: 38589 } } peers { permanent_uuid: "edcbfcc2016447289dc17fb13bc46850" member_type: VOTER last_known_addr { host: "127.24.85.3" port: 45809 } } peers { permanent_uuid: "183e15d66ae64d0eb03f043328b9aedd" member_type: NON_VOTER last_known_addr { host: "127.24.85.4" port: 37599 } attrs { promote: true } } }
I20260608 12:48:48.688752 27985 raft_consensus.cc:2955] T ebd05530ff334b1480bfe327d4b5e8b1 P 1fc9d7fe930b4df783bf808ff347ee55 [term 1 FOLLOWER]: Committing config change with OpId 1.2: config changed from index -1 to 2, NON_VOTER 183e15d66ae64d0eb03f043328b9aedd (127.24.85.4) added. New config: { opid_index: 2 OBSOLETE_local: false peers { permanent_uuid: "0f9348dd2cbf44b79e9f38ba370dd8c4" member_type: VOTER last_known_addr { host: "127.24.85.1" port: 35021 } attrs { replace: true } } peers { permanent_uuid: "1fc9d7fe930b4df783bf808ff347ee55" member_type: VOTER last_known_addr { host: "127.24.85.2" port: 38589 } } peers { permanent_uuid: "edcbfcc2016447289dc17fb13bc46850" member_type: VOTER last_known_addr { host: "127.24.85.3" port: 45809 } } peers { permanent_uuid: "183e15d66ae64d0eb03f043328b9aedd" member_type: NON_VOTER last_known_addr { host: "127.24.85.4" port: 37599 } attrs { promote: true } } }
I20260608 12:48:48.690678 27912 raft_consensus.cc:2955] T ebd05530ff334b1480bfe327d4b5e8b1 P 0f9348dd2cbf44b79e9f38ba370dd8c4 [term 1 FOLLOWER]: Committing config change with OpId 1.2: config changed from index -1 to 2, NON_VOTER 183e15d66ae64d0eb03f043328b9aedd (127.24.85.4) added. New config: { opid_index: 2 OBSOLETE_local: false peers { permanent_uuid: "0f9348dd2cbf44b79e9f38ba370dd8c4" member_type: VOTER last_known_addr { host: "127.24.85.1" port: 35021 } attrs { replace: true } } peers { permanent_uuid: "1fc9d7fe930b4df783bf808ff347ee55" member_type: VOTER last_known_addr { host: "127.24.85.2" port: 38589 } } peers { permanent_uuid: "edcbfcc2016447289dc17fb13bc46850" member_type: VOTER last_known_addr { host: "127.24.85.3" port: 45809 } } peers { permanent_uuid: "183e15d66ae64d0eb03f043328b9aedd" member_type: NON_VOTER last_known_addr { host: "127.24.85.4" port: 37599 } attrs { promote: true } } }
I20260608 12:48:48.703955 27810 catalog_manager.cc:5696] T ebd05530ff334b1480bfe327d4b5e8b1 P 0f9348dd2cbf44b79e9f38ba370dd8c4 reported cstate change: config changed from index -1 to 2, NON_VOTER 183e15d66ae64d0eb03f043328b9aedd (127.24.85.4) added. New cstate: current_term: 1 leader_uuid: "edcbfcc2016447289dc17fb13bc46850" committed_config { opid_index: 2 OBSOLETE_local: false peers { permanent_uuid: "0f9348dd2cbf44b79e9f38ba370dd8c4" member_type: VOTER last_known_addr { host: "127.24.85.1" port: 35021 } attrs { replace: true } } peers { permanent_uuid: "1fc9d7fe930b4df783bf808ff347ee55" member_type: VOTER last_known_addr { host: "127.24.85.2" port: 38589 } } peers { permanent_uuid: "edcbfcc2016447289dc17fb13bc46850" member_type: VOTER last_known_addr { host: "127.24.85.3" port: 45809 } } peers { permanent_uuid: "183e15d66ae64d0eb03f043328b9aedd" member_type: NON_VOTER last_known_addr { host: "127.24.85.4" port: 37599 } attrs { promote: true } } }
I20260608 12:48:48.723668 27985 consensus_queue.cc:237] T d8ae19bac23844f080a9f23d6007b32a P 1fc9d7fe930b4df783bf808ff347ee55 [LEADER]: Queue going to LEADER mode. State: All replicated index: 0, Majority replicated index: 1, Committed index: 1, Last appended: 1.1, Last appended by leader: 0, Current term: 1, Majority size: 2, State: 0, Mode: LEADER, active raft config: opid_index: 2 OBSOLETE_local: false peers { permanent_uuid: "1fc9d7fe930b4df783bf808ff347ee55" member_type: VOTER last_known_addr { host: "127.24.85.2" port: 38589 } } peers { permanent_uuid: "0f9348dd2cbf44b79e9f38ba370dd8c4" member_type: VOTER last_known_addr { host: "127.24.85.1" port: 35021 } } peers { permanent_uuid: "edcbfcc2016447289dc17fb13bc46850" member_type: VOTER last_known_addr { host: "127.24.85.3" port: 45809 } attrs { replace: true } } peers { permanent_uuid: "183e15d66ae64d0eb03f043328b9aedd" member_type: NON_VOTER last_known_addr { host: "127.24.85.4" port: 37599 } attrs { promote: true } }
I20260608 12:48:48.731349 28059 raft_consensus.cc:1275] T d8ae19bac23844f080a9f23d6007b32a P edcbfcc2016447289dc17fb13bc46850 [term 1 FOLLOWER]: Refusing update from remote peer 1fc9d7fe930b4df783bf808ff347ee55: Log matching property violated. Preceding OpId in replica: term: 1 index: 1. Preceding OpId from leader: term: 1 index: 2. (index mismatch)
W20260608 12:48:48.731707 27953 consensus_peers.cc:597] T d8ae19bac23844f080a9f23d6007b32a P 1fc9d7fe930b4df783bf808ff347ee55 -> Peer 183e15d66ae64d0eb03f043328b9aedd (127.24.85.4:37599): Couldn't send request to peer 183e15d66ae64d0eb03f043328b9aedd. Error code: TABLET_NOT_FOUND (6). Status: Not found: Tablet not found: d8ae19bac23844f080a9f23d6007b32a. This is attempt 1: this message will repeat every 5th retry.
I20260608 12:48:48.732017 27912 raft_consensus.cc:1275] T d8ae19bac23844f080a9f23d6007b32a P 0f9348dd2cbf44b79e9f38ba370dd8c4 [term 1 FOLLOWER]: Refusing update from remote peer 1fc9d7fe930b4df783bf808ff347ee55: Log matching property violated. Preceding OpId in replica: term: 1 index: 1. Preceding OpId from leader: term: 1 index: 2. (index mismatch)
I20260608 12:48:48.733031 28256 consensus_queue.cc:1048] T d8ae19bac23844f080a9f23d6007b32a P 1fc9d7fe930b4df783bf808ff347ee55 [LEADER]: Connected to new peer: Peer: permanent_uuid: "edcbfcc2016447289dc17fb13bc46850" member_type: VOTER last_known_addr { host: "127.24.85.3" port: 45809 } attrs { replace: true }, Status: LMP_MISMATCH, Last received: 0.0, Next index: 2, Last known committed idx: 1, Time since last communication: 0.000s
I20260608 12:48:48.733840 28253 consensus_queue.cc:1048] T d8ae19bac23844f080a9f23d6007b32a P 1fc9d7fe930b4df783bf808ff347ee55 [LEADER]: Connected to new peer: Peer: permanent_uuid: "0f9348dd2cbf44b79e9f38ba370dd8c4" member_type: VOTER last_known_addr { host: "127.24.85.1" port: 35021 }, Status: LMP_MISMATCH, Last received: 0.0, Next index: 2, Last known committed idx: 1, Time since last communication: 0.000s
I20260608 12:48:48.741766 28253 raft_consensus.cc:2955] T d8ae19bac23844f080a9f23d6007b32a P 1fc9d7fe930b4df783bf808ff347ee55 [term 1 LEADER]: Committing config change with OpId 1.2: config changed from index -1 to 2, NON_VOTER 183e15d66ae64d0eb03f043328b9aedd (127.24.85.4) added. New config: { opid_index: 2 OBSOLETE_local: false peers { permanent_uuid: "1fc9d7fe930b4df783bf808ff347ee55" member_type: VOTER last_known_addr { host: "127.24.85.2" port: 38589 } } peers { permanent_uuid: "0f9348dd2cbf44b79e9f38ba370dd8c4" member_type: VOTER last_known_addr { host: "127.24.85.1" port: 35021 } } peers { permanent_uuid: "edcbfcc2016447289dc17fb13bc46850" member_type: VOTER last_known_addr { host: "127.24.85.3" port: 45809 } attrs { replace: true } } peers { permanent_uuid: "183e15d66ae64d0eb03f043328b9aedd" member_type: NON_VOTER last_known_addr { host: "127.24.85.4" port: 37599 } attrs { promote: true } } }
I20260608 12:48:48.743974 28059 raft_consensus.cc:2955] T d8ae19bac23844f080a9f23d6007b32a P edcbfcc2016447289dc17fb13bc46850 [term 1 FOLLOWER]: Committing config change with OpId 1.2: config changed from index -1 to 2, NON_VOTER 183e15d66ae64d0eb03f043328b9aedd (127.24.85.4) added. New config: { opid_index: 2 OBSOLETE_local: false peers { permanent_uuid: "1fc9d7fe930b4df783bf808ff347ee55" member_type: VOTER last_known_addr { host: "127.24.85.2" port: 38589 } } peers { permanent_uuid: "0f9348dd2cbf44b79e9f38ba370dd8c4" member_type: VOTER last_known_addr { host: "127.24.85.1" port: 35021 } } peers { permanent_uuid: "edcbfcc2016447289dc17fb13bc46850" member_type: VOTER last_known_addr { host: "127.24.85.3" port: 45809 } attrs { replace: true } } peers { permanent_uuid: "183e15d66ae64d0eb03f043328b9aedd" member_type: NON_VOTER last_known_addr { host: "127.24.85.4" port: 37599 } attrs { promote: true } } }
I20260608 12:48:48.744822 27912 raft_consensus.cc:2955] T d8ae19bac23844f080a9f23d6007b32a P 0f9348dd2cbf44b79e9f38ba370dd8c4 [term 1 FOLLOWER]: Committing config change with OpId 1.2: config changed from index -1 to 2, NON_VOTER 183e15d66ae64d0eb03f043328b9aedd (127.24.85.4) added. New config: { opid_index: 2 OBSOLETE_local: false peers { permanent_uuid: "1fc9d7fe930b4df783bf808ff347ee55" member_type: VOTER last_known_addr { host: "127.24.85.2" port: 38589 } } peers { permanent_uuid: "0f9348dd2cbf44b79e9f38ba370dd8c4" member_type: VOTER last_known_addr { host: "127.24.85.1" port: 35021 } } peers { permanent_uuid: "edcbfcc2016447289dc17fb13bc46850" member_type: VOTER last_known_addr { host: "127.24.85.3" port: 45809 } attrs { replace: true } } peers { permanent_uuid: "183e15d66ae64d0eb03f043328b9aedd" member_type: NON_VOTER last_known_addr { host: "127.24.85.4" port: 37599 } attrs { promote: true } } }
I20260608 12:48:48.757809 27809 catalog_manager.cc:5696] T d8ae19bac23844f080a9f23d6007b32a P 1fc9d7fe930b4df783bf808ff347ee55 reported cstate change: config changed from index -1 to 2, NON_VOTER 183e15d66ae64d0eb03f043328b9aedd (127.24.85.4) added. New cstate: current_term: 1 leader_uuid: "1fc9d7fe930b4df783bf808ff347ee55" committed_config { opid_index: 2 OBSOLETE_local: false peers { permanent_uuid: "1fc9d7fe930b4df783bf808ff347ee55" member_type: VOTER last_known_addr { host: "127.24.85.2" port: 38589 } health_report { overall_health: HEALTHY } } peers { permanent_uuid: "0f9348dd2cbf44b79e9f38ba370dd8c4" member_type: VOTER last_known_addr { host: "127.24.85.1" port: 35021 } health_report { overall_health: HEALTHY } } peers { permanent_uuid: "edcbfcc2016447289dc17fb13bc46850" member_type: VOTER last_known_addr { host: "127.24.85.3" port: 45809 } attrs { replace: true } health_report { overall_health: HEALTHY } } peers { permanent_uuid: "183e15d66ae64d0eb03f043328b9aedd" member_type: NON_VOTER last_known_addr { host: "127.24.85.4" port: 37599 } attrs { promote: true } health_report { overall_health: UNKNOWN } } }
I20260608 12:48:48.759087 28059 consensus_queue.cc:237] T f54adad4b5964312b672c0bea2711404 P edcbfcc2016447289dc17fb13bc46850 [LEADER]: Queue going to LEADER mode. State: All replicated index: 0, Majority replicated index: 1, Committed index: 1, Last appended: 1.1, Last appended by leader: 0, Current term: 1, Majority size: 2, State: 0, Mode: LEADER, active raft config: opid_index: 2 OBSOLETE_local: false peers { permanent_uuid: "1fc9d7fe930b4df783bf808ff347ee55" member_type: VOTER last_known_addr { host: "127.24.85.2" port: 38589 } attrs { replace: true } } peers { permanent_uuid: "0f9348dd2cbf44b79e9f38ba370dd8c4" member_type: VOTER last_known_addr { host: "127.24.85.1" port: 35021 } } peers { permanent_uuid: "edcbfcc2016447289dc17fb13bc46850" member_type: VOTER last_known_addr { host: "127.24.85.3" port: 45809 } } peers { permanent_uuid: "183e15d66ae64d0eb03f043328b9aedd" member_type: NON_VOTER last_known_addr { host: "127.24.85.4" port: 37599 } attrs { promote: true } }
I20260608 12:48:48.782549 27912 raft_consensus.cc:1275] T f54adad4b5964312b672c0bea2711404 P 0f9348dd2cbf44b79e9f38ba370dd8c4 [term 1 FOLLOWER]: Refusing update from remote peer edcbfcc2016447289dc17fb13bc46850: Log matching property violated. Preceding OpId in replica: term: 1 index: 1. Preceding OpId from leader: term: 1 index: 2. (index mismatch)
I20260608 12:48:48.782572 27985 raft_consensus.cc:1275] T f54adad4b5964312b672c0bea2711404 P 1fc9d7fe930b4df783bf808ff347ee55 [term 1 FOLLOWER]: Refusing update from remote peer edcbfcc2016447289dc17fb13bc46850: Log matching property violated. Preceding OpId in replica: term: 1 index: 1. Preceding OpId from leader: term: 1 index: 2. (index mismatch)
I20260608 12:48:48.784377 28262 consensus_queue.cc:1048] T f54adad4b5964312b672c0bea2711404 P edcbfcc2016447289dc17fb13bc46850 [LEADER]: Connected to new peer: Peer: permanent_uuid: "0f9348dd2cbf44b79e9f38ba370dd8c4" member_type: VOTER last_known_addr { host: "127.24.85.1" port: 35021 }, Status: LMP_MISMATCH, Last received: 0.0, Next index: 2, Last known committed idx: 1, Time since last communication: 0.000s
I20260608 12:48:48.785295 28123 consensus_queue.cc:1048] T f54adad4b5964312b672c0bea2711404 P edcbfcc2016447289dc17fb13bc46850 [LEADER]: Connected to new peer: Peer: permanent_uuid: "1fc9d7fe930b4df783bf808ff347ee55" member_type: VOTER last_known_addr { host: "127.24.85.2" port: 38589 } attrs { replace: true }, Status: LMP_MISMATCH, Last received: 0.0, Next index: 2, Last known committed idx: 1, Time since last communication: 0.000s
W20260608 12:48:48.786543 28027 consensus_peers.cc:597] T f54adad4b5964312b672c0bea2711404 P edcbfcc2016447289dc17fb13bc46850 -> Peer 183e15d66ae64d0eb03f043328b9aedd (127.24.85.4:37599): Couldn't send request to peer 183e15d66ae64d0eb03f043328b9aedd. Error code: TABLET_NOT_FOUND (6). Status: Not found: Tablet not found: f54adad4b5964312b672c0bea2711404. This is attempt 1: this message will repeat every 5th retry.
I20260608 12:48:48.796424 28319 raft_consensus.cc:2955] T f54adad4b5964312b672c0bea2711404 P edcbfcc2016447289dc17fb13bc46850 [term 1 LEADER]: Committing config change with OpId 1.2: config changed from index -1 to 2, NON_VOTER 183e15d66ae64d0eb03f043328b9aedd (127.24.85.4) added. New config: { opid_index: 2 OBSOLETE_local: false peers { permanent_uuid: "1fc9d7fe930b4df783bf808ff347ee55" member_type: VOTER last_known_addr { host: "127.24.85.2" port: 38589 } attrs { replace: true } } peers { permanent_uuid: "0f9348dd2cbf44b79e9f38ba370dd8c4" member_type: VOTER last_known_addr { host: "127.24.85.1" port: 35021 } } peers { permanent_uuid: "edcbfcc2016447289dc17fb13bc46850" member_type: VOTER last_known_addr { host: "127.24.85.3" port: 45809 } } peers { permanent_uuid: "183e15d66ae64d0eb03f043328b9aedd" member_type: NON_VOTER last_known_addr { host: "127.24.85.4" port: 37599 } attrs { promote: true } } }
I20260608 12:48:48.799291 27910 raft_consensus.cc:2955] T f54adad4b5964312b672c0bea2711404 P 0f9348dd2cbf44b79e9f38ba370dd8c4 [term 1 FOLLOWER]: Committing config change with OpId 1.2: config changed from index -1 to 2, NON_VOTER 183e15d66ae64d0eb03f043328b9aedd (127.24.85.4) added. New config: { opid_index: 2 OBSOLETE_local: false peers { permanent_uuid: "1fc9d7fe930b4df783bf808ff347ee55" member_type: VOTER last_known_addr { host: "127.24.85.2" port: 38589 } attrs { replace: true } } peers { permanent_uuid: "0f9348dd2cbf44b79e9f38ba370dd8c4" member_type: VOTER last_known_addr { host: "127.24.85.1" port: 35021 } } peers { permanent_uuid: "edcbfcc2016447289dc17fb13bc46850" member_type: VOTER last_known_addr { host: "127.24.85.3" port: 45809 } } peers { permanent_uuid: "183e15d66ae64d0eb03f043328b9aedd" member_type: NON_VOTER last_known_addr { host: "127.24.85.4" port: 37599 } attrs { promote: true } } }
I20260608 12:48:48.803614 27985 raft_consensus.cc:2955] T f54adad4b5964312b672c0bea2711404 P 1fc9d7fe930b4df783bf808ff347ee55 [term 1 FOLLOWER]: Committing config change with OpId 1.2: config changed from index -1 to 2, NON_VOTER 183e15d66ae64d0eb03f043328b9aedd (127.24.85.4) added. New config: { opid_index: 2 OBSOLETE_local: false peers { permanent_uuid: "1fc9d7fe930b4df783bf808ff347ee55" member_type: VOTER last_known_addr { host: "127.24.85.2" port: 38589 } attrs { replace: true } } peers { permanent_uuid: "0f9348dd2cbf44b79e9f38ba370dd8c4" member_type: VOTER last_known_addr { host: "127.24.85.1" port: 35021 } } peers { permanent_uuid: "edcbfcc2016447289dc17fb13bc46850" member_type: VOTER last_known_addr { host: "127.24.85.3" port: 45809 } } peers { permanent_uuid: "183e15d66ae64d0eb03f043328b9aedd" member_type: NON_VOTER last_known_addr { host: "127.24.85.4" port: 37599 } attrs { promote: true } } }
I20260608 12:48:48.814333 27810 catalog_manager.cc:5696] T f54adad4b5964312b672c0bea2711404 P edcbfcc2016447289dc17fb13bc46850 reported cstate change: config changed from index -1 to 2, NON_VOTER 183e15d66ae64d0eb03f043328b9aedd (127.24.85.4) added. New cstate: current_term: 1 leader_uuid: "edcbfcc2016447289dc17fb13bc46850" committed_config { opid_index: 2 OBSOLETE_local: false peers { permanent_uuid: "1fc9d7fe930b4df783bf808ff347ee55" member_type: VOTER last_known_addr { host: "127.24.85.2" port: 38589 } attrs { replace: true } health_report { overall_health: HEALTHY } } peers { permanent_uuid: "0f9348dd2cbf44b79e9f38ba370dd8c4" member_type: VOTER last_known_addr { host: "127.24.85.1" port: 35021 } health_report { overall_health: HEALTHY } } peers { permanent_uuid: "edcbfcc2016447289dc17fb13bc46850" member_type: VOTER last_known_addr { host: "127.24.85.3" port: 45809 } health_report { overall_health: HEALTHY } } peers { permanent_uuid: "183e15d66ae64d0eb03f043328b9aedd" member_type: NON_VOTER last_known_addr { host: "127.24.85.4" port: 37599 } attrs { promote: true } health_report { overall_health: UNKNOWN } } }
I20260608 12:48:48.816468 27986 consensus_queue.cc:237] T 747a7eab2bee4c03b99f772f0e026fa3 P 1fc9d7fe930b4df783bf808ff347ee55 [LEADER]: Queue going to LEADER mode. State: All replicated index: 0, Majority replicated index: 1, Committed index: 1, Last appended: 1.1, Last appended by leader: 0, Current term: 1, Majority size: 2, State: 0, Mode: LEADER, active raft config: opid_index: 2 OBSOLETE_local: false peers { permanent_uuid: "0f9348dd2cbf44b79e9f38ba370dd8c4" member_type: VOTER last_known_addr { host: "127.24.85.1" port: 35021 } attrs { replace: true } } peers { permanent_uuid: "1fc9d7fe930b4df783bf808ff347ee55" member_type: VOTER last_known_addr { host: "127.24.85.2" port: 38589 } } peers { permanent_uuid: "edcbfcc2016447289dc17fb13bc46850" member_type: VOTER last_known_addr { host: "127.24.85.3" port: 45809 } } peers { permanent_uuid: "183e15d66ae64d0eb03f043328b9aedd" member_type: NON_VOTER last_known_addr { host: "127.24.85.4" port: 37599 } attrs { promote: true } }
I20260608 12:48:48.829351 28300 consensus_queue.cc:1048] T 8941e206f0304777a8f613286fbfc160 P 183e15d66ae64d0eb03f043328b9aedd [LEADER]: Connected to new peer: Peer: permanent_uuid: "edcbfcc2016447289dc17fb13bc46850" member_type: VOTER last_known_addr { host: "127.24.85.3" port: 45809 }, Status: LMP_MISMATCH, Last received: 0.0, Next index: 1, Last known committed idx: 0, Time since last communication: 0.001s
I20260608 12:48:48.834048 28061 raft_consensus.cc:1275] T 747a7eab2bee4c03b99f772f0e026fa3 P edcbfcc2016447289dc17fb13bc46850 [term 1 FOLLOWER]: Refusing update from remote peer 1fc9d7fe930b4df783bf808ff347ee55: Log matching property violated. Preceding OpId in replica: term: 1 index: 1. Preceding OpId from leader: term: 1 index: 2. (index mismatch)
W20260608 12:48:48.834329 27953 consensus_peers.cc:597] T 747a7eab2bee4c03b99f772f0e026fa3 P 1fc9d7fe930b4df783bf808ff347ee55 -> Peer 183e15d66ae64d0eb03f043328b9aedd (127.24.85.4:37599): Couldn't send request to peer 183e15d66ae64d0eb03f043328b9aedd. Error code: TABLET_NOT_FOUND (6). Status: Not found: Tablet not found: 747a7eab2bee4c03b99f772f0e026fa3. This is attempt 1: this message will repeat every 5th retry.
I20260608 12:48:48.836134 27910 raft_consensus.cc:1275] T 747a7eab2bee4c03b99f772f0e026fa3 P 0f9348dd2cbf44b79e9f38ba370dd8c4 [term 1 FOLLOWER]: Refusing update from remote peer 1fc9d7fe930b4df783bf808ff347ee55: Log matching property violated. Preceding OpId in replica: term: 1 index: 1. Preceding OpId from leader: term: 1 index: 2. (index mismatch)
I20260608 12:48:48.839335 28253 consensus_queue.cc:1048] T 747a7eab2bee4c03b99f772f0e026fa3 P 1fc9d7fe930b4df783bf808ff347ee55 [LEADER]: Connected to new peer: Peer: permanent_uuid: "0f9348dd2cbf44b79e9f38ba370dd8c4" member_type: VOTER last_known_addr { host: "127.24.85.1" port: 35021 } attrs { replace: true }, Status: LMP_MISMATCH, Last received: 0.0, Next index: 2, Last known committed idx: 1, Time since last communication: 0.001s
I20260608 12:48:48.841607 28256 consensus_queue.cc:1048] T 747a7eab2bee4c03b99f772f0e026fa3 P 1fc9d7fe930b4df783bf808ff347ee55 [LEADER]: Connected to new peer: Peer: permanent_uuid: "edcbfcc2016447289dc17fb13bc46850" member_type: VOTER last_known_addr { host: "127.24.85.3" port: 45809 }, Status: LMP_MISMATCH, Last received: 0.0, Next index: 2, Last known committed idx: 1, Time since last communication: 0.001s
I20260608 12:48:48.850571 28300 consensus_queue.cc:1048] T 8941e206f0304777a8f613286fbfc160 P 183e15d66ae64d0eb03f043328b9aedd [LEADER]: Connected to new peer: Peer: permanent_uuid: "0f9348dd2cbf44b79e9f38ba370dd8c4" member_type: VOTER last_known_addr { host: "127.24.85.1" port: 35021 }, Status: LMP_MISMATCH, Last received: 0.0, Next index: 1, Last known committed idx: 0, Time since last communication: 0.000s
I20260608 12:48:48.853577 28253 consensus_queue.cc:1048] T 94aafb8e08204e02bf47dcd652bbc677 P 1fc9d7fe930b4df783bf808ff347ee55 [LEADER]: Connected to new peer: Peer: permanent_uuid: "183e15d66ae64d0eb03f043328b9aedd" member_type: VOTER last_known_addr { host: "127.24.85.4" port: 37599 }, Status: LMP_MISMATCH, Last received: 0.0, Next index: 1, Last known committed idx: 0, Time since last communication: 0.000s
I20260608 12:48:48.859902 28113 consensus_queue.cc:1048] T c66975c6d7a84dba8aa104ce505f3bfa P 0f9348dd2cbf44b79e9f38ba370dd8c4 [LEADER]: Connected to new peer: Peer: permanent_uuid: "1fc9d7fe930b4df783bf808ff347ee55" member_type: VOTER last_known_addr { host: "127.24.85.2" port: 38589 }, Status: LMP_MISMATCH, Last received: 0.0, Next index: 1, Last known committed idx: 0, Time since last communication: 0.001s
I20260608 12:48:48.867167 28256 raft_consensus.cc:2955] T 747a7eab2bee4c03b99f772f0e026fa3 P 1fc9d7fe930b4df783bf808ff347ee55 [term 1 LEADER]: Committing config change with OpId 1.2: config changed from index -1 to 2, NON_VOTER 183e15d66ae64d0eb03f043328b9aedd (127.24.85.4) added. New config: { opid_index: 2 OBSOLETE_local: false peers { permanent_uuid: "0f9348dd2cbf44b79e9f38ba370dd8c4" member_type: VOTER last_known_addr { host: "127.24.85.1" port: 35021 } attrs { replace: true } } peers { permanent_uuid: "1fc9d7fe930b4df783bf808ff347ee55" member_type: VOTER last_known_addr { host: "127.24.85.2" port: 38589 } } peers { permanent_uuid: "edcbfcc2016447289dc17fb13bc46850" member_type: VOTER last_known_addr { host: "127.24.85.3" port: 45809 } } peers { permanent_uuid: "183e15d66ae64d0eb03f043328b9aedd" member_type: NON_VOTER last_known_addr { host: "127.24.85.4" port: 37599 } attrs { promote: true } } }
I20260608 12:48:48.876487 28061 raft_consensus.cc:2955] T 747a7eab2bee4c03b99f772f0e026fa3 P edcbfcc2016447289dc17fb13bc46850 [term 1 FOLLOWER]: Committing config change with OpId 1.2: config changed from index -1 to 2, NON_VOTER 183e15d66ae64d0eb03f043328b9aedd (127.24.85.4) added. New config: { opid_index: 2 OBSOLETE_local: false peers { permanent_uuid: "0f9348dd2cbf44b79e9f38ba370dd8c4" member_type: VOTER last_known_addr { host: "127.24.85.1" port: 35021 } attrs { replace: true } } peers { permanent_uuid: "1fc9d7fe930b4df783bf808ff347ee55" member_type: VOTER last_known_addr { host: "127.24.85.2" port: 38589 } } peers { permanent_uuid: "edcbfcc2016447289dc17fb13bc46850" member_type: VOTER last_known_addr { host: "127.24.85.3" port: 45809 } } peers { permanent_uuid: "183e15d66ae64d0eb03f043328b9aedd" member_type: NON_VOTER last_known_addr { host: "127.24.85.4" port: 37599 } attrs { promote: true } } }
I20260608 12:48:48.909587 27807 catalog_manager.cc:5696] T 747a7eab2bee4c03b99f772f0e026fa3 P 1fc9d7fe930b4df783bf808ff347ee55 reported cstate change: config changed from index -1 to 2, NON_VOTER 183e15d66ae64d0eb03f043328b9aedd (127.24.85.4) added. New cstate: current_term: 1 leader_uuid: "1fc9d7fe930b4df783bf808ff347ee55" committed_config { opid_index: 2 OBSOLETE_local: false peers { permanent_uuid: "0f9348dd2cbf44b79e9f38ba370dd8c4" member_type: VOTER last_known_addr { host: "127.24.85.1" port: 35021 } attrs { replace: true } health_report { overall_health: UNKNOWN } } peers { permanent_uuid: "1fc9d7fe930b4df783bf808ff347ee55" member_type: VOTER last_known_addr { host: "127.24.85.2" port: 38589 } health_report { overall_health: HEALTHY } } peers { permanent_uuid: "edcbfcc2016447289dc17fb13bc46850" member_type: VOTER last_known_addr { host: "127.24.85.3" port: 45809 } health_report { overall_health: HEALTHY } } peers { permanent_uuid: "183e15d66ae64d0eb03f043328b9aedd" member_type: NON_VOTER last_known_addr { host: "127.24.85.4" port: 37599 } attrs { promote: true } health_report { overall_health: UNKNOWN } } }
I20260608 12:48:48.912819 28256 consensus_queue.cc:1048] T 94aafb8e08204e02bf47dcd652bbc677 P 1fc9d7fe930b4df783bf808ff347ee55 [LEADER]: Connected to new peer: Peer: permanent_uuid: "0f9348dd2cbf44b79e9f38ba370dd8c4" member_type: VOTER last_known_addr { host: "127.24.85.1" port: 35021 }, Status: LMP_MISMATCH, Last received: 0.0, Next index: 1, Last known committed idx: 0, Time since last communication: 0.000s
I20260608 12:48:48.921497 28256 consensus_queue.cc:1048] T 2e28c694cd7743b2b18ab570e42f5d90 P 1fc9d7fe930b4df783bf808ff347ee55 [LEADER]: Connected to new peer: Peer: permanent_uuid: "183e15d66ae64d0eb03f043328b9aedd" member_type: VOTER last_known_addr { host: "127.24.85.4" port: 37599 }, Status: LMP_MISMATCH, Last received: 0.0, Next index: 1, Last known committed idx: 0, Time since last communication: 0.000s
I20260608 12:48:48.927206 28256 consensus_queue.cc:1048] T 2e28c694cd7743b2b18ab570e42f5d90 P 1fc9d7fe930b4df783bf808ff347ee55 [LEADER]: Connected to new peer: Peer: permanent_uuid: "edcbfcc2016447289dc17fb13bc46850" member_type: VOTER last_known_addr { host: "127.24.85.3" port: 45809 }, Status: LMP_MISMATCH, Last received: 0.0, Next index: 1, Last known committed idx: 0, Time since last communication: 0.000s
I20260608 12:48:48.971249 28300 consensus_queue.cc:1048] T 7931ac9295c7454dbacd491a3df6ab8a P 183e15d66ae64d0eb03f043328b9aedd [LEADER]: Connected to new peer: Peer: permanent_uuid: "0f9348dd2cbf44b79e9f38ba370dd8c4" member_type: VOTER last_known_addr { host: "127.24.85.1" port: 35021 }, Status: LMP_MISMATCH, Last received: 0.0, Next index: 1, Last known committed idx: 0, Time since last communication: 0.001s
W20260608 12:48:48.980289 27875 outbound_call.cc:321] RPC callback for RPC call kudu.consensus.ConsensusService.UpdateConsensus -> {remote=127.24.85.2:38589, user_credentials={real_user=slave}} blocked reactor thread for 57840.8us
W20260608 12:48:48.980474 28336 log.cc:927] Time spent T 94aafb8e08204e02bf47dcd652bbc677 P 183e15d66ae64d0eb03f043328b9aedd: Append to log took a long time: real 0.082s	user 0.004s	sys 0.000s
I20260608 12:48:49.001175 27912 raft_consensus.cc:2955] T 747a7eab2bee4c03b99f772f0e026fa3 P 0f9348dd2cbf44b79e9f38ba370dd8c4 [term 1 FOLLOWER]: Committing config change with OpId 1.2: config changed from index -1 to 2, NON_VOTER 183e15d66ae64d0eb03f043328b9aedd (127.24.85.4) added. New config: { opid_index: 2 OBSOLETE_local: false peers { permanent_uuid: "0f9348dd2cbf44b79e9f38ba370dd8c4" member_type: VOTER last_known_addr { host: "127.24.85.1" port: 35021 } attrs { replace: true } } peers { permanent_uuid: "1fc9d7fe930b4df783bf808ff347ee55" member_type: VOTER last_known_addr { host: "127.24.85.2" port: 38589 } } peers { permanent_uuid: "edcbfcc2016447289dc17fb13bc46850" member_type: VOTER last_known_addr { host: "127.24.85.3" port: 45809 } } peers { permanent_uuid: "183e15d66ae64d0eb03f043328b9aedd" member_type: NON_VOTER last_known_addr { host: "127.24.85.4" port: 37599 } attrs { promote: true } } }
I20260608 12:48:48.983680 28341 consensus_queue.cc:1048] T c66975c6d7a84dba8aa104ce505f3bfa P 0f9348dd2cbf44b79e9f38ba370dd8c4 [LEADER]: Connected to new peer: Peer: permanent_uuid: "183e15d66ae64d0eb03f043328b9aedd" member_type: VOTER last_known_addr { host: "127.24.85.4" port: 37599 }, Status: LMP_MISMATCH, Last received: 0.0, Next index: 1, Last known committed idx: 0, Time since last communication: 0.005s
I20260608 12:48:49.039499 28349 consensus_queue.cc:1048] T 7931ac9295c7454dbacd491a3df6ab8a P 183e15d66ae64d0eb03f043328b9aedd [LEADER]: Connected to new peer: Peer: permanent_uuid: "edcbfcc2016447289dc17fb13bc46850" member_type: VOTER last_known_addr { host: "127.24.85.3" port: 45809 }, Status: LMP_MISMATCH, Last received: 0.0, Next index: 1, Last known committed idx: 0, Time since last communication: 0.001s
I20260608 12:48:49.182001 28351 ts_tablet_manager.cc:933] T ebd05530ff334b1480bfe327d4b5e8b1 P 183e15d66ae64d0eb03f043328b9aedd: Initiating tablet copy from peer edcbfcc2016447289dc17fb13bc46850 (127.24.85.3:45809)
I20260608 12:48:49.183802 28351 tablet_copy_client.cc:323] T ebd05530ff334b1480bfe327d4b5e8b1 P 183e15d66ae64d0eb03f043328b9aedd: tablet copy: Beginning tablet copy session from remote peer at address 127.24.85.3:45809
I20260608 12:48:49.185854 28071 tablet_copy_service.cc:140] P edcbfcc2016447289dc17fb13bc46850: Received BeginTabletCopySession request for tablet ebd05530ff334b1480bfe327d4b5e8b1 from peer 183e15d66ae64d0eb03f043328b9aedd ({username='slave'} at 127.0.0.1:33344)
I20260608 12:48:49.186415 28071 tablet_copy_service.cc:161] P edcbfcc2016447289dc17fb13bc46850: Beginning new tablet copy session on tablet ebd05530ff334b1480bfe327d4b5e8b1 from peer 183e15d66ae64d0eb03f043328b9aedd at {username='slave'} at 127.0.0.1:33344: session id = 183e15d66ae64d0eb03f043328b9aedd-ebd05530ff334b1480bfe327d4b5e8b1
I20260608 12:48:49.191509 28071 tablet_copy_source_session.cc:215] T ebd05530ff334b1480bfe327d4b5e8b1 P edcbfcc2016447289dc17fb13bc46850: Tablet Copy: opened 0 blocks and 1 log segments
I20260608 12:48:49.194476 28351 data_dirs.cc:400] Could only allocate 1 dirs of requested 3 for tablet ebd05530ff334b1480bfe327d4b5e8b1. 1 dirs total, 0 dirs full, 0 dirs failed
I20260608 12:48:49.205338 28351 tablet_copy_client.cc:806] T ebd05530ff334b1480bfe327d4b5e8b1 P 183e15d66ae64d0eb03f043328b9aedd: tablet copy: Starting download of 0 data blocks...
I20260608 12:48:49.205955 28351 tablet_copy_client.cc:670] T ebd05530ff334b1480bfe327d4b5e8b1 P 183e15d66ae64d0eb03f043328b9aedd: tablet copy: Starting download of 1 WAL segments...
I20260608 12:48:49.210081 28351 tablet_copy_client.cc:538] T ebd05530ff334b1480bfe327d4b5e8b1 P 183e15d66ae64d0eb03f043328b9aedd: tablet copy: Tablet Copy complete. Replacing tablet superblock.
I20260608 12:48:49.218081 28351 tablet_bootstrap.cc:492] T ebd05530ff334b1480bfe327d4b5e8b1 P 183e15d66ae64d0eb03f043328b9aedd: Bootstrap starting.
I20260608 12:48:49.240494 28351 tablet_bootstrap.cc:492] T ebd05530ff334b1480bfe327d4b5e8b1 P 183e15d66ae64d0eb03f043328b9aedd: Bootstrap replayed 1/1 log segments. Stats: ops{read=2 overwritten=0 applied=2 ignored=0} inserts{seen=0 ignored=0} mutations{seen=0 ignored=0} orphaned_commits=0. Pending: 0 replicates
I20260608 12:48:49.241550 28351 tablet_bootstrap.cc:492] T ebd05530ff334b1480bfe327d4b5e8b1 P 183e15d66ae64d0eb03f043328b9aedd: Bootstrap complete.
I20260608 12:48:49.242221 28351 ts_tablet_manager.cc:1403] T ebd05530ff334b1480bfe327d4b5e8b1 P 183e15d66ae64d0eb03f043328b9aedd: Time spent bootstrapping tablet: real 0.024s	user 0.011s	sys 0.012s
I20260608 12:48:49.244843 28351 raft_consensus.cc:359] T ebd05530ff334b1480bfe327d4b5e8b1 P 183e15d66ae64d0eb03f043328b9aedd [term 1 LEARNER]: Replica starting. Triggering 0 pending ops. Active config: opid_index: 2 OBSOLETE_local: false peers { permanent_uuid: "0f9348dd2cbf44b79e9f38ba370dd8c4" member_type: VOTER last_known_addr { host: "127.24.85.1" port: 35021 } attrs { replace: true } } peers { permanent_uuid: "1fc9d7fe930b4df783bf808ff347ee55" member_type: VOTER last_known_addr { host: "127.24.85.2" port: 38589 } } peers { permanent_uuid: "edcbfcc2016447289dc17fb13bc46850" member_type: VOTER last_known_addr { host: "127.24.85.3" port: 45809 } } peers { permanent_uuid: "183e15d66ae64d0eb03f043328b9aedd" member_type: NON_VOTER last_known_addr { host: "127.24.85.4" port: 37599 } attrs { promote: true } }
I20260608 12:48:49.245685 28351 raft_consensus.cc:740] T ebd05530ff334b1480bfe327d4b5e8b1 P 183e15d66ae64d0eb03f043328b9aedd [term 1 LEARNER]: Becoming Follower/Learner. State: Replica: 183e15d66ae64d0eb03f043328b9aedd, State: Initialized, Role: LEARNER
I20260608 12:48:49.246524 28351 consensus_queue.cc:260] T ebd05530ff334b1480bfe327d4b5e8b1 P 183e15d66ae64d0eb03f043328b9aedd [NON_LEADER]: Queue going to NON_LEADER mode. State: All replicated index: 0, Majority replicated index: 0, Committed index: 2, Last appended: 1.2, Last appended by leader: 2, Current term: 0, Majority size: -1, State: 0, Mode: NON_LEADER, active raft config: opid_index: 2 OBSOLETE_local: false peers { permanent_uuid: "0f9348dd2cbf44b79e9f38ba370dd8c4" member_type: VOTER last_known_addr { host: "127.24.85.1" port: 35021 } attrs { replace: true } } peers { permanent_uuid: "1fc9d7fe930b4df783bf808ff347ee55" member_type: VOTER last_known_addr { host: "127.24.85.2" port: 38589 } } peers { permanent_uuid: "edcbfcc2016447289dc17fb13bc46850" member_type: VOTER last_known_addr { host: "127.24.85.3" port: 45809 } } peers { permanent_uuid: "183e15d66ae64d0eb03f043328b9aedd" member_type: NON_VOTER last_known_addr { host: "127.24.85.4" port: 37599 } attrs { promote: true } }
I20260608 12:48:49.249075 28351 ts_tablet_manager.cc:1434] T ebd05530ff334b1480bfe327d4b5e8b1 P 183e15d66ae64d0eb03f043328b9aedd: Time spent starting tablet: real 0.007s	user 0.004s	sys 0.000s
I20260608 12:48:49.251304 28071 tablet_copy_service.cc:342] P edcbfcc2016447289dc17fb13bc46850: Request end of tablet copy session 183e15d66ae64d0eb03f043328b9aedd-ebd05530ff334b1480bfe327d4b5e8b1 received from {username='slave'} at 127.0.0.1:33344
I20260608 12:48:49.251812 28071 tablet_copy_service.cc:434] P edcbfcc2016447289dc17fb13bc46850: ending tablet copy session 183e15d66ae64d0eb03f043328b9aedd-ebd05530ff334b1480bfe327d4b5e8b1 on tablet ebd05530ff334b1480bfe327d4b5e8b1 with peer 183e15d66ae64d0eb03f043328b9aedd
I20260608 12:48:49.280661 28351 ts_tablet_manager.cc:933] T 747a7eab2bee4c03b99f772f0e026fa3 P 183e15d66ae64d0eb03f043328b9aedd: Initiating tablet copy from peer 1fc9d7fe930b4df783bf808ff347ee55 (127.24.85.2:38589)
I20260608 12:48:49.282536 28351 tablet_copy_client.cc:323] T 747a7eab2bee4c03b99f772f0e026fa3 P 183e15d66ae64d0eb03f043328b9aedd: tablet copy: Beginning tablet copy session from remote peer at address 127.24.85.2:38589
I20260608 12:48:49.284698 27997 tablet_copy_service.cc:140] P 1fc9d7fe930b4df783bf808ff347ee55: Received BeginTabletCopySession request for tablet 747a7eab2bee4c03b99f772f0e026fa3 from peer 183e15d66ae64d0eb03f043328b9aedd ({username='slave'} at 127.0.0.1:40220)
I20260608 12:48:49.285379 27997 tablet_copy_service.cc:161] P 1fc9d7fe930b4df783bf808ff347ee55: Beginning new tablet copy session on tablet 747a7eab2bee4c03b99f772f0e026fa3 from peer 183e15d66ae64d0eb03f043328b9aedd at {username='slave'} at 127.0.0.1:40220: session id = 183e15d66ae64d0eb03f043328b9aedd-747a7eab2bee4c03b99f772f0e026fa3
I20260608 12:48:49.290674 28355 ts_tablet_manager.cc:933] T d8ae19bac23844f080a9f23d6007b32a P 183e15d66ae64d0eb03f043328b9aedd: Initiating tablet copy from peer 1fc9d7fe930b4df783bf808ff347ee55 (127.24.85.2:38589)
I20260608 12:48:49.292634 28355 tablet_copy_client.cc:323] T d8ae19bac23844f080a9f23d6007b32a P 183e15d66ae64d0eb03f043328b9aedd: tablet copy: Beginning tablet copy session from remote peer at address 127.24.85.2:38589
I20260608 12:48:49.293991 27997 tablet_copy_source_session.cc:215] T 747a7eab2bee4c03b99f772f0e026fa3 P 1fc9d7fe930b4df783bf808ff347ee55: Tablet Copy: opened 0 blocks and 1 log segments
I20260608 12:48:49.294667 27996 tablet_copy_service.cc:140] P 1fc9d7fe930b4df783bf808ff347ee55: Received BeginTabletCopySession request for tablet d8ae19bac23844f080a9f23d6007b32a from peer 183e15d66ae64d0eb03f043328b9aedd ({username='slave'} at 127.0.0.1:40220)
I20260608 12:48:49.295315 27996 tablet_copy_service.cc:161] P 1fc9d7fe930b4df783bf808ff347ee55: Beginning new tablet copy session on tablet d8ae19bac23844f080a9f23d6007b32a from peer 183e15d66ae64d0eb03f043328b9aedd at {username='slave'} at 127.0.0.1:40220: session id = 183e15d66ae64d0eb03f043328b9aedd-d8ae19bac23844f080a9f23d6007b32a
I20260608 12:48:49.298358 28351 data_dirs.cc:400] Could only allocate 1 dirs of requested 3 for tablet 747a7eab2bee4c03b99f772f0e026fa3. 1 dirs total, 0 dirs full, 0 dirs failed
I20260608 12:48:49.302695 27996 tablet_copy_source_session.cc:215] T d8ae19bac23844f080a9f23d6007b32a P 1fc9d7fe930b4df783bf808ff347ee55: Tablet Copy: opened 0 blocks and 1 log segments
I20260608 12:48:49.305910 28355 data_dirs.cc:400] Could only allocate 1 dirs of requested 3 for tablet d8ae19bac23844f080a9f23d6007b32a. 1 dirs total, 0 dirs full, 0 dirs failed
I20260608 12:48:49.321316 28351 tablet_copy_client.cc:806] T 747a7eab2bee4c03b99f772f0e026fa3 P 183e15d66ae64d0eb03f043328b9aedd: tablet copy: Starting download of 0 data blocks...
I20260608 12:48:49.321991 28351 tablet_copy_client.cc:670] T 747a7eab2bee4c03b99f772f0e026fa3 P 183e15d66ae64d0eb03f043328b9aedd: tablet copy: Starting download of 1 WAL segments...
I20260608 12:48:49.326797 28351 tablet_copy_client.cc:538] T 747a7eab2bee4c03b99f772f0e026fa3 P 183e15d66ae64d0eb03f043328b9aedd: tablet copy: Tablet Copy complete. Replacing tablet superblock.
I20260608 12:48:49.329649 28357 ts_tablet_manager.cc:933] T f54adad4b5964312b672c0bea2711404 P 183e15d66ae64d0eb03f043328b9aedd: Initiating tablet copy from peer edcbfcc2016447289dc17fb13bc46850 (127.24.85.3:45809)
I20260608 12:48:49.336169 28351 tablet_bootstrap.cc:492] T 747a7eab2bee4c03b99f772f0e026fa3 P 183e15d66ae64d0eb03f043328b9aedd: Bootstrap starting.
I20260608 12:48:49.338503 28355 tablet_copy_client.cc:806] T d8ae19bac23844f080a9f23d6007b32a P 183e15d66ae64d0eb03f043328b9aedd: tablet copy: Starting download of 0 data blocks...
I20260608 12:48:49.344638 28357 tablet_copy_client.cc:323] T f54adad4b5964312b672c0bea2711404 P 183e15d66ae64d0eb03f043328b9aedd: tablet copy: Beginning tablet copy session from remote peer at address 127.24.85.3:45809
I20260608 12:48:49.339135 28355 tablet_copy_client.cc:670] T d8ae19bac23844f080a9f23d6007b32a P 183e15d66ae64d0eb03f043328b9aedd: tablet copy: Starting download of 1 WAL segments...
I20260608 12:48:49.347915 28071 tablet_copy_service.cc:140] P edcbfcc2016447289dc17fb13bc46850: Received BeginTabletCopySession request for tablet f54adad4b5964312b672c0bea2711404 from peer 183e15d66ae64d0eb03f043328b9aedd ({username='slave'} at 127.0.0.1:33344)
I20260608 12:48:49.348515 28071 tablet_copy_service.cc:161] P edcbfcc2016447289dc17fb13bc46850: Beginning new tablet copy session on tablet f54adad4b5964312b672c0bea2711404 from peer 183e15d66ae64d0eb03f043328b9aedd at {username='slave'} at 127.0.0.1:33344: session id = 183e15d66ae64d0eb03f043328b9aedd-f54adad4b5964312b672c0bea2711404
I20260608 12:48:49.349972 28355 tablet_copy_client.cc:538] T d8ae19bac23844f080a9f23d6007b32a P 183e15d66ae64d0eb03f043328b9aedd: tablet copy: Tablet Copy complete. Replacing tablet superblock.
I20260608 12:48:49.356400 28071 tablet_copy_source_session.cc:215] T f54adad4b5964312b672c0bea2711404 P edcbfcc2016447289dc17fb13bc46850: Tablet Copy: opened 0 blocks and 1 log segments
I20260608 12:48:49.360657 28355 tablet_bootstrap.cc:492] T d8ae19bac23844f080a9f23d6007b32a P 183e15d66ae64d0eb03f043328b9aedd: Bootstrap starting.
I20260608 12:48:49.360936 28357 data_dirs.cc:400] Could only allocate 1 dirs of requested 3 for tablet f54adad4b5964312b672c0bea2711404. 1 dirs total, 0 dirs full, 0 dirs failed
I20260608 12:48:49.384351 28357 tablet_copy_client.cc:806] T f54adad4b5964312b672c0bea2711404 P 183e15d66ae64d0eb03f043328b9aedd: tablet copy: Starting download of 0 data blocks...
I20260608 12:48:49.384974 28357 tablet_copy_client.cc:670] T f54adad4b5964312b672c0bea2711404 P 183e15d66ae64d0eb03f043328b9aedd: tablet copy: Starting download of 1 WAL segments...
I20260608 12:48:49.390578 28357 tablet_copy_client.cc:538] T f54adad4b5964312b672c0bea2711404 P 183e15d66ae64d0eb03f043328b9aedd: tablet copy: Tablet Copy complete. Replacing tablet superblock.
I20260608 12:48:49.394270 28355 tablet_bootstrap.cc:492] T d8ae19bac23844f080a9f23d6007b32a P 183e15d66ae64d0eb03f043328b9aedd: Bootstrap replayed 1/1 log segments. Stats: ops{read=2 overwritten=0 applied=2 ignored=0} inserts{seen=0 ignored=0} mutations{seen=0 ignored=0} orphaned_commits=0. Pending: 0 replicates
I20260608 12:48:49.395298 28355 tablet_bootstrap.cc:492] T d8ae19bac23844f080a9f23d6007b32a P 183e15d66ae64d0eb03f043328b9aedd: Bootstrap complete.
I20260608 12:48:49.396018 28355 ts_tablet_manager.cc:1403] T d8ae19bac23844f080a9f23d6007b32a P 183e15d66ae64d0eb03f043328b9aedd: Time spent bootstrapping tablet: real 0.036s	user 0.026s	sys 0.008s
I20260608 12:48:49.398423 28351 tablet_bootstrap.cc:492] T 747a7eab2bee4c03b99f772f0e026fa3 P 183e15d66ae64d0eb03f043328b9aedd: Bootstrap replayed 1/1 log segments. Stats: ops{read=2 overwritten=0 applied=2 ignored=0} inserts{seen=0 ignored=0} mutations{seen=0 ignored=0} orphaned_commits=0. Pending: 0 replicates
I20260608 12:48:49.399423 28351 tablet_bootstrap.cc:492] T 747a7eab2bee4c03b99f772f0e026fa3 P 183e15d66ae64d0eb03f043328b9aedd: Bootstrap complete.
I20260608 12:48:49.400110 28351 ts_tablet_manager.cc:1403] T 747a7eab2bee4c03b99f772f0e026fa3 P 183e15d66ae64d0eb03f043328b9aedd: Time spent bootstrapping tablet: real 0.064s	user 0.027s	sys 0.014s
